Results of testsuite (branch: master; revision: r12-579; build config: checking=all; languages: all,ada) on x86_64-linux-gnu.
Toon Moene
toon@moene.org
Fri May 7 08:29:52 GMT 2021
LAST_UPDATED: Thu May 6 16:19:26 UTC 2021 (revision 717d278af93:9f9206b3cfa:07dd185755a791ab19e6a63274cf2cb69f087a6c)
=== acats tests ===
=== acats Summary ===
# of expected passes 2328
# of unexpected failures 0
Native configuration is x86_64-pc-linux-gnu
=== brig tests ===
Running target unix
=== brig Summary ===
# of unsupported tests 1
=== gcc tests ===
Running target unix
FAIL: gcc.dg/rtl/x86_64/pro_and_epilogue.c (internal compiler error)
FAIL: gcc.dg/rtl/x86_64/pro_and_epilogue.c (test for excess errors)
FAIL: gcc.dg/rtl/x86_64/pro_and_epilogue.c scan-rtl-dump-times pro_and_epilogue "NOTE_INSN_PROLOGUE_END" 1
FAIL: gcc.dg/rtl/x86_64/pro_and_epilogue.c scan-rtl-dump-times pro_and_epilogue "simple_return" 2
=== gcc Summary ===
# of expected passes 160300
# of unexpected failures 4
# of expected failures 873
# of unsupported tests 2439
/home/toon/scratch/bld47002/gcc/xgcc version 12.0.0 20210506 (experimental) [master revision 717d278af93:9f9206b3cfa:07dd185755a791ab19e6a63274cf2cb69f087a6c] (GCC)
=== gdc tests ===
Running target unix
=== gdc Summary ===
# of expected passes 10722
/home/toon/scratch/bld47002/gcc/gdc version 12.0.0 20210506 (experimental) [master revision 717d278af93:9f9206b3cfa:07dd185755a791ab19e6a63274cf2cb69f087a6c] (GCC)
=== gfortran tests ===
Running target unix
=== gfortran Summary ===
# of expected passes 56792
# of expected failures 239
# of unsupported tests 96
/home/toon/scratch/bld47002/gcc/gfortran version 12.0.0 20210506 (experimental) [master revision 717d278af93:9f9206b3cfa:07dd185755a791ab19e6a63274cf2cb69f087a6c] (GCC)
=== g++ tests ===
Running target unix
WARNING: g++.dg/torture/pr31863.C -O0 (test for excess errors) program timed out.
FAIL: g++.dg/torture/pr31863.C -O0 (test for excess errors)
WARNING: g++.dg/torture/pr31863.C -O1 (test for excess errors) program timed out.
FAIL: g++.dg/torture/pr31863.C -O1 (test for excess errors)
WARNING: g++.dg/torture/pr31863.C -O2 (test for excess errors) program timed out.
FAIL: g++.dg/torture/pr31863.C -O2 (test for excess errors)
WARNING: g++.dg/torture/pr31863.C -O2 -flto -fno-use-linker-plugin -flto-partition=none (test for excess errors) program timed out.
FAIL: g++.dg/torture/pr31863.C -O2 -flto -fno-use-linker-plugin -flto-partition=none (test for excess errors)
WARNING: g++.dg/torture/pr31863.C -O2 -flto -fuse-linker-plugin -fno-fat-lto-objects (test for excess errors) program timed out.
FAIL: g++.dg/torture/pr31863.C -O2 -flto -fuse-linker-plugin -fno-fat-lto-objects (test for excess errors)
WARNING: g++.dg/torture/pr31863.C -O3 -g (test for excess errors) program timed out.
FAIL: g++.dg/torture/pr31863.C -O3 -g (test for excess errors)
WARNING: g++.dg/torture/pr31863.C -Os (test for excess errors) program timed out.
FAIL: g++.dg/torture/pr31863.C -Os (test for excess errors)
=== g++ Summary ===
# of expected passes 208235
# of unexpected failures 7
# of expected failures 1103
# of unsupported tests 9059
/home/toon/scratch/bld47002/gcc/xg++ version 12.0.0 20210506 (experimental) [master revision 717d278af93:9f9206b3cfa:07dd185755a791ab19e6a63274cf2cb69f087a6c] (GCC)
=== gnat tests ===
Running target unix
=== gnat Summary ===
# of expected passes 3365
# of expected failures 23
# of unsupported tests 3
/home/toon/scratch/bld47002/gcc/gnatmake version 12.0.0 20210506 (experimental) [master revision 717d278af93:9f9206b3cfa:07dd185755a791ab19e6a63274cf2cb69f087a6c]
=== go tests ===
Running target unix
FAIL: ./index0-out.go execution, -O0 -g -fno-var-tracking-assignments
FAIL: go.test/test/fixedbugs/issue10441.go -O (test for excess errors)
=== go Summary ===
# of expected passes 8893
# of unexpected failures 2
# of untested testcases 6
# of unsupported tests 27
/home/toon/scratch/bld47002/gcc/gccgo version 12.0.0 20210506 (experimental) [master revision 717d278af93:9f9206b3cfa:07dd185755a791ab19e6a63274cf2cb69f087a6c] (GCC)
=== obj-c++ tests ===
Running target unix
=== obj-c++ Summary ===
# of expected passes 1482
# of expected failures 10
# of unsupported tests 77
/home/toon/scratch/bld47002/gcc/xg++ version 12.0.0 20210506 (experimental) [master revision 717d278af93:9f9206b3cfa:07dd185755a791ab19e6a63274cf2cb69f087a6c] (GCC)
=== objc tests ===
Running target unix
=== objc Summary ===
# of expected passes 2820
# of expected failures 6
# of unsupported tests 68
/home/toon/scratch/bld47002/gcc/xgcc version 12.0.0 20210506 (experimental) [master revision 717d278af93:9f9206b3cfa:07dd185755a791ab19e6a63274cf2cb69f087a6c] (GCC)
=== gotools tests ===
=== gotools Summary ===
# of expected passes 396
# of untested testcases 124
/home/toon/scratch/bld47002/./gcc/gccgo version 12.0.0 20210506 (experimental) [master revision 717d278af93:9f9206b3cfa:07dd185755a791ab19e6a63274cf2cb69f087a6c] (GCC)
=== libatomic tests ===
Running target unix
=== libatomic Summary ===
# of expected passes 54
=== libffi tests ===
Running target unix
=== libffi Summary ===
# of expected passes 2214
=== libgo tests ===
Running target unix
FAIL: runtime/pprof
=== libgo Summary ===
# of expected passes 183
# of unexpected failures 1
/home/toon/scratch/bld47002/./gcc/gccgo version 12.0.0 20210506 (experimental) [master revision 717d278af93:9f9206b3cfa:07dd185755a791ab19e6a63274cf2cb69f087a6c] (GCC)
=== libgomp tests ===
Running target unix
=== libgomp Summary ===
# of expected passes 8760
# of expected failures 86
# of unsupported tests 532
=== libitm tests ===
Running target unix
=== libitm Summary ===
# of expected passes 42
# of expected failures 3
# of unsupported tests 1
=== libphobos tests ===
Running target unix
=== libphobos Summary ===
# of expected passes 788
=== libstdc++ tests ===
Running target unix
=== libstdc++ Summary ===
# of expected passes 14167
# of expected failures 104
# of unsupported tests 666
Compiler version: 12.0.0 20210506 (experimental) [master revision 717d278af93:9f9206b3cfa:07dd185755a791ab19e6a63274cf2cb69f087a6c] (GCC)
Platform: x86_64-pc-linux-gnu
configure flags: --prefix=/home/toon/compilers/install/gcc --with-gnu-as --with-gnu-ld --enable-languages=all,ada --disable-multilib --disable-nls --enable-checking=all
More information about the Gcc-testresults
mailing list