Results for 12.0.0 (DEFMODE=default DEFCPU=default DEFFPU=default TESTFLAGS=) [r12-451] (GCC) testsuite on aarch64-none-linux-gnu
Christophe LYON
christophe.lyon@foss.st.com
Wed May 5 02:27:06 GMT 2021
LAST_UPDATED: Wed May 5 00:32:09 UTC 2021 (revision r12-451-g99e8df7a4cc0bb1bfa49e69ccb0f7e02c9755e3c) TARGET=aarch64-none-linux-gnu CPU=default FPU=default MODE=default
Target is aarch64-none-linux-gnu
Host is aarch64-none-linux-gnu
=== libatomic tests ===
Running target qemu
=== libatomic Summary ===
# of expected passes 54
Host is aarch64-none-linux-gnu
=== libitm tests ===
Running target qemu
=== libitm Summary ===
# of expected passes 42
# of expected failures 3
# of unsupported tests 1
Host is aarch64-none-linux-gnu
=== libstdc++ tests ===
Running target qemu
=== libstdc++ Summary ===
# of expected passes 13878
# of expected failures 104
# of unsupported tests 732
Host is x86_64-pc-linux-gnu
=== gcc tests ===
Running target qemu
WARNING: skipping asan tests due to ulimit -v
WARNING: skipping asan tests due to ulimit -v
WARNING: skipping asan tests due to ulimit -v
WARNING: skipping asan tests due to ulimit -v
WARNING: skipping asan tests due to ulimit -v
FAIL: c-c++-common/ubsan/null-1.c -O0 execution test
FAIL: c-c++-common/ubsan/null-1.c -O1 execution test
FAIL: c-c++-common/ubsan/null-1.c -O2 execution test
FAIL: c-c++-common/ubsan/null-1.c -O2 -flto -fno-use-linker-plugin -flto-partition=none execution test
FAIL: c-c++-common/ubsan/null-1.c -O2 -flto -fuse-linker-plugin -fno-fat-lto-objects execution test
FAIL: c-c++-common/ubsan/null-1.c -Os execution test
FAIL: c-c++-common/ubsan/null-10.c -O0 execution test
FAIL: c-c++-common/ubsan/null-10.c -O1 execution test
FAIL: c-c++-common/ubsan/null-10.c -O2 execution test
FAIL: c-c++-common/ubsan/null-10.c -O2 -flto -fno-use-linker-plugin -flto-partition=none execution test
FAIL: c-c++-common/ubsan/null-10.c -O3 -g execution test
FAIL: c-c++-common/ubsan/null-10.c -Os execution test
FAIL: c-c++-common/ubsan/null-11.c -O1 execution test
FAIL: c-c++-common/ubsan/null-11.c -O2 execution test
FAIL: c-c++-common/ubsan/null-11.c -O2 -flto -fuse-linker-plugin -fno-fat-lto-objects execution test
FAIL: c-c++-common/ubsan/null-11.c -Os execution test
FAIL: c-c++-common/ubsan/null-2.c -O0 execution test
FAIL: c-c++-common/ubsan/null-2.c -O2 execution test
FAIL: c-c++-common/ubsan/null-2.c -O3 -g execution test
FAIL: c-c++-common/ubsan/null-3.c -O0 execution test
FAIL: c-c++-common/ubsan/null-3.c -O1 execution test
FAIL: c-c++-common/ubsan/null-3.c -O2 -flto -fno-use-linker-plugin -flto-partition=none execution test
FAIL: c-c++-common/ubsan/null-3.c -O2 -flto -fuse-linker-plugin -fno-fat-lto-objects execution test
FAIL: c-c++-common/ubsan/null-3.c -O3 -g execution test
FAIL: c-c++-common/ubsan/null-3.c -Os execution test
FAIL: c-c++-common/ubsan/null-4.c -O0 execution test
FAIL: c-c++-common/ubsan/null-4.c -O1 execution test
FAIL: c-c++-common/ubsan/null-4.c -O2 execution test
FAIL: c-c++-common/ubsan/null-4.c -O2 -flto -fno-use-linker-plugin -flto-partition=none execution test
FAIL: c-c++-common/ubsan/null-4.c -O2 -flto -fuse-linker-plugin -fno-fat-lto-objects execution test
FAIL: c-c++-common/ubsan/null-4.c -Os execution test
FAIL: c-c++-common/ubsan/null-5.c -O0 execution test
FAIL: c-c++-common/ubsan/null-5.c -O1 execution test
FAIL: c-c++-common/ubsan/null-5.c -O2 execution test
FAIL: c-c++-common/ubsan/null-5.c -O2 -flto -fno-use-linker-plugin -flto-partition=none execution test
FAIL: c-c++-common/ubsan/null-5.c -O3 -g execution test
FAIL: c-c++-common/ubsan/null-5.c -Os execution test
FAIL: c-c++-common/ubsan/null-7.c -O1 execution test
FAIL: c-c++-common/ubsan/null-7.c -O2 execution test
FAIL: c-c++-common/ubsan/null-7.c -O2 -flto -fno-use-linker-plugin -flto-partition=none execution test
FAIL: c-c++-common/ubsan/null-7.c -Os execution test
FAIL: c-c++-common/ubsan/null-8.c -O0 execution test
FAIL: c-c++-common/ubsan/null-8.c -O1 execution test
FAIL: c-c++-common/ubsan/null-8.c -O2 execution test
FAIL: c-c++-common/ubsan/null-8.c -O2 -flto -fno-use-linker-plugin -flto-partition=none execution test
FAIL: c-c++-common/ubsan/null-8.c -O2 -flto -fuse-linker-plugin -fno-fat-lto-objects execution test
FAIL: c-c++-common/ubsan/null-8.c -O3 -g execution test
FAIL: c-c++-common/ubsan/null-8.c -Os execution test
FAIL: c-c++-common/ubsan/null-9.c -O0 execution test
FAIL: c-c++-common/ubsan/null-9.c -O2 -flto -fno-use-linker-plugin -flto-partition=none execution test
FAIL: c-c++-common/ubsan/null-9.c -O2 -flto -fuse-linker-plugin -fno-fat-lto-objects execution test
FAIL: c-c++-common/ubsan/null-9.c -O3 -g execution test
FAIL: c-c++-common/ubsan/null-9.c -Os execution test
FAIL: gcc.target/aarch64/sve/acle/asm/cvt_bf16.c -std=c11 -O3 -g -DTEST_FULL (test for excess errors)
FAIL: gcc.target/aarch64/sve/acle/asm/cvt_bf16.c -std=c11 -O3 -g -DTEST_OVERLOADS (test for excess errors)
FAIL: gcc.target/aarch64/sve/acle/asm/cvt_bf16.c -std=c90 -O0 -g -DTEST_FULL (test for excess errors)
FAIL: gcc.target/aarch64/sve/acle/asm/cvt_bf16.c -std=c90 -O0 -g -DTEST_OVERLOADS (test for excess errors)
FAIL: gcc.target/aarch64/sve/acle/asm/cvt_bf16.c -std=c90 -O1 -g -DTEST_FULL (test for excess errors)
FAIL: gcc.target/aarch64/sve/acle/asm/cvt_bf16.c -std=c90 -O1 -g -DTEST_OVERLOADS (test for excess errors)
FAIL: gcc.target/aarch64/sve/acle/asm/cvt_bf16.c -std=c99 -O2 -g -DTEST_FULL (test for excess errors)
FAIL: gcc.target/aarch64/sve/acle/asm/cvt_bf16.c -std=c99 -O2 -g -DTEST_OVERLOADS (test for excess errors)
FAIL: gcc.target/aarch64/sve/acle/asm/cvt_bf16.c -std=gnu11 -Os -g -DTEST_FULL (test for excess errors)
FAIL: gcc.target/aarch64/sve/acle/asm/cvt_bf16.c -std=gnu11 -Os -g -DTEST_OVERLOADS (test for excess errors)
FAIL: gcc.target/aarch64/sve/acle/asm/cvt_bf16.c -std=gnu90 -O2 -fno-schedule-insns -DCHECK_ASM --save-temps -DTEST_FULL (test for excess errors)
FAIL: gcc.target/aarch64/sve/acle/asm/cvt_bf16.c -std=gnu90 -O2 -fno-schedule-insns -DCHECK_ASM --save-temps -DTEST_OVERLOADS (test for excess errors)
FAIL: gcc.target/aarch64/sve/acle/asm/cvt_bf16.c -std=gnu99 -Ofast -g -DTEST_FULL (test for excess errors)
FAIL: gcc.target/aarch64/sve/acle/asm/cvt_bf16.c -std=gnu99 -Ofast -g -DTEST_OVERLOADS (test for excess errors)
=== gcc Summary ===
# of expected passes 256520
# of unexpected failures 67
# of expected failures 2053
# of unsupported tests 4119
/tmp/6048689_1.tmpdir/aci-gcc-fsf/builds/gcc-fsf-gccsrc/obj-aarch64-none-linux-gnu/gcc3/gcc/xgcc version 12.0.0 (DEFMODE=default DEFCPU=default DEFFPU=default TESTFLAGS=) [r12-451] (GCC)
Host is x86_64-pc-linux-gnu
=== gfortran tests ===
Running target qemu
WARNING: skipping asan tests due to ulimit -v
WARNING: skipping asan tests due to ulimit -v
WARNING: skipping asan tests due to ulimit -v
WARNING: skipping asan tests due to ulimit -v
WARNING: skipping asan tests due to ulimit -v
FAIL: gfortran.dg/dollar_edit_descriptor_3.f -O0 output pattern test
FAIL: gfortran.dg/dollar_edit_descriptor_3.f -O1 output pattern test
FAIL: gfortran.dg/dollar_edit_descriptor_3.f -O2 output pattern test
FAIL: gfortran.dg/dollar_edit_descriptor_3.f -O3 -fomit-frame-pointer -funroll-loops -fpeel-loops -ftracer -finline-functions output pattern test
FAIL: gfortran.dg/dollar_edit_descriptor_3.f -O3 -g output pattern test
FAIL: gfortran.dg/dollar_edit_descriptor_3.f -Os output pattern test
FAIL: gfortran.dg/namelist_print_1.f -O0 output pattern test
FAIL: gfortran.dg/namelist_print_1.f -O1 output pattern test
FAIL: gfortran.dg/namelist_print_1.f -O2 output pattern test
FAIL: gfortran.dg/namelist_print_1.f -O3 -fomit-frame-pointer -funroll-loops -fpeel-loops -ftracer -finline-functions output pattern test
FAIL: gfortran.dg/namelist_print_1.f -O3 -g output pattern test
FAIL: gfortran.dg/namelist_print_1.f -Os output pattern test
FAIL: gfortran.dg/read_x_eor.f90 -O0 output pattern test
FAIL: gfortran.dg/read_x_eor.f90 -O1 output pattern test
FAIL: gfortran.dg/read_x_eor.f90 -O2 output pattern test
FAIL: gfortran.dg/read_x_eor.f90 -O3 -fomit-frame-pointer -funroll-loops -fpeel-loops -ftracer -finline-functions output pattern test
FAIL: gfortran.dg/read_x_eor.f90 -O3 -g output pattern test
FAIL: gfortran.dg/read_x_eor.f90 -Os output pattern test
FAIL: gfortran.dg/g77/f77-edit-apostrophe-out.f -O0 output pattern test
FAIL: gfortran.dg/g77/f77-edit-apostrophe-out.f -O1 output pattern test
FAIL: gfortran.dg/g77/f77-edit-apostrophe-out.f -O2 output pattern test
FAIL: gfortran.dg/g77/f77-edit-apostrophe-out.f -O3 -fomit-frame-pointer -funroll-loops -fpeel-loops -ftracer -finline-functions output pattern test
FAIL: gfortran.dg/g77/f77-edit-apostrophe-out.f -O3 -g output pattern test
FAIL: gfortran.dg/g77/f77-edit-apostrophe-out.f -Os output pattern test
FAIL: gfortran.dg/g77/f77-edit-colon-out.f -O0 output pattern test
FAIL: gfortran.dg/g77/f77-edit-colon-out.f -O1 output pattern test
FAIL: gfortran.dg/g77/f77-edit-colon-out.f -O2 output pattern test
FAIL: gfortran.dg/g77/f77-edit-colon-out.f -O3 -fomit-frame-pointer -funroll-loops -fpeel-loops -ftracer -finline-functions output pattern test
FAIL: gfortran.dg/g77/f77-edit-colon-out.f -O3 -g output pattern test
FAIL: gfortran.dg/g77/f77-edit-colon-out.f -Os output pattern test
FAIL: gfortran.dg/g77/f77-edit-h-out.f -O0 output pattern test
FAIL: gfortran.dg/g77/f77-edit-h-out.f -O1 output pattern test
FAIL: gfortran.dg/g77/f77-edit-h-out.f -O2 output pattern test
FAIL: gfortran.dg/g77/f77-edit-h-out.f -O3 -fomit-frame-pointer -funroll-loops -fpeel-loops -ftracer -finline-functions output pattern test
FAIL: gfortran.dg/g77/f77-edit-h-out.f -O3 -g output pattern test
FAIL: gfortran.dg/g77/f77-edit-h-out.f -Os output pattern test
FAIL: gfortran.dg/g77/f77-edit-i-out.f -O0 output pattern test
FAIL: gfortran.dg/g77/f77-edit-i-out.f -O1 output pattern test
FAIL: gfortran.dg/g77/f77-edit-i-out.f -O2 output pattern test
FAIL: gfortran.dg/g77/f77-edit-i-out.f -O3 -fomit-frame-pointer -funroll-loops -fpeel-loops -ftracer -finline-functions output pattern test
FAIL: gfortran.dg/g77/f77-edit-i-out.f -O3 -g output pattern test
FAIL: gfortran.dg/g77/f77-edit-i-out.f -Os output pattern test
FAIL: gfortran.dg/g77/f77-edit-s-out.f -O0 output pattern test
FAIL: gfortran.dg/g77/f77-edit-s-out.f -O1 output pattern test
FAIL: gfortran.dg/g77/f77-edit-s-out.f -O2 output pattern test
FAIL: gfortran.dg/g77/f77-edit-s-out.f -O3 -fomit-frame-pointer -funroll-loops -fpeel-loops -ftracer -finline-functions output pattern test
FAIL: gfortran.dg/g77/f77-edit-s-out.f -O3 -g output pattern test
FAIL: gfortran.dg/g77/f77-edit-s-out.f -Os output pattern test
FAIL: gfortran.dg/g77/f77-edit-slash-out.f -O0 output pattern test
FAIL: gfortran.dg/g77/f77-edit-slash-out.f -O1 output pattern test
FAIL: gfortran.dg/g77/f77-edit-slash-out.f -O2 output pattern test
FAIL: gfortran.dg/g77/f77-edit-slash-out.f -O3 -fomit-frame-pointer -funroll-loops -fpeel-loops -ftracer -finline-functions output pattern test
FAIL: gfortran.dg/g77/f77-edit-slash-out.f -O3 -g output pattern test
FAIL: gfortran.dg/g77/f77-edit-slash-out.f -Os output pattern test
FAIL: gfortran.dg/g77/f77-edit-t-out.f -O0 output pattern test
FAIL: gfortran.dg/g77/f77-edit-t-out.f -O1 output pattern test
FAIL: gfortran.dg/g77/f77-edit-t-out.f -O2 output pattern test
FAIL: gfortran.dg/g77/f77-edit-t-out.f -O3 -fomit-frame-pointer -funroll-loops -fpeel-loops -ftracer -finline-functions output pattern test
FAIL: gfortran.dg/g77/f77-edit-t-out.f -O3 -g output pattern test
FAIL: gfortran.dg/g77/f77-edit-t-out.f -Os output pattern test
FAIL: gfortran.dg/g77/f77-edit-x-out.f -O0 output pattern test
FAIL: gfortran.dg/g77/f77-edit-x-out.f -O1 output pattern test
FAIL: gfortran.dg/g77/f77-edit-x-out.f -O2 output pattern test
FAIL: gfortran.dg/g77/f77-edit-x-out.f -O3 -fomit-frame-pointer -funroll-loops -fpeel-loops -ftracer -finline-functions output pattern test
FAIL: gfortran.dg/g77/f77-edit-x-out.f -O3 -g output pattern test
FAIL: gfortran.dg/g77/f77-edit-x-out.f -Os output pattern test
=== gfortran Summary ===
# of expected passes 55759
# of unexpected failures 66
# of expected failures 229
# of unsupported tests 143
/tmp/6048689_1.tmpdir/aci-gcc-fsf/builds/gcc-fsf-gccsrc/obj-aarch64-none-linux-gnu/gcc3/gcc/gfortran version 12.0.0 (DEFMODE=default DEFCPU=default DEFFPU=default TESTFLAGS=) [r12-451] (GCC)
Host is x86_64-pc-linux-gnu
=== g++ tests ===
Running target qemu
WARNING: skipping asan tests due to ulimit -v
WARNING: skipping asan tests due to ulimit -v
WARNING: skipping asan tests due to ulimit -v
WARNING: skipping asan tests due to ulimit -v
WARNING: skipping asan tests due to ulimit -v
WARNING: skipping asan tests due to ulimit -v
WARNING: skipping asan tests due to ulimit -v
WARNING: skipping asan tests due to ulimit -v
WARNING: skipping asan tests due to ulimit -v
WARNING: skipping asan tests due to ulimit -v
FAIL: g++.dg/ext/sync-4.C -std=gnu++98 execution test
FAIL: g++.dg/gomp/clause-3.C -std=c++14 (test for errors, line 59)
FAIL: g++.dg/gomp/clause-3.C -std=c++17 (test for errors, line 59)
FAIL: g++.dg/gomp/clause-3.C -std=c++2a (test for errors, line 59)
FAIL: g++.dg/gomp/clause-3.C -std=c++98 (test for errors, line 59)
FAIL: g++.dg/modules/bad-mapper-3.C -std=c++17 (test for errors, line )
FAIL: g++.dg/modules/bad-mapper-3.C -std=c++17 (test for excess errors)
FAIL: g++.dg/modules/bad-mapper-3.C -std=c++2a (test for errors, line )
FAIL: g++.dg/modules/bad-mapper-3.C -std=c++2a (test for excess errors)
FAIL: g++.dg/modules/bad-mapper-3.C -std=c++2b (test for errors, line )
FAIL: g++.dg/modules/bad-mapper-3.C -std=c++2b (test for excess errors)
FAIL: c-c++-common/ubsan/null-1.c -std=gnu++98 execution test
FAIL: c-c++-common/ubsan/null-10.c -std=gnu++14 execution test
FAIL: c-c++-common/ubsan/null-10.c -std=gnu++17 execution test
FAIL: c-c++-common/ubsan/null-10.c -std=gnu++2a execution test
FAIL: c-c++-common/ubsan/null-10.c -std=gnu++98 execution test
FAIL: c-c++-common/ubsan/null-11.c -std=gnu++14 execution test
FAIL: c-c++-common/ubsan/null-11.c -std=gnu++2a execution test
FAIL: c-c++-common/ubsan/null-11.c -std=gnu++98 execution test
FAIL: c-c++-common/ubsan/null-2.c -std=gnu++17 execution test
FAIL: c-c++-common/ubsan/null-2.c -std=gnu++2a execution test
FAIL: c-c++-common/ubsan/null-3.c -std=gnu++14 execution test
FAIL: c-c++-common/ubsan/null-3.c -std=gnu++2a execution test
FAIL: c-c++-common/ubsan/null-4.c -std=gnu++17 execution test
FAIL: c-c++-common/ubsan/null-4.c -std=gnu++2a execution test
FAIL: c-c++-common/ubsan/null-4.c -std=gnu++98 execution test
FAIL: c-c++-common/ubsan/null-5.c -std=gnu++14 execution test
FAIL: c-c++-common/ubsan/null-5.c -std=gnu++17 execution test
FAIL: c-c++-common/ubsan/null-5.c -std=gnu++2a execution test
FAIL: c-c++-common/ubsan/null-7.c -std=gnu++14 execution test
FAIL: c-c++-common/ubsan/null-7.c -std=gnu++17 execution test
FAIL: c-c++-common/ubsan/null-7.c -std=gnu++2a execution test
FAIL: c-c++-common/ubsan/null-8.c -std=gnu++14 execution test
FAIL: c-c++-common/ubsan/null-8.c -std=gnu++17 execution test
FAIL: c-c++-common/ubsan/null-8.c -std=gnu++2a execution test
FAIL: c-c++-common/ubsan/null-8.c -std=gnu++98 execution test
FAIL: c-c++-common/ubsan/null-9.c -std=gnu++14 execution test
FAIL: c-c++-common/ubsan/null-9.c -std=gnu++17 execution test
FAIL: c-c++-common/ubsan/null-9.c -std=gnu++2a execution test
FAIL: c-c++-common/ubsan/null-9.c -std=gnu++98 execution test
FAIL: gcc.target/aarch64/sve/acle/asm/cvt_bf16.c -std=c++11 -O2 -g -DTEST_FULL (test for excess errors)
FAIL: gcc.target/aarch64/sve/acle/asm/cvt_bf16.c -std=c++11 -O2 -g -DTEST_OVERLOADS (test for excess errors)
FAIL: gcc.target/aarch64/sve/acle/asm/cvt_bf16.c -std=c++14 -O3 -g -DTEST_FULL (test for excess errors)
FAIL: gcc.target/aarch64/sve/acle/asm/cvt_bf16.c -std=c++14 -O3 -g -DTEST_OVERLOADS (test for excess errors)
FAIL: gcc.target/aarch64/sve/acle/asm/cvt_bf16.c -std=c++17 -Og -g -DTEST_FULL (test for excess errors)
FAIL: gcc.target/aarch64/sve/acle/asm/cvt_bf16.c -std=c++17 -Og -g -DTEST_OVERLOADS (test for excess errors)
FAIL: gcc.target/aarch64/sve/acle/asm/cvt_bf16.c -std=c++2a -Os -g -DTEST_FULL (test for excess errors)
FAIL: gcc.target/aarch64/sve/acle/asm/cvt_bf16.c -std=c++2a -Os -g -DTEST_OVERLOADS (test for excess errors)
FAIL: gcc.target/aarch64/sve/acle/asm/cvt_bf16.c -std=c++98 -O0 -g -DTEST_FULL (test for excess errors)
FAIL: gcc.target/aarch64/sve/acle/asm/cvt_bf16.c -std=c++98 -O0 -g -DTEST_OVERLOADS (test for excess errors)
FAIL: gcc.target/aarch64/sve/acle/asm/cvt_bf16.c -std=c++98 -O1 -g -DTEST_FULL (test for excess errors)
FAIL: gcc.target/aarch64/sve/acle/asm/cvt_bf16.c -std=c++98 -O1 -g -DTEST_OVERLOADS (test for excess errors)
FAIL: gcc.target/aarch64/sve/acle/asm/cvt_bf16.c -std=gnu++11 -Ofast -g -DTEST_FULL (test for excess errors)
FAIL: gcc.target/aarch64/sve/acle/asm/cvt_bf16.c -std=gnu++11 -Ofast -g -DTEST_OVERLOADS (test for excess errors)
FAIL: gcc.target/aarch64/sve/acle/asm/cvt_bf16.c -std=gnu++17 -O3 -g -DTEST_FULL (test for excess errors)
FAIL: gcc.target/aarch64/sve/acle/asm/cvt_bf16.c -std=gnu++17 -O3 -g -DTEST_OVERLOADS (test for excess errors)
FAIL: gcc.target/aarch64/sve/acle/asm/cvt_bf16.c -std=gnu++2a -O0 -g -DTEST_FULL (test for excess errors)
FAIL: gcc.target/aarch64/sve/acle/asm/cvt_bf16.c -std=gnu++2a -O0 -g -DTEST_OVERLOADS (test for excess errors)
FAIL: gcc.target/aarch64/sve/acle/asm/cvt_bf16.c -std=gnu++98 -O2 -fno-schedule-insns -DCHECK_ASM --save-temps -DTEST_FULL (test for excess errors)
FAIL: gcc.target/aarch64/sve/acle/asm/cvt_bf16.c -std=gnu++98 -O2 -fno-schedule-insns -DCHECK_ASM --save-temps -DTEST_OVERLOADS (test for excess errors)
=== g++ Summary ===
# of expected passes 313530
# of unexpected failures 60
# of expected failures 2310
# of unsupported tests 9793
/tmp/6048689_1.tmpdir/aci-gcc-fsf/builds/gcc-fsf-gccsrc/obj-aarch64-none-linux-gnu/gcc3/gcc/xg++ version 12.0.0 (DEFMODE=default DEFCPU=default DEFFPU=default TESTFLAGS=) [r12-451] (GCC)
Compiler version: 12.0.0 (DEFMODE=default DEFCPU=default DEFFPU=default TESTFLAGS=) [r12-451] (GCC)
Platform: aarch64-none-linux-gnu
configure flags: --target=aarch64-none-linux-gnu --prefix=/tmp/6048689_1.tmpdir/aci-gcc-fsf/builds/gcc-fsf-gccsrc/tools --with-sysroot=/tmp/6048689_1.tmpdir/aci-gcc-fsf/builds/gcc-fsf-gccsrc/sysroot-aarch64-none-linux-gnu --disable-nls --disable-libgomp --disable-libmudflap --disable-libcilkrts --enable-checking --enable-languages=c,c++,fortran
More information about the Gcc-testresults
mailing list