Results for 12.0.0 20210501 (experimental) [master revision r12-339-g3c65858787dc] (GCC) testsuite on x86_64-apple-darwin20
Iain Sandoe
iains.gcc@gmail.com
Mon May 3 17:49:25 GMT 2021
LAST_UPDATED: Sat May 1 18:33:50 UTC 2021 (revision r12-339-g3c65858787dc)
=== acats tests ===
=== acats Summary ===
# of expected passes 2328
# of unexpected failures 0
Native configuration is x86_64-apple-darwin20
=== g++ tests ===
Running target unix
FAIL: c-c++-common/asan/alloca_big_alignment.c -Os output pattern test
FAIL: c-c++-common/asan/alloca_detect_custom_size.c -Os output pattern test
FAIL: c-c++-common/asan/alloca_overflow_partial.c -Os output pattern test
FAIL: c-c++-common/asan/alloca_overflow_right.c -Os output pattern test
FAIL: c-c++-common/asan/alloca_underflow_left.c -Os output pattern test
FAIL: g++.dg/ipa/pr67056.C scan-ipa-dump cp "Speculative outer type:struct CompositeClass"
FAIL: g++.dg/lto/pr65276 cp_lto_pr65276_0.o-cp_lto_pr65276_1.o link, -flto -O0 -std=c++11
FAIL: g++.dg/modules/xtreme-header-5_a.H -std=c++17 (internal compiler error)
FAIL: g++.dg/modules/xtreme-header-5_a.H -std=c++17 (test for excess errors)
FAIL: g++.dg/modules/xtreme-header-5_a.H -std=c++2a (internal compiler error)
FAIL: g++.dg/modules/xtreme-header-5_a.H -std=c++2a (test for excess errors)
FAIL: g++.dg/modules/xtreme-header-5_a.H -std=c++2b (internal compiler error)
FAIL: g++.dg/modules/xtreme-header-5_a.H -std=c++2b (test for excess errors)
FAIL: g++.dg/modules/xtreme-header-5_a.H module-cmi (gcm.cache/\$srcdir/g++.dg/modules/xtreme-header-5_a.H.gcm)
FAIL: g++.dg/modules/xtreme-header-5_a.H module-cmi (gcm.cache/\$srcdir/g++.dg/modules/xtreme-header-5_a.H.gcm)
FAIL: g++.dg/modules/xtreme-header-5_a.H module-cmi (gcm.cache/\$srcdir/g++.dg/modules/xtreme-header-5_a.H.gcm)
FAIL: g++.dg/modules/xtreme-header-5_b.C -std=c++17 (test for excess errors)
FAIL: g++.dg/modules/xtreme-header-5_b.C -std=c++2a (test for excess errors)
FAIL: g++.dg/modules/xtreme-header-5_b.C -std=c++2b (test for excess errors)
FAIL: g++.dg/modules/xtreme-header-5_c.C -std=c++17 (test for excess errors)
FAIL: g++.dg/modules/xtreme-header-5_c.C -std=c++2a (test for excess errors)
FAIL: g++.dg/modules/xtreme-header-5_c.C -std=c++2b (test for excess errors)
FAIL: g++.dg/modules/xtreme-header_a.H -std=c++17 (internal compiler error)
FAIL: g++.dg/modules/xtreme-header_a.H -std=c++17 (test for excess errors)
FAIL: g++.dg/modules/xtreme-header_a.H -std=c++2a (internal compiler error)
FAIL: g++.dg/modules/xtreme-header_a.H -std=c++2a (test for excess errors)
FAIL: g++.dg/modules/xtreme-header_a.H -std=c++2b (internal compiler error)
FAIL: g++.dg/modules/xtreme-header_a.H -std=c++2b (test for excess errors)
FAIL: g++.dg/modules/xtreme-header_a.H module-cmi (gcm.cache/\$srcdir/g++.dg/modules/xtreme-header_a.H.gcm)
FAIL: g++.dg/modules/xtreme-header_a.H module-cmi (gcm.cache/\$srcdir/g++.dg/modules/xtreme-header_a.H.gcm)
FAIL: g++.dg/modules/xtreme-header_a.H module-cmi (gcm.cache/\$srcdir/g++.dg/modules/xtreme-header_a.H.gcm)
FAIL: g++.dg/modules/xtreme-header_b.C -std=c++17 (test for excess errors)
FAIL: g++.dg/modules/xtreme-header_b.C -std=c++2a (test for excess errors)
FAIL: g++.dg/modules/xtreme-header_b.C -std=c++2b (test for excess errors)
=== g++ Summary ===
# of expected passes 202404
# of unexpected failures 34
# of expected failures 1124
# of unsupported tests 9659
/scratch/11-0-sur/gcc-master/gcc/xg++ version 12.0.0 20210501 (experimental) [master revision r12-339-g3c65858787dc] (GCC)
=== gcc tests ===
Running target unix
FAIL: gcc.c-torture/execute/ieee/cdivchkf.c execution, -O0
FAIL: gcc.c-torture/execute/ieee/cdivchkf.c execution, -O1
FAIL: gcc.c-torture/execute/ieee/cdivchkf.c execution, -O2
FAIL: gcc.c-torture/execute/ieee/cdivchkf.c execution, -O2 -flto
FAIL: gcc.c-torture/execute/ieee/cdivchkf.c execution, -O2 -flto -flto-partition=none
FAIL: gcc.c-torture/execute/ieee/cdivchkf.c execution, -O3 -fomit-frame-pointer -funroll-loops -fpeel-loops -ftracer -finline-functions
FAIL: gcc.c-torture/execute/ieee/cdivchkf.c execution, -O3 -g
FAIL: gcc.c-torture/execute/ieee/cdivchkf.c execution, -Og -g
FAIL: gcc.c-torture/execute/ieee/cdivchkf.c execution, -Os
FAIL: gcc.c-torture/execute/ieee/cdivchkld.c execution, -O0
FAIL: gcc.c-torture/execute/ieee/cdivchkld.c execution, -O1
FAIL: gcc.c-torture/execute/ieee/cdivchkld.c execution, -O2
FAIL: gcc.c-torture/execute/ieee/cdivchkld.c execution, -O2 -flto
FAIL: gcc.c-torture/execute/ieee/cdivchkld.c execution, -O2 -flto -flto-partition=none
FAIL: gcc.c-torture/execute/ieee/cdivchkld.c execution, -O3 -fomit-frame-pointer -funroll-loops -fpeel-loops -ftracer -finline-functions
FAIL: gcc.c-torture/execute/ieee/cdivchkld.c execution, -O3 -g
FAIL: gcc.c-torture/execute/ieee/cdivchkld.c execution, -Og -g
FAIL: gcc.c-torture/execute/ieee/cdivchkld.c execution, -Os
FAIL: gcc.dg/analyzer/write-to-string-literal-1.c (test for warnings, line 15)
FAIL: c-c++-common/asan/alloca_big_alignment.c -Os output pattern test
FAIL: c-c++-common/asan/alloca_detect_custom_size.c -Os output pattern test
FAIL: c-c++-common/asan/alloca_overflow_partial.c -Os output pattern test
FAIL: c-c++-common/asan/alloca_overflow_right.c -Os output pattern test
FAIL: c-c++-common/asan/alloca_underflow_left.c -Os output pattern test
FAIL: gcc.dg/debug/dwarf2/inline4.c scan-assembler DW_TAG_inlined_subroutine[^\\\\(]*\\\\([^\\\\)]*\\\\)[^\\\\(]*\\\\(DIE \\\\(0x[0-9a-f]*\\\\) DW_TAG_formal_parameter[^\\\\(]*\\\\(DIE \\\\(0x[0-9a-f]*\\\\) DW_TAG_variable
FAIL: gcc.dg/stack-layout-dynamic-1.c (test for excess errors)
UNRESOLVED: gcc.dg/stack-layout-dynamic-1.c scan-assembler-not cfi_def_cfa_register
FAIL: gcc.dg/strlenopt-82.c scan-tree-dump-times optimized "call_in_true_branch_not_eliminated_" 0
FAIL: gcc.dg/graphite/scop-19.c scan-tree-dump-times graphite "number of SCoPs: 0" 1
FAIL: gcc.dg/ipa/ipa-icf-38.c scan-ltrans-tree-dump-not optimized "Function bar"
FAIL: gcc-dg-lto-modref-3-01.exe scan-wpa-ipa-dump modref "parm 1 flags: nodirectescape"
FAIL: gcc-dg-lto-modref-4-01.exe scan-wpa-ipa-dump modref "parm 1 flags: nodirectescape"
FAIL: gcc.dg/lto/modref-3 c_lto_modref-3_0.o-c_lto_modref-3_1.o execute -O2 -flto-partition=max -fdump-ipa-modref -fno-ipa-sra -fno-ipa-cp -flto
FAIL: gcc.dg/lto/modref-4 c_lto_modref-4_0.o-c_lto_modref-4_1.o execute -O2 -flto-partition=max -fdump-ipa-modref -fno-ipa-sra -flto
XPASS: gcc.dg/tree-ssa/pr91091-2.c scan-tree-dump-times fre1 " = [^;]*x;" 1
XPASS: gcc.dg/tree-ssa/pr91091-2.c scan-tree-dump-times fre1 "x = " 1
XPASS: gcc.dg/tree-ssa/ssa-fre-77.c scan-tree-dump fre1 "return 1;"
FAIL: outputs-25 exe savetmp named2-4: outputs.args.3
FAIL: outputs-25 exe savetmp named2-4: std out
FAIL: gcc.target/i386/avx512bw-pr88465.c scan-assembler-times kxnor[dq][ \\t] 2
FAIL: gcc.target/i386/avx512dq-pr88465.c scan-assembler-times kxnorb[ \\t] 1
FAIL: gcc.target/i386/avx512f-pr88465.c scan-assembler-times kxnorw[ \\t] 1
FAIL: gcc.target/i386/memcpy-strategy-10.c scan-assembler jmp\\tmemcpy
FAIL: gcc.target/i386/memcpy-strategy-5.c scan-assembler jmp\\tmemcpy
FAIL: gcc.target/i386/memset-strategy-5.c scan-assembler jmp\\tmemset
FAIL: gcc.target/i386/memset-strategy-7.c scan-assembler jmp\\tmemset
FAIL: gcc.target/i386/pr34256.c scan-assembler-times mov 5
FAIL: gcc.target/i386/pr71321.c scan-assembler-not lea.*0
FAIL: gcc.target/i386/pr78035.c scan-assembler-times cmp 2
FAIL: gcc.target/i386/pr90773-1.c scan-assembler-times movq[\\\\t ]+\\\\(%[^,]+\\\\), 1
FAIL: gcc.target/i386/pr92651.c scan-assembler-times sub 2
FAIL: gcc.target/i386/pr94650.c scan-assembler-not movabs
FAIL: gcc.target/i386/pr94650.c scan-assembler-times shr 3
FAIL: gcc.target/i386/pr98060.c scan-assembler-not set
FAIL: gcc.target/i386/stackalign/pr88483-1.c -mno-stackrealign scan-assembler-not and[lq]?[^\\\\n]*-[0-9]+,[^\\\\n]*sp
FAIL: gcc.target/i386/stackalign/pr88483-1.c -mstackrealign scan-assembler-not and[lq]?[^\\\\n]*-[0-9]+,[^\\\\n]*sp
FAIL: gcc.target/i386/stackalign/pr88483-2.c -mno-stackrealign scan-assembler-not (sub|add)(l|q)[\\\\t ]*\\\\\$[0-9]*,[\\\\t ]*%[re]?sp
FAIL: gcc.target/i386/stackalign/pr88483-2.c -mno-stackrealign scan-assembler-not and[lq]?[^\\\\n]*-[0-9]+,[^\\\\n]*sp
FAIL: gcc.target/i386/stackalign/pr88483-2.c -mstackrealign scan-assembler-not (sub|add)(l|q)[\\\\t ]*\\\\\$[0-9]*,[\\\\t ]*%[re]?sp
FAIL: gcc.target/i386/stackalign/pr88483-2.c -mstackrealign scan-assembler-not and[lq]?[^\\\\n]*-[0-9]+,[^\\\\n]*sp
=== gcc Summary ===
# of expected passes 154378
# of unexpected failures 56
# of unexpected successes 3
# of expected failures 887
# of unresolved testcases 1
# of unsupported tests 3226
/scratch/11-0-sur/gcc-master/gcc/xgcc version 12.0.0 20210501 (experimental) [master revision r12-339-g3c65858787dc] (GCC)
=== gdc tests ===
Running target unix
=== gdc Summary ===
# of expected passes 3882
# of unsupported tests 1078
/scratch/11-0-sur/gcc-master/gcc/gdc version 12.0.0 20210501 (experimental) [master revision r12-339-g3c65858787dc] (GCC)
=== gfortran tests ===
Running target unix
=== gfortran Summary ===
# of expected passes 56615
# of expected failures 239
# of unsupported tests 83
/scratch/11-0-sur/gcc-master/gcc/gfortran version 12.0.0 20210501 (experimental) [master revision r12-339-g3c65858787dc] (GCC)
=== gnat tests ===
Running target unix
FAIL: gnat.dg/bias1.adb scan-assembler DW_AT_GNU_bias
=== gnat Summary ===
# of expected passes 3337
# of unexpected failures 1
# of expected failures 23
# of unsupported tests 13
/scratch/11-0-sur/gcc-master/gcc/gnatmake version 12.0.0 20210501 (experimental) [master revision r12-339-g3c65858787dc]
=== obj-c++ tests ===
Running target unix
=== obj-c++ Summary ===
# of expected passes 3154
# of expected failures 22
# of unsupported tests 69
/scratch/11-0-sur/gcc-master/gcc/xg++ version 12.0.0 20210501 (experimental) [master revision r12-339-g3c65858787dc] (GCC)
=== objc tests ===
Running target unix
FAIL: objc.dg/headers.m -fnext-runtime (test for excess errors)
=== objc Summary ===
# of expected passes 5702
# of unexpected failures 1
# of expected failures 12
# of unsupported tests 87
/scratch/11-0-sur/gcc-master/gcc/xgcc version 12.0.0 20210501 (experimental) [master revision r12-339-g3c65858787dc] (GCC)
=== libatomic tests ===
Running target unix
=== libatomic Summary ===
# of expected passes 54
=== libgomp tests ===
Running target unix
WARNING: program timed out.
FAIL: libgomp.c++/task-reduction-10.C execution test
WARNING: program timed out.
FAIL: libgomp.c++/task-reduction-8.C execution test
FAIL: libgomp.fortran/depobj-1.f90 -O execution test
=== libgomp Summary ===
# of expected passes 8724
# of unexpected failures 3
# of expected failures 86
# of unsupported tests 537
=== libitm tests ===
Running target unix
=== libitm Summary ===
# of expected passes 40
# of expected failures 3
# of unsupported tests 2
=== libstdc++ tests ===
Running target unix
WARNING: 29_atomics/atomic_integral/wait_notify.cc execution test program timed out.
FAIL: 29_atomics/atomic_integral/wait_notify.cc execution test
WARNING: 30_threads/barrier/arrive_and_wait.cc execution test program timed out.
FAIL: 30_threads/barrier/arrive_and_wait.cc execution test
WARNING: 30_threads/barrier/completion.cc execution test program timed out.
FAIL: 30_threads/barrier/completion.cc execution test
=== libstdc++ Summary ===
# of expected passes 13772
# of unexpected failures 3
# of expected failures 105
# of unsupported tests 763
Compiler version: 12.0.0 20210501 (experimental) [master revision r12-339-g3c65858787dc] (GCC)
Platform: x86_64-apple-darwin20
configure flags: --prefix=/opt/iains/x86_64-apple-darwin20/gcc-12-0-0 --build=x86_64-apple-darwin20 --with-sysroot=/Library/Developer/CommandLineTools/SDKs/MacOSX.sdk --enable-languages=all CC=x86_64-apple-darwin20-gcc CXX=x86_64-apple-darwin20-g++ --with-cpu=core2
More information about the Gcc-testresults
mailing list