Results for 12.0.0 20210501 (experimental) [master revision 3307b9a07a3c] (GCC) testsuite on powerpc64-suse-linux-gnu
Andreas Schwab
schwab@linux-m68k.org
Mon May 3 17:45:43 GMT 2021
LAST_UPDATED: Sat May 1 21:19:04 UTC 2021 (revision 3307b9a07a3c)
Native configuration is powerpc64-suse-linux-gnu
=== g++ tests ===
Running target unix/-m32
XPASS: g++.dg/warn/Warray-bounds-20.C -std=gnu++14 assign (test for warnings, line 30)
XPASS: g++.dg/warn/Warray-bounds-20.C -std=gnu++17 assign (test for warnings, line 30)
XPASS: g++.dg/warn/Warray-bounds-20.C -std=gnu++2a assign (test for warnings, line 30)
XPASS: g++.dg/warn/Warray-bounds-20.C -std=gnu++98 assign (test for warnings, line 30)
FAIL: g++.dg/vect/slp-pr99971.cc -std=c++14 scan-tree-dump-not slp2 "removing SLP instance"
FAIL: g++.dg/vect/slp-pr99971.cc -std=c++14 scan-tree-dump-times slp2 "SLPing BB part" 1
FAIL: g++.dg/vect/slp-pr99971.cc -std=c++14 scan-tree-dump-times slp2 "Vectorizing SLP" 2
FAIL: g++.dg/vect/slp-pr99971.cc -std=c++17 scan-tree-dump-not slp2 "removing SLP instance"
FAIL: g++.dg/vect/slp-pr99971.cc -std=c++17 scan-tree-dump-times slp2 "SLPing BB part" 1
FAIL: g++.dg/vect/slp-pr99971.cc -std=c++17 scan-tree-dump-times slp2 "Vectorizing SLP" 2
FAIL: g++.dg/vect/slp-pr99971.cc -std=c++2a scan-tree-dump-not slp2 "removing SLP instance"
FAIL: g++.dg/vect/slp-pr99971.cc -std=c++2a scan-tree-dump-times slp2 "SLPing BB part" 1
FAIL: g++.dg/vect/slp-pr99971.cc -std=c++2a scan-tree-dump-times slp2 "Vectorizing SLP" 2
FAIL: g++.dg/vect/slp-pr99971.cc -std=c++98 scan-tree-dump-not slp2 "removing SLP instance"
FAIL: g++.dg/vect/slp-pr99971.cc -std=c++98 scan-tree-dump-times slp2 "SLPing BB part" 1
FAIL: g++.dg/vect/slp-pr99971.cc -std=c++98 scan-tree-dump-times slp2 "Vectorizing SLP" 2
=== g++ Summary for unix/-m32 ===
# of expected passes 200426
# of unexpected failures 12
# of unexpected successes 4
# of expected failures 1096
# of unsupported tests 9378
Running target unix/-m64
FAIL: c-c++-common/asan/swapcontext-test-1.c -O0 execution test
FAIL: c-c++-common/asan/swapcontext-test-1.c -O1 execution test
FAIL: c-c++-common/asan/swapcontext-test-1.c -O2 execution test
FAIL: c-c++-common/asan/swapcontext-test-1.c -O2 -flto -fno-use-linker-plugin -flto-partition=none execution test
FAIL: c-c++-common/asan/swapcontext-test-1.c -O2 -flto -fuse-linker-plugin -fno-fat-lto-objects execution test
FAIL: c-c++-common/asan/swapcontext-test-1.c -O3 -fomit-frame-pointer -funroll-loops -fpeel-loops -ftracer -finline-functions execution test
FAIL: c-c++-common/asan/swapcontext-test-1.c -O3 -g execution test
FAIL: c-c++-common/asan/swapcontext-test-1.c -Os execution test
FAIL: c-c++-common/tsan/race_on_mutex.c -O0 output pattern test
FAIL: c-c++-common/tsan/race_on_mutex.c -O2 output pattern test
FAIL: g++.dg/vect/slp-pr99971.cc -std=c++14 scan-tree-dump-not slp2 "removing SLP instance"
FAIL: g++.dg/vect/slp-pr99971.cc -std=c++14 scan-tree-dump-times slp2 "SLPing BB part" 1
FAIL: g++.dg/vect/slp-pr99971.cc -std=c++14 scan-tree-dump-times slp2 "Vectorizing SLP" 2
FAIL: g++.dg/vect/slp-pr99971.cc -std=c++17 scan-tree-dump-not slp2 "removing SLP instance"
FAIL: g++.dg/vect/slp-pr99971.cc -std=c++17 scan-tree-dump-times slp2 "SLPing BB part" 1
FAIL: g++.dg/vect/slp-pr99971.cc -std=c++17 scan-tree-dump-times slp2 "Vectorizing SLP" 2
FAIL: g++.dg/vect/slp-pr99971.cc -std=c++2a scan-tree-dump-not slp2 "removing SLP instance"
FAIL: g++.dg/vect/slp-pr99971.cc -std=c++2a scan-tree-dump-times slp2 "SLPing BB part" 1
FAIL: g++.dg/vect/slp-pr99971.cc -std=c++2a scan-tree-dump-times slp2 "Vectorizing SLP" 2
FAIL: g++.dg/vect/slp-pr99971.cc -std=c++98 scan-tree-dump-not slp2 "removing SLP instance"
FAIL: g++.dg/vect/slp-pr99971.cc -std=c++98 scan-tree-dump-times slp2 "SLPing BB part" 1
FAIL: g++.dg/vect/slp-pr99971.cc -std=c++98 scan-tree-dump-times slp2 "Vectorizing SLP" 2
=== g++ Summary for unix/-m64 ===
# of expected passes 206664
# of unexpected failures 22
# of expected failures 1104
# of unsupported tests 9417
=== g++ Summary ===
# of expected passes 407090
# of unexpected failures 34
# of unexpected successes 4
# of expected failures 2200
# of unsupported tests 18795
/daten/gcc/gcc-20210501/Build/gcc/xg++ version 12.0.0 20210501 (experimental) [master revision 3307b9a07a3c] (GCC)
=== gcc tests ===
Running target unix/-m32
FAIL: gcc.c-torture/compile/attr-retain-1.c -O0 scan-assembler .rodata.*,"aR"
FAIL: gcc.c-torture/compile/attr-retain-1.c -O1 scan-assembler .rodata.*,"aR"
FAIL: gcc.c-torture/compile/attr-retain-1.c -O2 scan-assembler .rodata.*,"aR"
FAIL: gcc.c-torture/compile/attr-retain-1.c -O2 -flto -fno-use-linker-plugin -flto-partition=none scan-assembler .rodata.*,"aR"
FAIL: gcc.c-torture/compile/attr-retain-1.c -O2 -flto -fuse-linker-plugin -fno-fat-lto-objects scan-assembler .rodata.*,"aR"
FAIL: gcc.c-torture/compile/attr-retain-1.c -O3 -g scan-assembler .rodata.*,"aR"
FAIL: gcc.c-torture/compile/attr-retain-1.c -Os scan-assembler .rodata.*,"aR"
FAIL: gcc.c-torture/compile/attr-retain-2.c -O0 scan-assembler .rodata.used_rodata,"aR"
FAIL: gcc.c-torture/compile/attr-retain-2.c -O0 scan-assembler .rodata.used_rodata2,"aR"
FAIL: gcc.c-torture/compile/attr-retain-2.c -O1 scan-assembler .rodata.used_rodata,"aR"
FAIL: gcc.c-torture/compile/attr-retain-2.c -O1 scan-assembler .rodata.used_rodata2,"aR"
FAIL: gcc.c-torture/compile/attr-retain-2.c -O2 scan-assembler .rodata.used_rodata,"aR"
FAIL: gcc.c-torture/compile/attr-retain-2.c -O2 scan-assembler .rodata.used_rodata2,"aR"
FAIL: gcc.c-torture/compile/attr-retain-2.c -O2 -flto -fno-use-linker-plugin -flto-partition=none scan-assembler .rodata.used_rodata,"aR"
FAIL: gcc.c-torture/compile/attr-retain-2.c -O2 -flto -fno-use-linker-plugin -flto-partition=none scan-assembler .rodata.used_rodata2,"aR"
FAIL: gcc.c-torture/compile/attr-retain-2.c -O2 -flto -fuse-linker-plugin -fno-fat-lto-objects scan-assembler .rodata.used_rodata,"aR"
FAIL: gcc.c-torture/compile/attr-retain-2.c -O2 -flto -fuse-linker-plugin -fno-fat-lto-objects scan-assembler .rodata.used_rodata2,"aR"
FAIL: gcc.c-torture/compile/attr-retain-2.c -O3 -g scan-assembler .rodata.used_rodata,"aR"
FAIL: gcc.c-torture/compile/attr-retain-2.c -O3 -g scan-assembler .rodata.used_rodata2,"aR"
FAIL: gcc.c-torture/compile/attr-retain-2.c -Os scan-assembler .rodata.used_rodata,"aR"
FAIL: gcc.c-torture/compile/attr-retain-2.c -Os scan-assembler .rodata.used_rodata2,"aR"
FAIL: gcc.c-torture/execute/ieee/cdivchkld.c execution, -O1
FAIL: gcc.c-torture/execute/ieee/cdivchkld.c execution, -O2
FAIL: gcc.c-torture/execute/ieee/cdivchkld.c execution, -O2 -flto -fno-use-linker-plugin -flto-partition=none
FAIL: gcc.c-torture/execute/ieee/cdivchkld.c execution, -O2 -flto -fuse-linker-plugin -fno-fat-lto-objects
FAIL: gcc.c-torture/execute/ieee/cdivchkld.c execution, -O3 -fomit-frame-pointer -funroll-loops -fpeel-loops -ftracer -finline-functions
FAIL: gcc.c-torture/execute/ieee/cdivchkld.c execution, -O3 -g
FAIL: gcc.c-torture/execute/ieee/cdivchkld.c execution, -Os
FAIL: gcc.dg/analyzer/dot-output.c dg-check-dot dot-output.c.state-purge.dot
XPASS: gcc.dg/Wstringop-overflow-43.c pr????? (test for warnings, line 172)
FAIL: gcc.dg/sms-1.c scan-rtl-dump-times sms "SMS succeeded" 1
XPASS: gcc.dg/graphite/pr69728.c scan-tree-dump graphite "loop nest optimized"
XPASS: gcc.dg/guality/example.c -O0 execution test
XPASS: gcc.dg/guality/example.c -O1 -DPREVENT_OPTIMIZATION execution test
XPASS: gcc.dg/guality/example.c -Og -DPREVENT_OPTIMIZATION execution test
XPASS: gcc.dg/guality/guality.c -O0 execution test
XPASS: gcc.dg/guality/guality.c -O1 -DPREVENT_OPTIMIZATION execution test
XPASS: gcc.dg/guality/guality.c -O2 -DPREVENT_OPTIMIZATION execution test
XPASS: gcc.dg/guality/guality.c -O2 -flto -fno-use-linker-plugin -flto-partition=none -DPREVENT_OPTIMIZATION execution test
XPASS: gcc.dg/guality/guality.c -O2 -flto -fuse-linker-plugin -fno-fat-lto-objects -DPREVENT_OPTIMIZATION execution test
XPASS: gcc.dg/guality/guality.c -O3 -g -DPREVENT_OPTIMIZATION execution test
XPASS: gcc.dg/guality/guality.c -Os -DPREVENT_OPTIMIZATION execution test
XPASS: gcc.dg/guality/guality.c -Og -DPREVENT_OPTIMIZATION execution test
XPASS: gcc.dg/guality/inline-params.c -O2 -DPREVENT_OPTIMIZATION execution test
XPASS: gcc.dg/guality/inline-params.c -O2 -flto -fno-use-linker-plugin -flto-partition=none -DPREVENT_OPTIMIZATION execution test
XPASS: gcc.dg/guality/inline-params.c -O2 -flto -fuse-linker-plugin -fno-fat-lto-objects -DPREVENT_OPTIMIZATION execution test
XPASS: gcc.dg/guality/inline-params.c -O3 -g -DPREVENT_OPTIMIZATION execution test
XPASS: gcc.dg/guality/inline-params.c -Os -DPREVENT_OPTIMIZATION execution test
FAIL: gcc.dg/guality/loop-1.c -O2 -DPREVENT_OPTIMIZATION line 20 i == 1
FAIL: gcc.dg/guality/loop-1.c -O2 -flto -fno-use-linker-plugin -flto-partition=none -DPREVENT_OPTIMIZATION line 20 i == 1
FAIL: gcc.dg/guality/loop-1.c -O2 -flto -fuse-linker-plugin -fno-fat-lto-objects -DPREVENT_OPTIMIZATION line 20 i == 1
FAIL: gcc.dg/guality/loop-1.c -O3 -fomit-frame-pointer -funroll-loops -fpeel-loops -ftracer -finline-functions -DPREVENT_OPTIMIZATION line 20 i == 1
FAIL: gcc.dg/guality/loop-1.c -O3 -g -DPREVENT_OPTIMIZATION line 20 i == 1
FAIL: gcc.dg/guality/pr36728-1.c -O2 -flto -fuse-linker-plugin -fno-fat-lto-objects -DPREVENT_OPTIMIZATION line 18 y == 2
FAIL: gcc.dg/guality/pr36728-1.c -O3 -g -DPREVENT_OPTIMIZATION line 16 y == 2
FAIL: gcc.dg/guality/pr36728-1.c -O3 -g -DPREVENT_OPTIMIZATION line 18 y == 2
FAIL: gcc.dg/guality/pr36728-2.c -O2 -flto -fuse-linker-plugin -fno-fat-lto-objects -DPREVENT_OPTIMIZATION line 16 arg1 == 1
FAIL: gcc.dg/guality/pr36728-2.c -O2 -flto -fuse-linker-plugin -fno-fat-lto-objects -DPREVENT_OPTIMIZATION line 16 arg2 == 2
FAIL: gcc.dg/guality/pr36728-2.c -O2 -flto -fuse-linker-plugin -fno-fat-lto-objects -DPREVENT_OPTIMIZATION line 16 arg3 == 3
FAIL: gcc.dg/guality/pr36728-2.c -O2 -flto -fuse-linker-plugin -fno-fat-lto-objects -DPREVENT_OPTIMIZATION line 16 arg4 == 4
FAIL: gcc.dg/guality/pr36728-2.c -O2 -flto -fuse-linker-plugin -fno-fat-lto-objects -DPREVENT_OPTIMIZATION line 16 arg5 == 5
FAIL: gcc.dg/guality/pr36728-2.c -O2 -flto -fuse-linker-plugin -fno-fat-lto-objects -DPREVENT_OPTIMIZATION line 16 arg6 == 6
FAIL: gcc.dg/guality/pr36728-2.c -O2 -flto -fuse-linker-plugin -fno-fat-lto-objects -DPREVENT_OPTIMIZATION line 16 arg7 == 30
FAIL: gcc.dg/guality/pr36728-2.c -O2 -flto -fuse-linker-plugin -fno-fat-lto-objects -DPREVENT_OPTIMIZATION line 16 y == 2
FAIL: gcc.dg/guality/pr36728-2.c -O2 -flto -fuse-linker-plugin -fno-fat-lto-objects -DPREVENT_OPTIMIZATION line 18 arg1 == 1
FAIL: gcc.dg/guality/pr36728-2.c -O2 -flto -fuse-linker-plugin -fno-fat-lto-objects -DPREVENT_OPTIMIZATION line 18 arg2 == 2
FAIL: gcc.dg/guality/pr36728-2.c -O2 -flto -fuse-linker-plugin -fno-fat-lto-objects -DPREVENT_OPTIMIZATION line 18 arg3 == 3
FAIL: gcc.dg/guality/pr36728-2.c -O2 -flto -fuse-linker-plugin -fno-fat-lto-objects -DPREVENT_OPTIMIZATION line 18 arg4 == 4
FAIL: gcc.dg/guality/pr36728-2.c -O2 -flto -fuse-linker-plugin -fno-fat-lto-objects -DPREVENT_OPTIMIZATION line 18 arg5 == 5
FAIL: gcc.dg/guality/pr36728-2.c -O2 -flto -fuse-linker-plugin -fno-fat-lto-objects -DPREVENT_OPTIMIZATION line 18 arg6 == 6
FAIL: gcc.dg/guality/pr36728-2.c -O2 -flto -fuse-linker-plugin -fno-fat-lto-objects -DPREVENT_OPTIMIZATION line 18 arg7 == 30
FAIL: gcc.dg/guality/pr36728-2.c -O3 -g -DPREVENT_OPTIMIZATION line 16 arg1 == 1
FAIL: gcc.dg/guality/pr36728-2.c -O3 -g -DPREVENT_OPTIMIZATION line 16 arg2 == 2
FAIL: gcc.dg/guality/pr36728-2.c -O3 -g -DPREVENT_OPTIMIZATION line 16 arg3 == 3
FAIL: gcc.dg/guality/pr36728-2.c -O3 -g -DPREVENT_OPTIMIZATION line 16 arg4 == 4
FAIL: gcc.dg/guality/pr36728-2.c -O3 -g -DPREVENT_OPTIMIZATION line 16 arg5 == 5
FAIL: gcc.dg/guality/pr36728-2.c -O3 -g -DPREVENT_OPTIMIZATION line 16 arg6 == 6
FAIL: gcc.dg/guality/pr36728-2.c -O3 -g -DPREVENT_OPTIMIZATION line 16 arg7 == 30
FAIL: gcc.dg/guality/pr36728-2.c -O3 -g -DPREVENT_OPTIMIZATION line 18 arg1 == 1
FAIL: gcc.dg/guality/pr36728-2.c -O3 -g -DPREVENT_OPTIMIZATION line 18 arg2 == 2
FAIL: gcc.dg/guality/pr36728-2.c -O3 -g -DPREVENT_OPTIMIZATION line 18 arg3 == 3
FAIL: gcc.dg/guality/pr36728-2.c -O3 -g -DPREVENT_OPTIMIZATION line 18 arg4 == 4
FAIL: gcc.dg/guality/pr36728-2.c -O3 -g -DPREVENT_OPTIMIZATION line 18 arg5 == 5
FAIL: gcc.dg/guality/pr36728-2.c -O3 -g -DPREVENT_OPTIMIZATION line 18 arg6 == 6
FAIL: gcc.dg/guality/pr36728-2.c -O3 -g -DPREVENT_OPTIMIZATION line 18 arg7 == 30
FAIL: gcc.dg/guality/pr36728-3.c -O2 -flto -fuse-linker-plugin -fno-fat-lto-objects -DPREVENT_OPTIMIZATION line 16 y == 2
FAIL: gcc.dg/guality/pr36728-3.c -O3 -g -DPREVENT_OPTIMIZATION line 14 y == 2
FAIL: gcc.dg/guality/pr36728-3.c -O3 -g -DPREVENT_OPTIMIZATION line 16 y == 2
FAIL: gcc.dg/guality/pr41616-1.c -O2 -flto -fuse-linker-plugin -fno-fat-lto-objects -DPREVENT_OPTIMIZATION execution test
FAIL: gcc.dg/guality/pr54200.c -O1 -DPREVENT_OPTIMIZATION line 20 z == 3
FAIL: gcc.dg/guality/pr54200.c -O2 -DPREVENT_OPTIMIZATION line 20 z == 3
FAIL: gcc.dg/guality/pr54200.c -O2 -flto -fno-use-linker-plugin -flto-partition=none -DPREVENT_OPTIMIZATION line 20 z == 3
FAIL: gcc.dg/guality/pr54200.c -O3 -g -DPREVENT_OPTIMIZATION line 20 z == 3
FAIL: gcc.dg/guality/pr54200.c -Os -DPREVENT_OPTIMIZATION line 20 z == 3
FAIL: gcc.dg/guality/pr54519-1.c -O2 -flto -fno-use-linker-plugin -flto-partition=none -DPREVENT_OPTIMIZATION line 20 y == 25
FAIL: gcc.dg/guality/pr54519-1.c -O2 -flto -fno-use-linker-plugin -flto-partition=none -DPREVENT_OPTIMIZATION line 20 z == 6
FAIL: gcc.dg/guality/pr54519-1.c -O2 -flto -fno-use-linker-plugin -flto-partition=none -DPREVENT_OPTIMIZATION line 23 y == 117
FAIL: gcc.dg/guality/pr54519-1.c -O2 -flto -fno-use-linker-plugin -flto-partition=none -DPREVENT_OPTIMIZATION line 23 z == 8
FAIL: gcc.dg/guality/pr54519-1.c -O2 -flto -fuse-linker-plugin -fno-fat-lto-objects -DPREVENT_OPTIMIZATION line 20 y == 25
FAIL: gcc.dg/guality/pr54519-1.c -O2 -flto -fuse-linker-plugin -fno-fat-lto-objects -DPREVENT_OPTIMIZATION line 20 z == 6
FAIL: gcc.dg/guality/pr54519-1.c -O2 -flto -fuse-linker-plugin -fno-fat-lto-objects -DPREVENT_OPTIMIZATION line 23 y == 117
FAIL: gcc.dg/guality/pr54519-1.c -O2 -flto -fuse-linker-plugin -fno-fat-lto-objects -DPREVENT_OPTIMIZATION line 23 z == 8
FAIL: gcc.dg/guality/pr54519-2.c -O2 -flto -fno-use-linker-plugin -flto-partition=none -DPREVENT_OPTIMIZATION line 17 y == 25
FAIL: gcc.dg/guality/pr54519-2.c -O2 -flto -fuse-linker-plugin -fno-fat-lto-objects -DPREVENT_OPTIMIZATION line 17 y == 25
FAIL: gcc.dg/guality/pr54519-3.c -O2 -flto -fno-use-linker-plugin -flto-partition=none -DPREVENT_OPTIMIZATION line 20 y == 25
FAIL: gcc.dg/guality/pr54519-3.c -O2 -flto -fno-use-linker-plugin -flto-partition=none -DPREVENT_OPTIMIZATION line 20 z == 6
FAIL: gcc.dg/guality/pr54519-3.c -O2 -flto -fno-use-linker-plugin -flto-partition=none -DPREVENT_OPTIMIZATION line 23 y == 117
FAIL: gcc.dg/guality/pr54519-3.c -O2 -flto -fno-use-linker-plugin -flto-partition=none -DPREVENT_OPTIMIZATION line 23 z == 8
FAIL: gcc.dg/guality/pr54519-3.c -O2 -flto -fuse-linker-plugin -fno-fat-lto-objects -DPREVENT_OPTIMIZATION line 20 y == 25
FAIL: gcc.dg/guality/pr54519-3.c -O2 -flto -fuse-linker-plugin -fno-fat-lto-objects -DPREVENT_OPTIMIZATION line 20 z == 6
FAIL: gcc.dg/guality/pr54519-3.c -O2 -flto -fuse-linker-plugin -fno-fat-lto-objects -DPREVENT_OPTIMIZATION line 23 y == 117
FAIL: gcc.dg/guality/pr54519-3.c -O2 -flto -fuse-linker-plugin -fno-fat-lto-objects -DPREVENT_OPTIMIZATION line 23 z == 8
FAIL: gcc.dg/guality/pr54519-4.c -O2 -flto -fno-use-linker-plugin -flto-partition=none -DPREVENT_OPTIMIZATION line 17 y == 25
FAIL: gcc.dg/guality/pr54519-4.c -O2 -flto -fuse-linker-plugin -fno-fat-lto-objects -DPREVENT_OPTIMIZATION line 17 y == 25
FAIL: gcc.dg/guality/pr54519-5.c -O2 -flto -fno-use-linker-plugin -flto-partition=none -DPREVENT_OPTIMIZATION line 17 y == 25
FAIL: gcc.dg/guality/pr54519-5.c -O2 -flto -fuse-linker-plugin -fno-fat-lto-objects -DPREVENT_OPTIMIZATION line 17 y == 25
FAIL: gcc.dg/guality/pr54519-6.c -Os -DPREVENT_OPTIMIZATION line 11 x == 2
FAIL: gcc.dg/guality/pr54693-2.c -O2 -DPREVENT_OPTIMIZATION line 21 i == v + 1
FAIL: gcc.dg/guality/pr54693-2.c -O2 -flto -fno-use-linker-plugin -flto-partition=none -DPREVENT_OPTIMIZATION line 21 i == v + 1
FAIL: gcc.dg/guality/pr54693-2.c -O2 -flto -fuse-linker-plugin -fno-fat-lto-objects -DPREVENT_OPTIMIZATION line 21 y == 20 - 2 * i
FAIL: gcc.dg/guality/pr54693-2.c -O2 -flto -fuse-linker-plugin -fno-fat-lto-objects -DPREVENT_OPTIMIZATION line 21 z == 30 - 3 * i
FAIL: gcc.dg/guality/pr54693-2.c -O3 -g -DPREVENT_OPTIMIZATION line 21 i == v + 1
FAIL: gcc.dg/guality/pr54693-2.c -Os -DPREVENT_OPTIMIZATION line 21 y == 20 - 2 * i
FAIL: gcc.dg/guality/pr54693-2.c -Os -DPREVENT_OPTIMIZATION line 21 z == 30 - 3 * i
FAIL: gcc.dg/guality/pr56154-1.c -Og -DPREVENT_OPTIMIZATION line pr56154-1.c:20 x.a == 6
FAIL: gcc.dg/guality/pr59776.c -Og -DPREVENT_OPTIMIZATION line pr59776.c:17 s1.f == 5.0
FAIL: gcc.dg/guality/pr59776.c -Og -DPREVENT_OPTIMIZATION line pr59776.c:17 s1.g == 6.0
FAIL: gcc.dg/guality/pr59776.c -Og -DPREVENT_OPTIMIZATION line pr59776.c:17 s2.f == 0.0
FAIL: gcc.dg/guality/pr59776.c -Og -DPREVENT_OPTIMIZATION line pr59776.c:20 s1.f == 5.0
FAIL: gcc.dg/guality/pr59776.c -Og -DPREVENT_OPTIMIZATION line pr59776.c:20 s1.g == 6.0
FAIL: gcc.dg/guality/pr59776.c -Og -DPREVENT_OPTIMIZATION line pr59776.c:20 s2.f == 5.0
FAIL: gcc.dg/guality/pr68860-1.c -O2 -DPREVENT_OPTIMIZATION line 14 y == 2
FAIL: gcc.dg/guality/pr68860-1.c -O2 -DPREVENT_OPTIMIZATION line 16 y == 2
FAIL: gcc.dg/guality/pr68860-1.c -O2 -flto -fno-use-linker-plugin -flto-partition=none -DPREVENT_OPTIMIZATION line 16 y == 2
FAIL: gcc.dg/guality/pr68860-1.c -O2 -flto -fuse-linker-plugin -fno-fat-lto-objects -DPREVENT_OPTIMIZATION line 16 y == 2
FAIL: gcc.dg/guality/pr68860-1.c -O3 -g -DPREVENT_OPTIMIZATION line 14 y == 2
FAIL: gcc.dg/guality/pr68860-1.c -O3 -g -DPREVENT_OPTIMIZATION line 16 y == 2
FAIL: gcc.dg/guality/pr68860-2.c -O2 -flto -fuse-linker-plugin -fno-fat-lto-objects -DPREVENT_OPTIMIZATION line 16 y == 2
FAIL: gcc.dg/guality/pr68860-2.c -O3 -g -DPREVENT_OPTIMIZATION line 14 y == 2
FAIL: gcc.dg/guality/pr68860-2.c -O3 -g -DPREVENT_OPTIMIZATION line 16 y == 2
FAIL: gcc.dg/guality/pr90074.c -O2 -flto -fuse-linker-plugin -fno-fat-lto-objects -DPREVENT_OPTIMIZATION line 28 c + 1 == 2
FAIL: gcc.dg/guality/pr90074.c -O2 -flto -fuse-linker-plugin -fno-fat-lto-objects -DPREVENT_OPTIMIZATION line 28 i + 1 == 8
FAIL: gcc.dg/guality/pr90716.c -O2 -flto -fuse-linker-plugin -fno-fat-lto-objects -DPREVENT_OPTIMIZATION line 23 j + 1 == 9
FAIL: gcc.dg/guality/sra-1.c -O2 -DPREVENT_OPTIMIZATION line 43 a.j == 14
FAIL: gcc.dg/guality/sra-1.c -O2 -flto -fno-use-linker-plugin -flto-partition=none -DPREVENT_OPTIMIZATION line 43 a.j == 14
FAIL: gcc.dg/guality/sra-1.c -O2 -flto -fuse-linker-plugin -fno-fat-lto-objects -DPREVENT_OPTIMIZATION line 21 a.i == 4
FAIL: gcc.dg/guality/sra-1.c -O2 -flto -fuse-linker-plugin -fno-fat-lto-objects -DPREVENT_OPTIMIZATION line 21 a.j == 14
FAIL: gcc.dg/guality/sra-1.c -O2 -flto -fuse-linker-plugin -fno-fat-lto-objects -DPREVENT_OPTIMIZATION line 32 a[0] == 4
FAIL: gcc.dg/guality/sra-1.c -O2 -flto -fuse-linker-plugin -fno-fat-lto-objects -DPREVENT_OPTIMIZATION line 32 a[1] == 14
FAIL: gcc.dg/guality/sra-1.c -O2 -flto -fuse-linker-plugin -fno-fat-lto-objects -DPREVENT_OPTIMIZATION line 43 a.i == 4
FAIL: gcc.dg/guality/sra-1.c -O2 -flto -fuse-linker-plugin -fno-fat-lto-objects -DPREVENT_OPTIMIZATION line 43 a.j == 14
FAIL: gcc.dg/guality/sra-1.c -O3 -g -DPREVENT_OPTIMIZATION line 43 a.j == 14
FAIL: gcc.dg/guality/sra-1.c -Os -DPREVENT_OPTIMIZATION line 43 a.j == 14
FAIL: gcc.dg/guality/sra-1.c -Og -DPREVENT_OPTIMIZATION line 21 a.i == 4
FAIL: gcc.dg/guality/sra-1.c -Og -DPREVENT_OPTIMIZATION line 21 a.j == 14
FAIL: gcc.dg/guality/sra-1.c -Og -DPREVENT_OPTIMIZATION line 32 a[0] == 4
FAIL: gcc.dg/guality/sra-1.c -Og -DPREVENT_OPTIMIZATION line 32 a[1] == 14
FAIL: gcc.dg/guality/sra-1.c -Og -DPREVENT_OPTIMIZATION line 43 a.i == 4
FAIL: gcc.dg/guality/sra-1.c -Og -DPREVENT_OPTIMIZATION line 43 a.j == 14
FAIL: gcc.dg/ipa/ipa-sra-19.c (test for excess errors)
FAIL: gcc.dg/plugin/diagnostic-test-expressions-1.c -fplugin=./diagnostic_plugin_test_tree_expression_range.so 1 blank line(s) in output
FAIL: gcc.dg/plugin/diagnostic-test-expressions-1.c -fplugin=./diagnostic_plugin_test_tree_expression_range.so expected multiline pattern lines 550-551 not found: " __builtin_types_compatible_p \\(long, int\\) \\+ f \\(i\\)\\);.*\\n ~~~~~~~~~~~~~~~~~~~~~~~~~~~~~~~~~~~~~~~~~\\^~~~~~~\\n"
FAIL: gcc.dg/plugin/diagnostic-test-expressions-1.c -fplugin=./diagnostic_plugin_test_tree_expression_range.so (test for excess errors)
FAIL: gcc.dg/torture/pr52451.c -O0 execution test
FAIL: gcc.dg/torture/pr52451.c -O1 execution test
FAIL: gcc.dg/torture/pr52451.c -O2 execution test
FAIL: gcc.dg/torture/pr52451.c -O2 -flto -fno-use-linker-plugin -flto-partition=none execution test
FAIL: gcc.dg/torture/pr52451.c -O2 -flto -fuse-linker-plugin -fno-fat-lto-objects execution test
FAIL: gcc.dg/torture/pr52451.c -O3 -g execution test
FAIL: gcc.dg/torture/pr52451.c -Os execution test
FAIL: gcc.dg/torture/pr91323.c -O0 execution test
FAIL: gcc.dg/torture/pr91323.c -O1 execution test
FAIL: gcc.dg/torture/pr91323.c -O2 execution test
FAIL: gcc.dg/torture/pr91323.c -O2 -flto -fno-use-linker-plugin -flto-partition=none execution test
FAIL: gcc.dg/torture/pr91323.c -O2 -flto -fuse-linker-plugin -fno-fat-lto-objects execution test
FAIL: gcc.dg/torture/pr91323.c -O3 -g execution test
FAIL: gcc.dg/torture/pr91323.c -Os execution test
FAIL: gcc.dg/vect/costmodel/ppc/costmodel-vect-31a.c scan-tree-dump-times vect "not vectorized: unsupported unaligned store" 1
FAIL: gcc.dg/vect/costmodel/ppc/costmodel-vect-76b.c scan-tree-dump-times vect "vectorization not profitable" 1
FAIL: gcc.dg/vect/costmodel/ppc/costmodel-vect-76b.c scan-tree-dump-times vect "vectorized 1 loops" 0
FAIL: gcc.dg/vect/no-tree-sra-bb-slp-pr50730.c scan-tree-dump-times slp2 "optimized: basic block" 1
FAIL: gcc.dg/vect/no-vfa-vect-depend-2.c scan-tree-dump-times vect "vectorized 1 loops" 1
FAIL: gcc.dg/vect/no-vfa-vect-depend-3.c scan-tree-dump-times vect "vectorized 1 loops" 4
FAIL: gcc.dg/vect/pr97428.c -flto -ffat-lto-objects scan-tree-dump vect "Detected interleaving load of size 8"
FAIL: gcc.dg/vect/pr97428.c -flto -ffat-lto-objects scan-tree-dump vect "Detected interleaving store of size 16"
FAIL: gcc.dg/vect/pr97428.c scan-tree-dump vect "Detected interleaving load of size 8"
FAIL: gcc.dg/vect/pr97428.c scan-tree-dump vect "Detected interleaving store of size 16"
FAIL: gcc.dg/vect/section-anchors-vect-69.c scan-tree-dump-times vect "vectorized 4 loops" 1
FAIL: gcc.dg/vect/slp-48.c -flto -ffat-lto-objects scan-tree-dump-times vect "vectorizing stmts using SLP" 2
FAIL: gcc.dg/vect/slp-48.c scan-tree-dump-times vect "vectorizing stmts using SLP" 2
FAIL: gcc.dg/vect/vect-31.c -flto -ffat-lto-objects scan-tree-dump-times vect "vectorized 4 loops" 1
FAIL: gcc.dg/vect/vect-31.c scan-tree-dump-times vect "vectorized 4 loops" 1
FAIL: gcc.dg/vect/vect-44.c -flto -ffat-lto-objects scan-tree-dump-times vect "Vectorizing an unaligned access" 3
FAIL: gcc.dg/vect/vect-44.c scan-tree-dump-times vect "Vectorizing an unaligned access" 3
FAIL: gcc.dg/vect/vect-50.c -flto -ffat-lto-objects scan-tree-dump-times vect "Vectorizing an unaligned access" 3
FAIL: gcc.dg/vect/vect-50.c scan-tree-dump-times vect "Vectorizing an unaligned access" 3
FAIL: gcc.dg/vect/vect-82.c -flto -ffat-lto-objects scan-tree-dump-times vect "vectorized 1 loops" 1
FAIL: gcc.dg/vect/vect-82.c scan-tree-dump-times vect "vectorized 1 loops" 1
FAIL: gcc.dg/vect/vect-82_64.c -flto -ffat-lto-objects scan-tree-dump-times vect "vectorized 1 loops" 1
FAIL: gcc.dg/vect/vect-82_64.c scan-tree-dump-times vect "vectorized 1 loops" 1
FAIL: gcc.dg/vect/vect-83.c -flto -ffat-lto-objects scan-tree-dump-times vect "vectorized 1 loops" 1
FAIL: gcc.dg/vect/vect-83.c scan-tree-dump-times vect "vectorized 1 loops" 1
FAIL: gcc.dg/vect/vect-83_64.c -flto -ffat-lto-objects scan-tree-dump-times vect "vectorized 1 loops" 1
FAIL: gcc.dg/vect/vect-83_64.c scan-tree-dump-times vect "vectorized 1 loops" 1
FAIL: gcc.dg/vect/vect-93.c -flto -ffat-lto-objects scan-tree-dump-times vect "vectorized 2 loops" 2
FAIL: gcc.dg/vect/vect-93.c scan-tree-dump-times vect "vectorized 2 loops" 2
FAIL: gcc.dg/vect/vect-alias-check-18.c -flto -ffat-lto-objects scan-tree-dump vect "using an index-based WAR/WAW test"
FAIL: gcc.dg/vect/vect-alias-check-18.c scan-tree-dump vect "using an index-based WAR/WAW test"
FAIL: gcc.dg/vect/vect-cost-model-1.c -flto -ffat-lto-objects scan-tree-dump vect "LOOP VECTORIZED"
FAIL: gcc.dg/vect/vect-cost-model-1.c scan-tree-dump vect "LOOP VECTORIZED"
FAIL: gcc.dg/vect/vect-cost-model-3.c -flto -ffat-lto-objects scan-tree-dump vect "LOOP VECTORIZED"
FAIL: gcc.dg/vect/vect-cost-model-3.c scan-tree-dump vect "LOOP VECTORIZED"
FAIL: gcc.dg/vect/vect-cost-model-5.c -flto -ffat-lto-objects scan-tree-dump vect "LOOP VECTORIZED"
FAIL: gcc.dg/vect/vect-cost-model-5.c scan-tree-dump vect "LOOP VECTORIZED"
FAIL: gcc.dg/vect/vect-strided-a-u8-i2-gap.c -flto -ffat-lto-objects scan-tree-dump-times vect "vectorized 1 loops" 1
FAIL: gcc.dg/vect/vect-strided-a-u8-i2-gap.c scan-tree-dump-times vect "vectorized 1 loops" 1
FAIL: gcc.dg/vmx/extract-vsx.c -O0 execution test
FAIL: gcc.dg/vmx/insert-vsx.c -O0 execution test
FAIL: gcc.dg/vmx/ld-vsx.c -O0 execution test
FAIL: gcc.dg/vmx/ld-vsx.c -O1 execution test
FAIL: gcc.dg/vmx/ld-vsx.c -O2 execution test
FAIL: gcc.dg/vmx/ld-vsx.c -O2 -flto -fno-use-linker-plugin -flto-partition=none execution test
FAIL: gcc.dg/vmx/ld-vsx.c -O2 -flto -fuse-linker-plugin -fno-fat-lto-objects execution test
FAIL: gcc.dg/vmx/ld-vsx.c -O3 -fomit-frame-pointer -funroll-loops -fpeel-loops -ftracer -finline-functions execution test
FAIL: gcc.dg/vmx/ld-vsx.c -O3 -g execution test
FAIL: gcc.dg/vmx/ld-vsx.c -Os execution test
FAIL: gcc.dg/vmx/ldl-vsx.c -O0 execution test
FAIL: gcc.dg/vmx/ldl-vsx.c -O1 execution test
FAIL: gcc.dg/vmx/ldl-vsx.c -O2 execution test
FAIL: gcc.dg/vmx/ldl-vsx.c -O2 -flto -fno-use-linker-plugin -flto-partition=none execution test
FAIL: gcc.dg/vmx/ldl-vsx.c -O2 -flto -fuse-linker-plugin -fno-fat-lto-objects execution test
FAIL: gcc.dg/vmx/ldl-vsx.c -O3 -fomit-frame-pointer -funroll-loops -fpeel-loops -ftracer -finline-functions execution test
FAIL: gcc.dg/vmx/ldl-vsx.c -O3 -g execution test
FAIL: gcc.dg/vmx/ldl-vsx.c -Os execution test
FAIL: gcc.dg/vmx/merge-vsx.c -O0 execution test
FAIL: gcc.dg/vmx/merge-vsx.c -O1 execution test
FAIL: gcc.dg/vmx/merge-vsx.c -O2 execution test
FAIL: gcc.dg/vmx/merge-vsx.c -O2 -flto -fno-use-linker-plugin -flto-partition=none execution test
FAIL: gcc.dg/vmx/merge-vsx.c -O2 -flto -fuse-linker-plugin -fno-fat-lto-objects execution test
FAIL: gcc.dg/vmx/merge-vsx.c -O3 -g execution test
FAIL: gcc.dg/vmx/merge-vsx.c -Os execution test
FAIL: gcc.dg/vmx/splat-vsx.c -O0 execution test
FAIL: gcc.dg/vmx/splat-vsx.c -O1 execution test
FAIL: gcc.dg/vmx/splat-vsx.c -O2 execution test
FAIL: gcc.dg/vmx/splat-vsx.c -O2 -flto -fno-use-linker-plugin -flto-partition=none execution test
FAIL: gcc.dg/vmx/splat-vsx.c -O2 -flto -fuse-linker-plugin -fno-fat-lto-objects execution test
FAIL: gcc.dg/vmx/splat-vsx.c -O3 -g execution test
FAIL: gcc.dg/vmx/splat-vsx.c -Os execution test
FAIL: gcc.dg/vmx/st-vsx.c -O0 execution test
FAIL: gcc.dg/vmx/st-vsx.c -O1 execution test
FAIL: gcc.dg/vmx/st-vsx.c -O2 execution test
FAIL: gcc.dg/vmx/st-vsx.c -O2 -flto -fno-use-linker-plugin -flto-partition=none execution test
FAIL: gcc.dg/vmx/st-vsx.c -O2 -flto -fuse-linker-plugin -fno-fat-lto-objects execution test
FAIL: gcc.dg/vmx/st-vsx.c -O3 -fomit-frame-pointer -funroll-loops -fpeel-loops -ftracer -finline-functions execution test
FAIL: gcc.dg/vmx/st-vsx.c -O3 -g execution test
FAIL: gcc.dg/vmx/st-vsx.c -Os execution test
FAIL: gcc.dg/vmx/stl-vsx.c -O0 execution test
FAIL: gcc.dg/vmx/stl-vsx.c -O1 execution test
FAIL: gcc.dg/vmx/stl-vsx.c -O2 execution test
FAIL: gcc.dg/vmx/stl-vsx.c -O2 -flto -fno-use-linker-plugin -flto-partition=none execution test
FAIL: gcc.dg/vmx/stl-vsx.c -O2 -flto -fuse-linker-plugin -fno-fat-lto-objects execution test
FAIL: gcc.dg/vmx/stl-vsx.c -O3 -fomit-frame-pointer -funroll-loops -fpeel-loops -ftracer -finline-functions execution test
FAIL: gcc.dg/vmx/stl-vsx.c -O3 -g execution test
FAIL: gcc.dg/vmx/stl-vsx.c -Os execution test
FAIL: gcc.target/powerpc/fold-vec-extract-char.p7.c scan-assembler-times \\\\maddi\\\\M 9
FAIL: gcc.target/powerpc/fold-vec-extract-double.p7.c scan-assembler-times \\\\maddi\\\\M|\\\\madd\\\\M 3
FAIL: gcc.target/powerpc/fold-vec-extract-float.p7.c scan-assembler-times \\\\maddi\\\\M|\\\\madd\\\\M 3
FAIL: gcc.target/powerpc/fold-vec-extract-float.p8.c scan-assembler-times \\\\maddi\\\\M 2
FAIL: gcc.target/powerpc/fold-vec-extract-int.p7.c scan-assembler-times \\\\maddi\\\\M|\\\\madd\\\\M 12
FAIL: gcc.target/powerpc/fold-vec-extract-int.p8.c scan-assembler-times \\\\maddi\\\\M 9
FAIL: gcc.target/powerpc/fold-vec-extract-short.p7.c scan-assembler-times \\\\maddi\\\\M|\\\\madd\\\\M 12
FAIL: gcc.target/powerpc/fold-vec-extract-short.p8.c scan-assembler-times \\\\maddi\\\\M 9
FAIL: gcc.target/powerpc/fold-vec-insert-double.c scan-assembler-times \\\\mlxvd2x\\\\M|\\\\mlxv\\\\M|\\\\mlvx\\\\M 1
FAIL: gcc.target/powerpc/fold-vec-insert-double.c scan-assembler-times \\\\mstfdx\\\\M|\\\\mstfd\\\\M 1
FAIL: gcc.target/powerpc/fold-vec-insert-double.c scan-assembler-times \\\\mstxvd2x\\\\M|\\\\mstxv\\\\M|\\\\mstvx\\\\M 1
FAIL: gcc.target/powerpc/pr92488.c execution test
FAIL: gcc.target/powerpc/swaps-p8-20.c execution test
FAIL: gcc.target/powerpc/test_fpscr_rn_builtin.c execution test
FAIL: gcc.target/powerpc/vec-cmpne.c execution test
FAIL: gcc.target/powerpc/vec-mul.c execution test
=== gcc Summary for unix/-m32 ===
# of expected passes 142192
# of unexpected failures 262
# of unexpected successes 18
# of expected failures 948
# of unsupported tests 4343
Running target unix/-m64
FAIL: gcc.c-torture/execute/ieee/cdivchkld.c execution, -O1
FAIL: gcc.c-torture/execute/ieee/cdivchkld.c execution, -O2
FAIL: gcc.c-torture/execute/ieee/cdivchkld.c execution, -O2 -flto -fno-use-linker-plugin -flto-partition=none
FAIL: gcc.c-torture/execute/ieee/cdivchkld.c execution, -O2 -flto -fuse-linker-plugin -fno-fat-lto-objects
FAIL: gcc.c-torture/execute/ieee/cdivchkld.c execution, -O3 -fomit-frame-pointer -funroll-loops -fpeel-loops -ftracer -finline-functions
FAIL: gcc.c-torture/execute/ieee/cdivchkld.c execution, -O3 -g
FAIL: gcc.c-torture/execute/ieee/cdivchkld.c execution, -Os
FAIL: gcc.dg/analyzer/dot-output.c dg-check-dot dot-output.c.state-purge.dot
FAIL: c-c++-common/asan/swapcontext-test-1.c -O0 execution test
FAIL: c-c++-common/asan/swapcontext-test-1.c -O1 execution test
FAIL: c-c++-common/asan/swapcontext-test-1.c -O2 execution test
FAIL: c-c++-common/asan/swapcontext-test-1.c -O2 -flto -fno-use-linker-plugin -flto-partition=none execution test
FAIL: c-c++-common/asan/swapcontext-test-1.c -O2 -flto -fuse-linker-plugin -fno-fat-lto-objects execution test
FAIL: c-c++-common/asan/swapcontext-test-1.c -O3 -fomit-frame-pointer -funroll-loops -fpeel-loops -ftracer -finline-functions execution test
FAIL: c-c++-common/asan/swapcontext-test-1.c -O3 -g execution test
FAIL: c-c++-common/asan/swapcontext-test-1.c -Os execution test
XPASS: gcc.dg/graphite/pr69728.c scan-tree-dump graphite "loop nest optimized"
XPASS: gcc.dg/guality/example.c -O0 execution test
XPASS: gcc.dg/guality/example.c -O1 -DPREVENT_OPTIMIZATION execution test
XPASS: gcc.dg/guality/example.c -Og -DPREVENT_OPTIMIZATION execution test
XPASS: gcc.dg/guality/guality.c -O0 execution test
XPASS: gcc.dg/guality/guality.c -O1 -DPREVENT_OPTIMIZATION execution test
XPASS: gcc.dg/guality/guality.c -O2 -DPREVENT_OPTIMIZATION execution test
XPASS: gcc.dg/guality/guality.c -O2 -flto -fno-use-linker-plugin -flto-partition=none -DPREVENT_OPTIMIZATION execution test
XPASS: gcc.dg/guality/guality.c -O2 -flto -fuse-linker-plugin -fno-fat-lto-objects -DPREVENT_OPTIMIZATION execution test
XPASS: gcc.dg/guality/guality.c -O3 -g -DPREVENT_OPTIMIZATION execution test
XPASS: gcc.dg/guality/guality.c -Os -DPREVENT_OPTIMIZATION execution test
XPASS: gcc.dg/guality/guality.c -Og -DPREVENT_OPTIMIZATION execution test
XPASS: gcc.dg/guality/inline-params.c -O2 -DPREVENT_OPTIMIZATION execution test
XPASS: gcc.dg/guality/inline-params.c -O2 -flto -fno-use-linker-plugin -flto-partition=none -DPREVENT_OPTIMIZATION execution test
XPASS: gcc.dg/guality/inline-params.c -O2 -flto -fuse-linker-plugin -fno-fat-lto-objects -DPREVENT_OPTIMIZATION execution test
XPASS: gcc.dg/guality/inline-params.c -O3 -g -DPREVENT_OPTIMIZATION execution test
XPASS: gcc.dg/guality/inline-params.c -Os -DPREVENT_OPTIMIZATION execution test
FAIL: gcc.dg/guality/loop-1.c -O2 -DPREVENT_OPTIMIZATION line 20 i == 1
FAIL: gcc.dg/guality/loop-1.c -O2 -flto -fno-use-linker-plugin -flto-partition=none -DPREVENT_OPTIMIZATION line 20 i == 1
FAIL: gcc.dg/guality/loop-1.c -O2 -flto -fuse-linker-plugin -fno-fat-lto-objects -DPREVENT_OPTIMIZATION line 20 i == 1
FAIL: gcc.dg/guality/loop-1.c -O3 -fomit-frame-pointer -funroll-loops -fpeel-loops -ftracer -finline-functions -DPREVENT_OPTIMIZATION line 20 i == 1
FAIL: gcc.dg/guality/loop-1.c -O3 -g -DPREVENT_OPTIMIZATION line 20 i == 1
FAIL: gcc.dg/guality/pr36728-1.c -O2 -flto -fuse-linker-plugin -fno-fat-lto-objects -DPREVENT_OPTIMIZATION line 18 y == 2
FAIL: gcc.dg/guality/pr36728-1.c -O3 -g -DPREVENT_OPTIMIZATION line 18 y == 2
FAIL: gcc.dg/guality/pr36728-2.c -O2 -flto -fuse-linker-plugin -fno-fat-lto-objects -DPREVENT_OPTIMIZATION line 16 arg1 == 1
FAIL: gcc.dg/guality/pr36728-2.c -O2 -flto -fuse-linker-plugin -fno-fat-lto-objects -DPREVENT_OPTIMIZATION line 16 arg2 == 2
FAIL: gcc.dg/guality/pr36728-2.c -O2 -flto -fuse-linker-plugin -fno-fat-lto-objects -DPREVENT_OPTIMIZATION line 16 arg3 == 3
FAIL: gcc.dg/guality/pr36728-2.c -O2 -flto -fuse-linker-plugin -fno-fat-lto-objects -DPREVENT_OPTIMIZATION line 16 arg4 == 4
FAIL: gcc.dg/guality/pr36728-2.c -O2 -flto -fuse-linker-plugin -fno-fat-lto-objects -DPREVENT_OPTIMIZATION line 16 arg5 == 5
FAIL: gcc.dg/guality/pr36728-2.c -O2 -flto -fuse-linker-plugin -fno-fat-lto-objects -DPREVENT_OPTIMIZATION line 16 arg6 == 6
FAIL: gcc.dg/guality/pr36728-2.c -O2 -flto -fuse-linker-plugin -fno-fat-lto-objects -DPREVENT_OPTIMIZATION line 16 arg7 == 30
FAIL: gcc.dg/guality/pr36728-2.c -O2 -flto -fuse-linker-plugin -fno-fat-lto-objects -DPREVENT_OPTIMIZATION line 18 arg1 == 1
FAIL: gcc.dg/guality/pr36728-2.c -O2 -flto -fuse-linker-plugin -fno-fat-lto-objects -DPREVENT_OPTIMIZATION line 18 arg2 == 2
FAIL: gcc.dg/guality/pr36728-2.c -O2 -flto -fuse-linker-plugin -fno-fat-lto-objects -DPREVENT_OPTIMIZATION line 18 arg3 == 3
FAIL: gcc.dg/guality/pr36728-2.c -O2 -flto -fuse-linker-plugin -fno-fat-lto-objects -DPREVENT_OPTIMIZATION line 18 arg4 == 4
FAIL: gcc.dg/guality/pr36728-2.c -O2 -flto -fuse-linker-plugin -fno-fat-lto-objects -DPREVENT_OPTIMIZATION line 18 arg5 == 5
FAIL: gcc.dg/guality/pr36728-2.c -O2 -flto -fuse-linker-plugin -fno-fat-lto-objects -DPREVENT_OPTIMIZATION line 18 arg6 == 6
FAIL: gcc.dg/guality/pr36728-2.c -O2 -flto -fuse-linker-plugin -fno-fat-lto-objects -DPREVENT_OPTIMIZATION line 18 arg7 == 30
FAIL: gcc.dg/guality/pr36728-2.c -O2 -flto -fuse-linker-plugin -fno-fat-lto-objects -DPREVENT_OPTIMIZATION line 18 y == 2
FAIL: gcc.dg/guality/pr36728-2.c -O3 -g -DPREVENT_OPTIMIZATION line 16 arg1 == 1
FAIL: gcc.dg/guality/pr36728-2.c -O3 -g -DPREVENT_OPTIMIZATION line 16 arg2 == 2
FAIL: gcc.dg/guality/pr36728-2.c -O3 -g -DPREVENT_OPTIMIZATION line 16 arg3 == 3
FAIL: gcc.dg/guality/pr36728-2.c -O3 -g -DPREVENT_OPTIMIZATION line 16 arg4 == 4
FAIL: gcc.dg/guality/pr36728-2.c -O3 -g -DPREVENT_OPTIMIZATION line 16 arg5 == 5
FAIL: gcc.dg/guality/pr36728-2.c -O3 -g -DPREVENT_OPTIMIZATION line 16 arg6 == 6
FAIL: gcc.dg/guality/pr36728-2.c -O3 -g -DPREVENT_OPTIMIZATION line 16 arg7 == 30
FAIL: gcc.dg/guality/pr36728-2.c -O3 -g -DPREVENT_OPTIMIZATION line 18 arg1 == 1
FAIL: gcc.dg/guality/pr36728-2.c -O3 -g -DPREVENT_OPTIMIZATION line 18 arg2 == 2
FAIL: gcc.dg/guality/pr36728-2.c -O3 -g -DPREVENT_OPTIMIZATION line 18 arg3 == 3
FAIL: gcc.dg/guality/pr36728-2.c -O3 -g -DPREVENT_OPTIMIZATION line 18 arg4 == 4
FAIL: gcc.dg/guality/pr36728-2.c -O3 -g -DPREVENT_OPTIMIZATION line 18 arg5 == 5
FAIL: gcc.dg/guality/pr36728-2.c -O3 -g -DPREVENT_OPTIMIZATION line 18 arg6 == 6
FAIL: gcc.dg/guality/pr36728-2.c -O3 -g -DPREVENT_OPTIMIZATION line 18 arg7 == 30
FAIL: gcc.dg/guality/pr36728-3.c -O2 -flto -fuse-linker-plugin -fno-fat-lto-objects -DPREVENT_OPTIMIZATION line 16 y == 2
FAIL: gcc.dg/guality/pr36728-3.c -O3 -g -DPREVENT_OPTIMIZATION line 16 y == 2
FAIL: gcc.dg/guality/pr41353-1.c -Og -DPREVENT_OPTIMIZATION line 28 i == 37
FAIL: gcc.dg/guality/pr41353-1.c -Og -DPREVENT_OPTIMIZATION line 28 i1 == 2 * 37
FAIL: gcc.dg/guality/pr41353-1.c -Og -DPREVENT_OPTIMIZATION line 28 i2 == 3 * 37
XPASS: gcc.dg/guality/pr41353-1.c -Og -DPREVENT_OPTIMIZATION line 28 j == 28 + 37
FAIL: gcc.dg/guality/pr41616-1.c -O2 -flto -fuse-linker-plugin -fno-fat-lto-objects -DPREVENT_OPTIMIZATION execution test
FAIL: gcc.dg/guality/pr43051-1.c -O1 -DPREVENT_OPTIMIZATION line 35 v == 1
FAIL: gcc.dg/guality/pr43051-1.c -O1 -DPREVENT_OPTIMIZATION line 40 v == 1
FAIL: gcc.dg/guality/pr43051-1.c -O2 -DPREVENT_OPTIMIZATION line 35 v == 1
FAIL: gcc.dg/guality/pr43051-1.c -O2 -DPREVENT_OPTIMIZATION line 40 v == 1
FAIL: gcc.dg/guality/pr43051-1.c -O2 -flto -fno-use-linker-plugin -flto-partition=none -DPREVENT_OPTIMIZATION line 35 v == 1
FAIL: gcc.dg/guality/pr43051-1.c -O2 -flto -fno-use-linker-plugin -flto-partition=none -DPREVENT_OPTIMIZATION line 40 v == 1
FAIL: gcc.dg/guality/pr43051-1.c -O2 -flto -fuse-linker-plugin -fno-fat-lto-objects -DPREVENT_OPTIMIZATION line 35 v == 1
FAIL: gcc.dg/guality/pr43051-1.c -O2 -flto -fuse-linker-plugin -fno-fat-lto-objects -DPREVENT_OPTIMIZATION line 40 v == 1
FAIL: gcc.dg/guality/pr43051-1.c -O3 -fomit-frame-pointer -funroll-loops -fpeel-loops -ftracer -finline-functions -DPREVENT_OPTIMIZATION line 35 v == 1
FAIL: gcc.dg/guality/pr43051-1.c -O3 -fomit-frame-pointer -funroll-loops -fpeel-loops -ftracer -finline-functions -DPREVENT_OPTIMIZATION line 40 v == 1
FAIL: gcc.dg/guality/pr43051-1.c -O3 -g -DPREVENT_OPTIMIZATION line 35 v == 1
FAIL: gcc.dg/guality/pr43051-1.c -O3 -g -DPREVENT_OPTIMIZATION line 40 v == 1
FAIL: gcc.dg/guality/pr43051-1.c -Os -DPREVENT_OPTIMIZATION line 35 v == 1
FAIL: gcc.dg/guality/pr43051-1.c -Os -DPREVENT_OPTIMIZATION line 40 v == 1
FAIL: gcc.dg/guality/pr43051-1.c -Og -DPREVENT_OPTIMIZATION line 35 v == 1
FAIL: gcc.dg/guality/pr43051-1.c -Og -DPREVENT_OPTIMIZATION line 40 v == 1
FAIL: gcc.dg/guality/pr54200.c -O1 -DPREVENT_OPTIMIZATION line 20 z == 3
FAIL: gcc.dg/guality/pr54200.c -O2 -DPREVENT_OPTIMIZATION line 20 z == 3
FAIL: gcc.dg/guality/pr54200.c -O2 -flto -fno-use-linker-plugin -flto-partition=none -DPREVENT_OPTIMIZATION line 20 z == 3
FAIL: gcc.dg/guality/pr54200.c -O3 -g -DPREVENT_OPTIMIZATION line 20 z == 3
FAIL: gcc.dg/guality/pr54200.c -Os -DPREVENT_OPTIMIZATION line 20 z == 3
FAIL: gcc.dg/guality/pr54519-1.c -O1 -DPREVENT_OPTIMIZATION line 20 x == 36
FAIL: gcc.dg/guality/pr54519-1.c -O1 -DPREVENT_OPTIMIZATION line 20 y == 25
FAIL: gcc.dg/guality/pr54519-1.c -O1 -DPREVENT_OPTIMIZATION line 23 x == 98
FAIL: gcc.dg/guality/pr54519-1.c -O1 -DPREVENT_OPTIMIZATION line 23 y == 117
FAIL: gcc.dg/guality/pr54519-1.c -O2 -DPREVENT_OPTIMIZATION line 20 x == 36
FAIL: gcc.dg/guality/pr54519-1.c -O2 -DPREVENT_OPTIMIZATION line 23 x == 98
FAIL: gcc.dg/guality/pr54519-1.c -O2 -flto -fno-use-linker-plugin -flto-partition=none -DPREVENT_OPTIMIZATION line 20 x == 36
FAIL: gcc.dg/guality/pr54519-1.c -O2 -flto -fno-use-linker-plugin -flto-partition=none -DPREVENT_OPTIMIZATION line 20 y == 25
FAIL: gcc.dg/guality/pr54519-1.c -O2 -flto -fno-use-linker-plugin -flto-partition=none -DPREVENT_OPTIMIZATION line 20 z == 6
FAIL: gcc.dg/guality/pr54519-1.c -O2 -flto -fno-use-linker-plugin -flto-partition=none -DPREVENT_OPTIMIZATION line 23 x == 98
FAIL: gcc.dg/guality/pr54519-1.c -O2 -flto -fno-use-linker-plugin -flto-partition=none -DPREVENT_OPTIMIZATION line 23 y == 117
FAIL: gcc.dg/guality/pr54519-1.c -O2 -flto -fno-use-linker-plugin -flto-partition=none -DPREVENT_OPTIMIZATION line 23 z == 8
FAIL: gcc.dg/guality/pr54519-1.c -O2 -flto -fuse-linker-plugin -fno-fat-lto-objects -DPREVENT_OPTIMIZATION line 20 y == 25
FAIL: gcc.dg/guality/pr54519-1.c -O2 -flto -fuse-linker-plugin -fno-fat-lto-objects -DPREVENT_OPTIMIZATION line 20 z == 6
FAIL: gcc.dg/guality/pr54519-1.c -O2 -flto -fuse-linker-plugin -fno-fat-lto-objects -DPREVENT_OPTIMIZATION line 23 y == 117
FAIL: gcc.dg/guality/pr54519-1.c -O2 -flto -fuse-linker-plugin -fno-fat-lto-objects -DPREVENT_OPTIMIZATION line 23 z == 8
FAIL: gcc.dg/guality/pr54519-1.c -Os -DPREVENT_OPTIMIZATION line 20 x == 36
FAIL: gcc.dg/guality/pr54519-1.c -Os -DPREVENT_OPTIMIZATION line 23 x == 98
FAIL: gcc.dg/guality/pr54519-1.c -Og -DPREVENT_OPTIMIZATION line 20 x == 36
FAIL: gcc.dg/guality/pr54519-1.c -Og -DPREVENT_OPTIMIZATION line 20 y == 25
FAIL: gcc.dg/guality/pr54519-1.c -Og -DPREVENT_OPTIMIZATION line 23 x == 98
FAIL: gcc.dg/guality/pr54519-1.c -Og -DPREVENT_OPTIMIZATION line 23 y == 117
FAIL: gcc.dg/guality/pr54519-2.c -O1 -DPREVENT_OPTIMIZATION line 17 x == 6
FAIL: gcc.dg/guality/pr54519-2.c -O2 -flto -fno-use-linker-plugin -flto-partition=none -DPREVENT_OPTIMIZATION line 17 y == 25
FAIL: gcc.dg/guality/pr54519-2.c -O2 -flto -fuse-linker-plugin -fno-fat-lto-objects -DPREVENT_OPTIMIZATION line 17 y == 25
FAIL: gcc.dg/guality/pr54519-2.c -Og -DPREVENT_OPTIMIZATION line 17 x == 6
FAIL: gcc.dg/guality/pr54519-3.c -O1 -DPREVENT_OPTIMIZATION line 20 x == 36
FAIL: gcc.dg/guality/pr54519-3.c -O1 -DPREVENT_OPTIMIZATION line 20 y == 25
FAIL: gcc.dg/guality/pr54519-3.c -O1 -DPREVENT_OPTIMIZATION line 20 z == 6
FAIL: gcc.dg/guality/pr54519-3.c -O1 -DPREVENT_OPTIMIZATION line 23 x == 98
FAIL: gcc.dg/guality/pr54519-3.c -O1 -DPREVENT_OPTIMIZATION line 23 y == 117
FAIL: gcc.dg/guality/pr54519-3.c -O1 -DPREVENT_OPTIMIZATION line 23 z == 8
FAIL: gcc.dg/guality/pr54519-3.c -O2 -DPREVENT_OPTIMIZATION line 20 z == 6
FAIL: gcc.dg/guality/pr54519-3.c -O2 -DPREVENT_OPTIMIZATION line 23 z == 8
FAIL: gcc.dg/guality/pr54519-3.c -O2 -flto -fno-use-linker-plugin -flto-partition=none -DPREVENT_OPTIMIZATION line 20 y == 25
FAIL: gcc.dg/guality/pr54519-3.c -O2 -flto -fno-use-linker-plugin -flto-partition=none -DPREVENT_OPTIMIZATION line 20 z == 6
FAIL: gcc.dg/guality/pr54519-3.c -O2 -flto -fno-use-linker-plugin -flto-partition=none -DPREVENT_OPTIMIZATION line 23 y == 117
FAIL: gcc.dg/guality/pr54519-3.c -O2 -flto -fno-use-linker-plugin -flto-partition=none -DPREVENT_OPTIMIZATION line 23 z == 8
FAIL: gcc.dg/guality/pr54519-3.c -O2 -flto -fuse-linker-plugin -fno-fat-lto-objects -DPREVENT_OPTIMIZATION line 20 y == 25
FAIL: gcc.dg/guality/pr54519-3.c -O2 -flto -fuse-linker-plugin -fno-fat-lto-objects -DPREVENT_OPTIMIZATION line 20 z == 6
FAIL: gcc.dg/guality/pr54519-3.c -O2 -flto -fuse-linker-plugin -fno-fat-lto-objects -DPREVENT_OPTIMIZATION line 23 y == 117
FAIL: gcc.dg/guality/pr54519-3.c -O2 -flto -fuse-linker-plugin -fno-fat-lto-objects -DPREVENT_OPTIMIZATION line 23 z == 8
FAIL: gcc.dg/guality/pr54519-3.c -O3 -g -DPREVENT_OPTIMIZATION line 20 z == 6
FAIL: gcc.dg/guality/pr54519-3.c -O3 -g -DPREVENT_OPTIMIZATION line 23 z == 8
FAIL: gcc.dg/guality/pr54519-3.c -Os -DPREVENT_OPTIMIZATION line 20 z == 6
FAIL: gcc.dg/guality/pr54519-3.c -Os -DPREVENT_OPTIMIZATION line 23 z == 8
FAIL: gcc.dg/guality/pr54519-3.c -Og -DPREVENT_OPTIMIZATION line 20 x == 36
FAIL: gcc.dg/guality/pr54519-3.c -Og -DPREVENT_OPTIMIZATION line 20 y == 25
FAIL: gcc.dg/guality/pr54519-3.c -Og -DPREVENT_OPTIMIZATION line 20 z == 6
FAIL: gcc.dg/guality/pr54519-3.c -Og -DPREVENT_OPTIMIZATION line 23 x == 98
FAIL: gcc.dg/guality/pr54519-3.c -Og -DPREVENT_OPTIMIZATION line 23 y == 117
FAIL: gcc.dg/guality/pr54519-3.c -Og -DPREVENT_OPTIMIZATION line 23 z == 8
FAIL: gcc.dg/guality/pr54519-4.c -O1 -DPREVENT_OPTIMIZATION line 17 x == 6
FAIL: gcc.dg/guality/pr54519-4.c -O1 -DPREVENT_OPTIMIZATION line 17 y == 25
FAIL: gcc.dg/guality/pr54519-4.c -O2 -DPREVENT_OPTIMIZATION line 17 y == 25
FAIL: gcc.dg/guality/pr54519-4.c -O2 -flto -fno-use-linker-plugin -flto-partition=none -DPREVENT_OPTIMIZATION line 17 y == 25
FAIL: gcc.dg/guality/pr54519-4.c -O2 -flto -fuse-linker-plugin -fno-fat-lto-objects -DPREVENT_OPTIMIZATION line 17 y == 25
FAIL: gcc.dg/guality/pr54519-4.c -O3 -g -DPREVENT_OPTIMIZATION line 17 y == 25
FAIL: gcc.dg/guality/pr54519-4.c -Os -DPREVENT_OPTIMIZATION line 17 y == 25
FAIL: gcc.dg/guality/pr54519-4.c -Og -DPREVENT_OPTIMIZATION line 17 x == 6
FAIL: gcc.dg/guality/pr54519-4.c -Og -DPREVENT_OPTIMIZATION line 17 y == 25
FAIL: gcc.dg/guality/pr54519-5.c -O1 -DPREVENT_OPTIMIZATION line 17 x == 6
FAIL: gcc.dg/guality/pr54519-5.c -O1 -DPREVENT_OPTIMIZATION line 17 y == 25
FAIL: gcc.dg/guality/pr54519-5.c -O2 -DPREVENT_OPTIMIZATION line 17 y == 25
FAIL: gcc.dg/guality/pr54519-5.c -O2 -flto -fno-use-linker-plugin -flto-partition=none -DPREVENT_OPTIMIZATION line 17 y == 25
FAIL: gcc.dg/guality/pr54519-5.c -O2 -flto -fuse-linker-plugin -fno-fat-lto-objects -DPREVENT_OPTIMIZATION line 17 y == 25
FAIL: gcc.dg/guality/pr54519-5.c -O3 -g -DPREVENT_OPTIMIZATION line 17 y == 25
FAIL: gcc.dg/guality/pr54519-5.c -Os -DPREVENT_OPTIMIZATION line 17 y == 25
FAIL: gcc.dg/guality/pr54519-5.c -Og -DPREVENT_OPTIMIZATION line 17 x == 6
FAIL: gcc.dg/guality/pr54519-5.c -Og -DPREVENT_OPTIMIZATION line 17 y == 25
FAIL: gcc.dg/guality/pr54519-6.c -Os -DPREVENT_OPTIMIZATION line 11 x == 2
FAIL: gcc.dg/guality/pr54551.c -O1 -DPREVENT_OPTIMIZATION line 18 a == 4
FAIL: gcc.dg/guality/pr54551.c -O2 -DPREVENT_OPTIMIZATION line 18 a == 4
FAIL: gcc.dg/guality/pr54551.c -O2 -flto -fno-use-linker-plugin -flto-partition=none -DPREVENT_OPTIMIZATION line 18 a == 4
FAIL: gcc.dg/guality/pr54551.c -O3 -g -DPREVENT_OPTIMIZATION line 18 a == 4
FAIL: gcc.dg/guality/pr54551.c -Os -DPREVENT_OPTIMIZATION line 18 a == 4
FAIL: gcc.dg/guality/pr54551.c -Og -DPREVENT_OPTIMIZATION line 18 a == 4
FAIL: gcc.dg/guality/pr54693-2.c -O1 -DPREVENT_OPTIMIZATION line 21 x == 10 - i
FAIL: gcc.dg/guality/pr54693-2.c -O1 -DPREVENT_OPTIMIZATION line 21 y == 20 - 2 * i
FAIL: gcc.dg/guality/pr54693-2.c -O2 -DPREVENT_OPTIMIZATION line 21 x == 10 - i
FAIL: gcc.dg/guality/pr54693-2.c -O2 -DPREVENT_OPTIMIZATION line 21 y == 20 - 2 * i
FAIL: gcc.dg/guality/pr54693-2.c -O2 -flto -fno-use-linker-plugin -flto-partition=none -DPREVENT_OPTIMIZATION line 21 x == 10 - i
FAIL: gcc.dg/guality/pr54693-2.c -O2 -flto -fno-use-linker-plugin -flto-partition=none -DPREVENT_OPTIMIZATION line 21 y == 20 - 2 * i
FAIL: gcc.dg/guality/pr54693-2.c -O2 -flto -fuse-linker-plugin -fno-fat-lto-objects -DPREVENT_OPTIMIZATION line 21 y == 20 - 2 * i
FAIL: gcc.dg/guality/pr54693-2.c -O2 -flto -fuse-linker-plugin -fno-fat-lto-objects -DPREVENT_OPTIMIZATION line 21 z == 30 - 3 * i
FAIL: gcc.dg/guality/pr54693-2.c -O3 -fomit-frame-pointer -funroll-loops -fpeel-loops -ftracer -finline-functions -DPREVENT_OPTIMIZATION line 21 y == 20 - 2 * i
FAIL: gcc.dg/guality/pr54693-2.c -O3 -g -DPREVENT_OPTIMIZATION line 21 x == 10 - i
FAIL: gcc.dg/guality/pr54693-2.c -O3 -g -DPREVENT_OPTIMIZATION line 21 y == 20 - 2 * i
FAIL: gcc.dg/guality/pr54693-2.c -Os -DPREVENT_OPTIMIZATION line 21 y == 20 - 2 * i
FAIL: gcc.dg/guality/pr54693-2.c -Os -DPREVENT_OPTIMIZATION line 21 z == 30 - 3 * i
FAIL: gcc.dg/guality/pr56154-1.c -Og -DPREVENT_OPTIMIZATION line pr56154-1.c:20 x.a == 6
FAIL: gcc.dg/guality/pr59776.c -Og -DPREVENT_OPTIMIZATION line pr59776.c:17 s1.f == 5.0
FAIL: gcc.dg/guality/pr59776.c -Og -DPREVENT_OPTIMIZATION line pr59776.c:17 s1.g == 6.0
FAIL: gcc.dg/guality/pr59776.c -Og -DPREVENT_OPTIMIZATION line pr59776.c:17 s2.f == 0.0
FAIL: gcc.dg/guality/pr59776.c -Og -DPREVENT_OPTIMIZATION line pr59776.c:20 s1.f == 5.0
FAIL: gcc.dg/guality/pr59776.c -Og -DPREVENT_OPTIMIZATION line pr59776.c:20 s1.g == 6.0
FAIL: gcc.dg/guality/pr59776.c -Og -DPREVENT_OPTIMIZATION line pr59776.c:20 s2.f == 5.0
FAIL: gcc.dg/guality/pr68860-1.c -O2 -DPREVENT_OPTIMIZATION line 16 y == 2
FAIL: gcc.dg/guality/pr68860-1.c -O2 -flto -fno-use-linker-plugin -flto-partition=none -DPREVENT_OPTIMIZATION line 16 y == 2
FAIL: gcc.dg/guality/pr68860-1.c -O2 -flto -fuse-linker-plugin -fno-fat-lto-objects -DPREVENT_OPTIMIZATION line 16 y == 2
FAIL: gcc.dg/guality/pr68860-1.c -O3 -g -DPREVENT_OPTIMIZATION line 16 y == 2
FAIL: gcc.dg/guality/pr68860-1.c -Os -DPREVENT_OPTIMIZATION line 16 y == 2
FAIL: gcc.dg/guality/pr68860-2.c -O2 -flto -fuse-linker-plugin -fno-fat-lto-objects -DPREVENT_OPTIMIZATION line 16 y == 2
FAIL: gcc.dg/guality/pr68860-2.c -O3 -g -DPREVENT_OPTIMIZATION line 16 y == 2
FAIL: gcc.dg/guality/pr90074.c -O2 -flto -fuse-linker-plugin -fno-fat-lto-objects -DPREVENT_OPTIMIZATION line 28 c + 1 == 2
FAIL: gcc.dg/guality/pr90074.c -O2 -flto -fuse-linker-plugin -fno-fat-lto-objects -DPREVENT_OPTIMIZATION line 28 i + 1 == 8
FAIL: gcc.dg/guality/pr90716.c -O2 -flto -fuse-linker-plugin -fno-fat-lto-objects -DPREVENT_OPTIMIZATION line 23 j + 1 == 9
FAIL: gcc.dg/guality/sra-1.c -O2 -flto -fuse-linker-plugin -fno-fat-lto-objects -DPREVENT_OPTIMIZATION line 21 a.i == 4
FAIL: gcc.dg/guality/sra-1.c -O2 -flto -fuse-linker-plugin -fno-fat-lto-objects -DPREVENT_OPTIMIZATION line 21 a.j == 14
FAIL: gcc.dg/guality/sra-1.c -O2 -flto -fuse-linker-plugin -fno-fat-lto-objects -DPREVENT_OPTIMIZATION line 32 a[0] == 4
FAIL: gcc.dg/guality/sra-1.c -O2 -flto -fuse-linker-plugin -fno-fat-lto-objects -DPREVENT_OPTIMIZATION line 32 a[1] == 14
FAIL: gcc.dg/guality/sra-1.c -O2 -flto -fuse-linker-plugin -fno-fat-lto-objects -DPREVENT_OPTIMIZATION line 43 a.i == 4
FAIL: gcc.dg/guality/sra-1.c -O2 -flto -fuse-linker-plugin -fno-fat-lto-objects -DPREVENT_OPTIMIZATION line 43 a.j == 14
FAIL: gcc.dg/guality/sra-1.c -Og -DPREVENT_OPTIMIZATION line 21 a.i == 4
FAIL: gcc.dg/guality/sra-1.c -Og -DPREVENT_OPTIMIZATION line 21 a.j == 14
FAIL: gcc.dg/guality/sra-1.c -Og -DPREVENT_OPTIMIZATION line 32 a[0] == 4
FAIL: gcc.dg/guality/sra-1.c -Og -DPREVENT_OPTIMIZATION line 32 a[1] == 14
FAIL: gcc.dg/guality/sra-1.c -Og -DPREVENT_OPTIMIZATION line 43 a.i == 4
FAIL: gcc.dg/guality/sra-1.c -Og -DPREVENT_OPTIMIZATION line 43 a.j == 14
FAIL: gcc.dg/guality/vla-2.c -O2 -flto -fuse-linker-plugin -fno-fat-lto-objects -DPREVENT_OPTIMIZATION line 25 sizeof (a) == 6 * sizeof (int)
FAIL: gcc.dg/plugin/diagnostic-test-expressions-1.c -fplugin=./diagnostic_plugin_test_tree_expression_range.so 1 blank line(s) in output
FAIL: gcc.dg/plugin/diagnostic-test-expressions-1.c -fplugin=./diagnostic_plugin_test_tree_expression_range.so expected multiline pattern lines 550-551 not found: " __builtin_types_compatible_p \\(long, int\\) \\+ f \\(i\\)\\);.*\\n ~~~~~~~~~~~~~~~~~~~~~~~~~~~~~~~~~~~~~~~~~\\^~~~~~~\\n"
FAIL: gcc.dg/plugin/diagnostic-test-expressions-1.c -fplugin=./diagnostic_plugin_test_tree_expression_range.so (test for excess errors)
FAIL: gcc.dg/torture/pr52451.c -O0 execution test
FAIL: gcc.dg/torture/pr52451.c -O1 execution test
FAIL: gcc.dg/torture/pr52451.c -O2 execution test
FAIL: gcc.dg/torture/pr52451.c -O2 -flto -fno-use-linker-plugin -flto-partition=none execution test
FAIL: gcc.dg/torture/pr52451.c -O2 -flto -fuse-linker-plugin -fno-fat-lto-objects execution test
FAIL: gcc.dg/torture/pr52451.c -O3 -g execution test
FAIL: gcc.dg/torture/pr52451.c -Os execution test
FAIL: gcc.dg/torture/pr91323.c -O0 execution test
FAIL: gcc.dg/torture/pr91323.c -O1 execution test
FAIL: gcc.dg/torture/pr91323.c -O2 execution test
FAIL: gcc.dg/torture/pr91323.c -O2 -flto -fno-use-linker-plugin -flto-partition=none execution test
FAIL: gcc.dg/torture/pr91323.c -O2 -flto -fuse-linker-plugin -fno-fat-lto-objects execution test
FAIL: gcc.dg/torture/pr91323.c -O3 -g execution test
FAIL: gcc.dg/torture/pr91323.c -Os execution test
XPASS: gcc.dg/tree-ssa/ssa-dom-cse-2.c scan-tree-dump optimized "return 28;"
FAIL: c-c++-common/tsan/race_on_mutex.c -O0 output pattern test
FAIL: c-c++-common/tsan/race_on_mutex.c -O2 output pattern test
FAIL: gcc.dg/vect/costmodel/ppc/costmodel-vect-31a.c scan-tree-dump-times vect "not vectorized: unsupported unaligned store" 1
FAIL: gcc.dg/vect/costmodel/ppc/costmodel-vect-76b.c scan-tree-dump-times vect "vectorization not profitable" 1
FAIL: gcc.dg/vect/costmodel/ppc/costmodel-vect-76b.c scan-tree-dump-times vect "vectorized 1 loops" 0
FAIL: gcc.dg/vect/no-tree-sra-bb-slp-pr50730.c scan-tree-dump-times slp2 "optimized: basic block" 1
FAIL: gcc.dg/vect/no-vfa-vect-depend-2.c scan-tree-dump-times vect "vectorized 1 loops" 1
FAIL: gcc.dg/vect/no-vfa-vect-depend-3.c scan-tree-dump-times vect "vectorized 1 loops" 4
FAIL: gcc.dg/vect/pr97428.c -flto -ffat-lto-objects scan-tree-dump vect "Detected interleaving load of size 8"
FAIL: gcc.dg/vect/pr97428.c -flto -ffat-lto-objects scan-tree-dump vect "Detected interleaving store of size 16"
FAIL: gcc.dg/vect/pr97428.c scan-tree-dump vect "Detected interleaving load of size 8"
FAIL: gcc.dg/vect/pr97428.c scan-tree-dump vect "Detected interleaving store of size 16"
FAIL: gcc.dg/vect/section-anchors-vect-69.c scan-tree-dump-times vect "vectorized 4 loops" 1
FAIL: gcc.dg/vect/slp-48.c -flto -ffat-lto-objects scan-tree-dump-times vect "vectorizing stmts using SLP" 2
FAIL: gcc.dg/vect/slp-48.c scan-tree-dump-times vect "vectorizing stmts using SLP" 2
FAIL: gcc.dg/vect/vect-31.c -flto -ffat-lto-objects scan-tree-dump-times vect "vectorized 4 loops" 1
FAIL: gcc.dg/vect/vect-31.c scan-tree-dump-times vect "vectorized 4 loops" 1
FAIL: gcc.dg/vect/vect-44.c -flto -ffat-lto-objects scan-tree-dump-times vect "Vectorizing an unaligned access" 3
FAIL: gcc.dg/vect/vect-44.c scan-tree-dump-times vect "Vectorizing an unaligned access" 3
FAIL: gcc.dg/vect/vect-50.c -flto -ffat-lto-objects scan-tree-dump-times vect "Vectorizing an unaligned access" 3
FAIL: gcc.dg/vect/vect-50.c scan-tree-dump-times vect "Vectorizing an unaligned access" 3
FAIL: gcc.dg/vect/vect-82.c -flto -ffat-lto-objects scan-tree-dump-times vect "vectorized 1 loops" 1
FAIL: gcc.dg/vect/vect-82.c scan-tree-dump-times vect "vectorized 1 loops" 1
FAIL: gcc.dg/vect/vect-82_64.c -flto -ffat-lto-objects scan-tree-dump-times vect "vectorized 1 loops" 1
FAIL: gcc.dg/vect/vect-82_64.c scan-tree-dump-times vect "vectorized 1 loops" 1
FAIL: gcc.dg/vect/vect-83.c -flto -ffat-lto-objects scan-tree-dump-times vect "vectorized 1 loops" 1
FAIL: gcc.dg/vect/vect-83.c scan-tree-dump-times vect "vectorized 1 loops" 1
FAIL: gcc.dg/vect/vect-83_64.c -flto -ffat-lto-objects scan-tree-dump-times vect "vectorized 1 loops" 1
FAIL: gcc.dg/vect/vect-83_64.c scan-tree-dump-times vect "vectorized 1 loops" 1
FAIL: gcc.dg/vect/vect-93.c -flto -ffat-lto-objects scan-tree-dump-times vect "vectorized 2 loops" 2
FAIL: gcc.dg/vect/vect-93.c scan-tree-dump-times vect "vectorized 2 loops" 2
FAIL: gcc.dg/vect/vect-alias-check-18.c -flto -ffat-lto-objects scan-tree-dump vect "using an index-based WAR/WAW test"
FAIL: gcc.dg/vect/vect-alias-check-18.c scan-tree-dump vect "using an index-based WAR/WAW test"
FAIL: gcc.dg/vect/vect-cost-model-1.c -flto -ffat-lto-objects scan-tree-dump vect "LOOP VECTORIZED"
FAIL: gcc.dg/vect/vect-cost-model-1.c scan-tree-dump vect "LOOP VECTORIZED"
FAIL: gcc.dg/vect/vect-cost-model-3.c -flto -ffat-lto-objects scan-tree-dump vect "LOOP VECTORIZED"
FAIL: gcc.dg/vect/vect-cost-model-3.c scan-tree-dump vect "LOOP VECTORIZED"
FAIL: gcc.dg/vect/vect-cost-model-5.c -flto -ffat-lto-objects scan-tree-dump vect "LOOP VECTORIZED"
FAIL: gcc.dg/vect/vect-cost-model-5.c scan-tree-dump vect "LOOP VECTORIZED"
FAIL: gcc.dg/vect/vect-strided-a-u8-i2-gap.c -flto -ffat-lto-objects scan-tree-dump-times vect "vectorized 1 loops" 1
FAIL: gcc.dg/vect/vect-strided-a-u8-i2-gap.c scan-tree-dump-times vect "vectorized 1 loops" 1
FAIL: gcc.dg/vmx/extract-vsx.c -O0 execution test
FAIL: gcc.dg/vmx/insert-vsx.c -O0 execution test
FAIL: gcc.dg/vmx/ld-vsx.c -O0 execution test
FAIL: gcc.dg/vmx/ld-vsx.c -O1 execution test
FAIL: gcc.dg/vmx/ld-vsx.c -O2 execution test
FAIL: gcc.dg/vmx/ld-vsx.c -O2 -flto -fno-use-linker-plugin -flto-partition=none execution test
FAIL: gcc.dg/vmx/ld-vsx.c -O2 -flto -fuse-linker-plugin -fno-fat-lto-objects execution test
FAIL: gcc.dg/vmx/ld-vsx.c -O3 -fomit-frame-pointer -funroll-loops -fpeel-loops -ftracer -finline-functions execution test
FAIL: gcc.dg/vmx/ld-vsx.c -O3 -g execution test
FAIL: gcc.dg/vmx/ld-vsx.c -Os execution test
FAIL: gcc.dg/vmx/ldl-vsx.c -O0 execution test
FAIL: gcc.dg/vmx/ldl-vsx.c -O1 execution test
FAIL: gcc.dg/vmx/ldl-vsx.c -O2 execution test
FAIL: gcc.dg/vmx/ldl-vsx.c -O2 -flto -fno-use-linker-plugin -flto-partition=none execution test
FAIL: gcc.dg/vmx/ldl-vsx.c -O2 -flto -fuse-linker-plugin -fno-fat-lto-objects execution test
FAIL: gcc.dg/vmx/ldl-vsx.c -O3 -fomit-frame-pointer -funroll-loops -fpeel-loops -ftracer -finline-functions execution test
FAIL: gcc.dg/vmx/ldl-vsx.c -O3 -g execution test
FAIL: gcc.dg/vmx/ldl-vsx.c -Os execution test
FAIL: gcc.dg/vmx/merge-vsx.c -O0 execution test
FAIL: gcc.dg/vmx/merge-vsx.c -O1 execution test
FAIL: gcc.dg/vmx/merge-vsx.c -O2 execution test
FAIL: gcc.dg/vmx/merge-vsx.c -O2 -flto -fno-use-linker-plugin -flto-partition=none execution test
FAIL: gcc.dg/vmx/merge-vsx.c -O2 -flto -fuse-linker-plugin -fno-fat-lto-objects execution test
FAIL: gcc.dg/vmx/merge-vsx.c -O3 -g execution test
FAIL: gcc.dg/vmx/merge-vsx.c -Os execution test
FAIL: gcc.dg/vmx/splat-vsx.c -O0 execution test
FAIL: gcc.dg/vmx/splat-vsx.c -O1 execution test
FAIL: gcc.dg/vmx/splat-vsx.c -O2 execution test
FAIL: gcc.dg/vmx/splat-vsx.c -O2 -flto -fno-use-linker-plugin -flto-partition=none execution test
FAIL: gcc.dg/vmx/splat-vsx.c -O2 -flto -fuse-linker-plugin -fno-fat-lto-objects execution test
FAIL: gcc.dg/vmx/splat-vsx.c -O3 -g execution test
FAIL: gcc.dg/vmx/splat-vsx.c -Os execution test
FAIL: gcc.dg/vmx/st-vsx.c -O0 execution test
FAIL: gcc.dg/vmx/st-vsx.c -O1 execution test
FAIL: gcc.dg/vmx/st-vsx.c -O2 execution test
FAIL: gcc.dg/vmx/st-vsx.c -O2 -flto -fno-use-linker-plugin -flto-partition=none execution test
FAIL: gcc.dg/vmx/st-vsx.c -O2 -flto -fuse-linker-plugin -fno-fat-lto-objects execution test
FAIL: gcc.dg/vmx/st-vsx.c -O3 -fomit-frame-pointer -funroll-loops -fpeel-loops -ftracer -finline-functions execution test
FAIL: gcc.dg/vmx/st-vsx.c -O3 -g execution test
FAIL: gcc.dg/vmx/st-vsx.c -Os execution test
FAIL: gcc.dg/vmx/stl-vsx.c -O0 execution test
FAIL: gcc.dg/vmx/stl-vsx.c -O1 execution test
FAIL: gcc.dg/vmx/stl-vsx.c -O2 execution test
FAIL: gcc.dg/vmx/stl-vsx.c -O2 -flto -fno-use-linker-plugin -flto-partition=none execution test
FAIL: gcc.dg/vmx/stl-vsx.c -O2 -flto -fuse-linker-plugin -fno-fat-lto-objects execution test
FAIL: gcc.dg/vmx/stl-vsx.c -O3 -fomit-frame-pointer -funroll-loops -fpeel-loops -ftracer -finline-functions execution test
FAIL: gcc.dg/vmx/stl-vsx.c -O3 -g execution test
FAIL: gcc.dg/vmx/stl-vsx.c -Os execution test
FAIL: gcc.target/powerpc/20050603-3.c scan-assembler-not \\\\mrldic
FAIL: gcc.target/powerpc/fold-vec-insert-double.c scan-assembler-times \\\\mlxvd2x\\\\M|\\\\mlxv\\\\M|\\\\mlvx\\\\M 1
FAIL: gcc.target/powerpc/fold-vec-insert-double.c scan-assembler-times \\\\mstfdx\\\\M|\\\\mstfd\\\\M 1
FAIL: gcc.target/powerpc/fold-vec-insert-double.c scan-assembler-times \\\\mstxvd2x\\\\M|\\\\mstxv\\\\M|\\\\mstvx\\\\M 1
FAIL: gcc.target/powerpc/pr17381.c scan-assembler-times fmr 1
FAIL: gcc.target/powerpc/pr92488.c execution test
FAIL: gcc.target/powerpc/rlwimi-2.c scan-assembler-times (?n)^\\\\s+[a-z] 20217
FAIL: gcc.target/powerpc/swaps-p8-20.c execution test
FAIL: gcc.target/powerpc/test_fpscr_rn_builtin.c execution test
FAIL: gcc.target/powerpc/vec-cmpne.c execution test
FAIL: gcc.target/powerpc/vec-mul.c execution test
FAIL: gcc.target/powerpc/vsx-vector-5.c execution test
=== gcc Summary for unix/-m64 ===
# of expected passes 147501
# of unexpected failures 317
# of unexpected successes 19
# of expected failures 957
# of unsupported tests 3851
=== gcc Summary ===
# of expected passes 289693
# of unexpected failures 579
# of unexpected successes 37
# of expected failures 1905
# of unsupported tests 8194
/daten/gcc/gcc-20210501/Build/gcc/xgcc version 12.0.0 20210501 (experimental) [master revision 3307b9a07a3c] (GCC)
=== gdc tests ===
Running target unix/-m32
UNRESOLVED: gdc.test/runnable_cxx/test21515.d compilation failed to produce executable
UNRESOLVED: gdc.test/runnable_cxx/test21515.d -shared-libphobos compilation failed to produce executable
=== gdc Summary for unix/-m32 ===
# of expected passes 9330
# of unresolved testcases 2
# of unsupported tests 708
Running target unix/-m64
UNRESOLVED: gdc.test/runnable/traits_getPointerBitmap.d compilation failed to produce executable
UNRESOLVED: gdc.test/runnable/traits_getPointerBitmap.d -shared-libphobos compilation failed to produce executable
UNRESOLVED: gdc.test/runnable_cxx/test21515.d compilation failed to produce executable
UNRESOLVED: gdc.test/runnable_cxx/test21515.d -shared-libphobos compilation failed to produce executable
=== gdc Summary for unix/-m64 ===
# of expected passes 9328
# of unresolved testcases 4
# of unsupported tests 708
=== gdc Summary ===
# of expected passes 18658
# of unresolved testcases 6
# of unsupported tests 1416
/daten/gcc/gcc-20210501/Build/gcc/gdc version 12.0.0 20210501 (experimental) [master revision 3307b9a07a3c] (GCC)
=== gfortran tests ===
Running target unix/-m32
FAIL: gfortran.dg/ieee/large_2.f90 -O0 execution test
FAIL: gfortran.dg/ieee/large_2.f90 -O1 execution test
FAIL: gfortran.dg/ieee/large_2.f90 -O2 execution test
FAIL: gfortran.dg/ieee/large_2.f90 -O3 -fomit-frame-pointer -funroll-loops -fpeel-loops -ftracer -finline-functions execution test
FAIL: gfortran.dg/ieee/large_2.f90 -O3 -g execution test
FAIL: gfortran.dg/ieee/large_2.f90 -Os execution test
FAIL: gfortran.dg/vect/pr32380.f -O scan-tree-dump-times vect "vectorized 1 loops" 1
FAIL: gfortran.dg/vect/pr48329.f90 -O scan-tree-dump-times vect "vectorized 1 loops" 1
FAIL: gfortran.dg/vect/pr62283-2.f -O scan-tree-dump slp2 "optimized: basic block"
=== gfortran Summary for unix/-m32 ===
# of expected passes 56250
# of unexpected failures 9
# of expected failures 259
# of unsupported tests 306
Running target unix/-m64
FAIL: gfortran.dg/pr96711.f90 -O0 scan-tree-dump-times original "_gfortran_stop_numeric" 2
FAIL: gfortran.dg/pr96711.f90 -O0 execution test
FAIL: gfortran.dg/pr96711.f90 -O1 scan-tree-dump-times original "_gfortran_stop_numeric" 2
FAIL: gfortran.dg/pr96711.f90 -O1 execution test
FAIL: gfortran.dg/pr96711.f90 -O2 scan-tree-dump-times original "_gfortran_stop_numeric" 2
FAIL: gfortran.dg/pr96711.f90 -O2 execution test
FAIL: gfortran.dg/pr96711.f90 -O3 -fomit-frame-pointer -funroll-loops -fpeel-loops -ftracer -finline-functions scan-tree-dump-times original "_gfortran_stop_numeric" 2
FAIL: gfortran.dg/pr96711.f90 -O3 -fomit-frame-pointer -funroll-loops -fpeel-loops -ftracer -finline-functions execution test
FAIL: gfortran.dg/pr96711.f90 -O3 -g scan-tree-dump-times original "_gfortran_stop_numeric" 2
FAIL: gfortran.dg/pr96711.f90 -O3 -g execution test
FAIL: gfortran.dg/pr96711.f90 -Os scan-tree-dump-times original "_gfortran_stop_numeric" 2
FAIL: gfortran.dg/pr96711.f90 -Os execution test
FAIL: gfortran.dg/ieee/large_2.f90 -O0 execution test
FAIL: gfortran.dg/ieee/large_2.f90 -O1 execution test
FAIL: gfortran.dg/ieee/large_2.f90 -O2 execution test
FAIL: gfortran.dg/ieee/large_2.f90 -O3 -fomit-frame-pointer -funroll-loops -fpeel-loops -ftracer -finline-functions execution test
FAIL: gfortran.dg/ieee/large_2.f90 -O3 -g execution test
FAIL: gfortran.dg/ieee/large_2.f90 -Os execution test
FAIL: gfortran.dg/vect/pr32380.f -O scan-tree-dump-times vect "vectorized 1 loops" 1
FAIL: gfortran.dg/vect/pr48329.f90 -O scan-tree-dump-times vect "vectorized 1 loops" 1
FAIL: gfortran.dg/vect/pr62283-2.f -O scan-tree-dump slp2 "optimized: basic block"
=== gfortran Summary for unix/-m64 ===
# of expected passes 56529
# of unexpected failures 21
# of expected failures 257
# of unsupported tests 173
=== gfortran Summary ===
# of expected passes 112779
# of unexpected failures 30
# of expected failures 516
# of unsupported tests 479
/daten/gcc/gcc-20210501/Build/gcc/gfortran version 12.0.0 20210501 (experimental) [master revision 3307b9a07a3c] (GCC)
=== gnat tests ===
Running target unix/-m32
=== gnat Summary for unix/-m32 ===
# of expected passes 3324
# of expected failures 23
# of unsupported tests 23
Running target unix/-m64
FAIL: gnat.dg/derived_type3.adb (test for excess errors)
UNRESOLVED: gnat.dg/derived_type3.adb compilation failed to produce executable
FAIL: gnat.dg/invalid1.adb (test for excess errors)
UNRESOLVED: gnat.dg/invalid1.adb compilation failed to produce executable
FAIL: gnat.dg/sso16.adb (test for excess errors)
UNRESOLVED: gnat.dg/sso16.adb compilation failed to produce executable
FAIL: gnat.dg/validity_check.adb (test for excess errors)
UNRESOLVED: gnat.dg/validity_check.adb compilation failed to produce executable
=== gnat Summary for unix/-m64 ===
# of expected passes 3315
# of unexpected failures 4
# of expected failures 23
# of unresolved testcases 4
# of unsupported tests 22
=== gnat Summary ===
# of expected passes 6639
# of unexpected failures 4
# of expected failures 46
# of unresolved testcases 4
# of unsupported tests 45
/daten/gcc/gcc-20210501/Build/gcc/gnatmake version 12.0.0 20210501 (experimental) [master revision 3307b9a07a3c]
=== go tests ===
Running target unix/-m32
FAIL: ./index0-out.go execution, -O0 -g -fno-var-tracking-assignments
FAIL: go.test/test/fixedbugs/issue10441.go -O (test for excess errors)
FAIL: go.test/test/fixedbugs/issue13160.go execution, -O2 -g
WARNING: go.test/test/fixedbugs/issue16095.go execution, -O2 -g program timed out.
FAIL: go.test/test/fixedbugs/issue16095.go execution, -O2 -g
FAIL: go.test/test/fixedbugs/issue27836.dir/Äfoo.go -O -I. (test for excess errors)
FAIL: go.test/test/fixedbugs/issue27836.dir/Ämain.go -O -I. (test for excess errors)
FAIL: go.test/test/fixedbugs/issue6036.go -O (test for excess errors)
FAIL: issue22200b.go -O (test for excess errors)
FAIL: issue4458.go -O (test for errors, line 19)
FAIL: issue4458.go -O (test for excess errors)
=== go Summary for unix/-m32 ===
# of expected passes 8988
# of unexpected failures 10
# of untested testcases 11
# of unsupported tests 32
Running target unix/-m64
FAIL: ./index0-out.go execution, -O0 -g -fno-var-tracking-assignments
FAIL: go.test/test/fixedbugs/issue10441.go -O (test for excess errors)
FAIL: go.test/test/fixedbugs/issue27836.dir/Äfoo.go -O -I. (test for excess errors)
FAIL: go.test/test/fixedbugs/issue27836.dir/Ämain.go -O -I. (test for excess errors)
FAIL: go.test/test/nilptr2.go execution, -O2 -g
FAIL: issue4458.go -O (test for errors, line 19)
FAIL: issue4458.go -O (test for excess errors)
=== go Summary for unix/-m64 ===
# of expected passes 8879
# of unexpected failures 7
# of untested testcases 7
# of unsupported tests 32
=== go Summary ===
# of expected passes 17867
# of unexpected failures 17
# of untested testcases 18
# of unsupported tests 64
/daten/gcc/gcc-20210501/Build/gcc/gccgo version 12.0.0 20210501 (experimental) [master revision 3307b9a07a3c] (GCC)
=== objc tests ===
Running target unix/-m32
=== objc Summary for unix/-m32 ===
# of expected passes 2826
# of unsupported tests 68
Running target unix/-m64
=== objc Summary for unix/-m64 ===
# of expected passes 2826
# of unsupported tests 68
=== objc Summary ===
# of expected passes 5652
# of unsupported tests 136
/daten/gcc/gcc-20210501/Build/gcc/xgcc version 12.0.0 20210501 (experimental) [master revision 3307b9a07a3c] (GCC)
=== gotools tests ===
FAIL: TestVDSO
FAIL: go test runtime
=== gotools Summary ===
# of expected passes 394
# of unexpected failures 2
# of untested testcases 124
/daten/gcc/gcc-20210501/Build/./gcc/gccgo version 12.0.0 20210501 (experimental) [master revision 3307b9a07a3c] (GCC)
=== libatomic tests ===
Running target unix/-m32
=== libatomic Summary for unix/-m32 ===
# of expected passes 44
# of unsupported tests 5
Running target unix/-m64
=== libatomic Summary for unix/-m64 ===
# of expected passes 54
=== libatomic Summary ===
# of expected passes 98
# of unsupported tests 5
=== libffi tests ===
Running target unix/-m32
=== libffi Summary for unix/-m32 ===
# of expected passes 1934
# of unsupported tests 28
Running target unix/-m64
=== libffi Summary for unix/-m64 ===
# of expected passes 1934
# of unsupported tests 28
=== libffi Summary ===
# of expected passes 3868
# of unsupported tests 56
=== libgo tests ===
Running target unix
FAIL: encoding/json
=== libgo Summary for unix ===
# of expected passes 183
# of unexpected failures 1
Running target unix/-m32
FAIL: runtime
FAIL: runtime/pprof
FAIL: sync/atomic
=== libgo Summary for unix/-m32 ===
# of expected passes 181
# of unexpected failures 3
=== libgo Summary ===
# of expected passes 364
# of unexpected failures 4
/daten/gcc/gcc-20210501/Build/./gcc/gccgo version 12.0.0 20210501 (experimental) [master revision 3307b9a07a3c] (GCC)
=== libgomp tests ===
Running target unix/-m32
FAIL: libgomp.fortran/depobj-1.f90 -O execution test
=== libgomp Summary for unix/-m32 ===
# of expected passes 8560
# of unexpected failures 1
# of expected failures 86
# of unsupported tests 610
Running target unix/-m64
FAIL: libgomp.fortran/depobj-1.f90 -O execution test
=== libgomp Summary for unix/-m64 ===
# of expected passes 8560
# of unexpected failures 1
# of expected failures 86
# of unsupported tests 610
=== libgomp Summary ===
# of expected passes 17120
# of unexpected failures 2
# of expected failures 172
# of unsupported tests 1220
=== libitm tests ===
Running target unix/-m32
=== libitm Summary for unix/-m32 ===
# of expected passes 42
# of expected failures 3
# of unsupported tests 1
Running target unix/-m64
=== libitm Summary for unix/-m64 ===
# of expected passes 42
# of expected failures 3
# of unsupported tests 1
=== libitm Summary ===
# of expected passes 84
# of expected failures 6
# of unsupported tests 2
=== libphobos tests ===
Running target unix/-m32
=== libphobos Summary for unix/-m32 ===
# of expected passes 324
Running target unix/-m64
FAIL: libphobos.shared/finalize.d -shared-libphobos -ldl execution test
=== libphobos Summary for unix/-m64 ===
# of expected passes 323
# of unexpected failures 1
=== libphobos Summary ===
# of expected passes 647
# of unexpected failures 1
=== libstdc++ tests ===
Running target unix/-m32
FAIL: experimental/simd/standard_abi_usable.cc -maltivec -O2 -Wno-psabi (test for excess errors)
FAIL: experimental/simd/standard_abi_usable_2.cc -maltivec -O2 -Wno-psabi (test for excess errors)
=== libstdc++ Summary for unix/-m32 ===
# of expected passes 15585
# of unexpected failures 2
# of expected failures 104
# of unsupported tests 362
Running target unix/-m64
FAIL: experimental/simd/standard_abi_usable.cc -maltivec -O2 -Wno-psabi (test for excess errors)
FAIL: experimental/simd/standard_abi_usable_2.cc -maltivec -O2 -Wno-psabi (test for excess errors)
=== libstdc++ Summary for unix/-m64 ===
# of expected passes 15581
# of unexpected failures 2
# of expected failures 104
# of unsupported tests 364
=== libstdc++ Summary ===
# of expected passes 31166
# of unexpected failures 4
# of expected failures 208
# of unsupported tests 726
Compiler version: 12.0.0 20210501 (experimental) [master revision 3307b9a07a3c] (GCC)
Platform: powerpc64-suse-linux-gnu
configure flags: --prefix=/usr --build=powerpc64-suse-linux --enable-shared --with-system-zlib CFLAGS='-O2 -g' CXXFLAGS='-O2 -g' --enable-checking=release --with-cpu-64=power4 --enable-secureplt --with-long-double-128
More information about the Gcc-testresults
mailing list