Results for 11.0.1 20210312 (experimental) [master revision 425afe1f0c907e6469cef1672160c9c95177e71a] (GCC) testsuite on i386-pc-solaris2.11
Rainer Orth
ro@CeBiTec.Uni-Bielefeld.DE
Fri Mar 12 15:11:31 GMT 2021
LAST_UPDATED: Fri Mar 12 09:56:24 UTC 2021 (revision 425afe1f0c907e6469cef1672160c9c95177e71a)
=== acats tests ===
=== acats Summary ===
# of expected passes 2328
# of unexpected failures 0
Native configuration is i386-pc-solaris2.11
=== g++ tests ===
Running target unix
FAIL: c-c++-common/asan/swapcontext-test-1.c -O0 execution test
FAIL: c-c++-common/asan/swapcontext-test-1.c -O1 execution test
FAIL: c-c++-common/asan/swapcontext-test-1.c -O2 execution test
FAIL: c-c++-common/asan/swapcontext-test-1.c -O2 -flto execution test
FAIL: c-c++-common/asan/swapcontext-test-1.c -O2 -flto -flto-partition=none execution test
FAIL: c-c++-common/asan/swapcontext-test-1.c -O3 -fomit-frame-pointer -funroll-loops -fpeel-loops -ftracer -finline-functions execution test
FAIL: c-c++-common/asan/swapcontext-test-1.c -O3 -g execution test
FAIL: c-c++-common/asan/swapcontext-test-1.c -Os execution test
FAIL: g++.dg/warn/Wstringop-overflow-6.C -std=gnu++14 (test for excess errors)
FAIL: g++.dg/warn/Wstringop-overflow-6.C -std=gnu++17 (test for excess errors)
FAIL: g++.dg/warn/Wstringop-overflow-6.C -std=gnu++2a (test for excess errors)
FAIL: g++.dg/lto/pr89335 cp_lto_pr89335_0.o assemble, -O2 -flto -Wsuggest-final-methods
FAIL: g++.dg/modules/pr98531-1_a.H module-cmi (gcm.cache/\$srcdir/g++.dg/modules/pr98531-1_a.H.gcm)
FAIL: g++.dg/modules/pr98531-1_a.H module-cmi (gcm.cache/\$srcdir/g++.dg/modules/pr98531-1_a.H.gcm)
FAIL: g++.dg/modules/pr98531-1_a.H module-cmi (gcm.cache/\$srcdir/g++.dg/modules/pr98531-1_a.H.gcm)
FAIL: g++.dg/modules/stdio-1_a.H -std=c++17 scan-lang-dump module "Depset:0 decl entity:[0-9]* function_decl:'::printf'"
FAIL: g++.dg/modules/stdio-1_a.H -std=c++2a scan-lang-dump module "Depset:0 decl entity:[0-9]* function_decl:'::printf'"
FAIL: g++.dg/modules/stdio-1_a.H -std=c++2b scan-lang-dump module "Depset:0 decl entity:[0-9]* function_decl:'::printf'"
FAIL: g++.dg/modules/xtreme-header-5_c.C -std=c++2b (internal compiler error)
FAIL: g++.dg/modules/xtreme-header-5_c.C -std=c++2b (test for excess errors)
=== g++ Summary for unix ===
# of expected passes 200871
# of unexpected failures 20
# of expected failures 1024
# of unsupported tests 9203
Running target unix/-m64
FAIL: g++.dg/lto/pr89335 cp_lto_pr89335_0.o assemble, -O2 -flto -Wsuggest-final-methods
FAIL: g++.dg/modules/pr98531-1_a.H module-cmi (gcm.cache/\$srcdir/g++.dg/modules/pr98531-1_a.H.gcm)
FAIL: g++.dg/modules/pr98531-1_a.H module-cmi (gcm.cache/\$srcdir/g++.dg/modules/pr98531-1_a.H.gcm)
FAIL: g++.dg/modules/pr98531-1_a.H module-cmi (gcm.cache/\$srcdir/g++.dg/modules/pr98531-1_a.H.gcm)
FAIL: g++.dg/modules/stdio-1_a.H -std=c++17 scan-lang-dump module "Depset:0 decl entity:[0-9]* function_decl:'::printf'"
FAIL: g++.dg/modules/stdio-1_a.H -std=c++2a scan-lang-dump module "Depset:0 decl entity:[0-9]* function_decl:'::printf'"
FAIL: g++.dg/modules/stdio-1_a.H -std=c++2b scan-lang-dump module "Depset:0 decl entity:[0-9]* function_decl:'::printf'"
FAIL: g++.dg/modules/xtreme-header-5_c.C -std=c++17 (internal compiler error)
FAIL: g++.dg/modules/xtreme-header-5_c.C -std=c++17 (test for excess errors)
FAIL: g++.target/i386/pr97054.C -std=gnu++14 (test for excess errors)
UNRESOLVED: g++.target/i386/pr97054.C -std=gnu++14 compilation failed to produce executable
FAIL: g++.target/i386/pr97054.C -std=gnu++17 (test for excess errors)
UNRESOLVED: g++.target/i386/pr97054.C -std=gnu++17 compilation failed to produce executable
FAIL: g++.target/i386/pr97054.C -std=gnu++2a (test for excess errors)
UNRESOLVED: g++.target/i386/pr97054.C -std=gnu++2a compilation failed to produce executable
FAIL: g++.target/i386/pr97054.C -std=gnu++98 (test for excess errors)
UNRESOLVED: g++.target/i386/pr97054.C -std=gnu++98 compilation failed to produce executable
=== g++ Summary for unix/-m64 ===
# of expected passes 201165
# of unexpected failures 13
# of expected failures 1028
# of unresolved testcases 4
# of unsupported tests 9173
=== g++ Summary ===
# of expected passes 402036
# of unexpected failures 33
# of expected failures 2052
# of unresolved testcases 4
# of unsupported tests 18376
/var/gcc/regression/master/11.3-gcc/build/gcc/xg++ version 11.0.1 20210312 (experimental) [master revision 425afe1f0c907e6469cef1672160c9c95177e71a] (GCC)
=== gcc tests ===
Running target unix
FAIL: gcc.c-torture/compile/pr61159.c -O0 (test for excess errors)
FAIL: gcc.c-torture/compile/pr61159.c -O1 (test for excess errors)
FAIL: gcc.c-torture/compile/pr61159.c -O2 (test for excess errors)
FAIL: gcc.c-torture/compile/pr61159.c -O2 -flto (test for excess errors)
FAIL: gcc.c-torture/compile/pr61159.c -O2 -flto -flto-partition=none (test for excess errors)
FAIL: gcc.c-torture/compile/pr61159.c -O3 -g (test for excess errors)
FAIL: gcc.c-torture/compile/pr61159.c -Os (test for excess errors)
FAIL: gcc.dg/analyzer/getchar-1.c (test for excess errors)
FAIL: c-c++-common/asan/swapcontext-test-1.c -O0 execution test
FAIL: c-c++-common/asan/swapcontext-test-1.c -O1 execution test
FAIL: c-c++-common/asan/swapcontext-test-1.c -O2 execution test
FAIL: c-c++-common/asan/swapcontext-test-1.c -O2 -flto execution test
FAIL: c-c++-common/asan/swapcontext-test-1.c -O2 -flto -flto-partition=none execution test
FAIL: c-c++-common/asan/swapcontext-test-1.c -O3 -fomit-frame-pointer -funroll-loops -fpeel-loops -ftracer -finline-functions execution test
FAIL: c-c++-common/asan/swapcontext-test-1.c -O3 -g execution test
FAIL: c-c++-common/asan/swapcontext-test-1.c -Os execution test
FAIL: gcc.dg/attr-weakref-1.c (test for excess errors)
UNRESOLVED: gcc.dg/attr-weakref-1.c compilation failed to produce executable
FAIL: gcc.dg/visibility-22.c execution test
FAIL: gcc.dg/ipa/iinline-attr.c scan-ipa-dump inline "hooray[^\\\\n]*inline copy in test"
FAIL: gcc.dg/ipa/ipa-icf-38.c scan-ltrans-tree-dump-not optimized "Function bar"
FAIL: gcc-dg-lto-modref-3-01.exe scan-wpa-ipa-dump modref "parm 1 flags: nodirectescape"
FAIL: gcc-dg-lto-modref-4-01.exe scan-wpa-ipa-dump modref "parm 1 flags: nodirectescape"
FAIL: gcc.dg/lto/modref-3 c_lto_modref-3_0.o-c_lto_modref-3_1.o execute -O2 -flto-partition=max -fdump-ipa-modref -fno-ipa-sra -fno-ipa-cp -flto
FAIL: gcc.dg/lto/modref-4 c_lto_modref-4_0.o-c_lto_modref-4_1.o execute -O2 -flto-partition=max -fdump-ipa-modref -fno-ipa-sra -flto
FAIL: gcc.dg/torture/pr60092.c -O0 execution test
FAIL: gcc.dg/tree-ssa/scev-3.c scan-tree-dump-times ivopts "&a" 1
FAIL: gcc.dg/tree-ssa/scev-4.c scan-tree-dump-times ivopts "&a" 1
FAIL: gcc.dg/tree-ssa/scev-5.c scan-tree-dump-times ivopts "&a" 1
FAIL: gcc.target/i386/avx512f-pr96891-3.c scan-assembler-times (?n)vpcmp[bwdq][ \\\\t]*\\\\\$7 4
FAIL: gcc.target/i386/pr80569.c (test for excess errors)
=== gcc Summary for unix ===
# of expected passes 152004
# of unexpected failures 30
# of expected failures 868
# of unresolved testcases 1
# of unsupported tests 4393
Running target unix/-m64
FAIL: gcc.c-torture/compile/pr61159.c -O0 (test for excess errors)
FAIL: gcc.c-torture/compile/pr61159.c -O1 (test for excess errors)
FAIL: gcc.c-torture/compile/pr61159.c -O2 (test for excess errors)
FAIL: gcc.c-torture/compile/pr61159.c -O2 -flto (test for excess errors)
FAIL: gcc.c-torture/compile/pr61159.c -O2 -flto -flto-partition=none (test for excess errors)
FAIL: gcc.c-torture/compile/pr61159.c -O3 -g (test for excess errors)
FAIL: gcc.c-torture/compile/pr61159.c -Os (test for excess errors)
FAIL: gcc.dg/attr-weakref-1.c (test for excess errors)
UNRESOLVED: gcc.dg/attr-weakref-1.c compilation failed to produce executable
FAIL: gcc.dg/visibility-22.c execution test
FAIL: gcc.dg/ipa/iinline-attr.c scan-ipa-dump inline "hooray[^\\\\n]*inline copy in test"
FAIL: gcc.dg/ipa/ipa-icf-38.c scan-ltrans-tree-dump-not optimized "Function bar"
FAIL: gcc-dg-lto-modref-3-01.exe scan-wpa-ipa-dump modref "parm 1 flags: nodirectescape"
FAIL: gcc-dg-lto-modref-4-01.exe scan-wpa-ipa-dump modref "parm 1 flags: nodirectescape"
FAIL: gcc.dg/lto/modref-3 c_lto_modref-3_0.o-c_lto_modref-3_1.o execute -O2 -flto-partition=max -fdump-ipa-modref -fno-ipa-sra -fno-ipa-cp -flto
FAIL: gcc.dg/lto/modref-4 c_lto_modref-4_0.o-c_lto_modref-4_1.o execute -O2 -flto-partition=max -fdump-ipa-modref -fno-ipa-sra -flto
FAIL: gcc.dg/torture/pr60092.c -O0 execution test
XPASS: gcc.dg/tree-ssa/builtin-snprintf-6.c scan-tree-dump-times optimized "Function test_assign_aggregate" 1
FAIL: gcc.target/i386/pr61599-1.c (test for excess errors)
UNRESOLVED: gcc.target/i386/pr61599-1.c compilation failed to produce executable
FAIL: gcc.target/i386/pr71321.c scan-assembler-not lea.*0
FAIL: gcc.target/i386/pr80569.c (test for excess errors)
=== gcc Summary for unix/-m64 ===
# of expected passes 152637
# of unexpected failures 19
# of unexpected successes 1
# of expected failures 856
# of unresolved testcases 2
# of unsupported tests 3740
=== gcc Summary ===
# of expected passes 304641
# of unexpected failures 49
# of unexpected successes 1
# of expected failures 1724
# of unresolved testcases 3
# of unsupported tests 8133
/var/gcc/regression/master/11.3-gcc/build/gcc/xgcc version 11.0.1 20210312 (experimental) [master revision 425afe1f0c907e6469cef1672160c9c95177e71a] (GCC)
=== gdc tests ===
Running target unix
XPASS: gdc.test/runnable/test42.d (test for excess errors)
UNRESOLVED: gdc.test/runnable/test42.d compilation failed to produce executable
XPASS: gdc.test/runnable/test42.d -shared-libphobos (test for excess errors)
UNRESOLVED: gdc.test/runnable/test42.d -shared-libphobos compilation failed to produce executable
=== gdc Summary for unix ===
# of expected passes 9882
# of unexpected successes 2
# of unresolved testcases 2
# of unsupported tests 337
Running target unix/-m64
XPASS: gdc.test/runnable/test42.d (test for excess errors)
UNRESOLVED: gdc.test/runnable/test42.d compilation failed to produce executable
XPASS: gdc.test/runnable/test42.d -shared-libphobos (test for excess errors)
UNRESOLVED: gdc.test/runnable/test42.d -shared-libphobos compilation failed to produce executable
=== gdc Summary for unix/-m64 ===
# of expected passes 9881
# of unexpected successes 2
# of unresolved testcases 2
# of unsupported tests 337
=== gdc Summary ===
# of expected passes 19763
# of unexpected successes 4
# of unresolved testcases 4
# of unsupported tests 674
/var/gcc/regression/master/11.3-gcc/build/gcc/gdc version 11.0.1 20210312 (experimental) [master revision 425afe1f0c907e6469cef1672160c9c95177e71a] (GCC)
=== gfortran tests ===
Running target unix
=== gfortran Summary for unix ===
# of expected passes 56271
# of expected failures 234
# of unsupported tests 213
Running target unix/-m64
FAIL: gfortran.dg/class_assign_4.f90 -O0 execution test
FAIL: gfortran.dg/class_assign_4.f90 -O1 execution test
FAIL: gfortran.dg/class_assign_4.f90 -O2 execution test
FAIL: gfortran.dg/class_assign_4.f90 -O3 -fomit-frame-pointer -funroll-loops -fpeel-loops -ftracer -finline-functions execution test
FAIL: gfortran.dg/class_assign_4.f90 -O3 -g execution test
FAIL: gfortran.dg/class_assign_4.f90 -Os execution test
=== gfortran Summary for unix/-m64 ===
# of expected passes 56502
# of unexpected failures 6
# of expected failures 232
# of unsupported tests 98
=== gfortran Summary ===
# of expected passes 112773
# of unexpected failures 6
# of expected failures 466
# of unsupported tests 311
/var/gcc/regression/master/11.3-gcc/build/gcc/gfortran version 11.0.1 20210312 (experimental) [master revision 425afe1f0c907e6469cef1672160c9c95177e71a] (GCC)
=== gnat tests ===
Running target unix
=== gnat Summary for unix ===
# of expected passes 3339
# of expected failures 23
# of unsupported tests 11
Running target unix/-m64
=== gnat Summary for unix/-m64 ===
# of expected passes 3337
# of expected failures 23
# of unsupported tests 11
=== gnat Summary ===
# of expected passes 6676
# of expected failures 46
# of unsupported tests 22
/var/gcc/regression/master/11.3-gcc/build/gcc/gnatmake version 11.0.1 20210312 (experimental) [master revision 425afe1f0c907e6469cef1672160c9c95177e71a]
=== go tests ===
Running target unix
FAIL: ./index0-out.go execution, -O0 -g -fno-var-tracking-assignments
FAIL: go.test/test/fixedbugs/issue10441.go -O (test for excess errors)
FAIL: go.test/test/fixedbugs/issue16016.go execution, -O2 -g
WARNING: go.test/test/fixedbugs/issue19182.go execution, -O2 -g program timed out.
FAIL: go.test/test/fixedbugs/issue19182.go execution, -O2 -g
FAIL: go.test/test/fixedbugs/issue27836.dir/Ãfoo.go -O -I. (test for excess errors)
FAIL: go.test/test/fixedbugs/issue27836.dir/Ãmain.go -O -I. (test for excess errors)
FAIL: issue4458.go -O (test for errors, line 19)
FAIL: issue4458.go -O (test for excess errors)
=== go Summary for unix ===
# of expected passes 8989
# of unexpected failures 8
# of untested testcases 10
# of unsupported tests 34
Running target unix/-m64
FAIL: ./index0-out.go execution, -O0 -g -fno-var-tracking-assignments
FAIL: go.test/test/fixedbugs/issue10441.go -O (test for excess errors)
FAIL: go.test/test/fixedbugs/issue11256.go execution, -O2 -g
FAIL: go.test/test/fixedbugs/issue16016.go execution, -O2 -g
FAIL: go.test/test/fixedbugs/issue23781.go -O (test for excess errors)
FAIL: go.test/test/fixedbugs/issue27695.go execution, -O2 -g
FAIL: go.test/test/fixedbugs/issue27836.dir/Ãfoo.go -O -I. (test for excess errors)
FAIL: go.test/test/fixedbugs/issue27836.dir/Ãmain.go -O -I. (test for excess errors)
FAIL: go.test/test/fixedbugs/issue29362.go execution, -O2 -g
FAIL: go.test/test/fixedbugs/issue29362b.go execution, -O2 -g
FAIL: go.test/test/fixedbugs/issue9321.go execution, -O2 -g
FAIL: issue4458.go -O (test for errors, line 19)
FAIL: issue4458.go -O (test for excess errors)
=== go Summary for unix/-m64 ===
# of expected passes 8872
# of unexpected failures 13
# of untested testcases 10
# of unsupported tests 28
=== go Summary ===
# of expected passes 17861
# of unexpected failures 21
# of untested testcases 20
# of unsupported tests 62
=== obj-c++ tests ===
Running target unix
=== obj-c++ Summary for unix ===
# of expected passes 1489
# of expected failures 2
# of unsupported tests 77
Running target unix/-m64
=== obj-c++ Summary for unix/-m64 ===
# of expected passes 1481
# of expected failures 10
# of unsupported tests 77
=== obj-c++ Summary ===
# of expected passes 2970
# of expected failures 12
# of unsupported tests 154
/var/gcc/regression/master/11.3-gcc/build/gcc/xg++ version 11.0.1 20210312 (experimental) [master revision 425afe1f0c907e6469cef1672160c9c95177e71a] (GCC)
=== objc tests ===
Running target unix
=== objc Summary for unix ===
# of expected passes 2819
# of expected failures 6
# of unsupported tests 68
Running target unix/-m64
=== objc Summary for unix/-m64 ===
# of expected passes 2819
# of expected failures 6
# of unsupported tests 68
=== objc Summary ===
# of expected passes 5638
# of expected failures 12
# of unsupported tests 136
/var/gcc/regression/master/11.3-gcc/build/gcc/xgcc version 11.0.1 20210312 (experimental) [master revision 425afe1f0c907e6469cef1672160c9c95177e71a] (GCC)
=== gotools tests ===
FAIL: TestScript
FAIL: go test cmd/go
FAIL: TestAbort
FAIL: TestGccgoCrashTracebackNodebug
FAIL: TestMemmoveAtomicity
FAIL: TestNonblockingPipe
FAIL: TestSelectStackAdjust
FAIL: go test runtime
FAIL: TestEarlySignalHandler
FAIL: TestOsSignal
FAIL: TestPIE
FAIL: TestSigaltstack
FAIL: TestSignalForwardingExternal
FAIL: go test misc/cgo/testcarchive
=== gotools Summary ===
# of expected passes 379
# of unexpected failures 14
# of untested testcases 123
/var/gcc/regression/master/11.3-gcc/build/./gcc/gccgo version 11.0.1 20210312 (experimental) [master revision 425afe1f0c907e6469cef1672160c9c95177e71a] (GCC)
=== libatomic tests ===
Running target unix
=== libatomic Summary for unix ===
# of expected passes 44
# of unsupported tests 5
Running target unix/-m64
=== libatomic Summary for unix/-m64 ===
# of expected passes 54
=== libatomic Summary ===
# of expected passes 98
# of unsupported tests 5
=== libffi tests ===
Running target unix
=== libffi Summary for unix ===
# of expected passes 2799
Running target unix/-m64
=== libffi Summary for unix/-m64 ===
# of expected passes 2214
=== libffi Summary ===
# of expected passes 5013
=== libgo tests ===
Running target unix
FAIL: runtime
FAIL: time
=== libgo Summary for unix ===
# of expected passes 182
# of unexpected failures 2
Running target unix/-m64
FAIL: compress/flate
FAIL: compress/zlib
FAIL: crypto/tls
FAIL: debug/elf
FAIL: encoding/json
FAIL: go/printer
FAIL: html/template
FAIL: mime/multipart
FAIL: net
FAIL: net/http
FAIL: net/http/pprof
FAIL: os/exec
FAIL: os/signal
FAIL: runtime
FAIL: runtime/pprof
=== libgo Summary for unix/-m64 ===
# of expected passes 169
# of unexpected failures 15
=== libgo Summary ===
# of expected passes 351
# of unexpected failures 17
/var/gcc/regression/master/11.3-gcc/build/./gcc/gccgo version 11.0.1 20210312 (experimental) [master revision 425afe1f0c907e6469cef1672160c9c95177e71a] (GCC)
=== libgomp tests ===
Running target unix
=== libgomp Summary for unix ===
# of expected passes 8262
# of expected failures 6
# of unsupported tests 610
Running target unix/-m64
=== libgomp Summary for unix/-m64 ===
# of expected passes 8263
# of expected failures 6
# of unsupported tests 609
=== libgomp Summary ===
# of expected passes 16525
# of expected failures 12
# of unsupported tests 1219
=== libitm tests ===
Running target unix
=== libitm Summary for unix ===
# of expected passes 42
# of expected failures 3
# of unsupported tests 1
Running target unix/-m64
=== libitm Summary for unix/-m64 ===
# of expected passes 42
# of expected failures 3
# of unsupported tests 1
=== libitm Summary ===
# of expected passes 84
# of expected failures 6
# of unsupported tests 2
=== libphobos tests ===
Running target unix
FAIL: libphobos.druntime_shared/core/time.d execution test
FAIL: libphobos.phobos_shared/std/datetime/systime.d execution test
FAIL: libphobos.phobos_shared/std/datetime/timezone.d execution test
FAIL: libphobos.phobos_shared/std/format.d execution test
FAIL: libphobos.phobos_shared/std/math.d execution test
FAIL: libphobos.phobos_shared/std/parallelism.d execution test
FAIL: libphobos.shared/finalize.d -shared-libphobos -ldl execution test
FAIL: libphobos.shared/load.d -shared-libphobos -ldl execution test
FAIL: libphobos.shared/load_13414.d -shared-libphobos -ldl execution test
FAIL: libphobos.shared/load_linkdep.d -shared-libphobos -ldl execution test
=== libphobos Summary for unix ===
# of expected passes 428
# of unexpected failures 10
Running target unix/-m64
FAIL: libphobos.druntime_shared/core/time.d execution test
FAIL: libphobos.phobos_shared/std/datetime/systime.d execution test
FAIL: libphobos.phobos_shared/std/datetime/timezone.d execution test
FAIL: libphobos.phobos_shared/std/format.d execution test
FAIL: libphobos.phobos_shared/std/math.d execution test
FAIL: libphobos.phobos_shared/std/parallelism.d execution test
FAIL: libphobos.shared/finalize.d -shared-libphobos -ldl execution test
FAIL: libphobos.shared/load.d -shared-libphobos -ldl execution test
FAIL: libphobos.shared/load_13414.d -shared-libphobos -ldl execution test
FAIL: libphobos.shared/load_linkdep.d -shared-libphobos -ldl execution test
=== libphobos Summary for unix/-m64 ===
# of expected passes 428
# of unexpected failures 10
=== libphobos Summary ===
# of expected passes 856
# of unexpected failures 20
=== libstdc++ tests ===
Running target unix
FAIL: 20_util/to_chars/long_double.cc execution test
FAIL: 29_atomics/atomic_flag/cons/56012.cc (test for excess errors)
WARNING: 30_threads/latch/3.cc execution test program timed out.
FAIL: 30_threads/latch/3.cc execution test
WARNING: 30_threads/semaphore/try_acquire_for.cc execution test program timed out.
FAIL: 30_threads/semaphore/try_acquire_for.cc execution test
WARNING: 30_threads/semaphore/try_acquire_until.cc execution test program timed out.
FAIL: 30_threads/semaphore/try_acquire_until.cc execution test
FAIL: experimental/net/internet/resolver/ops/lookup.cc execution test
=== libstdc++ Summary for unix ===
# of expected passes 14623
# of unexpected failures 6
# of expected failures 104
# of unsupported tests 725
Running target unix/-m64
FAIL: 20_util/to_chars/long_double.cc execution test
WARNING: 30_threads/barrier/arrive_and_wait.cc execution test program timed out.
FAIL: 30_threads/barrier/arrive_and_wait.cc execution test
WARNING: 30_threads/latch/3.cc execution test program timed out.
FAIL: 30_threads/latch/3.cc execution test
FAIL: experimental/net/internet/resolver/ops/lookup.cc execution test
=== libstdc++ Summary for unix/-m64 ===
# of expected passes 14613
# of unexpected failures 4
# of expected failures 104
# of unsupported tests 731
=== libstdc++ Summary ===
# of expected passes 29236
# of unexpected failures 10
# of expected failures 208
# of unsupported tests 1456
Compiler version: 11.0.1 20210312 (experimental) [master revision 425afe1f0c907e6469cef1672160c9c95177e71a] (GCC)
Platform: i386-pc-solaris2.11
configure flags: --prefix=/vol/gcc --target=i386-pc-solaris2.11 --enable-objc-gc --with-target-bdw-gc-include=/vol/gcc/include --with-target-bdw-gc-lib=/vol/gcc/lib,amd64=/vol/gcc/lib/amd64 --with-as=/usr/ccs/bin/as --without-gnu-as --with-gmp-include=/vol/gcc/include --with-gmp-lib=/vol/gcc/lib --with-mpfr-include=/vol/gcc/include --with-mpfr-lib=/vol/gcc/lib --with-mpc-include=/vol/gcc/include --with-mpc-lib=/vol/gcc/lib --enable-languages=all,ada,obj-c++,go --with-isl-include=/vol/gcc/include --with-isl-lib=/vol/gcc/lib --with-zstd-include=/vol/gcc/include --with-zstd-lib=/vol/gcc/lib --build=i386-pc-solaris2.11 --host=i386-pc-solaris2.11
BOOT_CFLAGS=-g -O2
More information about the Gcc-testresults
mailing list