Results for 11.0.1 20210306 (experimental) [master revision r11-7538-g04e72ad31c61] (GCC) testsuite on x86_64-apple-darwin14
Iain Sandoe
iains.gcc@gmail.com
Sun Mar 7 12:59:20 GMT 2021
PATCHED for PR99406
LAST_UPDATED: Sat Mar 6 00:21:09 UTC 2021 (revision r11-7538-g04e72ad31c61)
=== acats tests ===
=== acats Summary ===
# of expected passes 2328
# of unexpected failures 0
Native configuration is x86_64-apple-darwin14
=== g++ tests ===
Running target unix/-m32
FAIL: c-c++-common/asan/alloca_big_alignment.c -Os output pattern test
FAIL: c-c++-common/asan/alloca_detect_custom_size.c -Os output pattern test
FAIL: c-c++-common/asan/alloca_overflow_partial.c -Os output pattern test
FAIL: c-c++-common/asan/alloca_overflow_right.c -Os output pattern test
FAIL: c-c++-common/asan/alloca_underflow_left.c -Os output pattern test
FAIL: c-c++-common/asan/memcmp-1.c -O0 output pattern test
FAIL: c-c++-common/asan/memcmp-1.c -O1 output pattern test
FAIL: c-c++-common/asan/memcmp-1.c -O2 output pattern test
FAIL: c-c++-common/asan/memcmp-1.c -O2 -flto output pattern test
FAIL: c-c++-common/asan/memcmp-1.c -O2 -flto -flto-partition=none output pattern test
FAIL: c-c++-common/asan/memcmp-1.c -O3 -g output pattern test
FAIL: c-c++-common/asan/memcmp-1.c -Os output pattern test
FAIL: g++.dg/asan/pr69276.C -O0 output pattern test
WARNING: g++.dg/debug/dwarf2/nested-4.C -std=gnu++14 (test for excess errors) program timed out.
FAIL: g++.dg/debug/dwarf2/nested-4.C -std=gnu++14 (test for excess errors)
WARNING: g++.dg/cpp0x/deleted2.C -std=c++17 (test for excess errors) program timed out.
FAIL: g++.dg/cpp0x/deleted2.C -std=c++17 (test for excess errors)
FAIL: g++.dg/ext/pr84828.C -std=gnu++14 (internal compiler error)
FAIL: g++.dg/ext/pr84828.C -std=gnu++14 (test for excess errors)
FAIL: g++.dg/ext/pr84828.C -std=gnu++17 (internal compiler error)
FAIL: g++.dg/ext/pr84828.C -std=gnu++17 (test for excess errors)
FAIL: g++.dg/ext/pr84828.C -std=gnu++2a (internal compiler error)
FAIL: g++.dg/ext/pr84828.C -std=gnu++2a (test for excess errors)
FAIL: g++.dg/ext/pr84828.C -std=gnu++98 (internal compiler error)
FAIL: g++.dg/ext/pr84828.C -std=gnu++98 (test for excess errors)
FAIL: g++.dg/ipa/pr67056.C scan-ipa-dump cp "Speculative outer type:struct CompositeClass"
WARNING: g++.dg/template/crash111.C -std=c++2a (test for errors, line 3) program timed out.
FAIL: g++.dg/lto/pr65276 cp_lto_pr65276_0.o-cp_lto_pr65276_1.o link, -flto -O0 -std=c++11
FAIL: g++.dg/lto/pr89335 cp_lto_pr89335_0.o assemble, -O2 -flto -Wsuggest-final-methods
FAIL: g++.dg/modules/bad-mapper-2.C -std=c++17 (test for errors, line )
FAIL: g++.dg/modules/bad-mapper-2.C -std=c++17 (internal compiler error)
FAIL: g++.dg/modules/bad-mapper-2.C -std=c++17 (test for excess errors)
FAIL: g++.dg/modules/bad-mapper-2.C -std=c++2a (test for errors, line )
FAIL: g++.dg/modules/bad-mapper-2.C -std=c++2a (internal compiler error)
FAIL: g++.dg/modules/bad-mapper-2.C -std=c++2a (test for excess errors)
WARNING: ./local-1.H -O2 -g (test for excess errors) program timed out.
FAIL: ./local-1.H -O2 -g (test for excess errors)
WARNING: ./pr90326.H -O2 -g (test for excess errors) program timed out.
FAIL: ./pr90326.H -O2 -g (test for excess errors)
WARNING: g++.dg/torture/pr83718.C -O2 -flto (test for excess errors) program timed out.
FAIL: g++.dg/torture/pr83718.C -O2 -flto (test for excess errors)
=== g++ Summary for unix/-m32 ===
# of expected passes 196411
# of unexpected failures 35
# of expected failures 1018
# of unsupported tests 9303
Running target unix/-m64
FAIL: c-c++-common/asan/alloca_big_alignment.c -Os output pattern test
FAIL: c-c++-common/asan/alloca_detect_custom_size.c -Os output pattern test
FAIL: c-c++-common/asan/alloca_overflow_partial.c -Os output pattern test
FAIL: c-c++-common/asan/alloca_overflow_right.c -Os output pattern test
FAIL: c-c++-common/asan/alloca_underflow_left.c -Os output pattern test
FAIL: c-c++-common/asan/memcmp-1.c -O0 output pattern test
FAIL: c-c++-common/asan/memcmp-1.c -O1 output pattern test
FAIL: c-c++-common/asan/memcmp-1.c -O2 output pattern test
FAIL: c-c++-common/asan/memcmp-1.c -O2 -flto output pattern test
FAIL: c-c++-common/asan/memcmp-1.c -O2 -flto -flto-partition=none output pattern test
FAIL: c-c++-common/asan/memcmp-1.c -O3 -g output pattern test
FAIL: c-c++-common/asan/memcmp-1.c -Os output pattern test
FAIL: g++.dg/asan/pr69276.C -O0 output pattern test
WARNING: g++.dg/cpp0x/decltype52.C -std=c++17 (test for excess errors) program timed out.
FAIL: g++.dg/cpp0x/decltype52.C -std=c++17 (test for excess errors)
WARNING: g++.dg/ext/attrib3.C -std=gnu++17 (test for excess errors) program timed out.
FAIL: g++.dg/ext/attrib3.C -std=gnu++17 (test for excess errors)
FAIL: g++.dg/ipa/pr67056.C scan-ipa-dump cp "Speculative outer type:struct CompositeClass"
WARNING: g++.dg/tc1/dr188.C -std=c++14 (test for excess errors) program timed out.
FAIL: g++.dg/tc1/dr188.C -std=c++14 (test for excess errors)
WARNING: g++.dg/gomp/macro-2.C -std=c++98 (test for excess errors) program timed out.
FAIL: g++.dg/gomp/macro-2.C -std=c++98 (test for excess errors)
FAIL: g++.dg/lto/pr65276 cp_lto_pr65276_0.o-cp_lto_pr65276_1.o link, -flto -O0 -std=c++11
FAIL: g++.dg/lto/pr89335 cp_lto_pr89335_0.o assemble, -O2 -flto -Wsuggest-final-methods
FAIL: g++.dg/modules/bad-mapper-2.C -std=c++17 (test for errors, line )
FAIL: g++.dg/modules/bad-mapper-2.C -std=c++17 (internal compiler error)
FAIL: g++.dg/modules/bad-mapper-2.C -std=c++17 (test for excess errors)
FAIL: g++.dg/modules/bad-mapper-2.C -std=c++2a (test for errors, line )
FAIL: g++.dg/modules/bad-mapper-2.C -std=c++2a (internal compiler error)
FAIL: g++.dg/modules/bad-mapper-2.C -std=c++2a (test for excess errors)
WARNING: g++.dg/modules/enum-2_b.C -std=c++2a (test for excess errors) program timed out.
FAIL: g++.dg/modules/enum-2_b.C -std=c++2a (test for excess errors)
WARNING: g++.dg/modules/legacy-8_a.H -std=c++17 (test for excess errors) program timed out.
FAIL: g++.dg/modules/legacy-8_a.H -std=c++17 (test for excess errors)
WARNING: ./empty.H -g (test for excess errors) program timed out.
FAIL: ./empty.H -g (test for excess errors)
=== g++ Summary for unix/-m64 ===
# of expected passes 198681
# of unexpected failures 29
# of expected failures 1022
# of unsupported tests 9473
=== g++ Summary ===
# of expected passes 395092
# of unexpected failures 64
# of expected failures 2040
# of unsupported tests 18776
/scratch/10-10-yos/gcc-master/gcc/xg++ version 11.0.1 20210306 (experimental) [master revision r11-7538-g04e72ad31c61] (GCC)
=== gcc tests ===
Running target unix/-m32
FAIL: gcc.dg/analyzer/write-to-string-literal-1.c (test for warnings, line 15)
FAIL: c-c++-common/asan/alloca_big_alignment.c -Os output pattern test
FAIL: c-c++-common/asan/alloca_detect_custom_size.c -Os output pattern test
FAIL: c-c++-common/asan/alloca_overflow_partial.c -Os output pattern test
FAIL: c-c++-common/asan/alloca_overflow_right.c -Os output pattern test
FAIL: c-c++-common/asan/alloca_underflow_left.c -Os output pattern test
FAIL: c-c++-common/asan/memcmp-1.c -O0 output pattern test
FAIL: c-c++-common/asan/memcmp-1.c -O1 output pattern test
FAIL: c-c++-common/asan/memcmp-1.c -O2 output pattern test
FAIL: c-c++-common/asan/memcmp-1.c -O2 -flto output pattern test
FAIL: c-c++-common/asan/memcmp-1.c -O2 -flto -flto-partition=none output pattern test
FAIL: c-c++-common/asan/memcmp-1.c -O3 -g output pattern test
FAIL: c-c++-common/asan/memcmp-1.c -Os output pattern test
FAIL: c-c++-common/asan/strncpy-overflow-1.c -O0 output pattern test
FAIL: gcc.dg/debug/dwarf2/inline4.c scan-assembler DW_TAG_inlined_subroutine[^\\\\(]*\\\\([^\\\\)]*\\\\)[^\\\\(]*\\\\(DIE \\\\(0x[0-9a-f]*\\\\) DW_TAG_formal_parameter[^\\\\(]*\\\\(DIE \\\\(0x[0-9a-f]*\\\\) DW_TAG_variable
WARNING: gcc.dg/pr59920-1.c (test for excess errors) program timed out.
FAIL: gcc.dg/pr59920-1.c (test for excess errors)
FAIL: gcc.dg/stack-layout-dynamic-1.c (test for excess errors)
UNRESOLVED: gcc.dg/stack-layout-dynamic-1.c scan-assembler-not cfi_def_cfa_register
FAIL: c-c++-common/goacc/firstprivate-mappings-1.c scan-tree-dump omplower "(?n)#pragma omp target oacc_parallel map\\\\(from:array_so \\\\[len: 4\\\\]\\\\) firstprivate\\\\(array_li.[0-9]+\\\\) map\\\\(tofrom:\\\\(\\\\*array.[0-9]+\\\\) \\\\[len: D\\\\.[0-9]+\\\\]\\\\) map\\\\(firstprivate:array \\\\[pointer assign, bias: 0\\\\]\\\\) \\\\["
FAIL: gcc.dg/graphite/scop-19.c scan-tree-dump-times graphite "number of SCoPs: 0" 1
FAIL: gcc.dg/ipa/ipa-icf-38.c scan-ltrans-tree-dump-not optimized "Function bar"
FAIL: gcc-dg-lto-modref-3-01.exe scan-wpa-ipa-dump modref "parm 1 flags: nodirectescape"
FAIL: gcc-dg-lto-modref-4-01.exe scan-wpa-ipa-dump modref "parm 1 flags: nodirectescape"
FAIL: gcc.dg/lto/modref-3 c_lto_modref-3_0.o-c_lto_modref-3_1.o execute -O2 -flto-partition=max -fdump-ipa-modref -fno-ipa-sra -fno-ipa-cp -flto
FAIL: gcc.dg/lto/modref-4 c_lto_modref-4_0.o-c_lto_modref-4_1.o execute -O2 -flto-partition=max -fdump-ipa-modref -fno-ipa-sra -flto
WARNING: ./decl-5.h -O3 -g (test for excess errors) program timed out.
FAIL: ./decl-5.h -O3 -g (test for excess errors)
FAIL: gcc.dg/torture/builtin-self.c -O0 scan-assembler-not \\tcall
FAIL: gcc.dg/torture/ftrapv-1.c -O0 execution test
FAIL: gcc.dg/torture/ftrapv-1.c -O1 execution test
FAIL: gcc.dg/torture/ftrapv-1.c -O2 execution test
FAIL: gcc.dg/torture/ftrapv-1.c -O2 -flto execution test
FAIL: gcc.dg/torture/ftrapv-1.c -O2 -flto -flto-partition=none execution test
FAIL: gcc.dg/torture/ftrapv-1.c -O3 -fomit-frame-pointer -funroll-loops -fpeel-loops -ftracer -finline-functions execution test
FAIL: gcc.dg/torture/ftrapv-1.c -O3 -g execution test
FAIL: gcc.dg/torture/ftrapv-1.c -Os execution test
FAIL: gcc.dg/torture/ftrapv-2.c -O0 execution test
FAIL: gcc.dg/torture/ftrapv-2.c -O1 execution test
FAIL: gcc.dg/torture/ftrapv-2.c -O2 execution test
FAIL: gcc.dg/torture/ftrapv-2.c -O3 -fomit-frame-pointer -funroll-loops -fpeel-loops -ftracer -finline-functions execution test
FAIL: gcc.dg/torture/ftrapv-2.c -O3 -g execution test
FAIL: gcc.dg/torture/ftrapv-2.c -Os execution test
FAIL: gcc.dg/torture/pr71522.c -O1 execution test
FAIL: gcc.dg/torture/pr71522.c -O2 execution test
FAIL: gcc.dg/torture/pr71522.c -O2 -flto execution test
FAIL: gcc.dg/torture/pr71522.c -O2 -flto -flto-partition=none execution test
FAIL: gcc.dg/torture/pr71522.c -O3 -g execution test
FAIL: gcc.dg/torture/pr71522.c -Os execution test
FAIL: gcc.dg/tree-ssa/scev-3.c scan-tree-dump-times ivopts "&a" 1
FAIL: gcc.dg/tree-ssa/scev-5.c scan-tree-dump-times ivopts "&a" 1
XPASS: gcc.dg/vect/vect-reduc-in-order-1.c -flto -ffat-lto-objects execution test
XPASS: gcc.dg/vect/vect-reduc-in-order-1.c execution test
XPASS: gcc.dg/vect/vect-reduc-in-order-2.c -flto -ffat-lto-objects execution test
XPASS: gcc.dg/vect/vect-reduc-in-order-2.c execution test
XPASS: gcc.dg/vect/vect-reduc-in-order-3.c -flto -ffat-lto-objects execution test
XPASS: gcc.dg/vect/vect-reduc-in-order-3.c execution test
XPASS: gcc.dg/vect/vect-reduc-in-order-4.c -flto -ffat-lto-objects execution test
XPASS: gcc.dg/vect/vect-reduc-in-order-4.c execution test
FAIL: outputs-25 exe savetmp named2-4: outputs.args.3
FAIL: outputs-25 exe savetmp named2-4: std out
FAIL: gcc.target/i386/avx2-shiftqihi-constant-2.c (test for excess errors)
UNRESOLVED: gcc.target/i386/avx2-shiftqihi-constant-2.c compilation failed to produce executable
FAIL: gcc.target/i386/pad-3.c scan-assembler-not nop
FAIL: gcc.target/i386/pr15184-1.c scan-assembler-times movb[ \\\\t]+%al 4
FAIL: gcc.target/i386/pr15184-2.c scan-assembler-times movb[ \\\\t]+%al 2
FAIL: gcc.target/i386/pr36502.c scan-assembler-not esp
FAIL: gcc.target/i386/pr54855-3.c scan-assembler-not movsd
FAIL: gcc.target/i386/pr54855-7.c scan-assembler-not movss
FAIL: gcc.target/i386/pr66334.c scan-assembler movl[ \\\\t].+, %ebx
FAIL: gcc.target/i386/pr71245-1.c scan-assembler-not (fistp|fild)
FAIL: gcc.target/i386/pr71245-2.c scan-assembler-not movlps
FAIL: gcc.target/i386/pr71321.c scan-assembler-not lea.*0
FAIL: gcc.target/i386/pr78035.c scan-assembler-times cmp 2
FAIL: gcc.target/i386/pr80569.c (test for excess errors)
FAIL: gcc.target/i386/pr81736-5.c scan-assembler-not %[re]bp
XPASS: gcc.target/i386/pr84101.c scan-tree-dump-not slp2 "optimized: basic block"
FAIL: gcc.target/i386/pr84278.c scan-assembler-not \\\\(%.sp\\\\)
FAIL: gcc.target/i386/pr85667-6.c scan-assembler-times flds[^\\n\\r]* 1
FAIL: gcc.target/i386/pr92651.c scan-assembler-times sub 2
FAIL: gcc.target/i386/pr97873-1.c scan-assembler pabsq
FAIL: gcc.target/i386/ret-thunk-22.c scan-assembler call[ \\\\t]*___x86.get_pc_thunk.cx
FAIL: gcc.target/i386/ret-thunk-23.c scan-assembler call[ \\\\t]*___x86.get_pc_thunk.cx
FAIL: gcc.target/i386/ret-thunk-24.c scan-assembler call[ \\\\t]*___x86.get_pc_thunk.cx
FAIL: gcc.target/i386/vect8-ret.c scan-assembler-times movq 1
=== gcc Summary for unix/-m32 ===
# of expected passes 149007
# of unexpected failures 72
# of unexpected successes 9
# of expected failures 857
# of unresolved testcases 2
# of unsupported tests 4918
Running target unix/-m64
WARNING: gcc.c-torture/compile/simd-5.c -O2 -flto (test for excess errors) program timed out.
FAIL: gcc.c-torture/compile/simd-5.c -O2 -flto (test for excess errors)
WARNING: gcc.c-torture/execute/20080719-1.c -O2 (test for excess errors) program timed out.
FAIL: gcc.c-torture/execute/20080719-1.c -O2 (test for excess errors)
FAIL: gcc.dg/analyzer/write-to-string-literal-1.c (test for warnings, line 15)
FAIL: c-c++-common/asan/alloca_big_alignment.c -Os output pattern test
FAIL: c-c++-common/asan/alloca_detect_custom_size.c -Os output pattern test
FAIL: c-c++-common/asan/alloca_overflow_partial.c -Os output pattern test
FAIL: c-c++-common/asan/alloca_overflow_right.c -Os output pattern test
FAIL: c-c++-common/asan/alloca_underflow_left.c -Os output pattern test
FAIL: c-c++-common/asan/memcmp-1.c -O0 output pattern test
FAIL: c-c++-common/asan/memcmp-1.c -O1 output pattern test
FAIL: c-c++-common/asan/memcmp-1.c -O2 output pattern test
FAIL: c-c++-common/asan/memcmp-1.c -O2 -flto output pattern test
FAIL: c-c++-common/asan/memcmp-1.c -O2 -flto -flto-partition=none output pattern test
FAIL: c-c++-common/asan/memcmp-1.c -O3 -g output pattern test
FAIL: c-c++-common/asan/memcmp-1.c -Os output pattern test
FAIL: c-c++-common/asan/strncpy-overflow-1.c -O0 execution test
FAIL: gcc.dg/debug/dwarf2/inline4.c scan-assembler DW_TAG_inlined_subroutine[^\\\\(]*\\\\([^\\\\)]*\\\\)[^\\\\(]*\\\\(DIE \\\\(0x[0-9a-f]*\\\\) DW_TAG_formal_parameter[^\\\\(]*\\\\(DIE \\\\(0x[0-9a-f]*\\\\) DW_TAG_variable
FAIL: gcc.dg/stack-layout-dynamic-1.c (test for excess errors)
UNRESOLVED: gcc.dg/stack-layout-dynamic-1.c scan-assembler-not cfi_def_cfa_register
FAIL: gcc.dg/strlenopt-82.c scan-tree-dump-times optimized "call_in_true_branch_not_eliminated_" 0
FAIL: gcc.dg/graphite/scop-19.c scan-tree-dump-times graphite "number of SCoPs: 0" 1
FAIL: gcc.dg/ipa/ipa-icf-38.c scan-ltrans-tree-dump-not optimized "Function bar"
FAIL: gcc-dg-lto-modref-3-01.exe scan-wpa-ipa-dump modref "parm 1 flags: nodirectescape"
FAIL: gcc-dg-lto-modref-4-01.exe scan-wpa-ipa-dump modref "parm 1 flags: nodirectescape"
FAIL: gcc.dg/lto/modref-3 c_lto_modref-3_0.o-c_lto_modref-3_1.o execute -O2 -flto-partition=max -fdump-ipa-modref -fno-ipa-sra -fno-ipa-cp -flto
FAIL: gcc.dg/lto/modref-4 c_lto_modref-4_0.o-c_lto_modref-4_1.o execute -O2 -flto-partition=max -fdump-ipa-modref -fno-ipa-sra -flto
WARNING: ./empty.h -O0 (test for excess errors) program timed out.
FAIL: ./empty.h -O0 (test for excess errors)
WARNING: ./static-2.h -O0 -g (test for excess errors) program timed out.
FAIL: ./static-2.h -O0 -g (test for excess errors)
WARNING: gcc.dg/torture/fp-int-convert-float128x.c -Os program timed out.
FAIL: gcc.dg/torture/ftrapv-1.c -O0 execution test
FAIL: gcc.dg/torture/ftrapv-1.c -O1 execution test
FAIL: gcc.dg/torture/ftrapv-1.c -O2 execution test
FAIL: gcc.dg/torture/ftrapv-1.c -O2 -flto execution test
FAIL: gcc.dg/torture/ftrapv-1.c -O2 -flto -flto-partition=none execution test
FAIL: gcc.dg/torture/ftrapv-1.c -O3 -fomit-frame-pointer -funroll-loops -fpeel-loops -ftracer -finline-functions execution test
FAIL: gcc.dg/torture/ftrapv-1.c -O3 -g execution test
FAIL: gcc.dg/torture/ftrapv-1.c -Os execution test
FAIL: gcc.dg/torture/ftrapv-2.c -O0 execution test
FAIL: gcc.dg/torture/ftrapv-2.c -O1 execution test
FAIL: gcc.dg/torture/ftrapv-2.c -O2 execution test
FAIL: gcc.dg/torture/ftrapv-2.c -O3 -fomit-frame-pointer -funroll-loops -fpeel-loops -ftracer -finline-functions execution test
FAIL: gcc.dg/torture/ftrapv-2.c -O3 -g execution test
FAIL: gcc.dg/torture/ftrapv-2.c -Os execution test
XPASS: gcc.dg/tree-ssa/pr91091-2.c scan-tree-dump-times fre1 " = [^;]*x;" 1
XPASS: gcc.dg/tree-ssa/pr91091-2.c scan-tree-dump-times fre1 "x = " 1
XPASS: gcc.dg/tree-ssa/ssa-fre-77.c scan-tree-dump fre1 "return 1;"
WARNING: gcc.dg/vect/bb-slp-2.c -flto -ffat-lto-objects (test for excess errors) program timed out.
FAIL: gcc.dg/vect/bb-slp-2.c -flto -ffat-lto-objects (test for excess errors)
FAIL: outputs-25 exe savetmp named2-4: outputs.args.3
FAIL: outputs-25 exe savetmp named2-4: std out
FAIL: gcc.target/i386/avx2-shiftqihi-constant-2.c (test for excess errors)
UNRESOLVED: gcc.target/i386/avx2-shiftqihi-constant-2.c compilation failed to produce executable
FAIL: gcc.target/i386/avx512bw-pr88465.c scan-assembler-times kxnor[dq][ \\t] 2
FAIL: gcc.target/i386/avx512dq-pr88465.c scan-assembler-times kxnorb[ \\t] 1
FAIL: gcc.target/i386/avx512f-pr88465.c scan-assembler-times kxnorw[ \\t] 1
FAIL: gcc.target/i386/pr34256.c scan-assembler-times mov 5
FAIL: gcc.target/i386/pr71321.c scan-assembler-not lea.*0
FAIL: gcc.target/i386/pr78035.c scan-assembler-times cmp 2
FAIL: gcc.target/i386/pr80569.c (test for excess errors)
FAIL: gcc.target/i386/pr92651.c scan-assembler-times sub 2
FAIL: gcc.target/i386/pr94650.c scan-assembler-not movabs
FAIL: gcc.target/i386/pr94650.c scan-assembler-times shr 3
FAIL: gcc.target/i386/stackalign/pr88483-1.c -mno-stackrealign scan-assembler-not and[lq]?[^\\\\n]*-[0-9]+,[^\\\\n]*sp
FAIL: gcc.target/i386/stackalign/pr88483-1.c -mstackrealign scan-assembler-not and[lq]?[^\\\\n]*-[0-9]+,[^\\\\n]*sp
FAIL: gcc.target/i386/stackalign/pr88483-2.c -mno-stackrealign scan-assembler-not (sub|add)(l|q)[\\\\t ]*\\\\\$[0-9]*,[\\\\t ]*%[re]?sp
FAIL: gcc.target/i386/stackalign/pr88483-2.c -mno-stackrealign scan-assembler-not and[lq]?[^\\\\n]*-[0-9]+,[^\\\\n]*sp
FAIL: gcc.target/i386/stackalign/pr88483-2.c -mstackrealign scan-assembler-not (sub|add)(l|q)[\\\\t ]*\\\\\$[0-9]*,[\\\\t ]*%[re]?sp
FAIL: gcc.target/i386/stackalign/pr88483-2.c -mstackrealign scan-assembler-not and[lq]?[^\\\\n]*-[0-9]+,[^\\\\n]*sp
=== gcc Summary for unix/-m64 ===
# of expected passes 151520
# of unexpected failures 61
# of unexpected successes 3
# of expected failures 871
# of unresolved testcases 2
# of unsupported tests 4495
=== gcc Summary ===
# of expected passes 300527
# of unexpected failures 133
# of unexpected successes 12
# of expected failures 1728
# of unresolved testcases 4
# of unsupported tests 9413
/scratch/10-10-yos/gcc-master/gcc/xgcc version 11.0.1 20210306 (experimental) [master revision r11-7538-g04e72ad31c61] (GCC)
=== gdc tests ===
Running target unix/-m32
WARNING: gdc.test/compilable/test16083.d (test for excess errors) program timed out.
=== gdc Summary for unix/-m32 ===
# of expected passes 3708
# of unsupported tests 1075
Running target unix/-m64
=== gdc Summary for unix/-m64 ===
# of expected passes 3708
# of unsupported tests 1075
=== gdc Summary ===
# of expected passes 7416
# of unsupported tests 2150
/scratch/10-10-yos/gcc-master/gcc/gdc version 11.0.1 20210306 (experimental) [master revision r11-7538-g04e72ad31c61] (GCC)
=== gfortran tests ===
Running target unix/-m32
FAIL: gfortran.dg/class_assign_4.f90 -O0 execution test
FAIL: gfortran.dg/class_assign_4.f90 -O1 execution test
FAIL: gfortran.dg/class_assign_4.f90 -O2 execution test
FAIL: gfortran.dg/class_assign_4.f90 -O3 -fomit-frame-pointer -funroll-loops -fpeel-loops -ftracer -finline-functions execution test
FAIL: gfortran.dg/class_assign_4.f90 -O3 -g execution test
FAIL: gfortran.dg/class_assign_4.f90 -Os execution test
WARNING: gfortran.dg/norm2_1.f90 -Os (test for excess errors) program timed out.
FAIL: gfortran.dg/norm2_1.f90 -Os (test for excess errors)
=== gfortran Summary for unix/-m32 ===
# of expected passes 56184
# of unexpected failures 7
# of expected failures 234
# of unsupported tests 197
Running target unix/-m64
FAIL: gfortran.dg/class_assign_4.f90 -O0 execution test
FAIL: gfortran.dg/class_assign_4.f90 -O1 execution test
FAIL: gfortran.dg/class_assign_4.f90 -O2 execution test
FAIL: gfortran.dg/class_assign_4.f90 -O3 -fomit-frame-pointer -funroll-loops -fpeel-loops -ftracer -finline-functions execution test
FAIL: gfortran.dg/class_assign_4.f90 -O3 -g execution test
FAIL: gfortran.dg/class_assign_4.f90 -Os execution test
WARNING: gfortran.dg/exponent_1.f90 -O3 -g (test for excess errors) program timed out.
FAIL: gfortran.dg/exponent_1.f90 -O3 -g (test for excess errors)
WARNING: gfortran.dg/namelist_17.f90 -O1 (test for excess errors) program timed out.
FAIL: gfortran.dg/namelist_17.f90 -O1 (test for excess errors)
=== gfortran Summary for unix/-m64 ===
# of expected passes 56432
# of unexpected failures 8
# of expected failures 232
# of unsupported tests 82
=== gfortran Summary ===
# of expected passes 112616
# of unexpected failures 15
# of expected failures 466
# of unsupported tests 279
/scratch/10-10-yos/gcc-master/gcc/gfortran version 11.0.1 20210306 (experimental) [master revision r11-7538-g04e72ad31c61] (GCC)
=== gnat tests ===
Running target unix/-m32
FAIL: gnat.dg/bias1.adb scan-assembler DW_AT_GNU_bias
FAIL: gnat.dg/loop_optimization3.adb (test for excess errors)
UNRESOLVED: gnat.dg/loop_optimization3.adb compilation failed to produce executable
FAIL: gnat.dg/opt30.adb (test for excess errors)
UNRESOLVED: gnat.dg/opt30.adb compilation failed to produce executable
FAIL: gnat.dg/opt49.adb (test for excess errors)
UNRESOLVED: gnat.dg/opt49.adb compilation failed to produce executable
FAIL: gnat.dg/opt50.adb execution test
=== gnat Summary for unix/-m32 ===
# of expected passes 3326
# of unexpected failures 5
# of expected failures 23
# of unresolved testcases 3
# of unsupported tests 13
Running target unix/-m64
FAIL: gnat.dg/bias1.adb scan-assembler DW_AT_GNU_bias
=== gnat Summary for unix/-m64 ===
# of expected passes 3331
# of unexpected failures 1
# of expected failures 23
# of unsupported tests 13
=== gnat Summary ===
# of expected passes 6657
# of unexpected failures 6
# of expected failures 46
# of unresolved testcases 3
# of unsupported tests 26
/scratch/10-10-yos/gcc-master/gcc/gnatmake version 11.0.1 20210306 (experimental) [master revision r11-7538-g04e72ad31c61]
=== obj-c++ tests ===
Running target unix/-m64
=== obj-c++ Summary for unix/-m64 ===
# of expected passes 3153
# of expected failures 22
# of unsupported tests 68
Running target unix/-m32
=== obj-c++ Summary for unix/-m32 ===
# of expected passes 3191
# of expected failures 4
# of unsupported tests 64
=== obj-c++ Summary ===
# of expected passes 6344
# of expected failures 26
# of unsupported tests 132
/scratch/10-10-yos/gcc-master/gcc/xg++ version 11.0.1 20210306 (experimental) [master revision r11-7538-g04e72ad31c61] (GCC)
=== objc tests ===
Running target unix/-m32
=== objc Summary for unix/-m32 ===
# of expected passes 5729
# of expected failures 7
# of unsupported tests 81
Running target unix/-m64
=== objc Summary for unix/-m64 ===
# of expected passes 5701
# of expected failures 13
# of unsupported tests 86
=== objc Summary ===
# of expected passes 11430
# of expected failures 20
# of unsupported tests 167
/scratch/10-10-yos/gcc-master/gcc/xgcc version 11.0.1 20210306 (experimental) [master revision r11-7538-g04e72ad31c61] (GCC)
=== libatomic tests ===
Running target unix/-m64
=== libatomic Summary for unix/-m64 ===
# of expected passes 54
Running target unix/-m32
=== libatomic Summary for unix/-m32 ===
# of expected passes 44
# of unsupported tests 5
=== libatomic Summary ===
# of expected passes 98
# of unsupported tests 5
=== libgomp tests ===
Running target unix/-m64
FAIL: libgomp.fortran/alloc-3.F -O execution test
=== libgomp Summary for unix/-m64 ===
# of expected passes 8256
# of unexpected failures 1
# of expected failures 6
# of unsupported tests 611
Running target unix/-m32
WARNING: program timed out
FAIL: libgomp.c/../libgomp.c-c++-common/allocate-1.c (test for excess errors)
=== libgomp Summary for unix/-m32 ===
# of expected passes 8255
# of unexpected failures 1
# of expected failures 6
# of unsupported tests 612
=== libgomp Summary ===
# of expected passes 16511
# of unexpected failures 2
# of expected failures 12
# of unsupported tests 1223
=== libitm tests ===
Running target unix/-m64
=== libitm Summary for unix/-m64 ===
# of expected passes 40
# of expected failures 3
# of unsupported tests 2
Running target unix/-m32
=== libitm Summary for unix/-m32 ===
# of expected passes 40
# of expected failures 3
# of unsupported tests 2
=== libitm Summary ===
# of expected passes 80
# of expected failures 6
# of unsupported tests 4
=== libstdc++ tests ===
Running target unix/-m32
WARNING: 30_threads/future/members/93456.cc execution test program timed out.
FAIL: 30_threads/future/members/93456.cc execution test
FAIL: 30_threads/future/members/poll.cc execution test
=== libstdc++ Summary for unix/-m32 ===
# of expected passes 13744
# of unexpected failures 2
# of expected failures 105
# of unsupported tests 761
Running target unix/-m64
FAIL: 20_util/to_chars/long_double.cc execution test
WARNING: 30_threads/condition_variable/54185.cc execution test program timed out.
FAIL: 30_threads/condition_variable/54185.cc execution test
FAIL: 30_threads/future/members/poll.cc execution test
=== libstdc++ Summary for unix/-m64 ===
# of expected passes 13738
# of unexpected failures 3
# of expected failures 104
# of unsupported tests 764
=== libstdc++ Summary ===
# of expected passes 27482
# of unexpected failures 5
# of expected failures 209
# of unsupported tests 1525
Compiler version: 11.0.1 20210306 (experimental) [master revision r11-7538-g04e72ad31c61] (GCC)
Platform: x86_64-apple-darwin14
configure flags: --prefix=/opt/iains/x86_64-apple-darwin14/gcc-11-0-1 --target=x86_64-apple-darwin14 --host=x86_64-apple-darwin14 --build=x86_64-apple-darwin14 --with-sysroot=/Library/Developer/CommandLineTools/SDKs/MacOSX.sdk --enable-languages=all CC=x86_64-apple-darwin14-gcc CXX=x86_64-apple-darwin14-g++
More information about the Gcc-testresults
mailing list