Results for 11.0.1 20210227 (experimental) [master revision r11-7425-g06a9f20f97e7] (GCC) testsuite on powerpc-apple-darwin9
Iain Sandoe
iains.gcc@gmail.com
Mon Mar 1 08:42:52 GMT 2021
LAST_UPDATED: Sat Feb 27 00:18:41 UTC 2021 (revision r11-7425-g06a9f20f97e7)
=== acats tests ===
=== acats Summary ===
# of expected passes 2328
# of unexpected failures 0
Native configuration is powerpc-apple-darwin9
=== g++ tests ===
Running target unix/-m32
FAIL: g++.dg/ipa/pr67056.C scan-ipa-dump cp "Speculative outer type:struct CompositeClass"
FAIL: g++.dg/warn/Wsizeof-array-div1.C -std=gnu++14 (test for warnings, line 21)
FAIL: g++.dg/warn/Wsizeof-array-div1.C -std=gnu++17 (test for warnings, line 21)
FAIL: g++.dg/warn/Wsizeof-array-div1.C -std=gnu++2a (test for warnings, line 21)
FAIL: g++.dg/lto/pr65276 cp_lto_pr65276_0.o-cp_lto_pr65276_1.o link, -flto -O0 -std=c++11
FAIL: g++.dg/lto/pr89335 cp_lto_pr89335_0.o assemble, -O2 -flto -Wsuggest-final-methods
FAIL: g++.dg/modules/bad-mapper-1.C -std=c++17 (test for errors, line )
FAIL: g++.dg/modules/bad-mapper-1.C -std=c++17 (test for excess errors)
FAIL: g++.dg/modules/bad-mapper-1.C -std=c++2a (test for errors, line )
FAIL: g++.dg/modules/bad-mapper-1.C -std=c++2a (test for excess errors)
FAIL: g++.dg/tls/thread_local-order2.C -std=c++14 execution test
FAIL: g++.dg/tls/thread_local-order2.C -std=c++17 execution test
FAIL: g++.dg/tls/thread_local-order2.C -std=c++2a execution test
=== g++ Summary for unix/-m32 ===
# of expected passes 191336
# of unexpected failures 13
# of expected failures 1008
# of unsupported tests 9327
Running target unix/-m64
XPASS: g++.dg/ext/sync-4.C -std=gnu++14 execution test
XPASS: g++.dg/ext/sync-4.C -std=gnu++17 execution test
XPASS: g++.dg/ext/sync-4.C -std=gnu++2a execution test
XPASS: g++.dg/ext/sync-4.C -std=gnu++98 execution test
FAIL: g++.dg/ipa/pr67056.C scan-ipa-dump cp "Speculative outer type:struct CompositeClass"
FAIL: g++.dg/lto/pr65276 cp_lto_pr65276_0.o-cp_lto_pr65276_1.o link, -flto -O0 -std=c++11
FAIL: g++.dg/lto/pr89335 cp_lto_pr89335_0.o assemble, -O2 -flto -Wsuggest-final-methods
FAIL: g++.dg/modules/bad-mapper-1.C -std=c++17 (test for errors, line )
FAIL: g++.dg/modules/bad-mapper-1.C -std=c++17 (test for excess errors)
FAIL: g++.dg/modules/bad-mapper-1.C -std=c++2a (test for errors, line )
FAIL: g++.dg/modules/bad-mapper-1.C -std=c++2a (test for excess errors)
FAIL: g++.dg/tls/thread_local-order2.C -std=c++14 execution test
FAIL: g++.dg/tls/thread_local-order2.C -std=c++17 execution test
FAIL: g++.dg/tls/thread_local-order2.C -std=c++2a execution test
=== g++ Summary for unix/-m64 ===
# of expected passes 194028
# of unexpected failures 10
# of unexpected successes 4
# of expected failures 1008
# of unsupported tests 9232
=== g++ Summary ===
# of expected passes 385364
# of unexpected failures 23
# of unexpected successes 4
# of expected failures 2016
# of unsupported tests 18559
/scratch/10-5-leo/gcc-master/gcc/testsuite/g++/../../xg++ version 11.0.1 20210227 (experimental) [master revision r11-7425-g06a9f20f97e7] (GCC)
=== gcc tests ===
Running target unix/-m32
FAIL: gcc.c-torture/execute/20141107-1.c -O0 execution test
FAIL: gcc.c-torture/execute/20141107-1.c -O1 (internal compiler error)
FAIL: gcc.c-torture/execute/20141107-1.c -O1 (test for excess errors)
UNRESOLVED: gcc.c-torture/execute/20141107-1.c -O1 compilation failed to produce executable
FAIL: gcc.c-torture/execute/20141107-1.c -O2 (internal compiler error)
FAIL: gcc.c-torture/execute/20141107-1.c -O2 (test for excess errors)
UNRESOLVED: gcc.c-torture/execute/20141107-1.c -O2 compilation failed to produce executable
FAIL: gcc.c-torture/execute/20141107-1.c -O2 -flto (internal compiler error)
FAIL: gcc.c-torture/execute/20141107-1.c -O2 -flto (test for excess errors)
UNRESOLVED: gcc.c-torture/execute/20141107-1.c -O2 -flto compilation failed to produce executable
FAIL: gcc.c-torture/execute/20141107-1.c -O2 -flto -flto-partition=none (internal compiler error)
FAIL: gcc.c-torture/execute/20141107-1.c -O2 -flto -flto-partition=none (test for excess errors)
UNRESOLVED: gcc.c-torture/execute/20141107-1.c -O2 -flto -flto-partition=none compilation failed to produce executable
FAIL: gcc.c-torture/execute/20141107-1.c -O3 -g (internal compiler error)
FAIL: gcc.c-torture/execute/20141107-1.c -O3 -g (test for excess errors)
UNRESOLVED: gcc.c-torture/execute/20141107-1.c -O3 -g compilation failed to produce executable
FAIL: gcc.c-torture/execute/20141107-1.c -Os (internal compiler error)
FAIL: gcc.c-torture/execute/20141107-1.c -Os (test for excess errors)
UNRESOLVED: gcc.c-torture/execute/20141107-1.c -Os compilation failed to produce executable
FAIL: gcc.dg/analyzer/dot-output.c dg-check-dot dot-output.c.state-purge.dot
FAIL: gcc.dg/analyzer/strndup-1.c (test for excess errors)
FAIL: gcc.dg/debug/dwarf2/inline4.c scan-assembler DW_TAG_inlined_subroutine[^\\\\(]*\\\\([^\\\\)]*\\\\)[^\\\\(]*\\\\(DIE \\\\(0x[0-9a-f]*\\\\) DW_TAG_formal_parameter[^\\\\(]*\\\\(DIE \\\\(0x[0-9a-f]*\\\\) DW_TAG_variable
FAIL: gcc.dg/debug/dwarf2/inline5.c scan-assembler-not \\\\(DIE \\\\(0x([0-9a-f]*)\\\\) DW_TAG_lexical_block\\\\)[^#/!@;\\\\|]*[#/!@;\\\\|]+ +[^(].*DW_TAG_lexical_block\\\\)[^#/!@;\\\\|x]*x\\\\1[^#/!@;\\\\|]*[#/!@;\\\\|] +DW_AT_abstract_origin
FAIL: gcc.dg/debug/dwarf2/inline5.c scan-assembler-times DW_TAG_lexical_block\\\\)[^#/!@;\\\\|]*[#/!@;\\\\|]+ +[^#/!@\\\\|]*\\\\(DIE \\\\(0x[0-9a-f]*\\\\) DW_TAG_variable 1
FAIL: gcc.dg/debug/dwarf2/pr53948.c scan-assembler .loc 1 8 [0-9]|[#/!][ \\t]+line 8
FAIL: gcc.dg/Wstringop-overflow-25.c pr92814 (test for warnings, line 378)
XPASS: gcc.dg/Wstringop-overflow-43.c pr????? (test for warnings, line 172)
FAIL: gcc.dg/atomic-flag.c execution test
FAIL: gcc.dg/builtin-apply4.c execution test
FAIL: gcc.dg/cdce3.c scan-tree-dump cdce "cdce3.c:11: [^\\n\\r]* function call is shrink-wrapped into error conditions."
FAIL: gcc.dg/gimplefe-28.c (internal compiler error)
FAIL: gcc.dg/gimplefe-28.c (test for excess errors)
WARNING: gcc.dg/long_branch.c (test for excess errors) program timed out.
FAIL: gcc.dg/long_branch.c (test for excess errors)
UNRESOLVED: gcc.dg/long_branch.c compilation failed to produce executable
FAIL: gcc.dg/pow-sqrt-synth-1.c scan-tree-dump-times sincos "synthesizing" 7
FAIL: gcc.dg/pr56228.c (test for excess errors)
FAIL: gcc.dg/pr56837.c scan-tree-dump-times optimized "memset ..b, 1, 1024.;" 1
FAIL: gcc.dg/sinatan-1.c execution test
FAIL: gcc.dg/store_merging_9.c scan-tree-dump-times store-merging "Merging successful" 2
FAIL: gcc.dg/strlenopt-73.c scan-tree-dump-times optimized "_not_eliminated_" 0
FAIL: gcc.dg/strlenopt-73.c scan-tree-dump-times optimized "strlen" 0
FAIL: gcc.dg/strlenopt-80.c scan-tree-dump-times optimized "failure_on_line \\\\(" 0
FAIL: c-c++-common/goacc/firstprivate-mappings-1.c scan-tree-dump omplower "(?n)#pragma omp target oacc_parallel map\\\\(from:array_so \\\\[len: 4\\\\]\\\\) firstprivate\\\\(array_li.[0-9]+\\\\) map\\\\(tofrom:\\\\(\\\\*array.[0-9]+\\\\) \\\\[len: D\\\\.[0-9]+\\\\]\\\\) map\\\\(firstprivate:array \\\\[pointer assign, bias: 0\\\\]\\\\) \\\\["
XPASS: gcc.dg/graphite/pr69728.c scan-tree-dump graphite "loop nest optimized"
FAIL: gcc.dg/graphite/scop-19.c scan-tree-dump-times graphite "number of SCoPs: 0" 1
FAIL: gcc.dg/ipa/ipa-icf-38.c scan-ltrans-tree-dump-not optimized "Function bar"
FAIL: gcc-dg-lto-modref-3-01.exe scan-wpa-ipa-dump modref "parm 1 flags: nodirectescape"
FAIL: gcc-dg-lto-modref-4-01.exe scan-wpa-ipa-dump modref "parm 1 flags: nodirectescape"
FAIL: gcc.dg/lto/modref-3 c_lto_modref-3_0.o-c_lto_modref-3_1.o execute -O2 -flto-partition=max -fdump-ipa-modref -fno-ipa-sra -fno-ipa-cp -flto
FAIL: gcc.dg/lto/modref-4 c_lto_modref-4_0.o-c_lto_modref-4_1.o execute -O2 -flto-partition=max -fdump-ipa-modref -fno-ipa-sra -flto
FAIL: gcc.dg/lto/pr94157 c_lto_pr94157_0.o assemble, -O0 -fipa-vrp -flto -Wa,--noexecstack -Wa,--noexecstack -Wa,--execstack -Wa,--execstack -Wa,--execstack -Wa,--execstack -Wa,--execstack -Wa,--execstack -Wa,--execstack -Wa,--execstack -Wa,--execstack -Wa,--execstack -Wa,--execstack -Wa,--execstack -Wa,--execstack -Wa,--execstack
UNRESOLVED: gcc.dg/lto/pr94157 c_lto_pr94157_0.o-c_lto_pr94157_0.o execute -O0 -fipa-vrp -flto -Wa,--noexecstack -Wa,--noexecstack -Wa,--execstack -Wa,--execstack -Wa,--execstack -Wa,--execstack -Wa,--execstack -Wa,--execstack -Wa,--execstack -Wa,--execstack -Wa,--execstack -Wa,--execstack -Wa,--execstack -Wa,--execstack -Wa,--execstack -Wa,--execstack
UNRESOLVED: gcc.dg/lto/pr94157 c_lto_pr94157_0.o-c_lto_pr94157_0.o link -O0 -fipa-vrp -flto -Wa,--noexecstack -Wa,--noexecstack -Wa,--execstack -Wa,--execstack -Wa,--execstack -Wa,--execstack -Wa,--execstack -Wa,--execstack -Wa,--execstack -Wa,--execstack -Wa,--execstack -Wa,--execstack -Wa,--execstack -Wa,--execstack -Wa,--execstack -Wa,--execstack
FAIL: gcc.dg/torture/pr52451.c -O0 execution test
FAIL: gcc.dg/torture/pr52451.c -O1 execution test
FAIL: gcc.dg/torture/pr52451.c -O2 execution test
FAIL: gcc.dg/torture/pr52451.c -O2 -flto execution test
FAIL: gcc.dg/torture/pr52451.c -O2 -flto -flto-partition=none execution test
FAIL: gcc.dg/torture/pr52451.c -O3 -g execution test
FAIL: gcc.dg/torture/pr52451.c -Os execution test
FAIL: gcc.dg/torture/pr71522.c -O1 execution test
FAIL: gcc.dg/torture/pr71522.c -O2 execution test
FAIL: gcc.dg/torture/pr71522.c -O2 -flto execution test
FAIL: gcc.dg/torture/pr71522.c -O2 -flto -flto-partition=none execution test
FAIL: gcc.dg/torture/pr71522.c -O3 -g execution test
FAIL: gcc.dg/torture/pr71522.c -Os execution test
FAIL: gcc.dg/torture/pr91323.c -O0 execution test
FAIL: gcc.dg/torture/pr91323.c -O1 execution test
FAIL: gcc.dg/torture/pr91323.c -O2 execution test
FAIL: gcc.dg/torture/pr91323.c -O2 -flto execution test
FAIL: gcc.dg/torture/pr91323.c -O2 -flto -flto-partition=none execution test
FAIL: gcc.dg/torture/pr91323.c -O3 -g execution test
FAIL: gcc.dg/torture/pr91323.c -Os execution test
FAIL: gcc.dg/torture/pr91445.c -O0 execution test
FAIL: gcc.dg/torture/pr91445.c -O1 execution test
FAIL: gcc.dg/torture/pr91445.c -O2 execution test
FAIL: gcc.dg/torture/pr91445.c -O2 -flto execution test
FAIL: gcc.dg/torture/pr91445.c -O2 -flto -flto-partition=none execution test
FAIL: gcc.dg/torture/pr91445.c -O3 -g execution test
FAIL: gcc.dg/torture/pr91445.c -Os execution test
FAIL: gcc.dg/torture/stackalign/builtin-apply-4.c -O0 execution test
FAIL: gcc.dg/torture/stackalign/builtin-apply-4.c -O0 -fpic execution test
FAIL: gcc.dg/torture/stackalign/builtin-apply-4.c -O1 execution test
FAIL: gcc.dg/torture/stackalign/builtin-apply-4.c -O1 -fpic execution test
FAIL: gcc.dg/torture/stackalign/builtin-apply-4.c -O2 execution test
FAIL: gcc.dg/torture/stackalign/builtin-apply-4.c -O2 -flto execution test
FAIL: gcc.dg/torture/stackalign/builtin-apply-4.c -O2 -flto -flto-partition=none execution test
FAIL: gcc.dg/torture/stackalign/builtin-apply-4.c -O2 -flto -flto-partition=none -fpic execution test
FAIL: gcc.dg/torture/stackalign/builtin-apply-4.c -O2 -flto -fpic execution test
FAIL: gcc.dg/torture/stackalign/builtin-apply-4.c -O2 -fpic execution test
FAIL: gcc.dg/torture/stackalign/builtin-apply-4.c -O3 -g execution test
FAIL: gcc.dg/torture/stackalign/builtin-apply-4.c -O3 -g -fpic execution test
FAIL: gcc.dg/torture/stackalign/builtin-apply-4.c -Os execution test
FAIL: gcc.dg/torture/stackalign/builtin-apply-4.c -Os -fpic execution test
XPASS: gcc.dg/tree-ssa/cunroll-15.c scan-tree-dump optimized "return 1;"
FAIL: gcc.dg/tree-ssa/sra-17.c scan-tree-dump-times esra "Removing load: a = \\\\*.?L.?C.?.?.?0;" 1
FAIL: gcc.dg/tree-ssa/sra-17.c scan-tree-dump-times esra "SR[.\$][0-9_]+ = \\\\*.?L.?C.?.?.?0\\\\[" 4
FAIL: gcc.dg/tree-ssa/sra-18.c scan-tree-dump-times esra "Removing load: a = \\\\*.?L.?C.?.?.?0;" 1
FAIL: gcc.dg/tree-ssa/sra-18.c scan-tree-dump-times esra "SR[.\$][0-9_]+ = \\\\*.?L.?C.?.?.?0\\\\.b\\\\[0\\\\]\\\\.f\\\\[0\\\\]\\\\.x" 1
FAIL: gcc.dg/tree-ssa/sra-18.c scan-tree-dump-times esra "SR[.\$][0-9_]+ = \\\\*.?L.?C.?.?.?0\\\\.b\\\\[0\\\\]\\\\.f\\\\[1\\\\]\\\\.x" 1
FAIL: gcc.dg/tree-ssa/sra-18.c scan-tree-dump-times esra "SR[.\$][0-9_]+ = \\\\*.?L.?C.?.?.?0\\\\.b\\\\[1\\\\]\\\\.f\\\\[0\\\\]\\\\.x" 1
FAIL: gcc.dg/tree-ssa/sra-18.c scan-tree-dump-times esra "SR[.\$][0-9_]+ = \\\\*.?L.?C.?.?.?0\\\\.b\\\\[1\\\\]\\\\.f\\\\[1\\\\]\\\\.x" 1
FAIL: gcc.dg/tree-ssa/ssa-fre-82.c execution test
FAIL: gcc.dg/tree-ssa/ssa-fre-82.c scan-tree-dump fre1 "Deleted redundant store"
FAIL: gcc.dg/vect/costmodel/ppc/costmodel-bb-slp-9a-pr63175.c scan-assembler-not \\tlwz?u?x?
FAIL: gcc.dg/vect/costmodel/ppc/costmodel-bb-slp-9a-pr63175.c scan-assembler-not \\tstwu?x?
FAIL: gcc.dg/vect/costmodel/ppc/costmodel-vect-31a.c scan-tree-dump-times vect "not vectorized: unsupported unaligned store" 1
FAIL: gcc.dg/vect/costmodel/ppc/costmodel-vect-76b.c scan-tree-dump-times vect "vectorization not profitable" 1
FAIL: gcc.dg/vect/costmodel/ppc/costmodel-vect-76b.c scan-tree-dump-times vect "vectorized 1 loops" 0
FAIL: gcc.dg/vect/no-tree-sra-bb-slp-pr50730.c scan-tree-dump-times slp2 "optimized: basic block" 1
FAIL: gcc.dg/vect/no-vfa-vect-depend-2.c scan-tree-dump-times vect "vectorized 1 loops" 1
FAIL: gcc.dg/vect/no-vfa-vect-depend-3.c scan-tree-dump-times vect "vectorized 1 loops" 4
FAIL: gcc.dg/vect/pr97428.c -flto -ffat-lto-objects scan-tree-dump vect "Detected interleaving load of size 8"
FAIL: gcc.dg/vect/pr97428.c -flto -ffat-lto-objects scan-tree-dump vect "Detected interleaving store of size 16"
FAIL: gcc.dg/vect/pr97428.c -flto -ffat-lto-objects scan-tree-dump-times vect "vectorizing stmts using SLP" 2
FAIL: gcc.dg/vect/pr97428.c scan-tree-dump vect "Detected interleaving load of size 8"
FAIL: gcc.dg/vect/pr97428.c scan-tree-dump vect "Detected interleaving store of size 16"
FAIL: gcc.dg/vect/pr97428.c scan-tree-dump-times vect "vectorizing stmts using SLP" 2
FAIL: gcc.dg/vect/section-anchors-vect-69.c scan-tree-dump-times vect "vectorized 4 loops" 1
FAIL: gcc.dg/vect/slp-21.c -flto -ffat-lto-objects scan-tree-dump-times vect "vectorizing stmts using SLP" 2
FAIL: gcc.dg/vect/slp-21.c scan-tree-dump-times vect "vectorizing stmts using SLP" 2
FAIL: gcc.dg/vect/slp-48.c -flto -ffat-lto-objects scan-tree-dump-times vect "vectorizing stmts using SLP" 2
FAIL: gcc.dg/vect/slp-48.c scan-tree-dump-times vect "vectorizing stmts using SLP" 2
FAIL: gcc.dg/vect/vect-31.c -flto -ffat-lto-objects scan-tree-dump-times vect "vectorized 4 loops" 1
FAIL: gcc.dg/vect/vect-31.c scan-tree-dump-times vect "vectorized 4 loops" 1
FAIL: gcc.dg/vect/vect-44.c -flto -ffat-lto-objects scan-tree-dump-times vect "Vectorizing an unaligned access" 3
FAIL: gcc.dg/vect/vect-44.c scan-tree-dump-times vect "Vectorizing an unaligned access" 3
FAIL: gcc.dg/vect/vect-50.c -flto -ffat-lto-objects scan-tree-dump-times vect "Vectorizing an unaligned access" 3
FAIL: gcc.dg/vect/vect-50.c scan-tree-dump-times vect "Vectorizing an unaligned access" 3
FAIL: gcc.dg/vect/vect-82.c -flto -ffat-lto-objects scan-tree-dump-times vect "vectorized 1 loops" 1
FAIL: gcc.dg/vect/vect-82.c scan-tree-dump-times vect "vectorized 1 loops" 1
FAIL: gcc.dg/vect/vect-82_64.c -flto -ffat-lto-objects scan-tree-dump-times vect "vectorized 1 loops" 1
FAIL: gcc.dg/vect/vect-82_64.c scan-tree-dump-times vect "vectorized 1 loops" 1
FAIL: gcc.dg/vect/vect-83.c -flto -ffat-lto-objects scan-tree-dump-times vect "vectorized 1 loops" 1
FAIL: gcc.dg/vect/vect-83.c scan-tree-dump-times vect "vectorized 1 loops" 1
FAIL: gcc.dg/vect/vect-83_64.c -flto -ffat-lto-objects scan-tree-dump-times vect "vectorized 1 loops" 1
FAIL: gcc.dg/vect/vect-83_64.c scan-tree-dump-times vect "vectorized 1 loops" 1
FAIL: gcc.dg/vect/vect-93.c -flto -ffat-lto-objects scan-tree-dump-times vect "vectorized 2 loops" 2
FAIL: gcc.dg/vect/vect-93.c scan-tree-dump-times vect "vectorized 2 loops" 2
FAIL: gcc.dg/vect/vect-alias-check-18.c -flto -ffat-lto-objects scan-tree-dump vect "using an index-based WAR/WAW test"
FAIL: gcc.dg/vect/vect-alias-check-18.c scan-tree-dump vect "using an index-based WAR/WAW test"
FAIL: gcc.dg/vect/vect-complex-5.c -flto -ffat-lto-objects scan-tree-dump-times vect "vectorizing stmts using SLP" 2
FAIL: gcc.dg/vect/vect-complex-5.c scan-tree-dump-times vect "vectorizing stmts using SLP" 2
FAIL: gcc.dg/vect/vect-cost-model-1.c -flto -ffat-lto-objects scan-tree-dump vect "LOOP VECTORIZED"
FAIL: gcc.dg/vect/vect-cost-model-1.c scan-tree-dump vect "LOOP VECTORIZED"
FAIL: gcc.dg/vect/vect-cost-model-3.c -flto -ffat-lto-objects scan-tree-dump vect "LOOP VECTORIZED"
FAIL: gcc.dg/vect/vect-cost-model-3.c scan-tree-dump vect "LOOP VECTORIZED"
FAIL: gcc.dg/vect/vect-cost-model-5.c -flto -ffat-lto-objects scan-tree-dump vect "LOOP VECTORIZED"
FAIL: gcc.dg/vect/vect-cost-model-5.c scan-tree-dump vect "LOOP VECTORIZED"
FAIL: gcc.dg/vect/vect-strided-a-u8-i2-gap.c -flto -ffat-lto-objects scan-tree-dump-times vect "vectorized 1 loops" 1
FAIL: gcc.dg/vect/vect-strided-a-u8-i2-gap.c scan-tree-dump-times vect "vectorized 1 loops" 1
FAIL: outputs exe savetmp named2: outputs.args.3
FAIL: gcc.target/powerpc/mma-alignment.c execution test
FAIL: gcc.target/powerpc/pr17381.c scan-assembler-times fmr 1
FAIL: gcc.target/powerpc/pr70010.c scan-assembler \\\\mbl \\\\.?vadd_no_vsx\\\\M
FAIL: gcc.target/powerpc/shrink-wrap-separate-0.c scan-assembler #before\\\\M.*\\\\mmflr\\\\M
FAIL: gcc.target/powerpc/shrink-wrap-separate-1.c scan-assembler \\\\mmflr\\\\M.*\\\\mbl\\\\M.*\\\\mmflr\\\\M.*\\\\mbl\\\\M
FAIL: gcc.target/powerpc/swaps-p8-20.c (test for excess errors)
UNRESOLVED: gcc.target/powerpc/swaps-p8-20.c compilation failed to produce executable
FAIL: gcc.target/powerpc/test_fpscr_rn_builtin.c execution test
=== gcc Summary for unix/-m32 ===
# of expected passes 128897
# of unexpected failures 147
# of unexpected successes 3
# of expected failures 838
# of unresolved testcases 10
# of unsupported tests 4716
Running target unix/-m64
FAIL: gcc.c-torture/execute/921215-1.c -O0 execution test
FAIL: gcc.dg/analyzer/dot-output.c dg-check-dot dot-output.c.state-purge.dot
FAIL: gcc.dg/analyzer/strndup-1.c (test for excess errors)
FAIL: gcc.dg/debug/dwarf2/inline4.c scan-assembler DW_TAG_inlined_subroutine[^\\\\(]*\\\\([^\\\\)]*\\\\)[^\\\\(]*\\\\(DIE \\\\(0x[0-9a-f]*\\\\) DW_TAG_formal_parameter[^\\\\(]*\\\\(DIE \\\\(0x[0-9a-f]*\\\\) DW_TAG_variable
FAIL: gcc.dg/debug/dwarf2/inline5.c scan-assembler-not \\\\(DIE \\\\(0x([0-9a-f]*)\\\\) DW_TAG_lexical_block\\\\)[^#/!@;\\\\|]*[#/!@;\\\\|]+ +[^(].*DW_TAG_lexical_block\\\\)[^#/!@;\\\\|x]*x\\\\1[^#/!@;\\\\|]*[#/!@;\\\\|] +DW_AT_abstract_origin
FAIL: gcc.dg/debug/dwarf2/inline5.c scan-assembler-times DW_TAG_lexical_block\\\\)[^#/!@;\\\\|]*[#/!@;\\\\|]+ +[^#/!@\\\\|]*\\\\(DIE \\\\(0x[0-9a-f]*\\\\) DW_TAG_variable 1
FAIL: gcc.dg/debug/dwarf2/pr53948.c scan-assembler .loc 1 8 [0-9]|[#/!][ \\t]+line 8
FAIL: gcc.dg/Wstringop-overflow-25.c pr92814 (test for warnings, line 378)
XPASS: gcc.dg/Wtrampolines.c standard descriptors (test for warnings, line 29)
FAIL: gcc.dg/cdce3.c scan-tree-dump cdce "cdce3.c:11: [^\\n\\r]* function call is shrink-wrapped into error conditions."
FAIL: gcc.dg/gimplefe-28.c (internal compiler error)
FAIL: gcc.dg/gimplefe-28.c (test for excess errors)
FAIL: gcc.dg/pow-sqrt-synth-1.c scan-tree-dump-times sincos "synthesizing" 7
FAIL: gcc.dg/pr56228.c (test for excess errors)
FAIL: gcc.dg/sinatan-1.c execution test
XPASS: gcc.dg/graphite/pr69728.c scan-tree-dump graphite "loop nest optimized"
FAIL: gcc.dg/graphite/scop-19.c scan-tree-dump-times graphite "number of SCoPs: 0" 1
FAIL: gcc.dg/ipa/ipa-icf-38.c scan-ltrans-tree-dump-not optimized "Function bar"
FAIL: gcc-dg-lto-modref-3-01.exe scan-wpa-ipa-dump modref "parm 1 flags: nodirectescape"
FAIL: gcc-dg-lto-modref-4-01.exe scan-wpa-ipa-dump modref "parm 1 flags: nodirectescape"
FAIL: gcc.dg/lto/modref-3 c_lto_modref-3_0.o-c_lto_modref-3_1.o execute -O2 -flto-partition=max -fdump-ipa-modref -fno-ipa-sra -fno-ipa-cp -flto
FAIL: gcc.dg/lto/modref-4 c_lto_modref-4_0.o-c_lto_modref-4_1.o execute -O2 -flto-partition=max -fdump-ipa-modref -fno-ipa-sra -flto
FAIL: gcc.dg/lto/pr94157 c_lto_pr94157_0.o assemble, -O0 -fipa-vrp -flto -Wa,--noexecstack -Wa,--noexecstack -Wa,--execstack -Wa,--execstack -Wa,--execstack -Wa,--execstack -Wa,--execstack -Wa,--execstack -Wa,--execstack -Wa,--execstack -Wa,--execstack -Wa,--execstack -Wa,--execstack -Wa,--execstack -Wa,--execstack -Wa,--execstack
UNRESOLVED: gcc.dg/lto/pr94157 c_lto_pr94157_0.o-c_lto_pr94157_0.o execute -O0 -fipa-vrp -flto -Wa,--noexecstack -Wa,--noexecstack -Wa,--execstack -Wa,--execstack -Wa,--execstack -Wa,--execstack -Wa,--execstack -Wa,--execstack -Wa,--execstack -Wa,--execstack -Wa,--execstack -Wa,--execstack -Wa,--execstack -Wa,--execstack -Wa,--execstack -Wa,--execstack
UNRESOLVED: gcc.dg/lto/pr94157 c_lto_pr94157_0.o-c_lto_pr94157_0.o link -O0 -fipa-vrp -flto -Wa,--noexecstack -Wa,--noexecstack -Wa,--execstack -Wa,--execstack -Wa,--execstack -Wa,--execstack -Wa,--execstack -Wa,--execstack -Wa,--execstack -Wa,--execstack -Wa,--execstack -Wa,--execstack -Wa,--execstack -Wa,--execstack -Wa,--execstack -Wa,--execstack
FAIL: gcc.dg/torture/pr52451.c -O0 execution test
FAIL: gcc.dg/torture/pr52451.c -O1 execution test
FAIL: gcc.dg/torture/pr52451.c -O2 execution test
FAIL: gcc.dg/torture/pr52451.c -O2 -flto execution test
FAIL: gcc.dg/torture/pr52451.c -O2 -flto -flto-partition=none execution test
FAIL: gcc.dg/torture/pr52451.c -O3 -g execution test
FAIL: gcc.dg/torture/pr52451.c -Os execution test
FAIL: gcc.dg/torture/pr91323.c -O0 execution test
FAIL: gcc.dg/torture/pr91323.c -O1 execution test
FAIL: gcc.dg/torture/pr91323.c -O2 execution test
FAIL: gcc.dg/torture/pr91323.c -O2 -flto execution test
FAIL: gcc.dg/torture/pr91323.c -O2 -flto -flto-partition=none execution test
FAIL: gcc.dg/torture/pr91323.c -O3 -g execution test
FAIL: gcc.dg/torture/pr91323.c -Os execution test
XPASS: gcc.dg/tree-ssa/cunroll-15.c scan-tree-dump optimized "return 1;"
XPASS: gcc.dg/tree-ssa/pr91091-2.c scan-tree-dump-times fre1 " = [^;]*x;" 1
XPASS: gcc.dg/tree-ssa/pr91091-2.c scan-tree-dump-times fre1 "x = " 1
FAIL: gcc.dg/tree-ssa/sra-17.c scan-tree-dump-times esra "Removing load: a = \\\\*.?L.?C.?.?.?0;" 1
FAIL: gcc.dg/tree-ssa/sra-17.c scan-tree-dump-times esra "SR[.\$][0-9_]+ = \\\\*.?L.?C.?.?.?0\\\\[" 4
FAIL: gcc.dg/tree-ssa/sra-18.c scan-tree-dump-times esra "Removing load: a = \\\\*.?L.?C.?.?.?0;" 1
FAIL: gcc.dg/tree-ssa/sra-18.c scan-tree-dump-times esra "SR[.\$][0-9_]+ = \\\\*.?L.?C.?.?.?0\\\\.b\\\\[0\\\\]\\\\.f\\\\[0\\\\]\\\\.x" 1
FAIL: gcc.dg/tree-ssa/sra-18.c scan-tree-dump-times esra "SR[.\$][0-9_]+ = \\\\*.?L.?C.?.?.?0\\\\.b\\\\[0\\\\]\\\\.f\\\\[1\\\\]\\\\.x" 1
FAIL: gcc.dg/tree-ssa/sra-18.c scan-tree-dump-times esra "SR[.\$][0-9_]+ = \\\\*.?L.?C.?.?.?0\\\\.b\\\\[1\\\\]\\\\.f\\\\[0\\\\]\\\\.x" 1
FAIL: gcc.dg/tree-ssa/sra-18.c scan-tree-dump-times esra "SR[.\$][0-9_]+ = \\\\*.?L.?C.?.?.?0\\\\.b\\\\[1\\\\]\\\\.f\\\\[1\\\\]\\\\.x" 1
XPASS: gcc.dg/tree-ssa/ssa-dom-cse-2.c scan-tree-dump optimized "return 28;"
XPASS: gcc.dg/tree-ssa/ssa-fre-77.c scan-tree-dump fre1 "return 1;"
FAIL: gcc.dg/vect/costmodel/ppc/costmodel-bb-slp-9a-pr63175.c scan-assembler-not \\tlwz?u?x?
FAIL: gcc.dg/vect/costmodel/ppc/costmodel-bb-slp-9a-pr63175.c scan-assembler-not \\tstwu?x?
FAIL: gcc.dg/vect/costmodel/ppc/costmodel-pr37194.c scan-tree-dump-times vect "vectorization not profitable" 1
FAIL: gcc.dg/vect/costmodel/ppc/costmodel-pr37194.c scan-tree-dump-times vect "vectorized 1 loops" 1
FAIL: gcc.dg/vect/costmodel/ppc/costmodel-vect-31a.c scan-tree-dump-times vect "not vectorized: unsupported unaligned store" 1
FAIL: gcc.dg/vect/costmodel/ppc/costmodel-vect-33.c scan-tree-dump-times vect "vectorization not profitable" 1
FAIL: gcc.dg/vect/no-tree-sra-bb-slp-pr50730.c scan-tree-dump-times slp2 "optimized: basic block" 1
FAIL: gcc.dg/vect/no-vfa-vect-depend-2.c scan-tree-dump-times vect "vectorized 1 loops" 1
FAIL: gcc.dg/vect/no-vfa-vect-depend-3.c scan-tree-dump-times vect "vectorized 1 loops" 4
FAIL: gcc.dg/vect/pr65947-13.c -flto -ffat-lto-objects scan-tree-dump-times vect "LOOP VECTORIZED" 2
FAIL: gcc.dg/vect/pr65947-13.c scan-tree-dump-times vect "LOOP VECTORIZED" 2
FAIL: gcc.dg/vect/pr97428.c -flto -ffat-lto-objects scan-tree-dump vect "Detected interleaving load of size 8"
FAIL: gcc.dg/vect/pr97428.c -flto -ffat-lto-objects scan-tree-dump vect "Detected interleaving store of size 16"
FAIL: gcc.dg/vect/pr97428.c -flto -ffat-lto-objects scan-tree-dump-times vect "vectorizing stmts using SLP" 2
FAIL: gcc.dg/vect/pr97428.c scan-tree-dump vect "Detected interleaving load of size 8"
FAIL: gcc.dg/vect/pr97428.c scan-tree-dump vect "Detected interleaving store of size 16"
FAIL: gcc.dg/vect/pr97428.c scan-tree-dump-times vect "vectorizing stmts using SLP" 2
FAIL: gcc.dg/vect/section-anchors-vect-69.c scan-tree-dump-times vect "Alignment of access forced using versioning" 4
FAIL: gcc.dg/vect/section-anchors-vect-69.c scan-tree-dump-times vect "vectorized 4 loops" 1
FAIL: gcc.dg/vect/slp-21.c -flto -ffat-lto-objects scan-tree-dump-times vect "vectorizing stmts using SLP" 2
FAIL: gcc.dg/vect/slp-21.c scan-tree-dump-times vect "vectorizing stmts using SLP" 2
FAIL: gcc.dg/vect/slp-48.c -flto -ffat-lto-objects scan-tree-dump-times vect "vectorizing stmts using SLP" 2
FAIL: gcc.dg/vect/slp-48.c scan-tree-dump-times vect "vectorizing stmts using SLP" 2
FAIL: gcc.dg/vect/vect-31.c -flto -ffat-lto-objects scan-tree-dump-times vect "vectorized 4 loops" 1
FAIL: gcc.dg/vect/vect-31.c scan-tree-dump-times vect "vectorized 4 loops" 1
XPASS: gcc.dg/vect/vect-44.c -flto -ffat-lto-objects scan-tree-dump-times vect "Alignment of access forced using peeling" 0
FAIL: gcc.dg/vect/vect-44.c -flto -ffat-lto-objects scan-tree-dump-times vect "Vectorizing an unaligned access" 3
XPASS: gcc.dg/vect/vect-44.c scan-tree-dump-times vect "Alignment of access forced using peeling" 0
FAIL: gcc.dg/vect/vect-44.c scan-tree-dump-times vect "Vectorizing an unaligned access" 3
XPASS: gcc.dg/vect/vect-50.c -flto -ffat-lto-objects scan-tree-dump-times vect "Alignment of access forced using peeling" 0
FAIL: gcc.dg/vect/vect-50.c -flto -ffat-lto-objects scan-tree-dump-times vect "Vectorizing an unaligned access" 3
XPASS: gcc.dg/vect/vect-50.c scan-tree-dump-times vect "Alignment of access forced using peeling" 0
FAIL: gcc.dg/vect/vect-50.c scan-tree-dump-times vect "Vectorizing an unaligned access" 3
FAIL: gcc.dg/vect/vect-82.c -flto -ffat-lto-objects scan-tree-dump-times vect "vectorized 1 loops" 1
FAIL: gcc.dg/vect/vect-82.c scan-tree-dump-times vect "vectorized 1 loops" 1
FAIL: gcc.dg/vect/vect-82_64.c -flto -ffat-lto-objects scan-tree-dump-times vect "vectorized 1 loops" 1
FAIL: gcc.dg/vect/vect-82_64.c scan-tree-dump-times vect "vectorized 1 loops" 1
FAIL: gcc.dg/vect/vect-83.c -flto -ffat-lto-objects scan-tree-dump-times vect "vectorized 1 loops" 1
FAIL: gcc.dg/vect/vect-83.c scan-tree-dump-times vect "vectorized 1 loops" 1
FAIL: gcc.dg/vect/vect-83_64.c -flto -ffat-lto-objects scan-tree-dump-times vect "vectorized 1 loops" 1
FAIL: gcc.dg/vect/vect-83_64.c scan-tree-dump-times vect "vectorized 1 loops" 1
FAIL: gcc.dg/vect/vect-93.c -flto -ffat-lto-objects scan-tree-dump-times vect "vectorized 2 loops" 2
FAIL: gcc.dg/vect/vect-93.c scan-tree-dump-times vect "vectorized 2 loops" 2
FAIL: gcc.dg/vect/vect-alias-check-18.c -flto -ffat-lto-objects scan-tree-dump vect "using an index-based WAR/WAW test"
FAIL: gcc.dg/vect/vect-alias-check-18.c scan-tree-dump vect "using an index-based WAR/WAW test"
FAIL: gcc.dg/vect/vect-complex-5.c -flto -ffat-lto-objects scan-tree-dump-times vect "vectorizing stmts using SLP" 2
FAIL: gcc.dg/vect/vect-complex-5.c scan-tree-dump-times vect "vectorizing stmts using SLP" 2
FAIL: gcc.dg/vect/vect-cost-model-1.c -flto -ffat-lto-objects scan-tree-dump vect "LOOP VECTORIZED"
FAIL: gcc.dg/vect/vect-cost-model-1.c scan-tree-dump vect "LOOP VECTORIZED"
FAIL: gcc.dg/vect/vect-cost-model-3.c -flto -ffat-lto-objects scan-tree-dump vect "LOOP VECTORIZED"
FAIL: gcc.dg/vect/vect-cost-model-3.c scan-tree-dump vect "LOOP VECTORIZED"
FAIL: gcc.dg/vect/vect-cost-model-5.c -flto -ffat-lto-objects scan-tree-dump vect "LOOP VECTORIZED"
FAIL: gcc.dg/vect/vect-cost-model-5.c scan-tree-dump vect "LOOP VECTORIZED"
FAIL: gcc.dg/vect/vect-strided-a-u8-i2-gap.c -flto -ffat-lto-objects scan-tree-dump-times vect "vectorized 1 loops" 1
FAIL: gcc.dg/vect/vect-strided-a-u8-i2-gap.c scan-tree-dump-times vect "vectorized 1 loops" 1
FAIL: outputs exe savetmp named2: outputs.args.3
FAIL: gcc.target/powerpc/20050603-3.c scan-assembler-not \\\\mrldic
FAIL: gcc.target/powerpc/pr17381.c scan-assembler-times fmr 1
FAIL: gcc.target/powerpc/pr70010.c scan-assembler \\\\mbl \\\\.?vadd_no_vsx\\\\M
FAIL: gcc.target/powerpc/pr88233.c scan-assembler-times \\\\mlxvd2x\\\\M 1
FAIL: gcc.target/powerpc/pr88233.c scan-assembler-times \\\\mstxvd2x\\\\M 1
FAIL: gcc.target/powerpc/pragma_power7.c (test for excess errors)
FAIL: gcc.target/powerpc/pragma_power9.c (test for excess errors)
FAIL: gcc.target/powerpc/prefix-ds-dq.c (test for excess errors)
UNRESOLVED: gcc.target/powerpc/prefix-ds-dq.c scan-assembler-times \\\\mextsb\\\\M 1
UNRESOLVED: gcc.target/powerpc/prefix-ds-dq.c scan-assembler-times \\\\mlbz\\\\M 2
UNRESOLVED: gcc.target/powerpc/prefix-ds-dq.c scan-assembler-times \\\\mlfd\\\\M 1
UNRESOLVED: gcc.target/powerpc/prefix-ds-dq.c scan-assembler-times \\\\mlfs\\\\M 1
UNRESOLVED: gcc.target/powerpc/prefix-ds-dq.c scan-assembler-times \\\\mlha\\\\M 1
UNRESOLVED: gcc.target/powerpc/prefix-ds-dq.c scan-assembler-times \\\\mlhz\\\\M 1
UNRESOLVED: gcc.target/powerpc/prefix-ds-dq.c scan-assembler-times \\\\mlwz\\\\M 1
UNRESOLVED: gcc.target/powerpc/prefix-ds-dq.c scan-assembler-times \\\\mplwa\\\\M 1
UNRESOLVED: gcc.target/powerpc/prefix-ds-dq.c scan-assembler-times \\\\mplxv\\\\M 1
UNRESOLVED: gcc.target/powerpc/prefix-ds-dq.c scan-assembler-times \\\\mpstxv\\\\M 1
UNRESOLVED: gcc.target/powerpc/prefix-ds-dq.c scan-assembler-times \\\\mstb\\\\M 2
UNRESOLVED: gcc.target/powerpc/prefix-ds-dq.c scan-assembler-times \\\\mstfd\\\\M 1
UNRESOLVED: gcc.target/powerpc/prefix-ds-dq.c scan-assembler-times \\\\mstfs\\\\M 1
UNRESOLVED: gcc.target/powerpc/prefix-ds-dq.c scan-assembler-times \\\\msth\\\\M 2
UNRESOLVED: gcc.target/powerpc/prefix-ds-dq.c scan-assembler-times \\\\mstw\\\\M 2
FAIL: gcc.target/powerpc/r2_shrink-wrap.c scan-rtl-dump-times pro_and_epilogue "Performing shrink-wrapping" 1
FAIL: gcc.target/powerpc/rlwimi-2.c scan-assembler-times (?n)^\\\\s+[a-z] 20217
FAIL: gcc.target/powerpc/shrink-wrap-separate-0.c scan-assembler #before\\\\M.*\\\\mmflr\\\\M
FAIL: gcc.target/powerpc/shrink-wrap-separate-1.c scan-assembler \\\\mmflr\\\\M.*\\\\mbl\\\\M.*\\\\mmflr\\\\M.*\\\\mbl\\\\M
FAIL: gcc.target/powerpc/swaps-p8-20.c (test for excess errors)
UNRESOLVED: gcc.target/powerpc/swaps-p8-20.c compilation failed to produce executable
FAIL: gcc.target/powerpc/test_fpscr_rn_builtin.c execution test
=== gcc Summary for unix/-m64 ===
# of expected passes 130295
# of unexpected failures 108
# of unexpected successes 11
# of expected failures 850
# of unresolved testcases 18
# of unsupported tests 4373
=== gcc Summary ===
# of expected passes 259192
# of unexpected failures 255
# of unexpected successes 14
# of expected failures 1688
# of unresolved testcases 28
# of unsupported tests 9089
/scratch/10-5-leo/gcc-master/gcc/xgcc version 11.0.1 20210227 (experimental) [master revision r11-7425-g06a9f20f97e7] (GCC)
=== gdc tests ===
Running target unix/-m32
=== gdc Summary for unix/-m32 ===
# of expected passes 3726
# of unsupported tests 1075
Running target unix/-m64
=== gdc Summary for unix/-m64 ===
# of expected passes 3726
# of unsupported tests 1075
=== gdc Summary ===
# of expected passes 7452
# of unsupported tests 2150
/scratch/10-5-leo/gcc-master/gcc/testsuite/gdc/../../gdc version 11.0.1 20210227 (experimental) [master revision r11-7425-g06a9f20f97e7] (GCC)
=== gfortran tests ===
Running target unix/-m32
FAIL: gfortran.dg/dec_math.f90 -O0 execution test
FAIL: gfortran.dg/dec_math.f90 -O1 execution test
FAIL: gfortran.dg/dec_math.f90 -O2 execution test
FAIL: gfortran.dg/dec_math.f90 -O3 -fomit-frame-pointer -funroll-loops -fpeel-loops -ftracer -finline-functions execution test
FAIL: gfortran.dg/dec_math.f90 -O3 -g execution test
FAIL: gfortran.dg/dec_math.f90 -Os execution test
FAIL: gfortran.dg/large_real_kind_2.F90 -O0 execution test
FAIL: gfortran.dg/large_real_kind_3.F90 -O0 execution test
XPASS: gfortran.dg/namelist_utf8.f90 -O0 execution test
XPASS: gfortran.dg/namelist_utf8.f90 -O1 execution test
XPASS: gfortran.dg/namelist_utf8.f90 -O2 execution test
XPASS: gfortran.dg/namelist_utf8.f90 -O3 -fomit-frame-pointer -funroll-loops -fpeel-loops -ftracer -finline-functions execution test
XPASS: gfortran.dg/namelist_utf8.f90 -O3 -g execution test
XPASS: gfortran.dg/namelist_utf8.f90 -Os execution test
FAIL: gfortran.dg/norm2_3.f90 -O0 execution test
FAIL: gfortran.dg/norm2_3.f90 -O1 execution test
FAIL: gfortran.dg/norm2_3.f90 -O2 execution test
FAIL: gfortran.dg/norm2_3.f90 -O3 -fomit-frame-pointer -funroll-loops -fpeel-loops -ftracer -finline-functions execution test
FAIL: gfortran.dg/norm2_3.f90 -O3 -g execution test
FAIL: gfortran.dg/norm2_3.f90 -Os execution test
FAIL: gfortran.dg/pr95690.f90 -O (test for errors, line 6)
FAIL: gfortran.dg/pr95690.f90 -O (test for excess errors)
FAIL: gfortran.dg/quad_2.f90 -O0 execution test
FAIL: gfortran.dg/quad_2.f90 -O1 execution test
FAIL: gfortran.dg/quad_2.f90 -O2 execution test
FAIL: gfortran.dg/quad_2.f90 -O3 -fomit-frame-pointer -funroll-loops -fpeel-loops -ftracer -finline-functions execution test
FAIL: gfortran.dg/quad_2.f90 -O3 -g execution test
FAIL: gfortran.dg/quad_2.f90 -Os execution test
FAIL: gfortran.dg/vect/pr32380.f -O scan-tree-dump-times vect "vectorized 1 loops" 1
FAIL: gfortran.dg/vect/pr48329.f90 -O scan-tree-dump-times vect "vectorized 1 loops" 1
FAIL: gfortran.dg/vect/pr62283-2.f -O scan-tree-dump slp2 "optimized: basic block"
=== gfortran Summary for unix/-m32 ===
# of expected passes 55619
# of unexpected failures 25
# of unexpected successes 6
# of expected failures 258
# of unsupported tests 271
Running target unix/-m64
FAIL: gfortran.dg/dec_math.f90 -O0 execution test
FAIL: gfortran.dg/dec_math.f90 -O1 execution test
FAIL: gfortran.dg/dec_math.f90 -O2 execution test
FAIL: gfortran.dg/dec_math.f90 -O3 -fomit-frame-pointer -funroll-loops -fpeel-loops -ftracer -finline-functions execution test
FAIL: gfortran.dg/dec_math.f90 -O3 -g execution test
FAIL: gfortran.dg/dec_math.f90 -Os execution test
FAIL: gfortran.dg/large_real_kind_2.F90 -O0 execution test
FAIL: gfortran.dg/large_real_kind_3.F90 -O0 execution test
XPASS: gfortran.dg/namelist_utf8.f90 -O0 execution test
XPASS: gfortran.dg/namelist_utf8.f90 -O1 execution test
XPASS: gfortran.dg/namelist_utf8.f90 -O2 execution test
XPASS: gfortran.dg/namelist_utf8.f90 -O3 -fomit-frame-pointer -funroll-loops -fpeel-loops -ftracer -finline-functions execution test
XPASS: gfortran.dg/namelist_utf8.f90 -O3 -g execution test
XPASS: gfortran.dg/namelist_utf8.f90 -Os execution test
FAIL: gfortran.dg/norm2_3.f90 -O0 execution test
FAIL: gfortran.dg/norm2_3.f90 -O1 execution test
FAIL: gfortran.dg/norm2_3.f90 -O2 execution test
FAIL: gfortran.dg/norm2_3.f90 -O3 -fomit-frame-pointer -funroll-loops -fpeel-loops -ftracer -finline-functions execution test
FAIL: gfortran.dg/norm2_3.f90 -O3 -g execution test
FAIL: gfortran.dg/norm2_3.f90 -Os execution test
FAIL: gfortran.dg/pr95690.f90 -O (test for errors, line 6)
FAIL: gfortran.dg/pr95690.f90 -O (test for excess errors)
UNRESOLVED: gfortran.dg/pr96711.f90 -O0 scan-tree-dump-times original "_gfortran_stop_numeric" 2
FAIL: gfortran.dg/pr96711.f90 -O0 (internal compiler error)
FAIL: gfortran.dg/pr96711.f90 -O0 (test for excess errors)
UNRESOLVED: gfortran.dg/pr96711.f90 -O0 compilation failed to produce executable
UNRESOLVED: gfortran.dg/pr96711.f90 -O1 scan-tree-dump-times original "_gfortran_stop_numeric" 2
FAIL: gfortran.dg/pr96711.f90 -O1 (internal compiler error)
FAIL: gfortran.dg/pr96711.f90 -O1 (test for excess errors)
UNRESOLVED: gfortran.dg/pr96711.f90 -O1 compilation failed to produce executable
UNRESOLVED: gfortran.dg/pr96711.f90 -O2 scan-tree-dump-times original "_gfortran_stop_numeric" 2
FAIL: gfortran.dg/pr96711.f90 -O2 (internal compiler error)
FAIL: gfortran.dg/pr96711.f90 -O2 (test for excess errors)
UNRESOLVED: gfortran.dg/pr96711.f90 -O2 compilation failed to produce executable
UNRESOLVED: gfortran.dg/pr96711.f90 -O3 -fomit-frame-pointer -funroll-loops -fpeel-loops -ftracer -finline-functions scan-tree-dump-times original "_gfortran_stop_numeric" 2
FAIL: gfortran.dg/pr96711.f90 -O3 -fomit-frame-pointer -funroll-loops -fpeel-loops -ftracer -finline-functions (internal compiler error)
FAIL: gfortran.dg/pr96711.f90 -O3 -fomit-frame-pointer -funroll-loops -fpeel-loops -ftracer -finline-functions (test for excess errors)
UNRESOLVED: gfortran.dg/pr96711.f90 -O3 -fomit-frame-pointer -funroll-loops -fpeel-loops -ftracer -finline-functions compilation failed to produce executable
UNRESOLVED: gfortran.dg/pr96711.f90 -O3 -g scan-tree-dump-times original "_gfortran_stop_numeric" 2
FAIL: gfortran.dg/pr96711.f90 -O3 -g (internal compiler error)
FAIL: gfortran.dg/pr96711.f90 -O3 -g (test for excess errors)
UNRESOLVED: gfortran.dg/pr96711.f90 -O3 -g compilation failed to produce executable
UNRESOLVED: gfortran.dg/pr96711.f90 -Os scan-tree-dump-times original "_gfortran_stop_numeric" 2
FAIL: gfortran.dg/pr96711.f90 -Os (internal compiler error)
FAIL: gfortran.dg/pr96711.f90 -Os (test for excess errors)
UNRESOLVED: gfortran.dg/pr96711.f90 -Os compilation failed to produce executable
FAIL: gfortran.dg/quad_2.f90 -O0 execution test
FAIL: gfortran.dg/quad_2.f90 -O1 execution test
FAIL: gfortran.dg/quad_2.f90 -O2 execution test
FAIL: gfortran.dg/quad_2.f90 -O3 -fomit-frame-pointer -funroll-loops -fpeel-loops -ftracer -finline-functions execution test
FAIL: gfortran.dg/quad_2.f90 -O3 -g execution test
FAIL: gfortran.dg/quad_2.f90 -Os execution test
FAIL: gfortran.dg/vect/pr48329.f90 -O scan-tree-dump-times vect "vectorized 1 loops" 1
FAIL: gfortran.dg/vect/pr62283-2.f -O scan-tree-dump slp2 "optimized: basic block"
=== gfortran Summary for unix/-m64 ===
# of expected passes 55884
# of unexpected failures 36
# of unexpected successes 6
# of expected failures 256
# of unresolved testcases 12
# of unsupported tests 138
=== gfortran Summary ===
# of expected passes 111503
# of unexpected failures 61
# of unexpected successes 12
# of expected failures 514
# of unresolved testcases 12
# of unsupported tests 409
/scratch/10-5-leo/gcc-master/gcc/testsuite/gfortran/../../gfortran version 11.0.1 20210227 (experimental) [master revision r11-7425-g06a9f20f97e7] (GCC)
=== gnat tests ===
Running target unix/-m32
FAIL: gnat.dg/asan1.adb (test for excess errors)
FAIL: gnat.dg/bias1.adb scan-assembler DW_AT_GNU_bias
=== gnat Summary for unix/-m32 ===
# of expected passes 3297
# of unexpected failures 2
# of expected failures 23
# of unsupported tests 30
Running target unix/-m64
FAIL: gnat.dg/asan1.adb (test for excess errors)
FAIL: gnat.dg/bias1.adb scan-assembler DW_AT_GNU_bias
=== gnat Summary for unix/-m64 ===
# of expected passes 3295
# of unexpected failures 2
# of expected failures 23
# of unsupported tests 30
=== gnat Summary ===
# of expected passes 6592
# of unexpected failures 4
# of expected failures 46
# of unsupported tests 60
/scratch/10-5-leo/gcc-master/gcc/gnatmake version 11.0.1 20210227 (experimental) [master revision r11-7425-g06a9f20f97e7]
=== obj-c++ tests ===
Running target unix/-m32
=== obj-c++ Summary for unix/-m32 ===
# of expected passes 3180
# of expected failures 2
# of unsupported tests 63
Running target unix/-m64
=== obj-c++ Summary for unix/-m64 ===
# of expected passes 3149
# of expected failures 19
# of unsupported tests 66
=== obj-c++ Summary ===
# of expected passes 6329
# of expected failures 21
# of unsupported tests 129
/scratch/10-5-leo/gcc-master/gcc/testsuite/obj-c++/../../xg++ version 11.0.1 20210227 (experimental) [master revision r11-7425-g06a9f20f97e7] (GCC)
=== objc tests ===
Running target unix/-m32
FAIL: objc.dg/fix-and-continue-1.m -fgnu-runtime execution test
=== objc Summary for unix/-m32 ===
# of expected passes 5722
# of unexpected failures 1
# of expected failures 4
# of unsupported tests 79
Running target unix/-m64
FAIL: objc.dg/fix-and-continue-1.m -fgnu-runtime execution test
=== objc Summary for unix/-m64 ===
# of expected passes 5697
# of unexpected failures 1
# of expected failures 6
# of unsupported tests 84
=== objc Summary ===
# of expected passes 11419
# of unexpected failures 2
# of expected failures 10
# of unsupported tests 163
/scratch/10-5-leo/gcc-master/gcc/xgcc version 11.0.1 20210227 (experimental) [master revision r11-7425-g06a9f20f97e7] (GCC)
=== libatomic tests ===
Running target unix/-m32
=== libatomic Summary for unix/-m32 ===
# of expected passes 44
# of unsupported tests 5
Running target unix/-m64
=== libatomic Summary for unix/-m64 ===
# of expected passes 54
=== libatomic Summary ===
# of expected passes 98
# of unsupported tests 5
=== libgomp tests ===
Running target unix/-m32
FAIL: libgomp.c/../libgomp.c-c++-common/pr96390.c (test for excess errors)
UNRESOLVED: libgomp.c/../libgomp.c-c++-common/pr96390.c compilation failed to produce executable
FAIL: libgomp.c/../libgomp.c-c++-common/pr96390.c scan-tree-dump-times omplower "__attribute__..omp declare target" 1
FAIL: libgomp.c++/../libgomp.c-c++-common/pr96390.c (test for excess errors)
UNRESOLVED: libgomp.c++/../libgomp.c-c++-common/pr96390.c compilation failed to produce executable
FAIL: libgomp.c++/../libgomp.c-c++-common/pr96390.c scan-tree-dump-times omplower "__attribute__..omp declare target" 1
FAIL: libgomp.fortran/pr66199-7.f90 -O0 execution test
FAIL: libgomp.fortran/pr66199-9.f90 -O0 execution test
=== libgomp Summary for unix/-m32 ===
# of expected passes 8233
# of unexpected failures 6
# of expected failures 6
# of unresolved testcases 2
# of unsupported tests 612
Running target unix/-m64
FAIL: libgomp.c/../libgomp.c-c++-common/pr96390.c (test for excess errors)
UNRESOLVED: libgomp.c/../libgomp.c-c++-common/pr96390.c compilation failed to produce executable
FAIL: libgomp.c/../libgomp.c-c++-common/pr96390.c scan-tree-dump-times omplower "__attribute__..omp declare target" 1
FAIL: libgomp.c++/../libgomp.c-c++-common/pr96390.c (test for excess errors)
UNRESOLVED: libgomp.c++/../libgomp.c-c++-common/pr96390.c compilation failed to produce executable
FAIL: libgomp.c++/../libgomp.c-c++-common/pr96390.c scan-tree-dump-times omplower "__attribute__..omp declare target" 1
WARNING: program timed out.
FAIL: libgomp.c++/task-reduction-10.C execution test
WARNING: program timed out.
FAIL: libgomp.c++/task-reduction-8.C execution test
FAIL: libgomp.fortran/pr66199-7.f90 -O0 execution test
FAIL: libgomp.fortran/pr66199-9.f90 -O0 execution test
=== libgomp Summary for unix/-m64 ===
# of expected passes 8231
# of unexpected failures 8
# of expected failures 6
# of unresolved testcases 2
# of unsupported tests 612
=== libgomp Summary ===
# of expected passes 16464
# of unexpected failures 14
# of expected failures 12
# of unresolved testcases 4
# of unsupported tests 1224
=== libitm tests ===
Running target unix/-m32
=== libitm Summary for unix/-m32 ===
# of expected passes 40
# of expected failures 3
# of unsupported tests 2
Running target unix/-m64
=== libitm Summary for unix/-m64 ===
# of expected passes 40
# of expected failures 3
# of unsupported tests 2
=== libitm Summary ===
# of expected passes 80
# of expected failures 6
# of unsupported tests 4
=== libstdc++ tests ===
Running target unix/-m32
FAIL: 20_util/from_chars/4.cc (test for excess errors)
UNRESOLVED: 20_util/from_chars/4.cc compilation failed to produce executable
FAIL: 20_util/to_chars/long_double.cc (test for excess errors)
UNRESOLVED: 20_util/to_chars/long_double.cc compilation failed to produce executable
FAIL: 27_io/basic_filebuf/open/char/2.cc execution test
FAIL: 30_threads/async/async.cc execution test
WARNING: 30_threads/condition_variable/54185.cc execution test program timed out.
FAIL: 30_threads/condition_variable/54185.cc execution test
FAIL: 30_threads/condition_variable/members/68519.cc execution test
WARNING: 30_threads/future/members/93456.cc execution test program timed out.
FAIL: 30_threads/future/members/93456.cc execution test
FAIL: experimental/net/internet/resolver/ops/reverse.cc execution test
FAIL: experimental/simd/standard_abi_usable.cc -maltivec -O2 -Wno-psabi (test for excess errors)
FAIL: experimental/simd/standard_abi_usable_2.cc -maltivec -O2 -Wno-psabi (test for excess errors)
FAIL: ext/mt_allocator/deallocate_global_thread-1.cc execution test
FAIL: ext/mt_allocator/deallocate_global_thread-3.cc execution test
FAIL: ext/stdio_filebuf/char/10063-2.cc execution test
FAIL: ext/stdio_filebuf/char/81751.cc execution test
=== libstdc++ Summary for unix/-m32 ===
# of expected passes 13699
# of unexpected failures 14
# of expected failures 104
# of unresolved testcases 2
# of unsupported tests 781
Running target unix/-m64
FAIL: 20_util/from_chars/4.cc (test for excess errors)
UNRESOLVED: 20_util/from_chars/4.cc compilation failed to produce executable
FAIL: 20_util/to_chars/long_double.cc (test for excess errors)
UNRESOLVED: 20_util/to_chars/long_double.cc compilation failed to produce executable
FAIL: 27_io/basic_filebuf/open/char/2.cc execution test
FAIL: 30_threads/async/async.cc execution test
WARNING: 30_threads/condition_variable/54185.cc execution test program timed out.
FAIL: 30_threads/condition_variable/54185.cc execution test
FAIL: 30_threads/condition_variable/members/68519.cc execution test
WARNING: 30_threads/future/members/93456.cc execution test program timed out.
FAIL: 30_threads/future/members/93456.cc execution test
FAIL: experimental/net/internet/resolver/ops/reverse.cc execution test
FAIL: experimental/simd/standard_abi_usable.cc -maltivec -O2 -Wno-psabi (test for excess errors)
FAIL: experimental/simd/standard_abi_usable_2.cc -maltivec -O2 -Wno-psabi (test for excess errors)
FAIL: ext/mt_allocator/deallocate_global_thread-1.cc execution test
FAIL: ext/mt_allocator/deallocate_global_thread-3.cc execution test
FAIL: ext/stdio_filebuf/char/10063-2.cc execution test
FAIL: ext/stdio_filebuf/char/81751.cc execution test
=== libstdc++ Summary for unix/-m64 ===
# of expected passes 13693
# of unexpected failures 14
# of expected failures 104
# of unresolved testcases 2
# of unsupported tests 784
=== libstdc++ Summary ===
# of expected passes 27392
# of unexpected failures 28
# of expected failures 208
# of unresolved testcases 4
# of unsupported tests 1565
Compiler version: 11.0.1 20210227 (experimental) [master revision r11-7425-g06a9f20f97e7] (GCC)
Platform: powerpc-apple-darwin9
configure flags: --prefix=/opt/iains/powerpc-apple-darwin9/gcc-11-0-1 --build=powerpc-apple-darwin9 --with-ld=/usr/bin/ld --with-as=/usr/bin/as --enable-languages=all
More information about the Gcc-testresults
mailing list