Results for 11.1.1 20210618 [releases/gcc-11 revision c63b440cda:fe55f35bed:3587c2c241eda0f3ab54ea60d46e9caf12d69b5a] (GCC) testsuite on powerpc64le-unknown-linux-gnu
Bill Seurer (POWER8)
seurer@linux.ibm.com
Fri Jun 18 11:22:54 GMT 2021
git commit g:3587c2c241eda0f3ab54ea60d46e9caf12d69b5a
gcc-descr r11-8615
Linux 5.4.0-74-generic ppc64le
GNU C Library (Ubuntu GLIBC 2.31-0ubuntu9.2) stable release version 2.31.
GNU ld (GNU Binutils) 2.36.1
GNU assembler (GNU Binutils) 2.36.1
GNU Make 4.2.1
DejaGnu:
DejaGnu version 1.6.2
Expect version 5.45.4
Tcl version 8.6
64-bit
LAST_UPDATED: Fri Jun 18 10:03:34 UTC 2021 (revision c63b440cda:fe55f35bed:3587c2c241eda0f3ab54ea60d46e9caf12d69b5a)
Native configuration is powerpc64le-unknown-linux-gnu
=== gcc tests ===
Running target unix
FAIL: c-c++-common/attr-retain-6.c -Wc++-compat (test for warnings, line 21)
FAIL: c-c++-common/attr-retain-6.c -Wc++-compat scan-assembler __libc_freeres_fn,"ax"
FAIL: c-c++-common/attr-retain-7.c -Wc++-compat (test for warnings, line 6)
FAIL: c-c++-common/attr-retain-7.c -Wc++-compat scan-assembler .data.foo,"awR"
FAIL: c-c++-common/attr-retain-8.c -Wc++-compat (test for warnings, line 5)
FAIL: c-c++-common/attr-retain-8.c -Wc++-compat scan-assembler .data.foo,"aw"
XPASS: gcc.dg/Wtrampolines.c standard descriptors (test for warnings, line 29)
XPASS: gcc.dg/graphite/pr69728.c scan-tree-dump graphite "loop nest optimized"
XPASS: gcc.dg/guality/example.c -O0 execution test
XPASS: gcc.dg/guality/example.c -O1 -DPREVENT_OPTIMIZATION execution test
XPASS: gcc.dg/guality/example.c -Og -DPREVENT_OPTIMIZATION execution test
XPASS: gcc.dg/guality/guality.c -O0 execution test
XPASS: gcc.dg/guality/guality.c -O1 -DPREVENT_OPTIMIZATION execution test
XPASS: gcc.dg/guality/guality.c -O2 -DPREVENT_OPTIMIZATION execution test
XPASS: gcc.dg/guality/guality.c -O2 -flto -fno-use-linker-plugin -flto-partition=none -DPREVENT_OPTIMIZATION execution test
XPASS: gcc.dg/guality/guality.c -O3 -g -DPREVENT_OPTIMIZATION execution test
XPASS: gcc.dg/guality/guality.c -Og -DPREVENT_OPTIMIZATION execution test
FAIL: gcc.dg/guality/inline-params-2.c -O2 -DPREVENT_OPTIMIZATION execution test
FAIL: gcc.dg/guality/inline-params-2.c -O2 -flto -fno-use-linker-plugin -flto-partition=none -DPREVENT_OPTIMIZATION execution test
FAIL: gcc.dg/guality/inline-params-2.c -O2 -flto -fuse-linker-plugin -fno-fat-lto-objects -DPREVENT_OPTIMIZATION execution test
FAIL: gcc.dg/guality/inline-params-2.c -O3 -g -DPREVENT_OPTIMIZATION execution test
FAIL: gcc.dg/guality/inline-params-2.c -Os -DPREVENT_OPTIMIZATION execution test
FAIL: gcc.dg/guality/loop-1.c -O2 -DPREVENT_OPTIMIZATION line 20 i == 1
FAIL: gcc.dg/guality/loop-1.c -O2 -flto -fno-use-linker-plugin -flto-partition=none -DPREVENT_OPTIMIZATION line 20 i == 1
FAIL: gcc.dg/guality/loop-1.c -O2 -flto -fuse-linker-plugin -fno-fat-lto-objects -DPREVENT_OPTIMIZATION line 20 i == 1
FAIL: gcc.dg/guality/loop-1.c -O3 -fomit-frame-pointer -funroll-loops -fpeel-loops -ftracer -finline-functions -DPREVENT_OPTIMIZATION line 20 i == 1
FAIL: gcc.dg/guality/loop-1.c -O3 -g -DPREVENT_OPTIMIZATION line 20 i == 1
FAIL: gcc.dg/guality/pr36728-1.c -O2 -flto -fuse-linker-plugin -fno-fat-lto-objects -DPREVENT_OPTIMIZATION line 18 y == 2
FAIL: gcc.dg/guality/pr36728-1.c -O3 -g -DPREVENT_OPTIMIZATION line 18 y == 2
FAIL: gcc.dg/guality/pr36728-3.c -O2 -flto -fuse-linker-plugin -fno-fat-lto-objects -DPREVENT_OPTIMIZATION line 16 y == 2
FAIL: gcc.dg/guality/pr36728-3.c -O3 -g -DPREVENT_OPTIMIZATION line 16 y == 2
XPASS: gcc.dg/guality/pr41353-1.c -O0 line 28 j == 28 + 37
FAIL: gcc.dg/guality/pr41353-1.c -Og -DPREVENT_OPTIMIZATION line 28 i == 37
FAIL: gcc.dg/guality/pr41353-1.c -Og -DPREVENT_OPTIMIZATION line 28 i1 == 2 * 37
FAIL: gcc.dg/guality/pr41353-1.c -Og -DPREVENT_OPTIMIZATION line 28 i2 == 3 * 37
XPASS: gcc.dg/guality/pr41353-1.c -Og -DPREVENT_OPTIMIZATION line 28 j == 28 + 37
FAIL: gcc.dg/guality/pr41447-1.c -O2 -DPREVENT_OPTIMIZATION execution test
FAIL: gcc.dg/guality/pr41447-1.c -O2 -flto -fno-use-linker-plugin -flto-partition=none -DPREVENT_OPTIMIZATION execution test
FAIL: gcc.dg/guality/pr41447-1.c -O2 -flto -fuse-linker-plugin -fno-fat-lto-objects -DPREVENT_OPTIMIZATION execution test
FAIL: gcc.dg/guality/pr41447-1.c -O3 -g -DPREVENT_OPTIMIZATION execution test
FAIL: gcc.dg/guality/pr41447-1.c -Os -DPREVENT_OPTIMIZATION execution test
FAIL: gcc.dg/guality/pr41616-1.c -O2 -DPREVENT_OPTIMIZATION execution test
FAIL: gcc.dg/guality/pr41616-1.c -O2 -flto -fno-use-linker-plugin -flto-partition=none -DPREVENT_OPTIMIZATION execution test
FAIL: gcc.dg/guality/pr41616-1.c -O2 -flto -fuse-linker-plugin -fno-fat-lto-objects -DPREVENT_OPTIMIZATION execution test
FAIL: gcc.dg/guality/pr41616-1.c -O3 -g -DPREVENT_OPTIMIZATION execution test
FAIL: gcc.dg/guality/pr43051-1.c -O1 -DPREVENT_OPTIMIZATION line 35 v == 1
FAIL: gcc.dg/guality/pr43051-1.c -O1 -DPREVENT_OPTIMIZATION line 40 v == 1
FAIL: gcc.dg/guality/pr43051-1.c -O2 -DPREVENT_OPTIMIZATION line 35 v == 1
FAIL: gcc.dg/guality/pr43051-1.c -O2 -DPREVENT_OPTIMIZATION line 40 v == 1
FAIL: gcc.dg/guality/pr43051-1.c -O2 -flto -fno-use-linker-plugin -flto-partition=none -DPREVENT_OPTIMIZATION line 35 v == 1
FAIL: gcc.dg/guality/pr43051-1.c -O2 -flto -fno-use-linker-plugin -flto-partition=none -DPREVENT_OPTIMIZATION line 40 v == 1
FAIL: gcc.dg/guality/pr43051-1.c -O2 -flto -fuse-linker-plugin -fno-fat-lto-objects -DPREVENT_OPTIMIZATION line 35 v == 1
FAIL: gcc.dg/guality/pr43051-1.c -O2 -flto -fuse-linker-plugin -fno-fat-lto-objects -DPREVENT_OPTIMIZATION line 40 v == 1
FAIL: gcc.dg/guality/pr43051-1.c -O3 -fomit-frame-pointer -funroll-loops -fpeel-loops -ftracer -finline-functions -DPREVENT_OPTIMIZATION line 35 v == 1
FAIL: gcc.dg/guality/pr43051-1.c -O3 -fomit-frame-pointer -funroll-loops -fpeel-loops -ftracer -finline-functions -DPREVENT_OPTIMIZATION line 40 v == 1
FAIL: gcc.dg/guality/pr43051-1.c -O3 -g -DPREVENT_OPTIMIZATION line 35 v == 1
FAIL: gcc.dg/guality/pr43051-1.c -O3 -g -DPREVENT_OPTIMIZATION line 40 v == 1
FAIL: gcc.dg/guality/pr43051-1.c -Os -DPREVENT_OPTIMIZATION line 35 v == 1
FAIL: gcc.dg/guality/pr43051-1.c -Os -DPREVENT_OPTIMIZATION line 40 v == 1
FAIL: gcc.dg/guality/pr43051-1.c -Og -DPREVENT_OPTIMIZATION line 35 v == 1
FAIL: gcc.dg/guality/pr43051-1.c -Og -DPREVENT_OPTIMIZATION line 40 v == 1
FAIL: gcc.dg/guality/pr54200.c -O1 -DPREVENT_OPTIMIZATION line 20 z == 3
FAIL: gcc.dg/guality/pr54200.c -O2 -DPREVENT_OPTIMIZATION line 20 z == 3
FAIL: gcc.dg/guality/pr54200.c -O2 -flto -fno-use-linker-plugin -flto-partition=none -DPREVENT_OPTIMIZATION line 20 z == 3
FAIL: gcc.dg/guality/pr54200.c -O3 -g -DPREVENT_OPTIMIZATION line 20 z == 3
FAIL: gcc.dg/guality/pr54200.c -Os -DPREVENT_OPTIMIZATION line 20 z == 3
FAIL: gcc.dg/guality/pr54519-1.c -O1 -DPREVENT_OPTIMIZATION line 20 x == 36
FAIL: gcc.dg/guality/pr54519-1.c -O1 -DPREVENT_OPTIMIZATION line 20 y == 25
FAIL: gcc.dg/guality/pr54519-1.c -O1 -DPREVENT_OPTIMIZATION line 23 x == 98
FAIL: gcc.dg/guality/pr54519-1.c -O1 -DPREVENT_OPTIMIZATION line 23 y == 117
FAIL: gcc.dg/guality/pr54519-1.c -O2 -DPREVENT_OPTIMIZATION line 20 x == 36
FAIL: gcc.dg/guality/pr54519-1.c -O2 -DPREVENT_OPTIMIZATION line 23 x == 98
FAIL: gcc.dg/guality/pr54519-1.c -O2 -flto -fno-use-linker-plugin -flto-partition=none -DPREVENT_OPTIMIZATION line 20 x == 36
FAIL: gcc.dg/guality/pr54519-1.c -O2 -flto -fno-use-linker-plugin -flto-partition=none -DPREVENT_OPTIMIZATION line 23 x == 98
FAIL: gcc.dg/guality/pr54519-1.c -O2 -flto -fuse-linker-plugin -fno-fat-lto-objects -DPREVENT_OPTIMIZATION line 20 y == 25
FAIL: gcc.dg/guality/pr54519-1.c -O2 -flto -fuse-linker-plugin -fno-fat-lto-objects -DPREVENT_OPTIMIZATION line 20 z == 6
FAIL: gcc.dg/guality/pr54519-1.c -O2 -flto -fuse-linker-plugin -fno-fat-lto-objects -DPREVENT_OPTIMIZATION line 23 y == 117
FAIL: gcc.dg/guality/pr54519-1.c -O2 -flto -fuse-linker-plugin -fno-fat-lto-objects -DPREVENT_OPTIMIZATION line 23 z == 8
FAIL: gcc.dg/guality/pr54519-1.c -Os -DPREVENT_OPTIMIZATION line 20 x == 36
FAIL: gcc.dg/guality/pr54519-1.c -Os -DPREVENT_OPTIMIZATION line 23 x == 98
FAIL: gcc.dg/guality/pr54519-1.c -Og -DPREVENT_OPTIMIZATION line 20 x == 36
FAIL: gcc.dg/guality/pr54519-1.c -Og -DPREVENT_OPTIMIZATION line 20 y == 25
FAIL: gcc.dg/guality/pr54519-1.c -Og -DPREVENT_OPTIMIZATION line 23 x == 98
FAIL: gcc.dg/guality/pr54519-1.c -Og -DPREVENT_OPTIMIZATION line 23 y == 117
FAIL: gcc.dg/guality/pr54519-2.c -O1 -DPREVENT_OPTIMIZATION line 17 x == 6
FAIL: gcc.dg/guality/pr54519-2.c -O2 -flto -fno-use-linker-plugin -flto-partition=none -DPREVENT_OPTIMIZATION line 17 y == 25
FAIL: gcc.dg/guality/pr54519-2.c -O2 -flto -fuse-linker-plugin -fno-fat-lto-objects -DPREVENT_OPTIMIZATION line 17 y == 25
FAIL: gcc.dg/guality/pr54519-2.c -Og -DPREVENT_OPTIMIZATION line 17 x == 6
FAIL: gcc.dg/guality/pr54519-3.c -O1 -DPREVENT_OPTIMIZATION line 20 x == 36
FAIL: gcc.dg/guality/pr54519-3.c -O1 -DPREVENT_OPTIMIZATION line 20 y == 25
FAIL: gcc.dg/guality/pr54519-3.c -O1 -DPREVENT_OPTIMIZATION line 20 z == 6
FAIL: gcc.dg/guality/pr54519-3.c -O1 -DPREVENT_OPTIMIZATION line 23 x == 98
FAIL: gcc.dg/guality/pr54519-3.c -O1 -DPREVENT_OPTIMIZATION line 23 y == 117
FAIL: gcc.dg/guality/pr54519-3.c -O1 -DPREVENT_OPTIMIZATION line 23 z == 8
FAIL: gcc.dg/guality/pr54519-3.c -O2 -DPREVENT_OPTIMIZATION line 20 z == 6
FAIL: gcc.dg/guality/pr54519-3.c -O2 -DPREVENT_OPTIMIZATION line 23 z == 8
FAIL: gcc.dg/guality/pr54519-3.c -O2 -flto -fno-use-linker-plugin -flto-partition=none -DPREVENT_OPTIMIZATION line 20 y == 25
FAIL: gcc.dg/guality/pr54519-3.c -O2 -flto -fno-use-linker-plugin -flto-partition=none -DPREVENT_OPTIMIZATION line 20 z == 6
FAIL: gcc.dg/guality/pr54519-3.c -O2 -flto -fno-use-linker-plugin -flto-partition=none -DPREVENT_OPTIMIZATION line 23 y == 117
FAIL: gcc.dg/guality/pr54519-3.c -O2 -flto -fno-use-linker-plugin -flto-partition=none -DPREVENT_OPTIMIZATION line 23 z == 8
FAIL: gcc.dg/guality/pr54519-3.c -O2 -flto -fuse-linker-plugin -fno-fat-lto-objects -DPREVENT_OPTIMIZATION line 20 y == 25
FAIL: gcc.dg/guality/pr54519-3.c -O2 -flto -fuse-linker-plugin -fno-fat-lto-objects -DPREVENT_OPTIMIZATION line 20 z == 6
FAIL: gcc.dg/guality/pr54519-3.c -O2 -flto -fuse-linker-plugin -fno-fat-lto-objects -DPREVENT_OPTIMIZATION line 23 y == 117
FAIL: gcc.dg/guality/pr54519-3.c -O2 -flto -fuse-linker-plugin -fno-fat-lto-objects -DPREVENT_OPTIMIZATION line 23 z == 8
FAIL: gcc.dg/guality/pr54519-3.c -O3 -g -DPREVENT_OPTIMIZATION line 20 z == 6
FAIL: gcc.dg/guality/pr54519-3.c -O3 -g -DPREVENT_OPTIMIZATION line 23 z == 8
FAIL: gcc.dg/guality/pr54519-3.c -Os -DPREVENT_OPTIMIZATION line 20 z == 6
FAIL: gcc.dg/guality/pr54519-3.c -Os -DPREVENT_OPTIMIZATION line 23 z == 8
FAIL: gcc.dg/guality/pr54519-3.c -Og -DPREVENT_OPTIMIZATION line 20 x == 36
FAIL: gcc.dg/guality/pr54519-3.c -Og -DPREVENT_OPTIMIZATION line 20 y == 25
FAIL: gcc.dg/guality/pr54519-3.c -Og -DPREVENT_OPTIMIZATION line 20 z == 6
FAIL: gcc.dg/guality/pr54519-3.c -Og -DPREVENT_OPTIMIZATION line 23 x == 98
FAIL: gcc.dg/guality/pr54519-3.c -Og -DPREVENT_OPTIMIZATION line 23 y == 117
FAIL: gcc.dg/guality/pr54519-3.c -Og -DPREVENT_OPTIMIZATION line 23 z == 8
FAIL: gcc.dg/guality/pr54519-4.c -O1 -DPREVENT_OPTIMIZATION line 17 x == 6
FAIL: gcc.dg/guality/pr54519-4.c -O1 -DPREVENT_OPTIMIZATION line 17 y == 25
FAIL: gcc.dg/guality/pr54519-4.c -O2 -DPREVENT_OPTIMIZATION line 17 y == 25
FAIL: gcc.dg/guality/pr54519-4.c -O2 -flto -fno-use-linker-plugin -flto-partition=none -DPREVENT_OPTIMIZATION line 17 y == 25
FAIL: gcc.dg/guality/pr54519-4.c -O2 -flto -fuse-linker-plugin -fno-fat-lto-objects -DPREVENT_OPTIMIZATION line 17 y == 25
FAIL: gcc.dg/guality/pr54519-4.c -O3 -g -DPREVENT_OPTIMIZATION line 17 y == 25
FAIL: gcc.dg/guality/pr54519-4.c -Os -DPREVENT_OPTIMIZATION line 17 y == 25
FAIL: gcc.dg/guality/pr54519-4.c -Og -DPREVENT_OPTIMIZATION line 17 x == 6
FAIL: gcc.dg/guality/pr54519-4.c -Og -DPREVENT_OPTIMIZATION line 17 y == 25
FAIL: gcc.dg/guality/pr54519-5.c -O1 -DPREVENT_OPTIMIZATION line 17 x == 6
FAIL: gcc.dg/guality/pr54519-5.c -O1 -DPREVENT_OPTIMIZATION line 17 y == 25
FAIL: gcc.dg/guality/pr54519-5.c -O2 -DPREVENT_OPTIMIZATION line 17 y == 25
FAIL: gcc.dg/guality/pr54519-5.c -O2 -flto -fno-use-linker-plugin -flto-partition=none -DPREVENT_OPTIMIZATION line 17 y == 25
FAIL: gcc.dg/guality/pr54519-5.c -O2 -flto -fuse-linker-plugin -fno-fat-lto-objects -DPREVENT_OPTIMIZATION line 17 y == 25
FAIL: gcc.dg/guality/pr54519-5.c -O3 -g -DPREVENT_OPTIMIZATION line 17 y == 25
FAIL: gcc.dg/guality/pr54519-5.c -Os -DPREVENT_OPTIMIZATION line 17 y == 25
FAIL: gcc.dg/guality/pr54519-5.c -Og -DPREVENT_OPTIMIZATION line 17 x == 6
FAIL: gcc.dg/guality/pr54519-5.c -Og -DPREVENT_OPTIMIZATION line 17 y == 25
FAIL: gcc.dg/guality/pr54519-6.c -Os -DPREVENT_OPTIMIZATION line 11 x == 2
FAIL: gcc.dg/guality/pr54551.c -O1 -DPREVENT_OPTIMIZATION line 18 a == 4
FAIL: gcc.dg/guality/pr54551.c -O2 -DPREVENT_OPTIMIZATION line 18 a == 4
FAIL: gcc.dg/guality/pr54551.c -O2 -flto -fno-use-linker-plugin -flto-partition=none -DPREVENT_OPTIMIZATION line 18 a == 4
FAIL: gcc.dg/guality/pr54551.c -O3 -g -DPREVENT_OPTIMIZATION line 18 a == 4
FAIL: gcc.dg/guality/pr54551.c -Os -DPREVENT_OPTIMIZATION line 18 a == 4
FAIL: gcc.dg/guality/pr54551.c -Og -DPREVENT_OPTIMIZATION line 18 a == 4
FAIL: gcc.dg/guality/pr54693-2.c -O1 -DPREVENT_OPTIMIZATION line 21 x == 10 - i
FAIL: gcc.dg/guality/pr54693-2.c -O1 -DPREVENT_OPTIMIZATION line 21 y == 20 - 2 * i
FAIL: gcc.dg/guality/pr54693-2.c -O2 -DPREVENT_OPTIMIZATION line 21 x == 10 - i
FAIL: gcc.dg/guality/pr54693-2.c -O2 -DPREVENT_OPTIMIZATION line 21 y == 20 - 2 * i
FAIL: gcc.dg/guality/pr54693-2.c -O2 -flto -fno-use-linker-plugin -flto-partition=none -DPREVENT_OPTIMIZATION line 21 x == 10 - i
FAIL: gcc.dg/guality/pr54693-2.c -O2 -flto -fno-use-linker-plugin -flto-partition=none -DPREVENT_OPTIMIZATION line 21 y == 20 - 2 * i
FAIL: gcc.dg/guality/pr54693-2.c -O2 -flto -fuse-linker-plugin -fno-fat-lto-objects -DPREVENT_OPTIMIZATION line 21 y == 20 - 2 * i
FAIL: gcc.dg/guality/pr54693-2.c -O2 -flto -fuse-linker-plugin -fno-fat-lto-objects -DPREVENT_OPTIMIZATION line 21 z == 30 - 3 * i
FAIL: gcc.dg/guality/pr54693-2.c -O3 -fomit-frame-pointer -funroll-loops -fpeel-loops -ftracer -finline-functions -DPREVENT_OPTIMIZATION line 21 y == 20 - 2 * i
FAIL: gcc.dg/guality/pr54693-2.c -O3 -g -DPREVENT_OPTIMIZATION line 21 x == 10 - i
FAIL: gcc.dg/guality/pr54693-2.c -O3 -g -DPREVENT_OPTIMIZATION line 21 y == 20 - 2 * i
XPASS: gcc.dg/guality/pr54970.c -O0 line 15 a[0] == 1
XPASS: gcc.dg/guality/pr54970.c -O0 line 20 a[0] == 1
XPASS: gcc.dg/guality/pr54970.c -O0 line 25 a[0] == 1
XPASS: gcc.dg/guality/pr54970.c -O0 line 31 a[0] == 4
XPASS: gcc.dg/guality/pr54970.c -O0 line 36 a[0] == 4
XPASS: gcc.dg/guality/pr54970.c -O0 line 45 a[0] == 4
XPASS: gcc.dg/guality/pr54970.c -O0 line 45 p[-2] == 4
XPASS: gcc.dg/guality/pr54970.c -O0 line 45 q[-1] == 4
XPASS: gcc.dg/guality/pr54970.c -Og -DPREVENT_OPTIMIZATION line 15 a[0] == 1
XPASS: gcc.dg/guality/pr54970.c -Og -DPREVENT_OPTIMIZATION line 20 a[0] == 1
XPASS: gcc.dg/guality/pr54970.c -Og -DPREVENT_OPTIMIZATION line 25 a[0] == 1
XPASS: gcc.dg/guality/pr54970.c -Og -DPREVENT_OPTIMIZATION line 31 a[0] == 4
XPASS: gcc.dg/guality/pr54970.c -Og -DPREVENT_OPTIMIZATION line 36 a[0] == 4
XPASS: gcc.dg/guality/pr54970.c -Og -DPREVENT_OPTIMIZATION line 45 a[0] == 4
XPASS: gcc.dg/guality/pr54970.c -Og -DPREVENT_OPTIMIZATION line 45 p[-2] == 4
XPASS: gcc.dg/guality/pr54970.c -Og -DPREVENT_OPTIMIZATION line 45 q[-1] == 4
FAIL: gcc.dg/guality/pr56154-1.c -Og -DPREVENT_OPTIMIZATION line pr56154-1.c:20 x.a == 6
XPASS: gcc.dg/guality/pr59776.c -O0 line pr59776.c:17 s2.g == 6.0
XPASS: gcc.dg/guality/pr59776.c -O0 line pr59776.c:20 s2.g == 6.0
FAIL: gcc.dg/guality/pr59776.c -Og -DPREVENT_OPTIMIZATION line pr59776.c:17 s1.f == 5.0
FAIL: gcc.dg/guality/pr59776.c -Og -DPREVENT_OPTIMIZATION line pr59776.c:17 s1.g == 6.0
FAIL: gcc.dg/guality/pr59776.c -Og -DPREVENT_OPTIMIZATION line pr59776.c:17 s2.f == 0.0
FAIL: gcc.dg/guality/pr59776.c -Og -DPREVENT_OPTIMIZATION line pr59776.c:20 s1.f == 5.0
FAIL: gcc.dg/guality/pr59776.c -Og -DPREVENT_OPTIMIZATION line pr59776.c:20 s1.g == 6.0
FAIL: gcc.dg/guality/pr59776.c -Og -DPREVENT_OPTIMIZATION line pr59776.c:20 s2.f == 5.0
FAIL: gcc.dg/guality/pr68860-1.c -O2 -DPREVENT_OPTIMIZATION line 16 y == 2
FAIL: gcc.dg/guality/pr68860-1.c -O2 -flto -fno-use-linker-plugin -flto-partition=none -DPREVENT_OPTIMIZATION line 16 y == 2
FAIL: gcc.dg/guality/pr68860-1.c -O2 -flto -fuse-linker-plugin -fno-fat-lto-objects -DPREVENT_OPTIMIZATION line 16 y == 2
FAIL: gcc.dg/guality/pr68860-1.c -O3 -g -DPREVENT_OPTIMIZATION line 16 y == 2
FAIL: gcc.dg/guality/pr68860-1.c -Os -DPREVENT_OPTIMIZATION line 16 y == 2
FAIL: gcc.dg/guality/pr68860-2.c -O2 -flto -fuse-linker-plugin -fno-fat-lto-objects -DPREVENT_OPTIMIZATION line 16 y == 2
FAIL: gcc.dg/guality/pr68860-2.c -O3 -g -DPREVENT_OPTIMIZATION line 16 y == 2
FAIL: gcc.dg/guality/sra-1.c -O2 -flto -fuse-linker-plugin -fno-fat-lto-objects -DPREVENT_OPTIMIZATION line 21 a.i == 4
FAIL: gcc.dg/guality/sra-1.c -O2 -flto -fuse-linker-plugin -fno-fat-lto-objects -DPREVENT_OPTIMIZATION line 21 a.j == 14
FAIL: gcc.dg/guality/sra-1.c -O2 -flto -fuse-linker-plugin -fno-fat-lto-objects -DPREVENT_OPTIMIZATION line 32 a[0] == 4
FAIL: gcc.dg/guality/sra-1.c -O2 -flto -fuse-linker-plugin -fno-fat-lto-objects -DPREVENT_OPTIMIZATION line 32 a[1] == 14
FAIL: gcc.dg/guality/sra-1.c -O2 -flto -fuse-linker-plugin -fno-fat-lto-objects -DPREVENT_OPTIMIZATION line 43 a.i == 4
FAIL: gcc.dg/guality/sra-1.c -O2 -flto -fuse-linker-plugin -fno-fat-lto-objects -DPREVENT_OPTIMIZATION line 43 a.j == 14
FAIL: gcc.dg/guality/sra-1.c -Og -DPREVENT_OPTIMIZATION line 21 a.i == 4
FAIL: gcc.dg/guality/sra-1.c -Og -DPREVENT_OPTIMIZATION line 21 a.j == 14
FAIL: gcc.dg/guality/sra-1.c -Og -DPREVENT_OPTIMIZATION line 32 a[0] == 4
FAIL: gcc.dg/guality/sra-1.c -Og -DPREVENT_OPTIMIZATION line 32 a[1] == 14
FAIL: gcc.dg/guality/sra-1.c -Og -DPREVENT_OPTIMIZATION line 43 a.i == 4
FAIL: gcc.dg/guality/sra-1.c -Og -DPREVENT_OPTIMIZATION line 43 a.j == 14
FAIL: gcc.dg/torture/pr52451.c -O0 execution test
FAIL: gcc.dg/torture/pr52451.c -O1 execution test
FAIL: gcc.dg/torture/pr52451.c -O2 execution test
FAIL: gcc.dg/torture/pr52451.c -O2 -flto -fno-use-linker-plugin -flto-partition=none execution test
FAIL: gcc.dg/torture/pr52451.c -O2 -flto -fuse-linker-plugin -fno-fat-lto-objects execution test
FAIL: gcc.dg/torture/pr52451.c -O3 -g execution test
FAIL: gcc.dg/torture/pr52451.c -Os execution test
FAIL: gcc.dg/torture/pr91323.c -O0 execution test
FAIL: gcc.dg/torture/pr91323.c -O1 execution test
FAIL: gcc.dg/torture/pr91323.c -O2 execution test
FAIL: gcc.dg/torture/pr91323.c -O2 -flto -fno-use-linker-plugin -flto-partition=none execution test
FAIL: gcc.dg/torture/pr91323.c -O2 -flto -fuse-linker-plugin -fno-fat-lto-objects execution test
FAIL: gcc.dg/torture/pr91323.c -O3 -g execution test
FAIL: gcc.dg/torture/pr91323.c -Os execution test
XPASS: gcc.dg/tree-ssa/ssa-dom-cse-2.c scan-tree-dump optimized "return 28;"
FAIL: gcc.target/powerpc/fusion-p10-2logical.c scan-assembler-times fuse_and_and/1 16
FAIL: gcc.target/powerpc/fusion-p10-2logical.c scan-assembler-times fuse_and_and/2 16
FAIL: gcc.target/powerpc/fusion-p10-2logical.c scan-assembler-times fuse_and_eqv/0 8
FAIL: gcc.target/powerpc/fusion-p10-2logical.c scan-assembler-times fuse_and_eqv/2 24
FAIL: gcc.target/powerpc/fusion-p10-2logical.c scan-assembler-times fuse_and_or/0 16
FAIL: gcc.target/powerpc/fusion-p10-2logical.c scan-assembler-times fuse_and_or/2 16
FAIL: gcc.target/powerpc/fusion-p10-2logical.c scan-assembler-times fuse_and_orc/0 8
FAIL: gcc.target/powerpc/fusion-p10-2logical.c scan-assembler-times fuse_and_orc/2 24
FAIL: gcc.target/powerpc/fusion-p10-2logical.c scan-assembler-times fuse_and_xor/0 16
FAIL: gcc.target/powerpc/fusion-p10-2logical.c scan-assembler-times fuse_and_xor/2 16
FAIL: gcc.target/powerpc/fusion-p10-2logical.c scan-assembler-times fuse_andc_and/0 16
FAIL: gcc.target/powerpc/fusion-p10-2logical.c scan-assembler-times fuse_andc_and/1 26
FAIL: gcc.target/powerpc/fusion-p10-2logical.c scan-assembler-times fuse_andc_and/2 48
FAIL: gcc.target/powerpc/fusion-p10-2logical.c scan-assembler-times fuse_andc_or/0 16
FAIL: gcc.target/powerpc/fusion-p10-2logical.c scan-assembler-times fuse_andc_or/1 16
FAIL: gcc.target/powerpc/fusion-p10-2logical.c scan-assembler-times fuse_andc_or/2 32
FAIL: gcc.target/powerpc/fusion-p10-2logical.c scan-assembler-times fuse_andc_orc/0 8
FAIL: gcc.target/powerpc/fusion-p10-2logical.c scan-assembler-times fuse_andc_orc/1 8
FAIL: gcc.target/powerpc/fusion-p10-2logical.c scan-assembler-times fuse_andc_orc/2 48
FAIL: gcc.target/powerpc/fusion-p10-2logical.c scan-assembler-times fuse_andc_xor/0 16
FAIL: gcc.target/powerpc/fusion-p10-2logical.c scan-assembler-times fuse_andc_xor/1 16
FAIL: gcc.target/powerpc/fusion-p10-2logical.c scan-assembler-times fuse_andc_xor/2 32
FAIL: gcc.target/powerpc/fusion-p10-2logical.c scan-assembler-times fuse_eqv_and/0 16
FAIL: gcc.target/powerpc/fusion-p10-2logical.c scan-assembler-times fuse_eqv_and/2 16
FAIL: gcc.target/powerpc/fusion-p10-2logical.c scan-assembler-times fuse_eqv_andc/0 8
FAIL: gcc.target/powerpc/fusion-p10-2logical.c scan-assembler-times fuse_eqv_andc/2 24
FAIL: gcc.target/powerpc/fusion-p10-2logical.c scan-assembler-times fuse_eqv_or/0 8
FAIL: gcc.target/powerpc/fusion-p10-2logical.c scan-assembler-times fuse_eqv_or/2 24
FAIL: gcc.target/powerpc/fusion-p10-2logical.c scan-assembler-times fuse_nand_and/0 16
FAIL: gcc.target/powerpc/fusion-p10-2logical.c scan-assembler-times fuse_nand_and/2 16
FAIL: gcc.target/powerpc/fusion-p10-2logical.c scan-assembler-times fuse_nand_andc/0 8
FAIL: gcc.target/powerpc/fusion-p10-2logical.c scan-assembler-times fuse_nand_andc/2 24
FAIL: gcc.target/powerpc/fusion-p10-2logical.c scan-assembler-times fuse_nand_or/0 14
FAIL: gcc.target/powerpc/fusion-p10-2logical.c scan-assembler-times fuse_nand_or/1 2
FAIL: gcc.target/powerpc/fusion-p10-2logical.c scan-assembler-times fuse_nand_or/2 72
FAIL: gcc.target/powerpc/fusion-p10-2logical.c scan-assembler-times fuse_nor_and/0 28
FAIL: gcc.target/powerpc/fusion-p10-2logical.c scan-assembler-times fuse_nor_and/1 4
FAIL: gcc.target/powerpc/fusion-p10-2logical.c scan-assembler-times fuse_nor_and/2 48
FAIL: gcc.target/powerpc/fusion-p10-2logical.c scan-assembler-times fuse_nor_or/0 8
FAIL: gcc.target/powerpc/fusion-p10-2logical.c scan-assembler-times fuse_nor_or/2 24
FAIL: gcc.target/powerpc/fusion-p10-2logical.c scan-assembler-times fuse_nor_orc/0 8
FAIL: gcc.target/powerpc/fusion-p10-2logical.c scan-assembler-times fuse_nor_orc/2 24
FAIL: gcc.target/powerpc/fusion-p10-2logical.c scan-assembler-times fuse_or_and/0 16
FAIL: gcc.target/powerpc/fusion-p10-2logical.c scan-assembler-times fuse_or_and/2 16
FAIL: gcc.target/powerpc/fusion-p10-2logical.c scan-assembler-times fuse_or_andc/0 16
FAIL: gcc.target/powerpc/fusion-p10-2logical.c scan-assembler-times fuse_or_andc/2 16
FAIL: gcc.target/powerpc/fusion-p10-2logical.c scan-assembler-times fuse_or_eqv/0 8
FAIL: gcc.target/powerpc/fusion-p10-2logical.c scan-assembler-times fuse_or_eqv/2 24
FAIL: gcc.target/powerpc/fusion-p10-2logical.c scan-assembler-times fuse_or_or/1 16
FAIL: gcc.target/powerpc/fusion-p10-2logical.c scan-assembler-times fuse_or_or/2 16
FAIL: gcc.target/powerpc/fusion-p10-2logical.c scan-assembler-times fuse_or_xor/0 16
FAIL: gcc.target/powerpc/fusion-p10-2logical.c scan-assembler-times fuse_or_xor/2 16
FAIL: gcc.target/powerpc/fusion-p10-2logical.c scan-assembler-times fuse_orc_and/0 16
FAIL: gcc.target/powerpc/fusion-p10-2logical.c scan-assembler-times fuse_orc_and/1 16
FAIL: gcc.target/powerpc/fusion-p10-2logical.c scan-assembler-times fuse_orc_and/2 32
FAIL: gcc.target/powerpc/fusion-p10-2logical.c scan-assembler-times fuse_orc_andc/0 8
FAIL: gcc.target/powerpc/fusion-p10-2logical.c scan-assembler-times fuse_orc_andc/1 8
FAIL: gcc.target/powerpc/fusion-p10-2logical.c scan-assembler-times fuse_orc_andc/2 48
FAIL: gcc.target/powerpc/fusion-p10-2logical.c scan-assembler-times fuse_orc_or/0 8
FAIL: gcc.target/powerpc/fusion-p10-2logical.c scan-assembler-times fuse_orc_or/1 10
FAIL: gcc.target/powerpc/fusion-p10-2logical.c scan-assembler-times fuse_orc_or/2 72
FAIL: gcc.target/powerpc/fusion-p10-2logical.c scan-assembler-times fuse_orc_xor/0 8
FAIL: gcc.target/powerpc/fusion-p10-2logical.c scan-assembler-times fuse_orc_xor/1 8
FAIL: gcc.target/powerpc/fusion-p10-2logical.c scan-assembler-times fuse_orc_xor/2 48
FAIL: gcc.target/powerpc/fusion-p10-2logical.c scan-assembler-times fuse_vand_vand/1 8
FAIL: gcc.target/powerpc/fusion-p10-2logical.c scan-assembler-times fuse_vand_veqv/0 8
FAIL: gcc.target/powerpc/fusion-p10-2logical.c scan-assembler-times fuse_vand_vor/0 8
FAIL: gcc.target/powerpc/fusion-p10-2logical.c scan-assembler-times fuse_vand_vorc/0 8
FAIL: gcc.target/powerpc/fusion-p10-2logical.c scan-assembler-times fuse_vand_vxor/0 8
FAIL: gcc.target/powerpc/fusion-p10-2logical.c scan-assembler-times fuse_vandc_vand/0 8
FAIL: gcc.target/powerpc/fusion-p10-2logical.c scan-assembler-times fuse_vandc_vand/1 10
FAIL: gcc.target/powerpc/fusion-p10-2logical.c scan-assembler-times fuse_vandc_vor/0 8
FAIL: gcc.target/powerpc/fusion-p10-2logical.c scan-assembler-times fuse_vandc_vor/1 8
FAIL: gcc.target/powerpc/fusion-p10-2logical.c scan-assembler-times fuse_vandc_vorc/0 8
FAIL: gcc.target/powerpc/fusion-p10-2logical.c scan-assembler-times fuse_vandc_vorc/1 8
FAIL: gcc.target/powerpc/fusion-p10-2logical.c scan-assembler-times fuse_vandc_vxor/0 8
FAIL: gcc.target/powerpc/fusion-p10-2logical.c scan-assembler-times fuse_vandc_vxor/1 8
FAIL: gcc.target/powerpc/fusion-p10-2logical.c scan-assembler-times fuse_veqv_vand/0 8
FAIL: gcc.target/powerpc/fusion-p10-2logical.c scan-assembler-times fuse_veqv_vandc/0 8
FAIL: gcc.target/powerpc/fusion-p10-2logical.c scan-assembler-times fuse_veqv_vor/0 8
FAIL: gcc.target/powerpc/fusion-p10-2logical.c scan-assembler-times fuse_vnand_vand/0 8
FAIL: gcc.target/powerpc/fusion-p10-2logical.c scan-assembler-times fuse_vnand_vandc/0 8
FAIL: gcc.target/powerpc/fusion-p10-2logical.c scan-assembler-times fuse_vnand_vor/0 14
FAIL: gcc.target/powerpc/fusion-p10-2logical.c scan-assembler-times fuse_vnand_vor/1 2
FAIL: gcc.target/powerpc/fusion-p10-2logical.c scan-assembler-times fuse_vnor_vand/0 14
FAIL: gcc.target/powerpc/fusion-p10-2logical.c scan-assembler-times fuse_vnor_vand/1 2
FAIL: gcc.target/powerpc/fusion-p10-2logical.c scan-assembler-times fuse_vnor_vor/0 8
FAIL: gcc.target/powerpc/fusion-p10-2logical.c scan-assembler-times fuse_vnor_vorc/0 8
FAIL: gcc.target/powerpc/fusion-p10-2logical.c scan-assembler-times fuse_vor_vand/0 8
FAIL: gcc.target/powerpc/fusion-p10-2logical.c scan-assembler-times fuse_vor_vandc/0 8
FAIL: gcc.target/powerpc/fusion-p10-2logical.c scan-assembler-times fuse_vor_veqv/0 8
FAIL: gcc.target/powerpc/fusion-p10-2logical.c scan-assembler-times fuse_vor_vor/1 8
FAIL: gcc.target/powerpc/fusion-p10-2logical.c scan-assembler-times fuse_vor_vxor/0 8
FAIL: gcc.target/powerpc/fusion-p10-2logical.c scan-assembler-times fuse_vorc_vand/0 8
FAIL: gcc.target/powerpc/fusion-p10-2logical.c scan-assembler-times fuse_vorc_vand/1 8
FAIL: gcc.target/powerpc/fusion-p10-2logical.c scan-assembler-times fuse_vorc_vandc/0 8
FAIL: gcc.target/powerpc/fusion-p10-2logical.c scan-assembler-times fuse_vorc_vandc/1 8
FAIL: gcc.target/powerpc/fusion-p10-2logical.c scan-assembler-times fuse_vorc_vor/0 8
FAIL: gcc.target/powerpc/fusion-p10-2logical.c scan-assembler-times fuse_vorc_vor/1 10
FAIL: gcc.target/powerpc/fusion-p10-2logical.c scan-assembler-times fuse_vorc_vxor/0 8
FAIL: gcc.target/powerpc/fusion-p10-2logical.c scan-assembler-times fuse_vorc_vxor/1 8
FAIL: gcc.target/powerpc/fusion-p10-2logical.c scan-assembler-times fuse_vxor_vand/0 8
FAIL: gcc.target/powerpc/fusion-p10-2logical.c scan-assembler-times fuse_vxor_vandc/0 8
FAIL: gcc.target/powerpc/fusion-p10-2logical.c scan-assembler-times fuse_vxor_vnand/0 8
FAIL: gcc.target/powerpc/fusion-p10-2logical.c scan-assembler-times fuse_vxor_vor/0 8
FAIL: gcc.target/powerpc/fusion-p10-2logical.c scan-assembler-times fuse_vxor_vorc/0 8
FAIL: gcc.target/powerpc/fusion-p10-2logical.c scan-assembler-times fuse_vxor_vxor/1 8
FAIL: gcc.target/powerpc/fusion-p10-2logical.c scan-assembler-times fuse_xor_and/0 16
FAIL: gcc.target/powerpc/fusion-p10-2logical.c scan-assembler-times fuse_xor_and/2 16
FAIL: gcc.target/powerpc/fusion-p10-2logical.c scan-assembler-times fuse_xor_andc/0 16
FAIL: gcc.target/powerpc/fusion-p10-2logical.c scan-assembler-times fuse_xor_andc/2 16
FAIL: gcc.target/powerpc/fusion-p10-2logical.c scan-assembler-times fuse_xor_nand/0 8
FAIL: gcc.target/powerpc/fusion-p10-2logical.c scan-assembler-times fuse_xor_nand/2 24
FAIL: gcc.target/powerpc/fusion-p10-2logical.c scan-assembler-times fuse_xor_or/0 16
FAIL: gcc.target/powerpc/fusion-p10-2logical.c scan-assembler-times fuse_xor_or/2 16
FAIL: gcc.target/powerpc/fusion-p10-2logical.c scan-assembler-times fuse_xor_orc/0 8
FAIL: gcc.target/powerpc/fusion-p10-2logical.c scan-assembler-times fuse_xor_orc/2 24
FAIL: gcc.target/powerpc/fusion-p10-2logical.c scan-assembler-times fuse_xor_xor/1 16
FAIL: gcc.target/powerpc/fusion-p10-2logical.c scan-assembler-times fuse_xor_xor/2 16
FAIL: gcc.target/powerpc/fusion-p10-addadd.c scan-assembler-times fuse_add_add/0 1
FAIL: gcc.target/powerpc/fusion-p10-addadd.c scan-assembler-times fuse_add_add/1 1
FAIL: gcc.target/powerpc/fusion-p10-addadd.c scan-assembler-times fuse_add_add/2 1
FAIL: gcc.target/powerpc/fusion-p10-addadd.c scan-assembler-times fuse_vaddudm_vaddudm/0 1
FAIL: gcc.target/powerpc/fusion-p10-addadd.c scan-assembler-times fuse_vaddudm_vaddudm/1 1
FAIL: gcc.target/powerpc/fusion-p10-addadd.c scan-assembler-times fuse_vaddudm_vaddudm/2 1
FAIL: gcc.target/powerpc/fusion-p10-logadd.c scan-assembler-times fuse_add_and/0 8
FAIL: gcc.target/powerpc/fusion-p10-logadd.c scan-assembler-times fuse_add_and/2 8
FAIL: gcc.target/powerpc/fusion-p10-logadd.c scan-assembler-times fuse_add_nand/0 4
FAIL: gcc.target/powerpc/fusion-p10-logadd.c scan-assembler-times fuse_add_nand/2 12
FAIL: gcc.target/powerpc/fusion-p10-logadd.c scan-assembler-times fuse_add_nor/0 4
FAIL: gcc.target/powerpc/fusion-p10-logadd.c scan-assembler-times fuse_add_nor/2 12
FAIL: gcc.target/powerpc/fusion-p10-logadd.c scan-assembler-times fuse_add_or/0 4
FAIL: gcc.target/powerpc/fusion-p10-logadd.c scan-assembler-times fuse_add_or/2 12
FAIL: gcc.target/powerpc/fusion-p10-logadd.c scan-assembler-times fuse_and_add/0 6
FAIL: gcc.target/powerpc/fusion-p10-logadd.c scan-assembler-times fuse_and_add/2 22
FAIL: gcc.target/powerpc/fusion-p10-logadd.c scan-assembler-times fuse_and_rsubf/0 4
FAIL: gcc.target/powerpc/fusion-p10-logadd.c scan-assembler-times fuse_and_rsubf/2 12
FAIL: gcc.target/powerpc/fusion-p10-logadd.c scan-assembler-times fuse_and_subf/0 4
FAIL: gcc.target/powerpc/fusion-p10-logadd.c scan-assembler-times fuse_and_subf/2 12
FAIL: gcc.target/powerpc/fusion-p10-logadd.c scan-assembler-times fuse_nand_add/0 4
FAIL: gcc.target/powerpc/fusion-p10-logadd.c scan-assembler-times fuse_nand_add/2 12
FAIL: gcc.target/powerpc/fusion-p10-logadd.c scan-assembler-times fuse_nand_rsubf/0 2
FAIL: gcc.target/powerpc/fusion-p10-logadd.c scan-assembler-times fuse_nand_rsubf/2 2
FAIL: gcc.target/powerpc/fusion-p10-logadd.c scan-assembler-times fuse_nand_subf/0 4
FAIL: gcc.target/powerpc/fusion-p10-logadd.c scan-assembler-times fuse_nand_subf/2 12
FAIL: gcc.target/powerpc/fusion-p10-logadd.c scan-assembler-times fuse_nor_add/0 4
FAIL: gcc.target/powerpc/fusion-p10-logadd.c scan-assembler-times fuse_nor_add/2 12
FAIL: gcc.target/powerpc/fusion-p10-logadd.c scan-assembler-times fuse_nor_rsubf/0 2
FAIL: gcc.target/powerpc/fusion-p10-logadd.c scan-assembler-times fuse_nor_rsubf/2 2
FAIL: gcc.target/powerpc/fusion-p10-logadd.c scan-assembler-times fuse_nor_subf/0 4
FAIL: gcc.target/powerpc/fusion-p10-logadd.c scan-assembler-times fuse_nor_subf/2 12
FAIL: gcc.target/powerpc/fusion-p10-logadd.c scan-assembler-times fuse_or_add/0 6
FAIL: gcc.target/powerpc/fusion-p10-logadd.c scan-assembler-times fuse_or_add/2 22
FAIL: gcc.target/powerpc/fusion-p10-logadd.c scan-assembler-times fuse_or_rsubf/0 4
FAIL: gcc.target/powerpc/fusion-p10-logadd.c scan-assembler-times fuse_or_rsubf/2 12
FAIL: gcc.target/powerpc/fusion-p10-logadd.c scan-assembler-times fuse_or_subf/0 4
FAIL: gcc.target/powerpc/fusion-p10-logadd.c scan-assembler-times fuse_or_subf/2 12
FAIL: gcc.target/powerpc/fusion-p10-logadd.c scan-assembler-times fuse_subf_and/0 8
FAIL: gcc.target/powerpc/fusion-p10-logadd.c scan-assembler-times fuse_subf_and/1 8
FAIL: gcc.target/powerpc/fusion-p10-logadd.c scan-assembler-times fuse_subf_and/2 16
FAIL: gcc.target/powerpc/fusion-p10-logadd.c scan-assembler-times fuse_subf_nand/0 4
FAIL: gcc.target/powerpc/fusion-p10-logadd.c scan-assembler-times fuse_subf_nand/1 4
FAIL: gcc.target/powerpc/fusion-p10-logadd.c scan-assembler-times fuse_subf_nand/2 24
FAIL: gcc.target/powerpc/fusion-p10-logadd.c scan-assembler-times fuse_subf_nor/0 4
FAIL: gcc.target/powerpc/fusion-p10-logadd.c scan-assembler-times fuse_subf_nor/1 4
FAIL: gcc.target/powerpc/fusion-p10-logadd.c scan-assembler-times fuse_subf_nor/2 24
FAIL: gcc.target/powerpc/fusion-p10-logadd.c scan-assembler-times fuse_subf_or/0 4
FAIL: gcc.target/powerpc/fusion-p10-logadd.c scan-assembler-times fuse_subf_or/1 4
FAIL: gcc.target/powerpc/fusion-p10-logadd.c scan-assembler-times fuse_subf_or/2 24
FAIL: gcc.target/powerpc/rlwimi-2.c scan-assembler-times (?n)^\\\\s+[a-z] 20217
FAIL: gcc.target/powerpc/rs6000-fpint.c scan-assembler-not stfiwx
XPASS: gcc.target/powerpc/ppc-fortran/ieee128-math.f90 -O (test for excess errors)
=== gcc Summary ===
# of expected passes 148869
# of unexpected failures 348
# of unexpected successes 33
# of expected failures 949
# of unsupported tests 3732
/home/gccbuild/build/nightly/build-gcc-11/gcc/xgcc version 11.1.1 20210618 [releases/gcc-11 revision c63b440cda:fe55f35bed:3587c2c241eda0f3ab54ea60d46e9caf12d69b5a] (GCC)
=== gfortran tests ===
Running target unix
XPASS: gfortran.dg/large_real_kind_form_io_2.f90 -O0 execution test
XPASS: gfortran.dg/large_real_kind_form_io_2.f90 -O1 execution test
XPASS: gfortran.dg/large_real_kind_form_io_2.f90 -O2 execution test
XPASS: gfortran.dg/large_real_kind_form_io_2.f90 -O3 -fomit-frame-pointer -funroll-loops -fpeel-loops -ftracer -finline-functions execution test
XPASS: gfortran.dg/large_real_kind_form_io_2.f90 -O3 -g execution test
XPASS: gfortran.dg/large_real_kind_form_io_2.f90 -Os execution test
UNRESOLVED: gfortran.dg/pr96711.f90 -O0 scan-tree-dump-times original "_gfortran_stop_numeric" 2
FAIL: gfortran.dg/pr96711.f90 -O0 (internal compiler error)
FAIL: gfortran.dg/pr96711.f90 -O0 (test for excess errors)
UNRESOLVED: gfortran.dg/pr96711.f90 -O0 compilation failed to produce executable
UNRESOLVED: gfortran.dg/pr96711.f90 -O1 scan-tree-dump-times original "_gfortran_stop_numeric" 2
FAIL: gfortran.dg/pr96711.f90 -O1 (internal compiler error)
FAIL: gfortran.dg/pr96711.f90 -O1 (test for excess errors)
UNRESOLVED: gfortran.dg/pr96711.f90 -O1 compilation failed to produce executable
UNRESOLVED: gfortran.dg/pr96711.f90 -O2 scan-tree-dump-times original "_gfortran_stop_numeric" 2
FAIL: gfortran.dg/pr96711.f90 -O2 (internal compiler error)
FAIL: gfortran.dg/pr96711.f90 -O2 (test for excess errors)
UNRESOLVED: gfortran.dg/pr96711.f90 -O2 compilation failed to produce executable
UNRESOLVED: gfortran.dg/pr96711.f90 -O3 -fomit-frame-pointer -funroll-loops -fpeel-loops -ftracer -finline-functions scan-tree-dump-times original "_gfortran_stop_numeric" 2
FAIL: gfortran.dg/pr96711.f90 -O3 -fomit-frame-pointer -funroll-loops -fpeel-loops -ftracer -finline-functions (internal compiler error)
FAIL: gfortran.dg/pr96711.f90 -O3 -fomit-frame-pointer -funroll-loops -fpeel-loops -ftracer -finline-functions (test for excess errors)
UNRESOLVED: gfortran.dg/pr96711.f90 -O3 -fomit-frame-pointer -funroll-loops -fpeel-loops -ftracer -finline-functions compilation failed to produce executable
UNRESOLVED: gfortran.dg/pr96711.f90 -O3 -g scan-tree-dump-times original "_gfortran_stop_numeric" 2
FAIL: gfortran.dg/pr96711.f90 -O3 -g (internal compiler error)
FAIL: gfortran.dg/pr96711.f90 -O3 -g (test for excess errors)
UNRESOLVED: gfortran.dg/pr96711.f90 -O3 -g compilation failed to produce executable
UNRESOLVED: gfortran.dg/pr96711.f90 -Os scan-tree-dump-times original "_gfortran_stop_numeric" 2
FAIL: gfortran.dg/pr96711.f90 -Os (internal compiler error)
FAIL: gfortran.dg/pr96711.f90 -Os (test for excess errors)
UNRESOLVED: gfortran.dg/pr96711.f90 -Os compilation failed to produce executable
FAIL: gfortran.dg/ieee/large_2.f90 -O0 execution test
FAIL: gfortran.dg/ieee/large_2.f90 -O1 execution test
FAIL: gfortran.dg/ieee/large_2.f90 -O2 execution test
FAIL: gfortran.dg/ieee/large_2.f90 -O3 -fomit-frame-pointer -funroll-loops -fpeel-loops -ftracer -finline-functions execution test
FAIL: gfortran.dg/ieee/large_2.f90 -O3 -g execution test
FAIL: gfortran.dg/ieee/large_2.f90 -Os execution test
=== gfortran Summary ===
# of expected passes 56583
# of unexpected failures 18
# of unexpected successes 6
# of expected failures 244
# of unresolved testcases 12
# of unsupported tests 161
/home/gccbuild/build/nightly/build-gcc-11/gcc/gfortran version 11.1.1 20210618 [releases/gcc-11 revision c63b440cda:fe55f35bed:3587c2c241eda0f3ab54ea60d46e9caf12d69b5a] (GCC)
=== g++ tests ===
Running target unix
FAIL: c-c++-common/attr-retain-6.c -std=gnu++14 (test for warnings, line 21)
FAIL: c-c++-common/attr-retain-6.c -std=gnu++14 scan-assembler __libc_freeres_fn,"ax"
FAIL: c-c++-common/attr-retain-6.c -std=gnu++17 (test for warnings, line 21)
FAIL: c-c++-common/attr-retain-6.c -std=gnu++17 scan-assembler __libc_freeres_fn,"ax"
FAIL: c-c++-common/attr-retain-6.c -std=gnu++2a (test for warnings, line 21)
FAIL: c-c++-common/attr-retain-6.c -std=gnu++2a scan-assembler __libc_freeres_fn,"ax"
FAIL: c-c++-common/attr-retain-6.c -std=gnu++98 (test for warnings, line 21)
FAIL: c-c++-common/attr-retain-6.c -std=gnu++98 scan-assembler __libc_freeres_fn,"ax"
FAIL: c-c++-common/attr-retain-7.c -std=gnu++14 (test for warnings, line 6)
FAIL: c-c++-common/attr-retain-7.c -std=gnu++14 scan-assembler .data.foo,"awR"
FAIL: c-c++-common/attr-retain-7.c -std=gnu++17 (test for warnings, line 6)
FAIL: c-c++-common/attr-retain-7.c -std=gnu++17 scan-assembler .data.foo,"awR"
FAIL: c-c++-common/attr-retain-7.c -std=gnu++2a (test for warnings, line 6)
FAIL: c-c++-common/attr-retain-7.c -std=gnu++2a scan-assembler .data.foo,"awR"
FAIL: c-c++-common/attr-retain-7.c -std=gnu++98 (test for warnings, line 6)
FAIL: c-c++-common/attr-retain-7.c -std=gnu++98 scan-assembler .data.foo,"awR"
FAIL: c-c++-common/attr-retain-8.c -std=gnu++14 (test for warnings, line 5)
FAIL: c-c++-common/attr-retain-8.c -std=gnu++14 scan-assembler .data.foo,"aw"
FAIL: c-c++-common/attr-retain-8.c -std=gnu++17 (test for warnings, line 5)
FAIL: c-c++-common/attr-retain-8.c -std=gnu++17 scan-assembler .data.foo,"aw"
FAIL: c-c++-common/attr-retain-8.c -std=gnu++2a (test for warnings, line 5)
FAIL: c-c++-common/attr-retain-8.c -std=gnu++2a scan-assembler .data.foo,"aw"
FAIL: c-c++-common/attr-retain-8.c -std=gnu++98 (test for warnings, line 5)
FAIL: c-c++-common/attr-retain-8.c -std=gnu++98 scan-assembler .data.foo,"aw"
=== g++ Summary ===
# of expected passes 206726
# of unexpected failures 24
# of expected failures 1073
# of unsupported tests 9410
/home/gccbuild/build/nightly/build-gcc-11/gcc/xg++ version 11.1.1 20210618 [releases/gcc-11 revision c63b440cda:fe55f35bed:3587c2c241eda0f3ab54ea60d46e9caf12d69b5a] (GCC)
=== go tests ===
Running target unix
FAIL: go.test/test/fixedbugs/issue10441.go -O (test for excess errors)
FAIL: go.test/test/fixedbugs/issue39541.go execution, -O2 -g
=== go Summary ===
# of expected passes 8884
# of unexpected failures 2
# of untested testcases 7
# of unsupported tests 32
/home/gccbuild/build/nightly/build-gcc-11/gcc/gccgo version 11.1.1 20210618 [releases/gcc-11 revision c63b440cda:fe55f35bed:3587c2c241eda0f3ab54ea60d46e9caf12d69b5a] (GCC)
=== obj-c++ tests ===
Running target unix
=== obj-c++ Summary ===
# of expected passes 1482
# of expected failures 10
# of unsupported tests 77
/home/gccbuild/build/nightly/build-gcc-11/gcc/xg++ version 11.1.1 20210618 [releases/gcc-11 revision c63b440cda:fe55f35bed:3587c2c241eda0f3ab54ea60d46e9caf12d69b5a] (GCC)
=== objc tests ===
Running target unix
=== objc Summary ===
# of expected passes 2826
# of unsupported tests 68
/home/gccbuild/build/nightly/build-gcc-11/gcc/xgcc version 11.1.1 20210618 [releases/gcc-11 revision c63b440cda:fe55f35bed:3587c2c241eda0f3ab54ea60d46e9caf12d69b5a] (GCC)
=== gotools tests ===
FAIL: go test runtime
=== gotools Summary ===
# of expected passes 323
# of unexpected failures 1
# of untested testcases 109
/home/gccbuild/build/nightly/build-gcc-11/./gcc/gccgo version 11.1.1 20210618 [releases/gcc-11 revision c63b440cda:fe55f35bed:3587c2c241eda0f3ab54ea60d46e9caf12d69b5a] (GCC)
=== libatomic tests ===
Running target unix
=== libatomic Summary ===
# of expected passes 54
=== libffi tests ===
Running target unix
=== libffi Summary ===
# of expected passes 1949
# of unsupported tests 28
=== libgo tests ===
Running target unix
FAIL: runtime
=== libgo Summary ===
# of expected passes 183
# of unexpected failures 1
/home/gccbuild/build/nightly/build-gcc-11/./gcc/gccgo version 11.1.1 20210618 [releases/gcc-11 revision c63b440cda:fe55f35bed:3587c2c241eda0f3ab54ea60d46e9caf12d69b5a] (GCC)
=== libgomp tests ===
Running target unix
=== libgomp Summary ===
# of expected passes 8290
# of expected failures 6
# of unsupported tests 608
=== libitm tests ===
Running target unix
=== libitm Summary ===
# of expected passes 42
# of expected failures 3
# of unsupported tests 1
=== libstdc++ tests ===
Running target unix
=== libstdc++ Summary ===
# of expected passes 15333
# of expected failures 104
# of unsupported tests 502
Compiler version: 11.1.1 20210618 [releases/gcc-11 revision c63b440cda:fe55f35bed:3587c2c241eda0f3ab54ea60d46e9caf12d69b5a] (GCC)
Platform: powerpc64le-unknown-linux-gnu
configure flags: --prefix=/opt/gcc-nightly/11 --with-as=/home/gccbuild/binutils/install/bin/as --with-ld=/home/gccbuild/binutils/install/bin/ld --enable-languages=c,c++,fortran,objc,obj-c++,go --with-cpu=power8
More information about the Gcc-testresults
mailing list