Results for 12.0.0 20210610 (experimental) (GCC) testsuite on x86_64-pc-linux-gnu
Shrisha Rao
shrao@alumni.cmu.edu
Mon Jun 14 05:52:54 GMT 2021
These results are as compiled on an EC2 instance from the Git source.
Native configuration is x86_64-pc-linux-gnu
=== gcc tests ===
Running target unix
FAIL: gcc.c-torture/execute/fprintf-2.c -O3 -g (test for excess errors)
FAIL: gcc.c-torture/execute/printf-2.c -O3 -g (test for excess errors)
FAIL: gcc.c-torture/execute/user-printf.c -O3 -g (test for excess errors)
FAIL: gcc.target/i386/avx512vpopcntdqvl-pr97770-1.c (test for excess errors)
UNRESOLVED: gcc.target/i386/avx512vpopcntdqvl-pr97770-1.c compilation failed to produce executable
FAIL: gcc.target/i386/pr97642-2.c (test for excess errors)
UNRESOLVED: gcc.target/i386/pr97642-2.c compilation failed to produce executable
=== gcc Summary ===
# of expected passes 161609
# of unexpected failures 5
# of expected failures 898
# of unresolved testcases 2
# of unsupported tests 2484
/home/ec2-user/tmp/gcctemp/gcc/xgcc version 12.0.0 20210610 (experimental) (GCC)
=== gfortran tests ===
Running target unix
=== gfortran Summary ===
# of expected passes 57442
# of expected failures 243
# of unsupported tests 97
/home/ec2-user/tmp/gcctemp/gcc/testsuite/gfortran/../../gfortran version 12.0.0 20210610 (experimental) (GCC)
=== g++ tests ===
Running target unix
FAIL: g++.dg/tsan/pthread_cond_clockwait.C -O0 (test for excess errors)
UNRESOLVED: g++.dg/tsan/pthread_cond_clockwait.C -O0 compilation failed to produce executable
FAIL: g++.dg/tsan/pthread_cond_clockwait.C -O2 (test for excess errors)
UNRESOLVED: g++.dg/tsan/pthread_cond_clockwait.C -O2 compilation failed to produce executable
=== g++ Summary ===
# of expected passes 214117
# of unexpected failures 2
# of expected failures 1291
# of unresolved testcases 2
# of unsupported tests 9156
/home/ec2-user/tmp/gcctemp/gcc/testsuite/g++/../../xg++ version 12.0.0 20210610 (experimental) (GCC)
=== objc tests ===
Running target unix
=== objc Summary ===
# of expected passes 2820
# of expected failures 6
# of unsupported tests 68
/home/ec2-user/tmp/gcctemp/gcc/xgcc version 12.0.0 20210610 (experimental) (GCC)
=== libatomic tests ===
Running target unix
=== libatomic Summary ===
# of expected passes 54
=== libgomp tests ===
Running target unix
=== libgomp Summary ===
# of expected passes 11435
# of expected failures 84
# of unsupported tests 527
=== libitm tests ===
Running target unix
=== libitm Summary ===
# of expected passes 42
# of expected failures 3
# of unsupported tests 1
=== libstdc++ tests ===
Running target unix
ERROR: tcl error sourcing /home/ec2-user/tmp/gcc/libstdc++-v3/testsuite/libstdc++-dg/conformance.exp.
ERROR: usage: send [args] string
=== libstdc++ Summary ===
# of expected passes 14874
# of expected failures 95
# of unsupported tests 350
Compiler version: 12.0.0 20210610 (experimental) (GCC)
Platform: x86_64-pc-linux-gnu
configure flags: --disable-multilib --prefix=/shrao/testgcc
More information about the Gcc-testresults
mailing list