Results of testsuite (branch: master; revision: r12-1231; build config: asan,checking=all; languages: all,ada) on x86_64-linux-gnu.
Toon Moene
toon@moene.org
Sun Jun 6 18:05:03 GMT 2021
LAST_UPDATED: Sat Jun 5 06:40:48 UTC 2021 (revision 549d7f4310f:e97b11a9189:f31729d794c4150f6cba97f33ec125e180abd7dd)
=== acats tests ===
=== acats Summary ===
# of expected passes 2328
# of unexpected failures 0
Native configuration is x86_64-pc-linux-gnu
=== gcc tests ===
Running target unix
FAIL: gcc.dg/plugin/analyzer_gil_plugin.c compilation
FAIL: gcc.dg/plugin/diagnostic_group_plugin.c compilation
FAIL: gcc.dg/plugin/diagnostic_plugin_show_trees.c compilation
FAIL: gcc.dg/plugin/diagnostic_plugin_test_inlining.c compilation
FAIL: gcc.dg/plugin/diagnostic_plugin_test_metadata.c compilation
FAIL: gcc.dg/plugin/diagnostic_plugin_test_paths.c compilation
FAIL: gcc.dg/plugin/diagnostic_plugin_test_show_locus.c compilation
FAIL: gcc.dg/plugin/diagnostic_plugin_test_string_literals.c compilation
FAIL: gcc.dg/plugin/diagnostic_plugin_test_tree_expression_range.c compilation
FAIL: gcc.dg/plugin/dump_plugin.c compilation
FAIL: gcc.dg/plugin/expensive_selftests_plugin.c compilation
FAIL: gcc.dg/plugin/finish_unit_plugin.c compilation
FAIL: gcc.dg/plugin/ggcplug.c compilation
FAIL: gcc.dg/plugin/location_overflow_plugin.c compilation
FAIL: gcc.dg/plugin/must_tail_call_plugin.c compilation
FAIL: gcc.dg/plugin/one_time_plugin.c compilation
FAIL: gcc.dg/plugin/poly-int-01_plugin.c compilation
FAIL: gcc.dg/plugin/poly-int-02_plugin.c compilation
FAIL: gcc.dg/plugin/poly-int-03_plugin.c compilation
FAIL: gcc.dg/plugin/poly-int-04_plugin.c compilation
FAIL: gcc.dg/plugin/poly-int-05_plugin.c compilation
FAIL: gcc.dg/plugin/poly-int-06_plugin.c compilation
FAIL: gcc.dg/plugin/poly-int-07_plugin.c compilation
FAIL: gcc.dg/plugin/selfassign.c compilation
FAIL: gcc.dg/plugin/start_unit_plugin.c compilation
FAIL: gcc.dg/plugin/wide-int_plugin.c compilation
FAIL: gcc.dg/rtl/x86_64/pro_and_epilogue.c (internal compiler error)
FAIL: gcc.dg/rtl/x86_64/pro_and_epilogue.c (test for excess errors)
FAIL: gcc.dg/rtl/x86_64/pro_and_epilogue.c scan-rtl-dump-times pro_and_epilogue "NOTE_INSN_PROLOGUE_END" 1
FAIL: gcc.dg/rtl/x86_64/pro_and_epilogue.c scan-rtl-dump-times pro_and_epilogue "simple_return" 2
FAIL: maintainers-verify.sh
=== gcc Summary ===
# of expected passes 161466
# of unexpected failures 31
# of expected failures 909
# of unsupported tests 2439
/home/toon/scratch/bld237988/gcc/xgcc version 12.0.0 20210605 (experimental) [master revision 549d7f4310f:e97b11a9189:f31729d794c4150f6cba97f33ec125e180abd7dd] (GCC)
=== gdc tests ===
Running target unix
FAIL: gdc.dg/attr_optimize1.d (test for warnings, line 39)
FAIL: gdc.dg/attr_optimize1.d (test for warnings, line 45)
FAIL: gdc.dg/attr_optimize1.d (test for excess errors)
FAIL: gdc.dg/attr_optimize1.d 1 blank line(s) in output
=== gdc Summary ===
# of expected passes 10764
# of unexpected failures 4
/home/toon/scratch/bld237988/gcc/gdc version 12.0.0 20210605 (experimental) [master revision 549d7f4310f:e97b11a9189:f31729d794c4150f6cba97f33ec125e180abd7dd] (GCC)
=== gfortran tests ===
Running target unix
=== gfortran Summary ===
# of expected passes 57526
# of expected failures 290
# of unsupported tests 96
/home/toon/scratch/bld237988/gcc/gfortran version 12.0.0 20210605 (experimental) [master revision 549d7f4310f:e97b11a9189:f31729d794c4150f6cba97f33ec125e180abd7dd] (GCC)
=== g++ tests ===
Running target unix
FAIL: g++.dg/asan/default-options-1.C -O0 output pattern test
FAIL: g++.dg/asan/default-options-1.C -O1 output pattern test
FAIL: g++.dg/asan/default-options-1.C -O2 output pattern test
FAIL: g++.dg/asan/default-options-1.C -O2 -flto -fno-use-linker-plugin -flto-partition=none output pattern test
FAIL: g++.dg/asan/default-options-1.C -O2 -flto -fuse-linker-plugin -fno-fat-lto-objects output pattern test
FAIL: g++.dg/asan/default-options-1.C -O3 -g output pattern test
FAIL: g++.dg/asan/default-options-1.C -Os output pattern test
FAIL: g++.dg/plugin/../../gcc.dg/plugin/diagnostic_plugin_test_inlining.c compilation
FAIL: g++.dg/plugin/../../gcc.dg/plugin/diagnostic_plugin_test_string_literals.c compilation
FAIL: g++.dg/plugin/../../gcc.dg/plugin/diagnostic_plugin_test_tree_expression_range.c compilation
FAIL: g++.dg/plugin/../../gcc.dg/plugin/location_overflow_plugin.c compilation
FAIL: g++.dg/plugin/attribute_plugin.c compilation
FAIL: g++.dg/plugin/comment_plugin.c compilation
FAIL: g++.dg/plugin/decl_plugin.c compilation
FAIL: g++.dg/plugin/def_plugin.c compilation
FAIL: g++.dg/plugin/dumb_plugin.c compilation
FAIL: g++.dg/plugin/header_plugin.c compilation
FAIL: g++.dg/plugin/pragma_plugin.c compilation
FAIL: g++.dg/plugin/selfassign.c compilation
FAIL: g++.dg/plugin/show_template_tree_color_plugin.c compilation
WARNING: g++.dg/torture/pr31863.C -O0 (test for excess errors) program timed out.
FAIL: g++.dg/torture/pr31863.C -O0 (test for excess errors)
WARNING: g++.dg/torture/pr31863.C -O1 (test for excess errors) program timed out.
FAIL: g++.dg/torture/pr31863.C -O1 (test for excess errors)
WARNING: g++.dg/torture/pr31863.C -O2 (test for excess errors) program timed out.
FAIL: g++.dg/torture/pr31863.C -O2 (test for excess errors)
WARNING: g++.dg/torture/pr31863.C -O2 -flto -fno-use-linker-plugin -flto-partition=none (test for excess errors) program timed out.
FAIL: g++.dg/torture/pr31863.C -O2 -flto -fno-use-linker-plugin -flto-partition=none (test for excess errors)
WARNING: g++.dg/torture/pr31863.C -O2 -flto -fuse-linker-plugin -fno-fat-lto-objects (test for excess errors) program timed out.
FAIL: g++.dg/torture/pr31863.C -O2 -flto -fuse-linker-plugin -fno-fat-lto-objects (test for excess errors)
WARNING: g++.dg/torture/pr31863.C -O3 -g (test for excess errors) program timed out.
FAIL: g++.dg/torture/pr31863.C -O3 -g (test for excess errors)
WARNING: g++.dg/torture/pr31863.C -Os (test for excess errors) program timed out.
FAIL: g++.dg/torture/pr31863.C -Os (test for excess errors)
=== g++ Summary ===
# of expected passes 213637
# of unexpected failures 27
# of expected failures 1285
# of unsupported tests 9121
/home/toon/scratch/bld237988/gcc/xg++ version 12.0.0 20210605 (experimental) [master revision 549d7f4310f:e97b11a9189:f31729d794c4150f6cba97f33ec125e180abd7dd] (GCC)
=== gnat tests ===
Running target unix
=== gnat Summary ===
# of expected passes 3373
# of expected failures 23
# of unsupported tests 3
/home/toon/scratch/bld237988/gcc/gnatmake version 12.0.0 20210605 (experimental) [master revision 549d7f4310f:e97b11a9189:f31729d794c4150f6cba97f33ec125e180abd7dd]
=== go tests ===
Running target unix
FAIL: ./index0-out.go execution, -O0 -g -fno-var-tracking-assignments
FAIL: go.test/test/fixedbugs/issue10441.go -O (test for excess errors)
FAIL: issue4458.go -O (test for errors, line 19)
FAIL: issue4458.go -O (test for excess errors)
=== go Summary ===
# of expected passes 8891
# of unexpected failures 4
# of untested testcases 6
# of unsupported tests 27
/home/toon/scratch/bld237988/gcc/gccgo version 12.0.0 20210605 (experimental) [master revision 549d7f4310f:e97b11a9189:f31729d794c4150f6cba97f33ec125e180abd7dd] (GCC)
=== obj-c++ tests ===
Running target unix
FAIL: obj-c++.dg/plugin/../../gcc.dg/plugin/diagnostic_plugin_test_tree_expression_range.c compilation
=== obj-c++ Summary ===
# of expected passes 1466
# of unexpected failures 1
# of expected failures 10
# of unsupported tests 77
/home/toon/scratch/bld237988/gcc/xg++ version 12.0.0 20210605 (experimental) [master revision 549d7f4310f:e97b11a9189:f31729d794c4150f6cba97f33ec125e180abd7dd] (GCC)
=== objc tests ===
Running target unix
FAIL: objc.dg/plugin/../../gcc.dg/plugin/diagnostic_plugin_test_tree_expression_range.c compilation
=== objc Summary ===
# of expected passes 2804
# of unexpected failures 1
# of expected failures 6
# of unsupported tests 68
/home/toon/scratch/bld237988/gcc/xgcc version 12.0.0 20210605 (experimental) [master revision 549d7f4310f:e97b11a9189:f31729d794c4150f6cba97f33ec125e180abd7dd] (GCC)
=== gotools tests ===
FAIL: go test cmd/go
FAIL: TestScript
=== gotools Summary ===
# of expected passes 395
# of unexpected failures 2
# of untested testcases 124
/home/toon/scratch/bld237988/./gcc/gccgo version 12.0.0 20210605 (experimental) [master revision 549d7f4310f:e97b11a9189:f31729d794c4150f6cba97f33ec125e180abd7dd] (GCC)
=== libatomic tests ===
Running target unix
=== libatomic Summary ===
# of expected passes 54
=== libffi tests ===
Running target unix
=== libffi Summary ===
# of expected passes 2214
=== libgo tests ===
Running target unix
FAIL: runtime/pprof
=== libgo Summary ===
# of expected passes 183
# of unexpected failures 1
/home/toon/scratch/bld237988/./gcc/gccgo version 12.0.0 20210605 (experimental) [master revision 549d7f4310f:e97b11a9189:f31729d794c4150f6cba97f33ec125e180abd7dd] (GCC)
=== libgomp tests ===
Running target unix
=== libgomp Summary ===
# of expected passes 11458
# of expected failures 86
# of unsupported tests 532
=== libitm tests ===
Running target unix
=== libitm Summary ===
# of expected passes 42
# of expected failures 3
# of unsupported tests 1
=== libphobos tests ===
Running target unix
WARNING: libphobos.phobos/std/datetime/date.d (test for excess errors) program timed out.
FAIL: libphobos.phobos/std/datetime/date.d (test for excess errors)
UNRESOLVED: libphobos.phobos/std/datetime/date.d compilation failed to produce executable
WARNING: libphobos.phobos/std/range/package.d (test for excess errors) program timed out.
FAIL: libphobos.phobos/std/range/package.d (test for excess errors)
UNRESOLVED: libphobos.phobos/std/range/package.d compilation failed to produce executable
WARNING: libphobos.phobos_shared/std/datetime/date.d (test for excess errors) program timed out.
FAIL: libphobos.phobos_shared/std/datetime/date.d (test for excess errors)
UNRESOLVED: libphobos.phobos_shared/std/datetime/date.d compilation failed to produce executable
WARNING: libphobos.phobos_shared/std/range/package.d (test for excess errors) program timed out.
FAIL: libphobos.phobos_shared/std/range/package.d (test for excess errors)
UNRESOLVED: libphobos.phobos_shared/std/range/package.d compilation failed to produce executable
=== libphobos Summary ===
# of expected passes 780
# of unexpected failures 4
# of unresolved testcases 4
=== libstdc++ tests ===
Running target unix
FAIL: 30_threads/jthread/95989.cc execution test
=== libstdc++ Summary ===
# of expected passes 14243
# of unexpected failures 1
# of expected failures 95
# of unsupported tests 665
Compiler version: 12.0.0 20210605 (experimental) [master revision 549d7f4310f:e97b11a9189:f31729d794c4150f6cba97f33ec125e180abd7dd] (GCC)
Platform: x86_64-pc-linux-gnu
configure flags: --prefix=/home/toon/compilers/install/gcc --with-gnu-as --with-gnu-ld --enable-languages=all,ada --disable-multilib --disable-nls --with-build-config=bootstrap-asan --enable-checking=all
More information about the Gcc-testresults
mailing list