Results for 12.0.0 20210603 (experimental) [master revision 0614bbbe59:3aaf5949bd:52e130652a76ff3d14c0f572fcd79fa53637ce2c] (GCC) testsuite on powerpc64le-unknown-linux-gnu
Bill Seurer (POWER10)
seurer@linux.ibm.com
Thu Jun 3 22:42:02 GMT 2021
git commit g:52e130652a76ff3d14c0f572fcd79fa53637ce2c
gcc-descr
Linux 5.10.0-6.2021_01_19.eos.ibm.el8.ppc64le ppc64le
GNU C Library (GNU libc) stable release version 2.28.
GNU ld (GNU Binutils) 2.36.1
GNU assembler (GNU Binutils) 2.36.1
GNU Make 4.2.1
DejaGnu:
DejaGnu version 1.6
Expect version 5.45.4
Tcl version 8.6
64-bit
LAST_UPDATED: Thu Jun 3 17:47:34 UTC 2021 (revision 0614bbbe59:3aaf5949bd:52e130652a76ff3d14c0f572fcd79fa53637ce2c)
Native configuration is powerpc64le-unknown-linux-gnu
=== gcc tests ===
Running target unix
FAIL: gcc.c-torture/execute/ieee/cdivchkld.c execution, -O1
FAIL: gcc.c-torture/execute/ieee/cdivchkld.c execution, -O2
FAIL: gcc.c-torture/execute/ieee/cdivchkld.c execution, -O3 -fomit-frame-pointer -funroll-loops -fpeel-loops -ftracer -finline-functions
FAIL: gcc.c-torture/execute/ieee/cdivchkld.c execution, -O3 -g
FAIL: gcc.c-torture/execute/ieee/cdivchkld.c execution, -Os
FAIL: gcc.c-torture/execute/ieee/cdivchkld.c execution, -O2 -flto -fno-use-linker-plugin -flto-partition=none
FAIL: gcc.c-torture/execute/ieee/cdivchkld.c execution, -O2 -flto -fuse-linker-plugin -fno-fat-lto-objects
XPASS: gcc.dg/Wtrampolines.c standard descriptors (test for warnings, line 29)
FAIL: gcc.dg/pr56727-2.c scan-assembler bl f\\n\\\\s*nop
FAIL: gcc.dg/sms-10.c scan-rtl-dump-times sms "SMS succeeded" 1
FAIL: gcc.dg/sms-3.c scan-rtl-dump-times sms "SMS succeeded" 1
FAIL: gcc.dg/sms-4.c scan-rtl-dump-times sms "SMS succeeded" 1
FAIL: gcc.dg/sms-6.c scan-rtl-dump-times sms "SMS succeeded" 3
XPASS: gcc.dg/graphite/pr69728.c scan-tree-dump graphite "loop nest optimized"
XPASS: gcc.dg/guality/example.c -O0 execution test
XPASS: gcc.dg/guality/example.c -O1 -DPREVENT_OPTIMIZATION execution test
XPASS: gcc.dg/guality/example.c -Og -DPREVENT_OPTIMIZATION execution test
XPASS: gcc.dg/guality/guality.c -O0 execution test
XPASS: gcc.dg/guality/guality.c -O1 -DPREVENT_OPTIMIZATION execution test
XPASS: gcc.dg/guality/guality.c -O2 -DPREVENT_OPTIMIZATION execution test
XPASS: gcc.dg/guality/guality.c -O3 -g -DPREVENT_OPTIMIZATION execution test
XPASS: gcc.dg/guality/guality.c -Og -DPREVENT_OPTIMIZATION execution test
XPASS: gcc.dg/guality/guality.c -O2 -flto -fno-use-linker-plugin -flto-partition=none -DPREVENT_OPTIMIZATION execution test
FAIL: gcc.dg/guality/inline-params-2.c -O2 -DPREVENT_OPTIMIZATION execution test
FAIL: gcc.dg/guality/inline-params-2.c -O3 -g -DPREVENT_OPTIMIZATION execution test
FAIL: gcc.dg/guality/inline-params-2.c -Os -DPREVENT_OPTIMIZATION execution test
FAIL: gcc.dg/guality/inline-params-2.c -O2 -flto -fno-use-linker-plugin -flto-partition=none -DPREVENT_OPTIMIZATION execution test
FAIL: gcc.dg/guality/inline-params-2.c -O2 -flto -fuse-linker-plugin -fno-fat-lto-objects -DPREVENT_OPTIMIZATION execution test
FAIL: gcc.dg/guality/loop-1.c -O2 -DPREVENT_OPTIMIZATION line 20 i == 1
FAIL: gcc.dg/guality/loop-1.c -O3 -fomit-frame-pointer -funroll-loops -fpeel-loops -ftracer -finline-functions -DPREVENT_OPTIMIZATION line 20 i == 1
FAIL: gcc.dg/guality/loop-1.c -O3 -g -DPREVENT_OPTIMIZATION line 20 i == 1
FAIL: gcc.dg/guality/loop-1.c -O2 -flto -fno-use-linker-plugin -flto-partition=none -DPREVENT_OPTIMIZATION line 20 i == 1
FAIL: gcc.dg/guality/loop-1.c -O2 -flto -fuse-linker-plugin -fno-fat-lto-objects -DPREVENT_OPTIMIZATION line 20 i == 1
FAIL: gcc.dg/guality/pr36728-3.c -O3 -g -DPREVENT_OPTIMIZATION line 16 y == 2
FAIL: gcc.dg/guality/pr36728-3.c -O2 -flto -fuse-linker-plugin -fno-fat-lto-objects -DPREVENT_OPTIMIZATION line 16 y == 2
FAIL: gcc.dg/guality/pr41353-1.c -Og -DPREVENT_OPTIMIZATION line 28 i == 37
XPASS: gcc.dg/guality/pr41353-1.c -Og -DPREVENT_OPTIMIZATION line 28 j == 28 + 37
FAIL: gcc.dg/guality/pr41353-1.c -Og -DPREVENT_OPTIMIZATION line 28 i1 == 2 * 37
FAIL: gcc.dg/guality/pr41353-1.c -Og -DPREVENT_OPTIMIZATION line 28 i2 == 3 * 37
FAIL: gcc.dg/guality/pr41447-1.c -O2 -DPREVENT_OPTIMIZATION execution test
FAIL: gcc.dg/guality/pr41447-1.c -O3 -g -DPREVENT_OPTIMIZATION execution test
FAIL: gcc.dg/guality/pr41447-1.c -Os -DPREVENT_OPTIMIZATION execution test
FAIL: gcc.dg/guality/pr41447-1.c -O2 -flto -fno-use-linker-plugin -flto-partition=none -DPREVENT_OPTIMIZATION execution test
FAIL: gcc.dg/guality/pr41447-1.c -O2 -flto -fuse-linker-plugin -fno-fat-lto-objects -DPREVENT_OPTIMIZATION execution test
FAIL: gcc.dg/guality/pr43051-1.c -O1 -DPREVENT_OPTIMIZATION line 35 v == 1
FAIL: gcc.dg/guality/pr43051-1.c -O1 -DPREVENT_OPTIMIZATION line 40 v == 1
FAIL: gcc.dg/guality/pr43051-1.c -O2 -DPREVENT_OPTIMIZATION line 35 v == 1
FAIL: gcc.dg/guality/pr43051-1.c -O2 -DPREVENT_OPTIMIZATION line 40 v == 1
FAIL: gcc.dg/guality/pr43051-1.c -O3 -fomit-frame-pointer -funroll-loops -fpeel-loops -ftracer -finline-functions -DPREVENT_OPTIMIZATION line 35 v == 1
FAIL: gcc.dg/guality/pr43051-1.c -O3 -fomit-frame-pointer -funroll-loops -fpeel-loops -ftracer -finline-functions -DPREVENT_OPTIMIZATION line 40 v == 1
FAIL: gcc.dg/guality/pr43051-1.c -O3 -g -DPREVENT_OPTIMIZATION line 35 v == 1
FAIL: gcc.dg/guality/pr43051-1.c -O3 -g -DPREVENT_OPTIMIZATION line 40 v == 1
FAIL: gcc.dg/guality/pr43051-1.c -Os -DPREVENT_OPTIMIZATION line 35 v == 1
FAIL: gcc.dg/guality/pr43051-1.c -Os -DPREVENT_OPTIMIZATION line 40 v == 1
FAIL: gcc.dg/guality/pr43051-1.c -Og -DPREVENT_OPTIMIZATION line 35 v == 1
FAIL: gcc.dg/guality/pr43051-1.c -Og -DPREVENT_OPTIMIZATION line 40 v == 1
FAIL: gcc.dg/guality/pr43051-1.c -O2 -flto -fno-use-linker-plugin -flto-partition=none -DPREVENT_OPTIMIZATION line 35 v == 1
FAIL: gcc.dg/guality/pr43051-1.c -O2 -flto -fno-use-linker-plugin -flto-partition=none -DPREVENT_OPTIMIZATION line 40 v == 1
FAIL: gcc.dg/guality/pr43051-1.c -O2 -flto -fuse-linker-plugin -fno-fat-lto-objects -DPREVENT_OPTIMIZATION line 35 v == 1
FAIL: gcc.dg/guality/pr43051-1.c -O2 -flto -fuse-linker-plugin -fno-fat-lto-objects -DPREVENT_OPTIMIZATION line 40 v == 1
FAIL: gcc.dg/guality/pr49888.c -O1 -DPREVENT_OPTIMIZATION line 12 !!c == 0
FAIL: gcc.dg/guality/pr54200.c -O1 -DPREVENT_OPTIMIZATION line 20 z == 3
FAIL: gcc.dg/guality/pr54200.c -O2 -DPREVENT_OPTIMIZATION line 20 z == 3
FAIL: gcc.dg/guality/pr54200.c -O3 -g -DPREVENT_OPTIMIZATION line 20 z == 3
FAIL: gcc.dg/guality/pr54200.c -Os -DPREVENT_OPTIMIZATION line 20 z == 3
FAIL: gcc.dg/guality/pr54200.c -O2 -flto -fno-use-linker-plugin -flto-partition=none -DPREVENT_OPTIMIZATION line 20 z == 3
FAIL: gcc.dg/guality/pr54519-1.c -O1 -DPREVENT_OPTIMIZATION line 20 x == 36
FAIL: gcc.dg/guality/pr54519-1.c -O1 -DPREVENT_OPTIMIZATION line 20 y == 25
FAIL: gcc.dg/guality/pr54519-1.c -O1 -DPREVENT_OPTIMIZATION line 23 x == 98
FAIL: gcc.dg/guality/pr54519-1.c -O1 -DPREVENT_OPTIMIZATION line 23 y == 117
FAIL: gcc.dg/guality/pr54519-1.c -O2 -DPREVENT_OPTIMIZATION line 20 x == 36
FAIL: gcc.dg/guality/pr54519-1.c -O2 -DPREVENT_OPTIMIZATION line 23 x == 98
FAIL: gcc.dg/guality/pr54519-1.c -Os -DPREVENT_OPTIMIZATION line 20 x == 36
FAIL: gcc.dg/guality/pr54519-1.c -Os -DPREVENT_OPTIMIZATION line 23 x == 98
FAIL: gcc.dg/guality/pr54519-1.c -Og -DPREVENT_OPTIMIZATION line 20 x == 36
FAIL: gcc.dg/guality/pr54519-1.c -Og -DPREVENT_OPTIMIZATION line 20 y == 25
FAIL: gcc.dg/guality/pr54519-1.c -Og -DPREVENT_OPTIMIZATION line 23 x == 98
FAIL: gcc.dg/guality/pr54519-1.c -Og -DPREVENT_OPTIMIZATION line 23 y == 117
FAIL: gcc.dg/guality/pr54519-1.c -O2 -flto -fno-use-linker-plugin -flto-partition=none -DPREVENT_OPTIMIZATION line 20 x == 36
FAIL: gcc.dg/guality/pr54519-1.c -O2 -flto -fno-use-linker-plugin -flto-partition=none -DPREVENT_OPTIMIZATION line 23 x == 98
FAIL: gcc.dg/guality/pr54519-1.c -O2 -flto -fuse-linker-plugin -fno-fat-lto-objects -DPREVENT_OPTIMIZATION line 20 y == 25
FAIL: gcc.dg/guality/pr54519-1.c -O2 -flto -fuse-linker-plugin -fno-fat-lto-objects -DPREVENT_OPTIMIZATION line 20 z == 6
FAIL: gcc.dg/guality/pr54519-1.c -O2 -flto -fuse-linker-plugin -fno-fat-lto-objects -DPREVENT_OPTIMIZATION line 23 y == 117
FAIL: gcc.dg/guality/pr54519-1.c -O2 -flto -fuse-linker-plugin -fno-fat-lto-objects -DPREVENT_OPTIMIZATION line 23 z == 8
FAIL: gcc.dg/guality/pr54519-2.c -O1 -DPREVENT_OPTIMIZATION line 17 x == 6
FAIL: gcc.dg/guality/pr54519-2.c -Og -DPREVENT_OPTIMIZATION line 17 x == 6
FAIL: gcc.dg/guality/pr54519-2.c -O2 -flto -fno-use-linker-plugin -flto-partition=none -DPREVENT_OPTIMIZATION line 17 y == 25
FAIL: gcc.dg/guality/pr54519-2.c -O2 -flto -fuse-linker-plugin -fno-fat-lto-objects -DPREVENT_OPTIMIZATION line 17 y == 25
FAIL: gcc.dg/guality/pr54519-3.c -O2 -flto -fno-use-linker-plugin -flto-partition=none -DPREVENT_OPTIMIZATION line 20 y == 25
FAIL: gcc.dg/guality/pr54519-3.c -O2 -flto -fno-use-linker-plugin -flto-partition=none -DPREVENT_OPTIMIZATION line 20 z == 6
FAIL: gcc.dg/guality/pr54519-3.c -O2 -flto -fno-use-linker-plugin -flto-partition=none -DPREVENT_OPTIMIZATION line 23 y == 117
FAIL: gcc.dg/guality/pr54519-3.c -O2 -flto -fno-use-linker-plugin -flto-partition=none -DPREVENT_OPTIMIZATION line 23 z == 8
FAIL: gcc.dg/guality/pr54519-3.c -O2 -flto -fuse-linker-plugin -fno-fat-lto-objects -DPREVENT_OPTIMIZATION line 20 y == 25
FAIL: gcc.dg/guality/pr54519-3.c -O2 -flto -fuse-linker-plugin -fno-fat-lto-objects -DPREVENT_OPTIMIZATION line 20 z == 6
FAIL: gcc.dg/guality/pr54519-3.c -O2 -flto -fuse-linker-plugin -fno-fat-lto-objects -DPREVENT_OPTIMIZATION line 23 y == 117
FAIL: gcc.dg/guality/pr54519-3.c -O2 -flto -fuse-linker-plugin -fno-fat-lto-objects -DPREVENT_OPTIMIZATION line 23 z == 8
FAIL: gcc.dg/guality/pr54519-4.c -O2 -DPREVENT_OPTIMIZATION line 17 y == 25
FAIL: gcc.dg/guality/pr54519-4.c -O3 -g -DPREVENT_OPTIMIZATION line 17 y == 25
FAIL: gcc.dg/guality/pr54519-4.c -Os -DPREVENT_OPTIMIZATION line 17 y == 25
FAIL: gcc.dg/guality/pr54519-4.c -O2 -flto -fno-use-linker-plugin -flto-partition=none -DPREVENT_OPTIMIZATION line 17 y == 25
FAIL: gcc.dg/guality/pr54519-4.c -O2 -flto -fuse-linker-plugin -fno-fat-lto-objects -DPREVENT_OPTIMIZATION line 17 y == 25
FAIL: gcc.dg/guality/pr54519-5.c -O1 -DPREVENT_OPTIMIZATION line 17 x == 6
FAIL: gcc.dg/guality/pr54519-5.c -O1 -DPREVENT_OPTIMIZATION line 17 y == 25
FAIL: gcc.dg/guality/pr54519-5.c -O2 -DPREVENT_OPTIMIZATION line 17 y == 25
FAIL: gcc.dg/guality/pr54519-5.c -O3 -g -DPREVENT_OPTIMIZATION line 17 y == 25
FAIL: gcc.dg/guality/pr54519-5.c -Os -DPREVENT_OPTIMIZATION line 17 y == 25
FAIL: gcc.dg/guality/pr54519-5.c -Og -DPREVENT_OPTIMIZATION line 17 x == 6
FAIL: gcc.dg/guality/pr54519-5.c -Og -DPREVENT_OPTIMIZATION line 17 y == 25
FAIL: gcc.dg/guality/pr54519-5.c -O2 -flto -fno-use-linker-plugin -flto-partition=none -DPREVENT_OPTIMIZATION line 17 y == 25
FAIL: gcc.dg/guality/pr54519-5.c -O2 -flto -fuse-linker-plugin -fno-fat-lto-objects -DPREVENT_OPTIMIZATION line 17 y == 25
FAIL: gcc.dg/guality/pr54519-6.c -Os -DPREVENT_OPTIMIZATION line 11 x == 2
FAIL: gcc.dg/guality/pr54551.c -O1 -DPREVENT_OPTIMIZATION line 18 a == 4
FAIL: gcc.dg/guality/pr54551.c -Og -DPREVENT_OPTIMIZATION line 18 a == 4
FAIL: gcc.dg/guality/pr54693-2.c -O1 -DPREVENT_OPTIMIZATION line 21 x == 10 - i
FAIL: gcc.dg/guality/pr54693-2.c -O1 -DPREVENT_OPTIMIZATION line 21 y == 20 - 2 * i
FAIL: gcc.dg/guality/pr54693-2.c -O2 -flto -fuse-linker-plugin -fno-fat-lto-objects -DPREVENT_OPTIMIZATION line 21 y == 20 - 2 * i
FAIL: gcc.dg/guality/pr54693-2.c -O2 -flto -fuse-linker-plugin -fno-fat-lto-objects -DPREVENT_OPTIMIZATION line 21 z == 30 - 3 * i
FAIL: gcc.dg/guality/pr56154-1.c -Og -DPREVENT_OPTIMIZATION line pr56154-1.c:20 x.a == 6
FAIL: gcc.dg/guality/pr59776.c -Og -DPREVENT_OPTIMIZATION line pr59776.c:17 s1.f == 5.0
FAIL: gcc.dg/guality/pr59776.c -Og -DPREVENT_OPTIMIZATION line pr59776.c:17 s1.g == 6.0
FAIL: gcc.dg/guality/pr59776.c -Og -DPREVENT_OPTIMIZATION line pr59776.c:17 s2.f == 0.0
FAIL: gcc.dg/guality/pr59776.c -Og -DPREVENT_OPTIMIZATION line pr59776.c:20 s1.f == 5.0
FAIL: gcc.dg/guality/pr59776.c -Og -DPREVENT_OPTIMIZATION line pr59776.c:20 s1.g == 6.0
FAIL: gcc.dg/guality/pr59776.c -Og -DPREVENT_OPTIMIZATION line pr59776.c:20 s2.f == 5.0
FAIL: gcc.dg/guality/pr68860-1.c -O2 -DPREVENT_OPTIMIZATION line 16 y == 2
FAIL: gcc.dg/guality/pr68860-1.c -O3 -g -DPREVENT_OPTIMIZATION line 16 y == 2
FAIL: gcc.dg/guality/pr68860-1.c -Os -DPREVENT_OPTIMIZATION line 16 y == 2
FAIL: gcc.dg/guality/pr68860-1.c -O2 -flto -fno-use-linker-plugin -flto-partition=none -DPREVENT_OPTIMIZATION line 16 y == 2
FAIL: gcc.dg/guality/pr68860-1.c -O2 -flto -fuse-linker-plugin -fno-fat-lto-objects -DPREVENT_OPTIMIZATION line 16 y == 2
FAIL: gcc.dg/guality/pr68860-2.c -O3 -g -DPREVENT_OPTIMIZATION line 16 y == 2
FAIL: gcc.dg/guality/pr68860-2.c -O2 -flto -fuse-linker-plugin -fno-fat-lto-objects -DPREVENT_OPTIMIZATION line 16 y == 2
FAIL: gcc.dg/guality/pr90074.c -O2 -flto -fuse-linker-plugin -fno-fat-lto-objects -DPREVENT_OPTIMIZATION line 28 i + 1 == 8
FAIL: gcc.dg/guality/pr90074.c -O2 -flto -fuse-linker-plugin -fno-fat-lto-objects -DPREVENT_OPTIMIZATION line 28 c + 1 == 2
FAIL: gcc.dg/guality/pr90716.c -O2 -flto -fuse-linker-plugin -fno-fat-lto-objects -DPREVENT_OPTIMIZATION line 23 j + 1 == 9
FAIL: gcc.dg/guality/sra-1.c -O2 -DPREVENT_OPTIMIZATION line 43 a.j == 14
FAIL: gcc.dg/guality/sra-1.c -O3 -g -DPREVENT_OPTIMIZATION line 43 a.j == 14
FAIL: gcc.dg/guality/sra-1.c -Os -DPREVENT_OPTIMIZATION line 43 a.j == 14
FAIL: gcc.dg/guality/sra-1.c -Og -DPREVENT_OPTIMIZATION line 21 a.i == 4
FAIL: gcc.dg/guality/sra-1.c -Og -DPREVENT_OPTIMIZATION line 21 a.j == 14
FAIL: gcc.dg/guality/sra-1.c -Og -DPREVENT_OPTIMIZATION line 32 a[0] == 4
FAIL: gcc.dg/guality/sra-1.c -Og -DPREVENT_OPTIMIZATION line 32 a[1] == 14
FAIL: gcc.dg/guality/sra-1.c -Og -DPREVENT_OPTIMIZATION line 43 a.i == 4
FAIL: gcc.dg/guality/sra-1.c -Og -DPREVENT_OPTIMIZATION line 43 a.j == 14
FAIL: gcc.dg/guality/sra-1.c -O2 -flto -fno-use-linker-plugin -flto-partition=none -DPREVENT_OPTIMIZATION line 43 a.j == 14
FAIL: gcc.dg/guality/sra-1.c -O2 -flto -fuse-linker-plugin -fno-fat-lto-objects -DPREVENT_OPTIMIZATION line 21 a.i == 4
FAIL: gcc.dg/guality/sra-1.c -O2 -flto -fuse-linker-plugin -fno-fat-lto-objects -DPREVENT_OPTIMIZATION line 21 a.j == 14
FAIL: gcc.dg/guality/sra-1.c -O2 -flto -fuse-linker-plugin -fno-fat-lto-objects -DPREVENT_OPTIMIZATION line 32 a[0] == 4
FAIL: gcc.dg/guality/sra-1.c -O2 -flto -fuse-linker-plugin -fno-fat-lto-objects -DPREVENT_OPTIMIZATION line 32 a[1] == 14
FAIL: gcc.dg/guality/sra-1.c -O2 -flto -fuse-linker-plugin -fno-fat-lto-objects -DPREVENT_OPTIMIZATION line 43 a.i == 4
FAIL: gcc.dg/guality/sra-1.c -O2 -flto -fuse-linker-plugin -fno-fat-lto-objects -DPREVENT_OPTIMIZATION line 43 a.j == 14
FAIL: gcc.dg/guality/vla-1.c -O1 -DPREVENT_OPTIMIZATION line 17 sizeof (a) == 6
FAIL: gcc.dg/guality/vla-1.c -O2 -DPREVENT_OPTIMIZATION line 17 sizeof (a) == 6
FAIL: gcc.dg/guality/vla-1.c -O3 -g -DPREVENT_OPTIMIZATION line 17 sizeof (a) == 6
FAIL: gcc.dg/guality/vla-1.c -Os -DPREVENT_OPTIMIZATION line 17 sizeof (a) == 6
FAIL: gcc.dg/guality/vla-1.c -O2 -flto -fno-use-linker-plugin -flto-partition=none -DPREVENT_OPTIMIZATION line 17 sizeof (a) == 6
FAIL: gcc.dg/guality/vla-1.c -O2 -flto -fuse-linker-plugin -fno-fat-lto-objects -DPREVENT_OPTIMIZATION line 17 sizeof (a) == 6
FAIL: gcc.dg/torture/float128-cmp-invalid.c -O0 execution test
FAIL: gcc.dg/torture/float128-cmp-invalid.c -O1 execution test
FAIL: gcc.dg/torture/float128-cmp-invalid.c -O2 execution test
FAIL: gcc.dg/torture/float128-cmp-invalid.c -O3 -g execution test
FAIL: gcc.dg/torture/float128-cmp-invalid.c -Os execution test
FAIL: gcc.dg/torture/float128-cmp-invalid.c -O2 -flto -fno-use-linker-plugin -flto-partition=none execution test
FAIL: gcc.dg/torture/float128-cmp-invalid.c -O2 -flto -fuse-linker-plugin -fno-fat-lto-objects execution test
FAIL: gcc.dg/torture/pr52451.c -O0 execution test
FAIL: gcc.dg/torture/pr52451.c -O1 execution test
FAIL: gcc.dg/torture/pr52451.c -O2 execution test
FAIL: gcc.dg/torture/pr52451.c -O3 -g execution test
FAIL: gcc.dg/torture/pr52451.c -Os execution test
FAIL: gcc.dg/torture/pr52451.c -O2 -flto -fno-use-linker-plugin -flto-partition=none execution test
FAIL: gcc.dg/torture/pr52451.c -O2 -flto -fuse-linker-plugin -fno-fat-lto-objects execution test
FAIL: gcc.dg/torture/pr91323.c -O0 execution test
FAIL: gcc.dg/torture/pr91323.c -O1 execution test
FAIL: gcc.dg/torture/pr91323.c -O2 execution test
FAIL: gcc.dg/torture/pr91323.c -O3 -g execution test
FAIL: gcc.dg/torture/pr91323.c -Os execution test
FAIL: gcc.dg/torture/pr91323.c -O2 -flto -fno-use-linker-plugin -flto-partition=none execution test
FAIL: gcc.dg/torture/pr91323.c -O2 -flto -fuse-linker-plugin -fno-fat-lto-objects execution test
XPASS: gcc.dg/tree-ssa/ssa-dom-cse-2.c scan-tree-dump optimized "return 28;"
FAIL: gcc.dg/vect/costmodel/ppc/costmodel-bb-slp-9a-pr63175.c scan-assembler \\t(lvx|lxv|lvsr|stxv)
FAIL: gcc.target/powerpc/fold-vec-div-longlong.c scan-assembler-times \\\\mdivd\\\\M 2
FAIL: gcc.target/powerpc/fold-vec-div-longlong.c scan-assembler-times \\\\mdivdu\\\\M 2
FAIL: gcc.target/powerpc/fold-vec-load-builtin_vec_xl-char.c scan-assembler-times \\\\mlxvw4x\\\\M|\\\\mlxvd2x\\\\M|\\\\mlxvx\\\\M|\\\\mlvx\\\\M 12
FAIL: gcc.target/powerpc/fold-vec-load-builtin_vec_xl-double.c scan-assembler-times \\\\mlxvd2x\\\\M|\\\\mlxvx\\\\M|\\\\mlvx\\\\M 6
FAIL: gcc.target/powerpc/fold-vec-load-builtin_vec_xl-float.c scan-assembler-times \\\\mlxvw4x\\\\M|\\\\mlxvd2x\\\\M|\\\\mlxvx\\\\M|\\\\mlvx\\\\M 6
FAIL: gcc.target/powerpc/fold-vec-load-builtin_vec_xl-int.c scan-assembler-times \\\\mlxvw4x\\\\M|\\\\mlxvd2x\\\\M|\\\\mlxvx\\\\M|\\\\mlvx\\\\M 12
FAIL: gcc.target/powerpc/fold-vec-load-builtin_vec_xl-longlong.c scan-assembler-times \\\\mlxvd2x\\\\M|\\\\mlxvx\\\\M|\\\\mlvx\\\\M 12
FAIL: gcc.target/powerpc/fold-vec-load-builtin_vec_xl-short.c scan-assembler-times \\\\mlxvw4x\\\\M|\\\\mlxvd2x\\\\M|\\\\mlxvx\\\\M|\\\\mlvx\\\\M 12
FAIL: gcc.target/powerpc/fold-vec-load-vec_vsx_ld-char.c scan-assembler-times \\\\mlxvw4x\\\\M|\\\\mlxvd2x\\\\M|\\\\mlxvx\\\\M|\\\\mlvx\\\\M 12
FAIL: gcc.target/powerpc/fold-vec-load-vec_vsx_ld-double.c scan-assembler-times \\\\mlxvd2x\\\\M|\\\\mlxvx\\\\M|\\\\mlvx\\\\M 6
FAIL: gcc.target/powerpc/fold-vec-load-vec_vsx_ld-float.c scan-assembler-times \\\\mlxvw4x\\\\M|\\\\mlxvd2x\\\\M|\\\\mlxvx\\\\M|\\\\mlvx\\\\M 6
FAIL: gcc.target/powerpc/fold-vec-load-vec_vsx_ld-int.c scan-assembler-times \\\\mlxvw4x\\\\M|\\\\mlxvd2x\\\\M|\\\\mlxvx\\\\M|\\\\mlvx\\\\M 12
FAIL: gcc.target/powerpc/fold-vec-load-vec_vsx_ld-longlong.c scan-assembler-times \\\\mlxvd2x\\\\M|\\\\mlxvx\\\\M|\\\\mlvx\\\\M 12
FAIL: gcc.target/powerpc/fold-vec-load-vec_vsx_ld-short.c scan-assembler-times \\\\mlxvw4x\\\\M|\\\\mlxvd2x\\\\M|\\\\mlxvx\\\\M|\\\\mlvx\\\\M 12
FAIL: gcc.target/powerpc/fold-vec-load-vec_xl-char.c scan-assembler-times \\\\mlxvw4x\\\\M|\\\\mlxvd2x\\\\M|\\\\mlxvx\\\\M|\\\\mlvx\\\\M 12
FAIL: gcc.target/powerpc/fold-vec-load-vec_xl-double.c scan-assembler-times \\\\mlxvd2x\\\\M|\\\\mlxvx\\\\M|\\\\mlvx\\\\M 6
FAIL: gcc.target/powerpc/fold-vec-load-vec_xl-float.c scan-assembler-times \\\\mlxvw4x\\\\M|\\\\mlxvd2x\\\\M|\\\\mlxvx\\\\M|\\\\mlvx\\\\M 6
FAIL: gcc.target/powerpc/fold-vec-load-vec_xl-int.c scan-assembler-times \\\\mlxvw4x\\\\M|\\\\mlxvd2x\\\\M|\\\\mlxvx\\\\M|\\\\mlvx\\\\M 12
FAIL: gcc.target/powerpc/fold-vec-load-vec_xl-longlong.c scan-assembler-times \\\\mlxvd2x\\\\M|\\\\mlxvx\\\\M|\\\\mlvx\\\\M 12
FAIL: gcc.target/powerpc/fold-vec-load-vec_xl-short.c scan-assembler-times \\\\mlxvw4x\\\\M|\\\\mlxvd2x\\\\M|\\\\mlxvx\\\\M|\\\\mlvx\\\\M 12
FAIL: gcc.target/powerpc/fold-vec-mult-longlong.c scan-assembler-times [ \\t]mulld 4
FAIL: gcc.target/powerpc/fold-vec-splat-floatdouble.c scan-assembler-times \\\\mlvx\\\\M|\\\\mlxvd2x\\\\M|\\\\mlxv\\\\M 2
FAIL: gcc.target/powerpc/fold-vec-splat-longlong.c scan-assembler-times \\\\mlvx\\\\M|\\\\mlxvd2x\\\\M|\\\\mlxv\\\\M 3
FAIL: gcc.target/powerpc/fold-vec-store-builtin_vec_xst-char.c scan-assembler-times \\\\mstxvw4x\\\\M|\\\\mstxvd2x\\\\M|\\\\mstxvx\\\\M|\\\\mstvx\\\\M 12
FAIL: gcc.target/powerpc/fold-vec-store-builtin_vec_xst-double.c scan-assembler-times \\\\mstxvd2x\\\\M|\\\\mstxvx\\\\M|\\\\mstvx\\\\M 6
FAIL: gcc.target/powerpc/fold-vec-store-builtin_vec_xst-float.c scan-assembler-times \\\\mstxvd2x\\\\M|\\\\mstxvx\\\\M|\\\\mstvx\\\\M 6
FAIL: gcc.target/powerpc/fold-vec-store-builtin_vec_xst-int.c scan-assembler-times \\\\mstxvw4x\\\\M|\\\\mstxvd2x\\\\M|\\\\mstxvx\\\\M|\\\\mstvx\\\\M 12
FAIL: gcc.target/powerpc/fold-vec-store-builtin_vec_xst-short.c scan-assembler-times \\\\mstxvw4x\\\\M|\\\\mstxvd2x\\\\M|\\\\mstxvx\\\\M|\\\\mstvx\\\\M 12
FAIL: gcc.target/powerpc/fold-vec-store-vec_vsx_st-char.c scan-assembler-times \\\\mstxvw4x\\\\M|\\\\mstxvd2x\\\\M|\\\\mstxvx\\\\M|\\\\mstvx\\\\M 12
FAIL: gcc.target/powerpc/fold-vec-store-vec_vsx_st-double.c scan-assembler-times \\\\mstxvd2x\\\\M|\\\\mstxvx\\\\M|\\\\mstvx\\\\M 6
FAIL: gcc.target/powerpc/fold-vec-store-vec_vsx_st-float.c scan-assembler-times \\\\mstxvd2x\\\\M|\\\\mstxvx\\\\M|\\\\mstvx\\\\M 6
FAIL: gcc.target/powerpc/fold-vec-store-vec_vsx_st-int.c scan-assembler-times \\\\mstxvw4x\\\\M|\\\\mstxvd2x\\\\M|\\\\mstxvx\\\\M|\\\\mstvx\\\\M 12
FAIL: gcc.target/powerpc/fold-vec-store-vec_vsx_st-longlong.c scan-assembler-times \\\\mstxvd2x\\\\M|\\\\mstxvx\\\\M|\\\\mstvx\\\\M 12
FAIL: gcc.target/powerpc/fold-vec-store-vec_vsx_st-short.c scan-assembler-times \\\\mstxvw4x\\\\M|\\\\mstxvd2x\\\\M|\\\\mstxvx\\\\M|\\\\mstvx\\\\M 12
FAIL: gcc.target/powerpc/fold-vec-store-vec_xst-char.c scan-assembler-times \\\\mstxvw4x\\\\M|\\\\mstxvd2x\\\\M|\\\\mstxvx\\\\M|\\\\mstvx\\\\M 12
FAIL: gcc.target/powerpc/fold-vec-store-vec_xst-double.c scan-assembler-times \\\\mstxvd2x\\\\M|\\\\mstxvx\\\\M|\\\\mstvx\\\\M 6
FAIL: gcc.target/powerpc/fold-vec-store-vec_xst-float.c scan-assembler-times \\\\mstxvd2x\\\\M|\\\\mstxvx\\\\M|\\\\mstvx\\\\M 6
FAIL: gcc.target/powerpc/fold-vec-store-vec_xst-int.c scan-assembler-times \\\\mstxvw4x\\\\M|\\\\mstxvd2x\\\\M|\\\\mstxvx\\\\M|\\\\mstvx\\\\M 12
FAIL: gcc.target/powerpc/fold-vec-store-vec_xst-longlong.c scan-assembler-times \\\\mstxvd2x\\\\M|\\\\mstxvx\\\\M|\\\\mstvx\\\\M 12
FAIL: gcc.target/powerpc/fold-vec-store-vec_xst-short.c scan-assembler-times \\\\mstxvw4x\\\\M|\\\\mstxvd2x\\\\M|\\\\mstxvx\\\\M|\\\\mstvx\\\\M 12
FAIL: gcc.target/powerpc/lvsl-lvsr.c scan-assembler-times \\\\mlxvd2x\\\\M|\\\\mlxv\\\\M 2
FAIL: gcc.target/powerpc/p10-identify.c execution test
FAIL: gcc.target/powerpc/ppc-eq0-1.c scan-assembler cntlzw|isel
FAIL: gcc.target/powerpc/ppc-ne0-1.c scan-assembler-times addic 4
FAIL: gcc.target/powerpc/ppc-ne0-1.c scan-assembler-times subfe 1
FAIL: gcc.target/powerpc/pr86731-fwrapv-longlong.c scan-assembler-times \\\\mlvx\\\\M|\\\\mlxv\\\\M|\\\\mlxvd2x\\\\M 2
FAIL: gcc.target/powerpc/rlwimi-2.c scan-assembler-times (?n)^\\\\s+[a-z] 20217
FAIL: gcc.target/powerpc/rs6000-fpint.c scan-assembler-not stfiwx
XPASS: gcc.target/powerpc/ppc-fortran/ieee128-math.f90 -O (test for excess errors)
=== gcc Summary ===
# of expected passes 150978
# of unexpected failures 214
# of unexpected successes 14
# of expected failures 997
# of unsupported tests 3668
/home/gccbuild/build/nightly/build-gcc-trunk/gcc/xgcc version 12.0.0 20210603 (experimental) [master revision 0614bbbe59:3aaf5949bd:52e130652a76ff3d14c0f572fcd79fa53637ce2c] (GCC)
=== gfortran tests ===
Running target unix
XPASS: gfortran.dg/large_real_kind_form_io_2.f90 -O0 execution test
XPASS: gfortran.dg/large_real_kind_form_io_2.f90 -O1 execution test
XPASS: gfortran.dg/large_real_kind_form_io_2.f90 -O2 execution test
XPASS: gfortran.dg/large_real_kind_form_io_2.f90 -O3 -fomit-frame-pointer -funroll-loops -fpeel-loops -ftracer -finline-functions execution test
XPASS: gfortran.dg/large_real_kind_form_io_2.f90 -O3 -g execution test
XPASS: gfortran.dg/large_real_kind_form_io_2.f90 -Os execution test
FAIL: gfortran.dg/ieee/large_2.f90 -O0 execution test
FAIL: gfortran.dg/ieee/large_2.f90 -O1 execution test
FAIL: gfortran.dg/ieee/large_2.f90 -O2 execution test
FAIL: gfortran.dg/ieee/large_2.f90 -O3 -fomit-frame-pointer -funroll-loops -fpeel-loops -ftracer -finline-functions execution test
FAIL: gfortran.dg/ieee/large_2.f90 -O3 -g execution test
FAIL: gfortran.dg/ieee/large_2.f90 -Os execution test
=== gfortran Summary ===
# of expected passes 56872
# of unexpected failures 6
# of unexpected successes 6
# of expected failures 277
# of unsupported tests 161
/home/gccbuild/build/nightly/build-gcc-trunk/gcc/gfortran version 12.0.0 20210603 (experimental) [master revision 0614bbbe59:3aaf5949bd:52e130652a76ff3d14c0f572fcd79fa53637ce2c] (GCC)
=== g++ tests ===
Running target unix
FAIL: g++.dg/tsan/pthread_cond_clockwait.C -O0 (test for excess errors)
UNRESOLVED: g++.dg/tsan/pthread_cond_clockwait.C -O0 compilation failed to produce executable
FAIL: g++.dg/tsan/pthread_cond_clockwait.C -O2 (test for excess errors)
UNRESOLVED: g++.dg/tsan/pthread_cond_clockwait.C -O2 compilation failed to produce executable
=== g++ Summary ===
# of expected passes 212542
# of unexpected failures 2
# of expected failures 1287
# of unresolved testcases 2
# of unsupported tests 9491
/home/gccbuild/build/nightly/build-gcc-trunk/gcc/xg++ version 12.0.0 20210603 (experimental) [master revision 0614bbbe59:3aaf5949bd:52e130652a76ff3d14c0f572fcd79fa53637ce2c] (GCC)
=== go tests ===
Running target unix
FAIL: go.test/test/append.go execution, -O2 -g
FAIL: go.test/test/divmod.go execution, -O2 -g
FAIL: go.test/test/fixedbugs/issue10441.go -O (test for excess errors)
FAIL: go.test/test/fixedbugs/issue13169.go execution, -O2 -g
FAIL: go.test/test/fixedbugs/issue15329.go execution, -O2 -g
FAIL: go.test/test/fixedbugs/issue16249.go execution, -O2 -g
FAIL: go.test/test/fixedbugs/issue19078.go execution, -O2 -g
FAIL: go.test/test/fixedbugs/issue22781.go execution, -O2 -g
FAIL: go.test/test/fixedbugs/issue27695.go execution, -O2 -g
FAIL: go.test/test/fixedbugs/issue30041.go execution, -O2 -g
FAIL: go.test/test/fixedbugs/issue39541.go execution, -O2 -g
FAIL: go.test/test/fixedbugs/issue5291.dir/prog.go execution, -O2 -g
FAIL: go.test/test/fixedbugs/issue9321.go execution, -O2 -g
FAIL: go.test/test/gc.go execution, -O2 -g
FAIL: go.test/test/gc2.go execution, -O2 -g
=== go Summary ===
# of expected passes 8871
# of unexpected failures 15
# of untested testcases 7
# of unsupported tests 32
/home/gccbuild/build/nightly/build-gcc-trunk/gcc/gccgo version 12.0.0 20210603 (experimental) [master revision 0614bbbe59:3aaf5949bd:52e130652a76ff3d14c0f572fcd79fa53637ce2c] (GCC)
=== obj-c++ tests ===
Running target unix
=== obj-c++ Summary ===
# of expected passes 1482
# of expected failures 10
# of unsupported tests 77
/home/gccbuild/build/nightly/build-gcc-trunk/gcc/xg++ version 12.0.0 20210603 (experimental) [master revision 0614bbbe59:3aaf5949bd:52e130652a76ff3d14c0f572fcd79fa53637ce2c] (GCC)
=== objc tests ===
Running target unix
=== objc Summary ===
# of expected passes 2826
# of unsupported tests 68
/home/gccbuild/build/nightly/build-gcc-trunk/gcc/xgcc version 12.0.0 20210603 (experimental) [master revision 0614bbbe59:3aaf5949bd:52e130652a76ff3d14c0f572fcd79fa53637ce2c] (GCC)
=== gotools tests ===
FAIL: go test cmd/go
FAIL: go test runtime
FAIL: TestCgoSignalDeadlock
FAIL: TestNeedmDeadlock
FAIL: TestSegv
FAIL: go test misc/cgo/test
FAIL: go test misc/cgo/testcarchive
FAIL: TestManyCalls
FAIL: go test cmd/vet
=== gotools Summary ===
# of expected passes 208
# of unexpected failures 9
# of untested testcases 56
/home/gccbuild/build/nightly/build-gcc-trunk/./gcc/gccgo version 12.0.0 20210603 (experimental) [master revision 0614bbbe59:3aaf5949bd:52e130652a76ff3d14c0f572fcd79fa53637ce2c] (GCC)
=== libatomic tests ===
Running target unix
=== libatomic Summary ===
# of expected passes 54
=== libffi tests ===
Running target unix
=== libffi Summary ===
# of expected passes 1934
# of unsupported tests 28
=== libgo tests ===
Running target unix
FAIL: archive/zip
FAIL: bufio
FAIL: bytes
FAIL: cmd/go/internal/load
FAIL: cmd/go/internal/lockedfile
FAIL: cmd/internal/buildid
FAIL: cmd/internal/test2json
FAIL: compress/flate
FAIL: compress/zlib
FAIL: crypto/ecdsa
FAIL: crypto/elliptic
FAIL: crypto/rsa
FAIL: crypto/tls
FAIL: crypto/x509
FAIL: encoding/base32
FAIL: go/printer
FAIL: html/template
FAIL: index/suffixarray
FAIL: internal/poll
FAIL: internal/trace
FAIL: math/big
FAIL: math/rand
FAIL: net
FAIL: net/http
FAIL: net/http/pprof
FAIL: os
FAIL: reflect
FAIL: regexp
FAIL: runtime
FAIL: runtime/debug
FAIL: runtime/trace
FAIL: sync
FAIL: sync/atomic
FAIL: testing
FAIL: testing/quick
FAIL: time
=== libgo Summary ===
# of expected passes 148
# of unexpected failures 36
/home/gccbuild/build/nightly/build-gcc-trunk/./gcc/gccgo version 12.0.0 20210603 (experimental) [master revision 0614bbbe59:3aaf5949bd:52e130652a76ff3d14c0f572fcd79fa53637ce2c] (GCC)
=== libgomp tests ===
Running target unix
=== libgomp Summary ===
# of expected passes 11280
# of expected failures 86
# of unsupported tests 608
=== libitm tests ===
Running target unix
=== libitm Summary ===
# of expected passes 42
# of expected failures 3
# of unsupported tests 1
=== libstdc++ tests ===
Running target unix
=== libstdc++ Summary ===
# of expected passes 15147
# of expected failures 95
# of unsupported tests 621
Compiler version: 12.0.0 20210603 (experimental) [master revision 0614bbbe59:3aaf5949bd:52e130652a76ff3d14c0f572fcd79fa53637ce2c] (GCC)
Platform: powerpc64le-unknown-linux-gnu
configure flags: --prefix=/opt/gcc-nightly/trunk --with-as=/home/gccbuild/binutils/install/bin/as --with-ld=/home/gccbuild/binutils/install/bin/ld --enable-languages=c,c++,fortran,objc,obj-c++,go --with-cpu=power10
fail XPASS: gcc.test-framework/dg-bogus-exp-XF.c (test for excess errors)
fail FAIL: gcc.test-framework/dg-do-assemble-exp-P.c (test for excess errors) (PRMS 42)
fail FAIL: gcc.test-framework/dg-do-compile-exp-P.c (test for excess errors) (PRMS 42)
fail FAIL: gcc.test-framework/dg-do-link-exp-P.c (test for excess errors) (PRMS 42)
fail FAIL: gcc.test-framework/dg-do-run-exp-P.c (test for excess errors) (PRMS 42)
fail FAIL: gcc.test-framework/dg-dot-run-exp-P.c (test for excess errors) (PRMS 42)
fail FAIL: gcc.test-framework/dg-dox-run-exp-XF.c (test for excess errors) (PRMS 42)
fail FAIL: gcc.test-framework/dg-output-exp-P.c (test for excess errors) (PRMS 42)
fail FAIL: gcc.test-framework/dg-output-exp-XF.c (test for excess errors) (PRMS 42)
fail ERROR: gcc.test-framework/dg-scan-symbol-section-1-exp-F.S: error executing dg-final: syntax error in target selector ""
fail ERROR: gcc.test-framework/dg-scan-symbol-section-2-exp-F.S: error executing dg-final: syntax error in target selector ""
fail ERROR: gcc.test-framework/dg-scan-symbol-section-3-exp-F.S: error executing dg-final: syntax error in target selector ""
fail ERROR: gcc.test-framework/dg-scan-symbol-section-exp-P.S: error executing dg-final: syntax error in target selector ""
fail FAIL: gcc.test-framework/dg-warning-exp-P.c warning test (test for warnings, line 9) (PRMS 42)
fail WARNING: Could not generate test framework tests
=== Test Framework Summary ===
# of expected passes 68
# of unexpected failures 15
More information about the Gcc-testresults
mailing list