Results for 12.0.0 20210603 (experimental) [master revision d5ba2ea:fe23f36:9663c744e2d0942f14eafa725a1bd9f766f02a16] (GCC) testsuite on powerpc64-unknown-linux-gnu
Bill Seurer (POWER7)
seurer@linux.ibm.com
Thu Jun 3 04:27:12 GMT 2021
git commit g:9663c744e2d0942f14eafa725a1bd9f766f02a16
gcc-descr
Linux 3.0.101-108.77-ppc64 ppc64
GNU C Library stable release version 2.11.3 (20110527)
GNU ld (GNU Binutils; SUSE Linux Enterprise 11) 2.25.0
GNU assembler (GNU Binutils; SUSE Linux Enterprise 11) 2.25.0
GNU Make 3.81
DejaGnu:
DejaGnu version 1.6.2
Expect version 5.44.1.11
Tcl version 8.5
64-bit
LAST_UPDATED: Thu Jun 3 01:31:15 UTC 2021 (revision d5ba2ea:fe23f36:9663c744e2d0942f14eafa725a1bd9f766f02a16)
Native configuration is powerpc64-unknown-linux-gnu
=== g++ tests ===
Running target unix/-m32
XPASS: g++.dg/warn/Warray-bounds-20.C -std=gnu++14 assign (test for warnings, line 30)
XPASS: g++.dg/warn/Warray-bounds-20.C -std=gnu++17 assign (test for warnings, line 30)
XPASS: g++.dg/warn/Warray-bounds-20.C -std=gnu++2a assign (test for warnings, line 30)
XPASS: g++.dg/warn/Warray-bounds-20.C -std=gnu++98 assign (test for warnings, line 30)
FAIL: g++.dg/lto/pr64076 cp_lto_pr64076_0.o-cp_lto_pr64076_1.o link, -O0 -flto -shared -fPIC
FAIL: g++.dg/lto/pr90990 cp_lto_pr90990_0.o-cp_lto_pr90990_0.o link, -O0 -flto -flto-partition=none -fuse-linker-plugin
FAIL: g++.dg/lto/pr90990 cp_lto_pr90990_0.o-cp_lto_pr90990_0.o link, -O0 -flto -fuse-linker-plugin -fno-fat-lto-objects
FAIL: g++.dg/lto/pr90990 cp_lto_pr90990_0.o-cp_lto_pr90990_0.o link, -O2 -flto -flto-partition=none -fuse-linker-plugin -fno-fat-lto-objects
FAIL: g++.dg/lto/pr90990 cp_lto_pr90990_0.o-cp_lto_pr90990_0.o link, -O2 -flto -fuse-linker-plugin
FAIL: g++.dg/tls/thread_local-order2.C -std=c++14 execution test
FAIL: g++.dg/tls/thread_local-order2.C -std=c++17 execution test
FAIL: g++.dg/tls/thread_local-order2.C -std=c++2a execution test
=== g++ Summary for unix/-m32 ===
# of expected passes 205706
# of unexpected failures 8
# of unexpected successes 4
# of expected failures 1285
# of unsupported tests 9449
Running target unix/-m64
WARNING: skipping asan tests due to ulimit -v
WARNING: skipping asan tests due to ulimit -v
WARNING: skipping asan tests due to ulimit -v
WARNING: skipping asan tests due to ulimit -v
WARNING: skipping asan tests due to ulimit -v
WARNING: skipping asan tests due to ulimit -v
WARNING: skipping asan tests due to ulimit -v
WARNING: skipping asan tests due to ulimit -v
WARNING: skipping asan tests due to ulimit -v
WARNING: skipping asan tests due to ulimit -v
WARNING: skipping asan tests due to ulimit -v
WARNING: skipping asan tests due to ulimit -v
WARNING: skipping asan tests due to ulimit -v
WARNING: skipping asan tests due to ulimit -v
WARNING: skipping asan tests due to ulimit -v
WARNING: skipping asan tests due to ulimit -v
WARNING: skipping asan tests due to ulimit -v
WARNING: skipping asan tests due to ulimit -v
WARNING: skipping asan tests due to ulimit -v
WARNING: skipping asan tests due to ulimit -v
WARNING: skipping asan tests due to ulimit -v
WARNING: skipping asan tests due to ulimit -v
WARNING: skipping asan tests due to ulimit -v
WARNING: skipping asan tests due to ulimit -v
WARNING: skipping asan tests due to ulimit -v
WARNING: skipping asan tests due to ulimit -v
WARNING: skipping asan tests due to ulimit -v
WARNING: skipping asan tests due to ulimit -v
WARNING: skipping asan tests due to ulimit -v
WARNING: skipping asan tests due to ulimit -v
WARNING: skipping asan tests due to ulimit -v
WARNING: skipping asan tests due to ulimit -v
WARNING: skipping asan tests due to ulimit -v
WARNING: skipping asan tests due to ulimit -v
WARNING: skipping asan tests due to ulimit -v
WARNING: skipping asan tests due to ulimit -v
WARNING: skipping asan tests due to ulimit -v
WARNING: skipping asan tests due to ulimit -v
WARNING: skipping asan tests due to ulimit -v
WARNING: skipping asan tests due to ulimit -v
FAIL: g++.dg/lto/pr64076 cp_lto_pr64076_0.o-cp_lto_pr64076_1.o link, -O0 -flto -shared -fPIC
FAIL: g++.dg/lto/pr90990 cp_lto_pr90990_0.o-cp_lto_pr90990_0.o link, -O0 -flto -flto-partition=none -fuse-linker-plugin
FAIL: g++.dg/lto/pr90990 cp_lto_pr90990_0.o-cp_lto_pr90990_0.o link, -O0 -flto -fuse-linker-plugin -fno-fat-lto-objects
FAIL: g++.dg/lto/pr90990 cp_lto_pr90990_0.o-cp_lto_pr90990_0.o link, -O2 -flto -flto-partition=none -fuse-linker-plugin -fno-fat-lto-objects
FAIL: g++.dg/lto/pr90990 cp_lto_pr90990_0.o-cp_lto_pr90990_0.o link, -O2 -flto -fuse-linker-plugin
FAIL: g++.dg/tls/thread_local-order2.C -std=c++14 execution test
FAIL: g++.dg/tls/thread_local-order2.C -std=c++17 execution test
FAIL: g++.dg/tls/thread_local-order2.C -std=c++2a execution test
FAIL: g++.dg/tsan/pthread_cond_clockwait.C -O0 (test for excess errors)
UNRESOLVED: g++.dg/tsan/pthread_cond_clockwait.C -O0 compilation failed to produce executable
FAIL: g++.dg/tsan/pthread_cond_clockwait.C -O2 (test for excess errors)
UNRESOLVED: g++.dg/tsan/pthread_cond_clockwait.C -O2 compilation failed to produce executable
=== g++ Summary for unix/-m64 ===
# of expected passes 208596
# of unexpected failures 10
# of expected failures 1293
# of unresolved testcases 2
# of unsupported tests 9307
=== g++ Summary ===
# of expected passes 414302
# of unexpected failures 18
# of unexpected successes 4
# of expected failures 2578
# of unresolved testcases 2
# of unsupported tests 18756
/home/gccbuild/build/nightly/build-gcc-trunk/gcc/xg++ version 12.0.0 20210603 (experimental) [master revision d5ba2ea:fe23f36:9663c744e2d0942f14eafa725a1bd9f766f02a16] (GCC)
=== gcc tests ===
Running target unix/-m32
FAIL: gcc.c-torture/execute/fprintf-2.c -O3 -g (test for excess errors)
FAIL: gcc.c-torture/execute/printf-2.c -O3 -g (test for excess errors)
FAIL: gcc.c-torture/execute/user-printf.c -O3 -g (test for excess errors)
FAIL: gcc.c-torture/execute/ieee/cdivchkld.c execution, -O1
FAIL: gcc.c-torture/execute/ieee/cdivchkld.c execution, -O2
FAIL: gcc.c-torture/execute/ieee/cdivchkld.c execution, -O2 -flto -fno-use-linker-plugin -flto-partition=none
FAIL: gcc.c-torture/execute/ieee/cdivchkld.c execution, -O2 -flto -fuse-linker-plugin -fno-fat-lto-objects
FAIL: gcc.c-torture/execute/ieee/cdivchkld.c execution, -O3 -fomit-frame-pointer -funroll-loops -fpeel-loops -ftracer -finline-functions
FAIL: gcc.c-torture/execute/ieee/cdivchkld.c execution, -O3 -g
FAIL: gcc.c-torture/execute/ieee/cdivchkld.c execution, -Os
FAIL: gcc.dg/analyzer/dot-output.c dg-check-dot dot-output.c.state-purge.dot
XPASS: gcc.dg/Wstringop-overflow-43.c pr????? (test for warnings, line 172)
FAIL: gcc.dg/sms-1.c scan-rtl-dump-times sms "SMS succeeded" 1
XPASS: gcc.dg/graphite/pr69728.c scan-tree-dump graphite "loop nest optimized"
FAIL: gcc.dg/torture/pr52451.c -O0 execution test
FAIL: gcc.dg/torture/pr52451.c -O1 execution test
FAIL: gcc.dg/torture/pr52451.c -O2 execution test
FAIL: gcc.dg/torture/pr52451.c -O2 -flto -fno-use-linker-plugin -flto-partition=none execution test
FAIL: gcc.dg/torture/pr52451.c -O2 -flto -fuse-linker-plugin -fno-fat-lto-objects execution test
FAIL: gcc.dg/torture/pr52451.c -O3 -g execution test
FAIL: gcc.dg/torture/pr52451.c -Os execution test
FAIL: gcc.dg/torture/pr91323.c -O0 execution test
FAIL: gcc.dg/torture/pr91323.c -O1 execution test
FAIL: gcc.dg/torture/pr91323.c -O2 execution test
FAIL: gcc.dg/torture/pr91323.c -O2 -flto -fno-use-linker-plugin -flto-partition=none execution test
FAIL: gcc.dg/torture/pr91323.c -O2 -flto -fuse-linker-plugin -fno-fat-lto-objects execution test
FAIL: gcc.dg/torture/pr91323.c -O3 -g execution test
FAIL: gcc.dg/torture/pr91323.c -Os execution test
FAIL: gcc.dg/vect/costmodel/ppc/costmodel-vect-31a.c scan-tree-dump-times vect "not vectorized: unsupported unaligned store" 1
FAIL: gcc.dg/vect/bb-slp-pr65935.c -flto -ffat-lto-objects scan-tree-dump-times slp1 "optimized: basic block" 10
FAIL: gcc.dg/vect/bb-slp-pr65935.c scan-tree-dump-times slp1 "optimized: basic block" 10
FAIL: gcc.dg/vect/bb-slp-pr98137.c -flto -ffat-lto-objects scan-tree-dump slp1 "optimized: basic block"
FAIL: gcc.dg/vect/bb-slp-pr98137.c scan-tree-dump slp1 "optimized: basic block"
FAIL: gcc.dg/vect/no-tree-sra-bb-slp-pr50730.c scan-tree-dump-times slp2 "optimized: basic block" 1
FAIL: gcc.dg/vect/no-vfa-vect-depend-2.c scan-tree-dump-times vect "vectorized 1 loops" 1
FAIL: gcc.dg/vect/no-vfa-vect-depend-3.c scan-tree-dump-times vect "vectorized 1 loops" 4
FAIL: gcc.dg/vect/pr25413.c -flto -ffat-lto-objects scan-tree-dump-times vect "not vectorized: unsupported unaligned store" 1
FAIL: gcc.dg/vect/pr25413.c -flto -ffat-lto-objects scan-tree-dump-times vect "vector alignment may not be reachable" 1
FAIL: gcc.dg/vect/pr25413.c -flto -ffat-lto-objects scan-tree-dump-times vect "vectorized 1 loops" 0
FAIL: gcc.dg/vect/pr25413.c scan-tree-dump-times vect "not vectorized: unsupported unaligned store" 1
FAIL: gcc.dg/vect/pr25413.c scan-tree-dump-times vect "vector alignment may not be reachable" 1
FAIL: gcc.dg/vect/pr25413.c scan-tree-dump-times vect "vectorized 1 loops" 0
FAIL: gcc.dg/vect/pr62171.c -flto -ffat-lto-objects scan-tree-dump-not vect "versioned"
FAIL: gcc.dg/vect/pr62171.c scan-tree-dump-not vect "versioned"
FAIL: gcc.dg/vect/section-anchors-vect-69.c scan-tree-dump-times vect "vectorized 4 loops" 1
FAIL: gcc.dg/vect/slp-46.c -flto -ffat-lto-objects scan-tree-dump-times vect "vectorizing stmts using SLP" 2
FAIL: gcc.dg/vect/slp-46.c scan-tree-dump-times vect "vectorizing stmts using SLP" 2
FAIL: gcc.dg/vect/slp-48.c -flto -ffat-lto-objects scan-tree-dump-times vect "vectorizing stmts using SLP" 2
FAIL: gcc.dg/vect/slp-48.c scan-tree-dump-times vect "vectorizing stmts using SLP" 2
FAIL: gcc.dg/vect/vect-31.c -flto -ffat-lto-objects scan-tree-dump-times vect "vectorized 4 loops" 1
FAIL: gcc.dg/vect/vect-31.c scan-tree-dump-times vect "vectorized 4 loops" 1
FAIL: gcc.dg/vect/vect-44.c -flto -ffat-lto-objects scan-tree-dump-times vect "Vectorizing an unaligned access" 3
FAIL: gcc.dg/vect/vect-44.c scan-tree-dump-times vect "Vectorizing an unaligned access" 3
FAIL: gcc.dg/vect/vect-50.c -flto -ffat-lto-objects scan-tree-dump-times vect "Vectorizing an unaligned access" 3
FAIL: gcc.dg/vect/vect-50.c scan-tree-dump-times vect "Vectorizing an unaligned access" 3
FAIL: gcc.dg/vect/vect-93.c -flto -ffat-lto-objects scan-tree-dump-times vect "vectorized 2 loops" 2
FAIL: gcc.dg/vect/vect-93.c scan-tree-dump-times vect "vectorized 2 loops" 2
FAIL: gcc.dg/vect/vect-cond-reduc-4.c -flto -ffat-lto-objects scan-tree-dump-times vect "LOOP VECTORIZED" 2
FAIL: gcc.dg/vect/vect-cond-reduc-4.c scan-tree-dump-times vect "LOOP VECTORIZED" 2
FAIL: gcc.dg/vect/vect-cost-model-1.c -flto -ffat-lto-objects scan-tree-dump vect "LOOP VECTORIZED"
FAIL: gcc.dg/vect/vect-cost-model-1.c scan-tree-dump vect "LOOP VECTORIZED"
FAIL: gcc.dg/vect/vect-cost-model-3.c -flto -ffat-lto-objects scan-tree-dump vect "LOOP VECTORIZED"
FAIL: gcc.dg/vect/vect-cost-model-3.c scan-tree-dump vect "LOOP VECTORIZED"
FAIL: gcc.dg/vect/vect-cost-model-5.c -flto -ffat-lto-objects scan-tree-dump vect "LOOP VECTORIZED"
FAIL: gcc.dg/vect/vect-cost-model-5.c scan-tree-dump vect "LOOP VECTORIZED"
FAIL: gcc.dg/vect/vect-outer-call-1.c -flto -ffat-lto-objects scan-tree-dump vect "OUTER LOOP VECTORIZED"
FAIL: gcc.dg/vect/vect-outer-call-1.c scan-tree-dump vect "OUTER LOOP VECTORIZED"
FAIL: gcc.dg/vect/vect-strided-a-u8-i2-gap.c -flto -ffat-lto-objects scan-tree-dump-times vect "vectorized 1 loops" 1
FAIL: gcc.dg/vect/vect-strided-a-u8-i2-gap.c scan-tree-dump-times vect "vectorized 1 loops" 1
FAIL: gcc.target/powerpc/fold-vec-extract-char.p7.c scan-assembler-times \\\\maddi\\\\M 9
FAIL: gcc.target/powerpc/fold-vec-extract-double.p7.c scan-assembler-times \\\\maddi\\\\M|\\\\madd\\\\M 3
FAIL: gcc.target/powerpc/fold-vec-extract-float.p7.c scan-assembler-times \\\\maddi\\\\M|\\\\madd\\\\M 3
FAIL: gcc.target/powerpc/fold-vec-extract-float.p8.c scan-assembler-times \\\\maddi\\\\M 2
FAIL: gcc.target/powerpc/fold-vec-extract-int.p7.c scan-assembler-times \\\\maddi\\\\M|\\\\madd\\\\M 12
FAIL: gcc.target/powerpc/fold-vec-extract-int.p8.c scan-assembler-times \\\\maddi\\\\M 9
FAIL: gcc.target/powerpc/fold-vec-extract-short.p7.c scan-assembler-times \\\\maddi\\\\M|\\\\madd\\\\M 12
FAIL: gcc.target/powerpc/fold-vec-extract-short.p8.c scan-assembler-times \\\\maddi\\\\M 9
FAIL: gcc.target/powerpc/fusion-p10-2logical.c scan-assembler-times fuse_and_and/1 16
FAIL: gcc.target/powerpc/fusion-p10-2logical.c scan-assembler-times fuse_and_and/2 16
FAIL: gcc.target/powerpc/fusion-p10-2logical.c scan-assembler-times fuse_and_eqv/0 8
FAIL: gcc.target/powerpc/fusion-p10-2logical.c scan-assembler-times fuse_and_eqv/2 24
FAIL: gcc.target/powerpc/fusion-p10-2logical.c scan-assembler-times fuse_and_or/0 16
FAIL: gcc.target/powerpc/fusion-p10-2logical.c scan-assembler-times fuse_and_or/2 16
FAIL: gcc.target/powerpc/fusion-p10-2logical.c scan-assembler-times fuse_and_orc/0 8
FAIL: gcc.target/powerpc/fusion-p10-2logical.c scan-assembler-times fuse_and_orc/2 24
FAIL: gcc.target/powerpc/fusion-p10-2logical.c scan-assembler-times fuse_and_xor/0 16
FAIL: gcc.target/powerpc/fusion-p10-2logical.c scan-assembler-times fuse_and_xor/2 16
FAIL: gcc.target/powerpc/fusion-p10-2logical.c scan-assembler-times fuse_andc_and/0 16
FAIL: gcc.target/powerpc/fusion-p10-2logical.c scan-assembler-times fuse_andc_and/1 26
FAIL: gcc.target/powerpc/fusion-p10-2logical.c scan-assembler-times fuse_andc_and/2 48
FAIL: gcc.target/powerpc/fusion-p10-2logical.c scan-assembler-times fuse_andc_and/3 6
FAIL: gcc.target/powerpc/fusion-p10-2logical.c scan-assembler-times fuse_andc_or/0 16
FAIL: gcc.target/powerpc/fusion-p10-2logical.c scan-assembler-times fuse_andc_or/1 16
FAIL: gcc.target/powerpc/fusion-p10-2logical.c scan-assembler-times fuse_andc_or/2 32
FAIL: gcc.target/powerpc/fusion-p10-2logical.c scan-assembler-times fuse_andc_orc/0 8
FAIL: gcc.target/powerpc/fusion-p10-2logical.c scan-assembler-times fuse_andc_orc/1 8
FAIL: gcc.target/powerpc/fusion-p10-2logical.c scan-assembler-times fuse_andc_orc/2 48
FAIL: gcc.target/powerpc/fusion-p10-2logical.c scan-assembler-times fuse_andc_xor/0 16
FAIL: gcc.target/powerpc/fusion-p10-2logical.c scan-assembler-times fuse_andc_xor/1 16
FAIL: gcc.target/powerpc/fusion-p10-2logical.c scan-assembler-times fuse_andc_xor/2 32
FAIL: gcc.target/powerpc/fusion-p10-2logical.c scan-assembler-times fuse_eqv_and/0 16
FAIL: gcc.target/powerpc/fusion-p10-2logical.c scan-assembler-times fuse_eqv_and/2 16
FAIL: gcc.target/powerpc/fusion-p10-2logical.c scan-assembler-times fuse_eqv_andc/0 8
FAIL: gcc.target/powerpc/fusion-p10-2logical.c scan-assembler-times fuse_eqv_andc/2 24
FAIL: gcc.target/powerpc/fusion-p10-2logical.c scan-assembler-times fuse_eqv_or/0 8
FAIL: gcc.target/powerpc/fusion-p10-2logical.c scan-assembler-times fuse_eqv_or/2 24
FAIL: gcc.target/powerpc/fusion-p10-2logical.c scan-assembler-times fuse_nand_and/0 16
FAIL: gcc.target/powerpc/fusion-p10-2logical.c scan-assembler-times fuse_nand_and/2 16
FAIL: gcc.target/powerpc/fusion-p10-2logical.c scan-assembler-times fuse_nand_andc/0 8
FAIL: gcc.target/powerpc/fusion-p10-2logical.c scan-assembler-times fuse_nand_andc/2 24
FAIL: gcc.target/powerpc/fusion-p10-2logical.c scan-assembler-times fuse_nand_or/0 14
FAIL: gcc.target/powerpc/fusion-p10-2logical.c scan-assembler-times fuse_nand_or/1 2
FAIL: gcc.target/powerpc/fusion-p10-2logical.c scan-assembler-times fuse_nand_or/2 72
FAIL: gcc.target/powerpc/fusion-p10-2logical.c scan-assembler-times fuse_nand_or/3 8
FAIL: gcc.target/powerpc/fusion-p10-2logical.c scan-assembler-times fuse_nand_orc/2 24
FAIL: gcc.target/powerpc/fusion-p10-2logical.c scan-assembler-times fuse_nand_orc/3 8
FAIL: gcc.target/powerpc/fusion-p10-2logical.c scan-assembler-times fuse_nor_and/0 28
FAIL: gcc.target/powerpc/fusion-p10-2logical.c scan-assembler-times fuse_nor_and/1 4
FAIL: gcc.target/powerpc/fusion-p10-2logical.c scan-assembler-times fuse_nor_and/2 48
FAIL: gcc.target/powerpc/fusion-p10-2logical.c scan-assembler-times fuse_nor_and/3 16
FAIL: gcc.target/powerpc/fusion-p10-2logical.c scan-assembler-times fuse_nor_andc/2 24
FAIL: gcc.target/powerpc/fusion-p10-2logical.c scan-assembler-times fuse_nor_andc/3 8
FAIL: gcc.target/powerpc/fusion-p10-2logical.c scan-assembler-times fuse_nor_or/0 8
FAIL: gcc.target/powerpc/fusion-p10-2logical.c scan-assembler-times fuse_nor_or/2 24
FAIL: gcc.target/powerpc/fusion-p10-2logical.c scan-assembler-times fuse_nor_orc/0 8
FAIL: gcc.target/powerpc/fusion-p10-2logical.c scan-assembler-times fuse_nor_orc/2 24
FAIL: gcc.target/powerpc/fusion-p10-2logical.c scan-assembler-times fuse_or_and/0 16
FAIL: gcc.target/powerpc/fusion-p10-2logical.c scan-assembler-times fuse_or_and/2 16
FAIL: gcc.target/powerpc/fusion-p10-2logical.c scan-assembler-times fuse_or_andc/0 16
FAIL: gcc.target/powerpc/fusion-p10-2logical.c scan-assembler-times fuse_or_andc/2 16
FAIL: gcc.target/powerpc/fusion-p10-2logical.c scan-assembler-times fuse_or_eqv/0 8
FAIL: gcc.target/powerpc/fusion-p10-2logical.c scan-assembler-times fuse_or_eqv/2 24
FAIL: gcc.target/powerpc/fusion-p10-2logical.c scan-assembler-times fuse_or_or/1 16
FAIL: gcc.target/powerpc/fusion-p10-2logical.c scan-assembler-times fuse_or_or/2 16
FAIL: gcc.target/powerpc/fusion-p10-2logical.c scan-assembler-times fuse_or_xor/0 16
FAIL: gcc.target/powerpc/fusion-p10-2logical.c scan-assembler-times fuse_or_xor/2 16
FAIL: gcc.target/powerpc/fusion-p10-2logical.c scan-assembler-times fuse_orc_and/0 16
FAIL: gcc.target/powerpc/fusion-p10-2logical.c scan-assembler-times fuse_orc_and/1 16
FAIL: gcc.target/powerpc/fusion-p10-2logical.c scan-assembler-times fuse_orc_and/2 32
FAIL: gcc.target/powerpc/fusion-p10-2logical.c scan-assembler-times fuse_orc_andc/0 8
FAIL: gcc.target/powerpc/fusion-p10-2logical.c scan-assembler-times fuse_orc_andc/1 8
FAIL: gcc.target/powerpc/fusion-p10-2logical.c scan-assembler-times fuse_orc_andc/2 48
FAIL: gcc.target/powerpc/fusion-p10-2logical.c scan-assembler-times fuse_orc_or/0 8
FAIL: gcc.target/powerpc/fusion-p10-2logical.c scan-assembler-times fuse_orc_or/1 10
FAIL: gcc.target/powerpc/fusion-p10-2logical.c scan-assembler-times fuse_orc_or/2 72
FAIL: gcc.target/powerpc/fusion-p10-2logical.c scan-assembler-times fuse_orc_or/3 6
FAIL: gcc.target/powerpc/fusion-p10-2logical.c scan-assembler-times fuse_orc_xor/0 8
FAIL: gcc.target/powerpc/fusion-p10-2logical.c scan-assembler-times fuse_orc_xor/1 8
FAIL: gcc.target/powerpc/fusion-p10-2logical.c scan-assembler-times fuse_orc_xor/2 48
FAIL: gcc.target/powerpc/fusion-p10-2logical.c scan-assembler-times fuse_xor_and/0 16
FAIL: gcc.target/powerpc/fusion-p10-2logical.c scan-assembler-times fuse_xor_and/2 16
FAIL: gcc.target/powerpc/fusion-p10-2logical.c scan-assembler-times fuse_xor_andc/0 16
FAIL: gcc.target/powerpc/fusion-p10-2logical.c scan-assembler-times fuse_xor_andc/2 16
FAIL: gcc.target/powerpc/fusion-p10-2logical.c scan-assembler-times fuse_xor_eqv/2 24
FAIL: gcc.target/powerpc/fusion-p10-2logical.c scan-assembler-times fuse_xor_eqv/3 8
FAIL: gcc.target/powerpc/fusion-p10-2logical.c scan-assembler-times fuse_xor_nand/0 8
FAIL: gcc.target/powerpc/fusion-p10-2logical.c scan-assembler-times fuse_xor_nand/2 24
FAIL: gcc.target/powerpc/fusion-p10-2logical.c scan-assembler-times fuse_xor_or/0 16
FAIL: gcc.target/powerpc/fusion-p10-2logical.c scan-assembler-times fuse_xor_or/2 16
FAIL: gcc.target/powerpc/fusion-p10-2logical.c scan-assembler-times fuse_xor_orc/0 8
FAIL: gcc.target/powerpc/fusion-p10-2logical.c scan-assembler-times fuse_xor_orc/2 24
FAIL: gcc.target/powerpc/fusion-p10-2logical.c scan-assembler-times fuse_xor_xor/1 16
FAIL: gcc.target/powerpc/fusion-p10-2logical.c scan-assembler-times fuse_xor_xor/2 16
FAIL: gcc.target/powerpc/fusion-p10-addadd.c scan-assembler-times fuse_vaddudm_vaddudm/0 1
FAIL: gcc.target/powerpc/fusion-p10-addadd.c scan-assembler-times fuse_vaddudm_vaddudm/1 1
FAIL: gcc.target/powerpc/fusion-p10-addadd.c scan-assembler-times fuse_vaddudm_vaddudm/2 1
FAIL: gcc.target/powerpc/fusion-p10-ldcmpi.c scan-assembler-times ld_cmpdi_cr0_DI_DI_CC_none 4
FAIL: gcc.target/powerpc/fusion-p10-ldcmpi.c scan-assembler-times ld_cmpdi_cr0_DI_clobber_CC_none 4
FAIL: gcc.target/powerpc/fusion-p10-ldcmpi.c scan-assembler-times ld_cmpldi_cr0_DI_DI_CCUNS_none 1
FAIL: gcc.target/powerpc/fusion-p10-ldcmpi.c scan-assembler-times ld_cmpldi_cr0_DI_clobber_CCUNS_none 1
FAIL: gcc.target/powerpc/fusion-p10-ldcmpi.c scan-assembler-times lwa_cmpdi_cr0_SI_EXTSI_CC_sign 3
FAIL: gcc.target/powerpc/fusion-p10-ldcmpi.c scan-assembler-times lwa_cmpdi_cr0_SI_clobber_CC_none 4
FAIL: gcc.target/powerpc/fusion-p10-ldcmpi.c scan-assembler-times lwz_cmpldi_cr0_SI_EXTSI_CCUNS_zero 2
FAIL: gcc.target/powerpc/fusion-p10-ldcmpi.c scan-assembler-times lwz_cmpldi_cr0_SI_clobber_CCUNS_none 2
FAIL: gcc.target/powerpc/fusion-p10-logadd.c scan-assembler-times fuse_add_and/2 8
FAIL: gcc.target/powerpc/fusion-p10-logadd.c scan-assembler-times fuse_add_nand/2 12
FAIL: gcc.target/powerpc/fusion-p10-logadd.c scan-assembler-times fuse_add_nor/2 12
FAIL: gcc.target/powerpc/fusion-p10-logadd.c scan-assembler-times fuse_add_or/2 12
FAIL: gcc.target/powerpc/fusion-p10-logadd.c scan-assembler-times fuse_and_add/2 22
FAIL: gcc.target/powerpc/fusion-p10-logadd.c scan-assembler-times fuse_and_rsubf/2 12
FAIL: gcc.target/powerpc/fusion-p10-logadd.c scan-assembler-times fuse_and_subf/2 12
FAIL: gcc.target/powerpc/fusion-p10-logadd.c scan-assembler-times fuse_nand_add/2 12
FAIL: gcc.target/powerpc/fusion-p10-logadd.c scan-assembler-times fuse_nand_rsubf/2 2
FAIL: gcc.target/powerpc/fusion-p10-logadd.c scan-assembler-times fuse_nand_subf/2 12
FAIL: gcc.target/powerpc/fusion-p10-logadd.c scan-assembler-times fuse_nor_add/2 12
FAIL: gcc.target/powerpc/fusion-p10-logadd.c scan-assembler-times fuse_nor_rsubf/2 2
FAIL: gcc.target/powerpc/fusion-p10-logadd.c scan-assembler-times fuse_nor_subf/2 12
FAIL: gcc.target/powerpc/fusion-p10-logadd.c scan-assembler-times fuse_or_add/2 22
FAIL: gcc.target/powerpc/fusion-p10-logadd.c scan-assembler-times fuse_or_rsubf/2 12
FAIL: gcc.target/powerpc/fusion-p10-logadd.c scan-assembler-times fuse_or_subf/2 12
FAIL: gcc.target/powerpc/fusion-p10-logadd.c scan-assembler-times fuse_subf_and/2 16
FAIL: gcc.target/powerpc/fusion-p10-logadd.c scan-assembler-times fuse_subf_nand/2 24
FAIL: gcc.target/powerpc/fusion-p10-logadd.c scan-assembler-times fuse_subf_nor/2 24
FAIL: gcc.target/powerpc/fusion-p10-logadd.c scan-assembler-times fuse_subf_or/2 24
FAIL: gcc.target/powerpc/gnuattr1.c scan-assembler gnu_attribute 4, 9
FAIL: gcc.target/powerpc/gnuattr3.c scan-assembler gnu_attribute 4, 5
FAIL: gcc.target/powerpc/pr78056-2.c (test for warnings, line 15)
FAIL: gcc.target/powerpc/pr78056-2.c (test for warnings, line 16)
XPASS: gcc.target/powerpc/ppc-fortran/ieee128-math.f90 -O (test for excess errors)
=== gcc Summary for unix/-m32 ===
# of expected passes 139897
# of unexpected failures 196
# of unexpected successes 3
# of expected failures 910
# of unsupported tests 4112
Running target unix/-m64
FAIL: gcc.c-torture/execute/fprintf-2.c -O3 -g (test for excess errors)
FAIL: gcc.c-torture/execute/printf-2.c -O3 -g (test for excess errors)
FAIL: gcc.c-torture/execute/user-printf.c -O3 -g (test for excess errors)
FAIL: gcc.c-torture/execute/ieee/cdivchkld.c execution, -O1
FAIL: gcc.c-torture/execute/ieee/cdivchkld.c execution, -O2
FAIL: gcc.c-torture/execute/ieee/cdivchkld.c execution, -O2 -flto -fno-use-linker-plugin -flto-partition=none
FAIL: gcc.c-torture/execute/ieee/cdivchkld.c execution, -O2 -flto -fuse-linker-plugin -fno-fat-lto-objects
FAIL: gcc.c-torture/execute/ieee/cdivchkld.c execution, -O3 -fomit-frame-pointer -funroll-loops -fpeel-loops -ftracer -finline-functions
FAIL: gcc.c-torture/execute/ieee/cdivchkld.c execution, -O3 -g
FAIL: gcc.c-torture/execute/ieee/cdivchkld.c execution, -Os
FAIL: gcc.dg/analyzer/dot-output.c dg-check-dot dot-output.c.state-purge.dot
WARNING: skipping asan tests due to ulimit -v
WARNING: skipping asan tests due to ulimit -v
WARNING: skipping asan tests due to ulimit -v
WARNING: skipping asan tests due to ulimit -v
WARNING: skipping asan tests due to ulimit -v
WARNING: skipping asan tests due to ulimit -v
WARNING: skipping asan tests due to ulimit -v
WARNING: skipping asan tests due to ulimit -v
WARNING: skipping asan tests due to ulimit -v
WARNING: skipping asan tests due to ulimit -v
WARNING: skipping asan tests due to ulimit -v
WARNING: skipping asan tests due to ulimit -v
WARNING: skipping asan tests due to ulimit -v
WARNING: skipping asan tests due to ulimit -v
WARNING: skipping asan tests due to ulimit -v
WARNING: skipping asan tests due to ulimit -v
WARNING: skipping asan tests due to ulimit -v
WARNING: skipping asan tests due to ulimit -v
WARNING: skipping asan tests due to ulimit -v
WARNING: skipping asan tests due to ulimit -v
WARNING: skipping asan tests due to ulimit -v
WARNING: skipping asan tests due to ulimit -v
WARNING: skipping asan tests due to ulimit -v
WARNING: skipping asan tests due to ulimit -v
WARNING: skipping asan tests due to ulimit -v
WARNING: skipping asan tests due to ulimit -v
WARNING: skipping asan tests due to ulimit -v
WARNING: skipping asan tests due to ulimit -v
WARNING: skipping asan tests due to ulimit -v
WARNING: skipping asan tests due to ulimit -v
WARNING: skipping asan tests due to ulimit -v
WARNING: skipping asan tests due to ulimit -v
WARNING: skipping asan tests due to ulimit -v
WARNING: skipping asan tests due to ulimit -v
WARNING: skipping asan tests due to ulimit -v
WARNING: skipping asan tests due to ulimit -v
WARNING: skipping asan tests due to ulimit -v
WARNING: skipping asan tests due to ulimit -v
WARNING: skipping asan tests due to ulimit -v
WARNING: skipping asan tests due to ulimit -v
WARNING: skipping asan tests due to ulimit -v
WARNING: skipping asan tests due to ulimit -v
WARNING: skipping asan tests due to ulimit -v
WARNING: skipping asan tests due to ulimit -v
WARNING: skipping asan tests due to ulimit -v
WARNING: skipping asan tests due to ulimit -v
WARNING: skipping asan tests due to ulimit -v
WARNING: skipping asan tests due to ulimit -v
WARNING: skipping asan tests due to ulimit -v
WARNING: skipping asan tests due to ulimit -v
WARNING: skipping asan tests due to ulimit -v
WARNING: skipping asan tests due to ulimit -v
WARNING: skipping asan tests due to ulimit -v
WARNING: skipping asan tests due to ulimit -v
WARNING: skipping asan tests due to ulimit -v
WARNING: skipping asan tests due to ulimit -v
WARNING: skipping asan tests due to ulimit -v
WARNING: skipping asan tests due to ulimit -v
WARNING: skipping asan tests due to ulimit -v
WARNING: skipping asan tests due to ulimit -v
WARNING: skipping asan tests due to ulimit -v
WARNING: skipping asan tests due to ulimit -v
XPASS: gcc.dg/graphite/pr69728.c scan-tree-dump graphite "loop nest optimized"
FAIL: gcc.dg/torture/pr52451.c -O0 execution test
FAIL: gcc.dg/torture/pr52451.c -O1 execution test
FAIL: gcc.dg/torture/pr52451.c -O2 execution test
FAIL: gcc.dg/torture/pr52451.c -O2 -flto -fno-use-linker-plugin -flto-partition=none execution test
FAIL: gcc.dg/torture/pr52451.c -O2 -flto -fuse-linker-plugin -fno-fat-lto-objects execution test
FAIL: gcc.dg/torture/pr52451.c -O3 -g execution test
FAIL: gcc.dg/torture/pr52451.c -Os execution test
FAIL: gcc.dg/torture/pr91323.c -O0 execution test
FAIL: gcc.dg/torture/pr91323.c -O1 execution test
FAIL: gcc.dg/torture/pr91323.c -O2 execution test
FAIL: gcc.dg/torture/pr91323.c -O2 -flto -fno-use-linker-plugin -flto-partition=none execution test
FAIL: gcc.dg/torture/pr91323.c -O2 -flto -fuse-linker-plugin -fno-fat-lto-objects execution test
FAIL: gcc.dg/torture/pr91323.c -O3 -g execution test
FAIL: gcc.dg/torture/pr91323.c -Os execution test
XPASS: gcc.dg/tree-ssa/ssa-dom-cse-2.c scan-tree-dump optimized "return 28;"
FAIL: gcc.dg/vect/costmodel/ppc/costmodel-vect-31a.c scan-tree-dump-times vect "not vectorized: unsupported unaligned store" 1
FAIL: gcc.dg/vect/bb-slp-pr65935.c -flto -ffat-lto-objects scan-tree-dump-times slp1 "optimized: basic block" 10
FAIL: gcc.dg/vect/bb-slp-pr65935.c scan-tree-dump-times slp1 "optimized: basic block" 10
FAIL: gcc.dg/vect/bb-slp-pr98137.c -flto -ffat-lto-objects scan-tree-dump slp1 "optimized: basic block"
FAIL: gcc.dg/vect/bb-slp-pr98137.c scan-tree-dump slp1 "optimized: basic block"
FAIL: gcc.dg/vect/no-tree-sra-bb-slp-pr50730.c scan-tree-dump-times slp2 "optimized: basic block" 1
FAIL: gcc.dg/vect/no-vfa-vect-depend-2.c scan-tree-dump-times vect "vectorized 1 loops" 1
FAIL: gcc.dg/vect/no-vfa-vect-depend-3.c scan-tree-dump-times vect "vectorized 1 loops" 4
FAIL: gcc.dg/vect/pr62171.c -flto -ffat-lto-objects scan-tree-dump-not vect "versioned"
FAIL: gcc.dg/vect/pr62171.c scan-tree-dump-not vect "versioned"
FAIL: gcc.dg/vect/section-anchors-vect-69.c scan-tree-dump-times vect "vectorized 4 loops" 1
FAIL: gcc.dg/vect/slp-46.c -flto -ffat-lto-objects scan-tree-dump-times vect "vectorizing stmts using SLP" 2
FAIL: gcc.dg/vect/slp-46.c scan-tree-dump-times vect "vectorizing stmts using SLP" 2
FAIL: gcc.dg/vect/slp-48.c -flto -ffat-lto-objects scan-tree-dump-times vect "vectorizing stmts using SLP" 2
FAIL: gcc.dg/vect/slp-48.c scan-tree-dump-times vect "vectorizing stmts using SLP" 2
FAIL: gcc.dg/vect/vect-31.c -flto -ffat-lto-objects scan-tree-dump-times vect "vectorized 4 loops" 1
FAIL: gcc.dg/vect/vect-31.c scan-tree-dump-times vect "vectorized 4 loops" 1
FAIL: gcc.dg/vect/vect-44.c -flto -ffat-lto-objects scan-tree-dump-times vect "Vectorizing an unaligned access" 3
FAIL: gcc.dg/vect/vect-44.c scan-tree-dump-times vect "Vectorizing an unaligned access" 3
FAIL: gcc.dg/vect/vect-50.c -flto -ffat-lto-objects scan-tree-dump-times vect "Vectorizing an unaligned access" 3
FAIL: gcc.dg/vect/vect-50.c scan-tree-dump-times vect "Vectorizing an unaligned access" 3
FAIL: gcc.dg/vect/vect-93.c -flto -ffat-lto-objects scan-tree-dump-times vect "vectorized 2 loops" 2
FAIL: gcc.dg/vect/vect-93.c scan-tree-dump-times vect "vectorized 2 loops" 2
FAIL: gcc.dg/vect/vect-cond-reduc-4.c -flto -ffat-lto-objects scan-tree-dump-times vect "LOOP VECTORIZED" 2
FAIL: gcc.dg/vect/vect-cond-reduc-4.c scan-tree-dump-times vect "LOOP VECTORIZED" 2
FAIL: gcc.dg/vect/vect-cost-model-1.c -flto -ffat-lto-objects scan-tree-dump vect "LOOP VECTORIZED"
FAIL: gcc.dg/vect/vect-cost-model-1.c scan-tree-dump vect "LOOP VECTORIZED"
FAIL: gcc.dg/vect/vect-cost-model-3.c -flto -ffat-lto-objects scan-tree-dump vect "LOOP VECTORIZED"
FAIL: gcc.dg/vect/vect-cost-model-3.c scan-tree-dump vect "LOOP VECTORIZED"
FAIL: gcc.dg/vect/vect-cost-model-5.c -flto -ffat-lto-objects scan-tree-dump vect "LOOP VECTORIZED"
FAIL: gcc.dg/vect/vect-cost-model-5.c scan-tree-dump vect "LOOP VECTORIZED"
FAIL: gcc.dg/vect/vect-outer-call-1.c -flto -ffat-lto-objects scan-tree-dump vect "OUTER LOOP VECTORIZED"
FAIL: gcc.dg/vect/vect-outer-call-1.c scan-tree-dump vect "OUTER LOOP VECTORIZED"
FAIL: gcc.dg/vect/vect-strided-a-u8-i2-gap.c -flto -ffat-lto-objects scan-tree-dump-times vect "vectorized 1 loops" 1
FAIL: gcc.dg/vect/vect-strided-a-u8-i2-gap.c scan-tree-dump-times vect "vectorized 1 loops" 1
FAIL: gcc.target/powerpc/20050603-3.c scan-assembler-not \\\\mrldic
FAIL: gcc.target/powerpc/pr78056-2.c (test for warnings, line 15)
FAIL: gcc.target/powerpc/pr78056-2.c (test for warnings, line 16)
FAIL: gcc.target/powerpc/rlwimi-2.c scan-assembler-times (?n)^\\\\s+[a-z] 20217
XPASS: gcc.target/powerpc/ppc-fortran/ieee128-math.f90 -O (test for excess errors)
=== gcc Summary for unix/-m64 ===
# of expected passes 142404
# of unexpected failures 64
# of unexpected successes 3
# of expected failures 920
# of unsupported tests 3531
=== gcc Summary ===
# of expected passes 282301
# of unexpected failures 260
# of unexpected successes 6
# of expected failures 1830
# of unsupported tests 7643
/home/gccbuild/build/nightly/build-gcc-trunk/gcc/xgcc version 12.0.0 20210603 (experimental) [master revision d5ba2ea:fe23f36:9663c744e2d0942f14eafa725a1bd9f766f02a16] (GCC)
=== gfortran tests ===
Running target unix/-m32
FAIL: gfortran.dg/ieee/large_2.f90 -O0 execution test
FAIL: gfortran.dg/ieee/large_2.f90 -O1 execution test
FAIL: gfortran.dg/ieee/large_2.f90 -O2 execution test
FAIL: gfortran.dg/ieee/large_2.f90 -O3 -fomit-frame-pointer -funroll-loops -fpeel-loops -ftracer -finline-functions execution test
FAIL: gfortran.dg/ieee/large_2.f90 -O3 -g execution test
FAIL: gfortran.dg/ieee/large_2.f90 -Os execution test
FAIL: gfortran.dg/vect/pr32380.f -O scan-tree-dump-times vect "vectorized 1 loops" 1
FAIL: gfortran.dg/vect/pr52580.f -O scan-tree-dump-times vect "LOOP VECTORIZED" 1
FAIL: gfortran.dg/vect/pr62283-2.f -O scan-tree-dump slp2 "optimized: basic block"
FAIL: gfortran.dg/vect/pr81303.f -O scan-tree-dump vect "vectorized 1 loops in function"
FAIL: gfortran.dg/vect/vect-8.f90 -O scan-tree-dump-times vect "vectorized 2[23] loops" 1
FAIL: gfortran.dg/vect/vect-gems.f90 -O scan-tree-dump-times vect "vectorized 1 loops" 1
=== gfortran Summary for unix/-m32 ===
# of expected passes 56571
# of unexpected failures 12
# of expected failures 285
# of unsupported tests 302
Running target unix/-m64
WARNING: skipping asan tests due to ulimit -v
WARNING: skipping asan tests due to ulimit -v
WARNING: skipping asan tests due to ulimit -v
WARNING: skipping asan tests due to ulimit -v
WARNING: skipping asan tests due to ulimit -v
WARNING: skipping asan tests due to ulimit -v
WARNING: skipping asan tests due to ulimit -v
WARNING: skipping asan tests due to ulimit -v
WARNING: skipping asan tests due to ulimit -v
WARNING: skipping asan tests due to ulimit -v
WARNING: skipping asan tests due to ulimit -v
WARNING: skipping asan tests due to ulimit -v
WARNING: skipping asan tests due to ulimit -v
WARNING: skipping asan tests due to ulimit -v
WARNING: skipping asan tests due to ulimit -v
WARNING: skipping asan tests due to ulimit -v
WARNING: skipping asan tests due to ulimit -v
WARNING: skipping asan tests due to ulimit -v
WARNING: skipping asan tests due to ulimit -v
WARNING: skipping asan tests due to ulimit -v
WARNING: skipping asan tests due to ulimit -v
WARNING: skipping asan tests due to ulimit -v
WARNING: skipping asan tests due to ulimit -v
WARNING: skipping asan tests due to ulimit -v
WARNING: skipping asan tests due to ulimit -v
WARNING: skipping asan tests due to ulimit -v
WARNING: skipping asan tests due to ulimit -v
WARNING: skipping asan tests due to ulimit -v
WARNING: skipping asan tests due to ulimit -v
WARNING: skipping asan tests due to ulimit -v
FAIL: gfortran.dg/ieee/large_2.f90 -O0 execution test
FAIL: gfortran.dg/ieee/large_2.f90 -O1 execution test
FAIL: gfortran.dg/ieee/large_2.f90 -O2 execution test
FAIL: gfortran.dg/ieee/large_2.f90 -O3 -fomit-frame-pointer -funroll-loops -fpeel-loops -ftracer -finline-functions execution test
FAIL: gfortran.dg/ieee/large_2.f90 -O3 -g execution test
FAIL: gfortran.dg/ieee/large_2.f90 -Os execution test
FAIL: gfortran.dg/vect/pr32380.f -O scan-tree-dump-times vect "vectorized 1 loops" 1
FAIL: gfortran.dg/vect/pr52580.f -O scan-tree-dump-times vect "LOOP VECTORIZED" 1
FAIL: gfortran.dg/vect/pr62283-2.f -O scan-tree-dump slp2 "optimized: basic block"
FAIL: gfortran.dg/vect/pr81303.f -O scan-tree-dump vect "vectorized 1 loops in function"
FAIL: gfortran.dg/vect/vect-8.f90 -O scan-tree-dump-times vect "vectorized 2[23] loops" 1
FAIL: gfortran.dg/vect/vect-gems.f90 -O scan-tree-dump-times vect "vectorized 1 loops" 1
=== gfortran Summary for unix/-m64 ===
# of expected passes 56850
# of unexpected failures 12
# of expected failures 283
# of unsupported tests 169
=== gfortran Summary ===
# of expected passes 113421
# of unexpected failures 24
# of expected failures 568
# of unsupported tests 471
/home/gccbuild/build/nightly/build-gcc-trunk/gcc/gfortran version 12.0.0 20210603 (experimental) [master revision d5ba2ea:fe23f36:9663c744e2d0942f14eafa725a1bd9f766f02a16] (GCC)
=== obj-c++ tests ===
Running target unix/-m32
=== obj-c++ Summary for unix/-m32 ===
# of expected passes 1490
# of expected failures 2
# of unsupported tests 77
Running target unix/-m64
=== obj-c++ Summary for unix/-m64 ===
# of expected passes 1482
# of expected failures 10
# of unsupported tests 77
=== obj-c++ Summary ===
# of expected passes 2972
# of expected failures 12
# of unsupported tests 154
/home/gccbuild/build/nightly/build-gcc-trunk/gcc/xg++ version 12.0.0 20210603 (experimental) [master revision d5ba2ea:fe23f36:9663c744e2d0942f14eafa725a1bd9f766f02a16] (GCC)
=== objc tests ===
Running target unix/-m32
=== objc Summary for unix/-m32 ===
# of expected passes 2826
# of unsupported tests 68
Running target unix/-m64
=== objc Summary for unix/-m64 ===
# of expected passes 2826
# of unsupported tests 68
=== objc Summary ===
# of expected passes 5652
# of unsupported tests 136
/home/gccbuild/build/nightly/build-gcc-trunk/gcc/xgcc version 12.0.0 20210603 (experimental) [master revision d5ba2ea:fe23f36:9663c744e2d0942f14eafa725a1bd9f766f02a16] (GCC)
=== libatomic tests ===
Running target unix/-m32
=== libatomic Summary for unix/-m32 ===
# of expected passes 44
# of unsupported tests 5
Running target unix/-m64
=== libatomic Summary for unix/-m64 ===
# of expected passes 54
=== libatomic Summary ===
# of expected passes 98
# of unsupported tests 5
=== libgomp tests ===
Running target unix/-m32
=== libgomp Summary for unix/-m32 ===
# of expected passes 11280
# of expected failures 86
# of unsupported tests 608
Running target unix/-m64
=== libgomp Summary for unix/-m64 ===
# of expected passes 11280
# of expected failures 86
# of unsupported tests 608
=== libgomp Summary ===
# of expected passes 22560
# of expected failures 172
# of unsupported tests 1216
=== libitm tests ===
Running target unix/-m32
=== libitm Summary for unix/-m32 ===
# of expected passes 42
# of expected failures 3
# of unsupported tests 1
Running target unix/-m64
=== libitm Summary for unix/-m64 ===
# of expected passes 42
# of expected failures 3
# of unsupported tests 1
=== libitm Summary ===
# of expected passes 84
# of expected failures 6
# of unsupported tests 2
=== libstdc++ tests ===
Running target unix/-m32
FAIL: 20_util/to_chars/long_double.cc execution test
FAIL: 30_threads/jthread/95989.cc execution test
=== libstdc++ Summary for unix/-m32 ===
# of expected passes 14877
# of unexpected failures 2
# of expected failures 95
# of unsupported tests 405
Running target unix/-m64
FAIL: 20_util/to_chars/long_double.cc execution test
FAIL: 30_threads/jthread/95989.cc execution test
=== libstdc++ Summary for unix/-m64 ===
# of expected passes 14873
# of unexpected failures 2
# of expected failures 95
# of unsupported tests 407
=== libstdc++ Summary ===
# of expected passes 29750
# of unexpected failures 4
# of expected failures 190
# of unsupported tests 812
Compiler version: 12.0.0 20210603 (experimental) [master revision d5ba2ea:fe23f36:9663c744e2d0942f14eafa725a1bd9f766f02a16] (GCC)
Platform: powerpc64-unknown-linux-gnu
configure flags: --prefix=/opt/gcc-nightly/trunk --with-as=/usr/bin/as --with-ld=/usr/bin/ld --enable-languages=c,c++,fortran,objc,obj-c++ --enable-multilib --with-cpu=power7
fail WARNING: Could not generate test framework tests
fail WARNING: Could not generate test framework tests
fail WARNING: Could not generate test framework tests
fail WARNING: Could not generate test framework tests
fail WARNING: Could not generate test framework tests
fail WARNING: Could not generate test framework tests
fail WARNING: Could not generate test framework tests
fail WARNING: Could not generate test framework tests
fail WARNING: Could not generate test framework tests
fail WARNING: Could not generate test framework tests
fail WARNING: Could not generate test framework tests
fail WARNING: Could not generate test framework tests
fail WARNING: Could not generate test framework tests
fail WARNING: Could not generate test framework tests
fail WARNING: Could not generate test framework tests
fail WARNING: Could not generate test framework tests
fail WARNING: Could not generate test framework tests
fail WARNING: Could not generate test framework tests
fail WARNING: Could not generate test framework tests
fail WARNING: Could not generate test framework tests
fail WARNING: Could not generate test framework tests
fail WARNING: Could not generate test framework tests
fail WARNING: Could not generate test framework tests
fail WARNING: Could not generate test framework tests
fail WARNING: Could not generate test framework tests
fail WARNING: Could not generate test framework tests
fail WARNING: Could not generate test framework tests
fail WARNING: Could not generate test framework tests
fail WARNING: Could not generate test framework tests
fail WARNING: Could not generate test framework tests
fail WARNING: Could not generate test framework tests
fail WARNING: Could not generate test framework tests
fail WARNING: Could not generate test framework tests
fail WARNING: Could not generate test framework tests
fail WARNING: Could not generate test framework tests
fail WARNING: Could not generate test framework tests
fail XPASS: gcc.test-framework/dg-bogus-exp-XF.c (test for excess errors)
fail FAIL: gcc.test-framework/dg-do-assemble-exp-P.c (test for excess errors) (PRMS 42)
fail FAIL: gcc.test-framework/dg-do-compile-exp-P.c (test for excess errors) (PRMS 42)
fail FAIL: gcc.test-framework/dg-do-link-exp-P.c (test for excess errors) (PRMS 42)
fail FAIL: gcc.test-framework/dg-do-run-exp-P.c (test for excess errors) (PRMS 42)
fail FAIL: gcc.test-framework/dg-dot-run-exp-P.c (test for excess errors) (PRMS 42)
fail FAIL: gcc.test-framework/dg-dox-run-exp-XF.c (test for excess errors) (PRMS 42)
fail FAIL: gcc.test-framework/dg-output-exp-P.c (test for excess errors) (PRMS 42)
fail FAIL: gcc.test-framework/dg-output-exp-XF.c (test for excess errors) (PRMS 42)
fail ERROR: gcc.test-framework/dg-scan-symbol-section-1-exp-F.S: error executing dg-final: syntax error in target selector ""
fail ERROR: gcc.test-framework/dg-scan-symbol-section-2-exp-F.S: error executing dg-final: syntax error in target selector ""
fail ERROR: gcc.test-framework/dg-scan-symbol-section-3-exp-F.S: error executing dg-final: syntax error in target selector ""
fail ERROR: gcc.test-framework/dg-scan-symbol-section-exp-P.S: error executing dg-final: syntax error in target selector ""
fail FAIL: gcc.test-framework/dg-warning-exp-P.c warning test (test for warnings, line 9) (PRMS 42)
=== Test Framework Summary ===
# of expected passes 68
# of unexpected failures 50
More information about the Gcc-testresults
mailing list