Results for 11.1.1 20210721 [releases/gcc-11 revision r11-8792-g076930b9690a] (GCC) testsuite on x86_64-apple-darwin16
Iain Sandoe
iains.gcc@gmail.com
Mon Jul 26 05:44:15 GMT 2021
LAST_UPDATED: Wed Jul 21 10:28:47 UTC 2021 (revision r11-8792-g076930b9690a)
=== acats tests ===
=== acats Summary ===
# of expected passes 2328
# of unexpected failures 0
Native configuration is x86_64-apple-darwin16
=== g++ tests ===
Running target unix/-m32
FAIL: c-c++-common/asan/alloca_big_alignment.c -Os output pattern test
FAIL: c-c++-common/asan/alloca_detect_custom_size.c -Os output pattern test
FAIL: c-c++-common/asan/alloca_overflow_partial.c -Os output pattern test
FAIL: c-c++-common/asan/alloca_overflow_right.c -Os output pattern test
FAIL: c-c++-common/asan/alloca_underflow_left.c -Os output pattern test
FAIL: g++.dg/asan/pr69276.C -O0 output pattern test
FAIL: g++.dg/ext/pr84828.C -std=gnu++14 (test for excess errors)
FAIL: g++.dg/ext/pr84828.C -std=gnu++17 (test for excess errors)
FAIL: g++.dg/ext/pr84828.C -std=gnu++2a (test for excess errors)
FAIL: g++.dg/ext/pr84828.C -std=gnu++98 (test for excess errors)
FAIL: g++.dg/ipa/pr67056.C scan-ipa-dump cp "Speculative outer type:struct CompositeClass"
XPASS: g++.dg/warn/Warray-bounds-20.C -std=gnu++14 assign (test for warnings, line 30)
XPASS: g++.dg/warn/Warray-bounds-20.C -std=gnu++17 assign (test for warnings, line 30)
XPASS: g++.dg/warn/Warray-bounds-20.C -std=gnu++2a assign (test for warnings, line 30)
XPASS: g++.dg/warn/Warray-bounds-20.C -std=gnu++98 assign (test for warnings, line 30)
FAIL: g++.dg/lto/pr65276 cp_lto_pr65276_0.o-cp_lto_pr65276_1.o link, -flto -O0 -std=c++11
WARNING: g++.old-deja/g++.law/missed-error2.C -std=c++2a (test for warnings, line 18) program timed out.
=== g++ Summary for unix/-m32 ===
# of expected passes 200355
# of unexpected failures 12
# of unexpected successes 4
# of expected failures 1085
# of unsupported tests 9575
Running target unix/-m64
FAIL: c-c++-common/asan/alloca_big_alignment.c -Os output pattern test
FAIL: c-c++-common/asan/alloca_detect_custom_size.c -Os output pattern test
FAIL: c-c++-common/asan/alloca_overflow_partial.c -Os output pattern test
FAIL: c-c++-common/asan/alloca_overflow_right.c -Os output pattern test
FAIL: c-c++-common/asan/alloca_underflow_left.c -Os output pattern test
FAIL: g++.dg/asan/pr69276.C -O0 output pattern test
FAIL: g++.dg/ipa/pr67056.C scan-ipa-dump cp "Speculative outer type:struct CompositeClass"
FAIL: g++.dg/lto/pr65276 cp_lto_pr65276_0.o-cp_lto_pr65276_1.o link, -flto -O0 -std=c++11
WARNING: c-c++-common/ubsan/nonnull-5.c -std=gnu++98 (test for excess errors) program timed out.
FAIL: c-c++-common/ubsan/nonnull-5.c -std=gnu++98 (test for excess errors)
=== g++ Summary for unix/-m64 ===
# of expected passes 202655
# of unexpected failures 9
# of expected failures 1093
# of unsupported tests 9736
=== g++ Summary ===
# of expected passes 403010
# of unexpected failures 21
# of unexpected successes 4
# of expected failures 2178
# of unsupported tests 19311
/scratch/10-12-Sie/gcc-11-1/gcc/xg++ version 11.1.1 20210721 [releases/gcc-11 revision r11-8792-g076930b9690a] (GCC)
=== gcc tests ===
Running target unix/-m32
FAIL: gcc.dg/analyzer/write-to-string-literal-1.c (test for warnings, line 15)
FAIL: c-c++-common/asan/alloca_big_alignment.c -Os output pattern test
FAIL: c-c++-common/asan/alloca_detect_custom_size.c -Os output pattern test
FAIL: c-c++-common/asan/alloca_overflow_partial.c -Os output pattern test
FAIL: c-c++-common/asan/alloca_overflow_right.c -Os output pattern test
FAIL: c-c++-common/asan/alloca_underflow_left.c -Os output pattern test
FAIL: gcc.dg/debug/dwarf2/inline4.c scan-assembler DW_TAG_inlined_subroutine[^\\\\(]*\\\\([^\\\\)]*\\\\)[^\\\\(]*\\\\(DIE \\\\(0x[0-9a-f]*\\\\) DW_TAG_formal_parameter[^\\\\(]*\\\\(DIE \\\\(0x[0-9a-f]*\\\\) DW_TAG_variable
FAIL: gcc.dg/pr100509.c (test for excess errors)
FAIL: gcc.dg/stack-layout-dynamic-1.c (test for excess errors)
UNRESOLVED: gcc.dg/stack-layout-dynamic-1.c scan-assembler-not cfi_def_cfa_register
FAIL: c-c++-common/goacc/firstprivate-mappings-1.c scan-tree-dump omplower "(?n)#pragma omp target oacc_parallel map\\\\(from:array_so \\\\[len: 4\\\\]\\\\) firstprivate\\\\(array_li.[0-9]+\\\\) map\\\\(tofrom:\\\\(\\\\*array.[0-9]+\\\\) \\\\[len: D\\\\.[0-9]+\\\\]\\\\) map\\\\(firstprivate:array \\\\[pointer assign, bias: 0\\\\]\\\\) \\\\["
FAIL: gcc.dg/graphite/scop-19.c scan-tree-dump-times graphite "number of SCoPs: 0" 1
FAIL: gcc.dg/ipa/ipa-icf-38.c scan-ltrans-tree-dump-not optimized "Function bar"
FAIL: gcc-dg-lto-modref-3-01.exe scan-wpa-ipa-dump modref "parm 1 flags: nodirectescape"
FAIL: gcc-dg-lto-modref-4-01.exe scan-wpa-ipa-dump modref "parm 1 flags: nodirectescape"
FAIL: gcc.dg/lto/modref-3 c_lto_modref-3_0.o-c_lto_modref-3_1.o execute -O2 -flto-partition=max -fdump-ipa-modref -fno-ipa-sra -fno-ipa-cp -flto
FAIL: gcc.dg/lto/modref-4 c_lto_modref-4_0.o-c_lto_modref-4_1.o execute -O2 -flto-partition=max -fdump-ipa-modref -fno-ipa-sra -flto
FAIL: gcc.dg/torture/builtin-self.c -O0 scan-assembler-not \\tcall
FAIL: gcc.dg/torture/pr71522.c -O1 execution test
FAIL: gcc.dg/torture/pr71522.c -O2 execution test
FAIL: gcc.dg/torture/pr71522.c -O2 -flto execution test
FAIL: gcc.dg/torture/pr71522.c -O2 -flto -flto-partition=none execution test
FAIL: gcc.dg/torture/pr71522.c -O3 -g execution test
FAIL: gcc.dg/torture/pr71522.c -Os execution test
WARNING: gcc.dg/torture/restrict-3.c -Os (test for excess errors) program timed out.
FAIL: gcc.dg/torture/restrict-3.c -Os (test for excess errors)
FAIL: gcc.dg/tree-ssa/scev-3.c scan-tree-dump-times ivopts "&a" 1
FAIL: gcc.dg/tree-ssa/scev-5.c scan-tree-dump-times ivopts "&a" 1
XPASS: gcc.dg/vect/vect-reduc-in-order-1.c -flto -ffat-lto-objects execution test
XPASS: gcc.dg/vect/vect-reduc-in-order-1.c execution test
XPASS: gcc.dg/vect/vect-reduc-in-order-2.c -flto -ffat-lto-objects execution test
XPASS: gcc.dg/vect/vect-reduc-in-order-2.c execution test
XPASS: gcc.dg/vect/vect-reduc-in-order-3.c -flto -ffat-lto-objects execution test
XPASS: gcc.dg/vect/vect-reduc-in-order-3.c execution test
XPASS: gcc.dg/vect/vect-reduc-in-order-4.c -flto -ffat-lto-objects execution test
XPASS: gcc.dg/vect/vect-reduc-in-order-4.c execution test
FAIL: outputs-25 exe savetmp named2-4: outputs.args.3
FAIL: outputs-25 exe savetmp named2-4: std out
FAIL: gcc.target/i386/avx2-shiftqihi-constant-2.c (test for excess errors)
UNRESOLVED: gcc.target/i386/avx2-shiftqihi-constant-2.c compilation failed to produce executable
XPASS: gcc.target/i386/bitwise_mask_op-3.c scan-assembler-times kmovb[\\t ] 4
XPASS: gcc.target/i386/bitwise_mask_op-3.c scan-assembler-times korb[\\t ] 1
XPASS: gcc.target/i386/bitwise_mask_op-3.c scan-assembler-times kxorb[\\t ] 1
FAIL: gcc.target/i386/memcpy-strategy-10.c scan-assembler call\\tmemcpy
FAIL: gcc.target/i386/memcpy-strategy-5.c scan-assembler call\\tmemcpy
FAIL: gcc.target/i386/memset-strategy-5.c scan-assembler call\\tmemset
FAIL: gcc.target/i386/memset-strategy-7.c scan-assembler call\\tmemset
FAIL: gcc.target/i386/pad-3.c scan-assembler-not nop
FAIL: gcc.target/i386/pr15184-1.c scan-assembler-times movb[ \\\\t]+%al 4
FAIL: gcc.target/i386/pr15184-2.c scan-assembler-times movb[ \\\\t]+%al 2
FAIL: gcc.target/i386/pr36502.c scan-assembler-not esp
FAIL: gcc.target/i386/pr54855-3.c scan-assembler-not movsd
FAIL: gcc.target/i386/pr54855-7.c scan-assembler-not movss
FAIL: gcc.target/i386/pr66334.c scan-assembler movl[ \\\\t].+, %ebx
FAIL: gcc.target/i386/pr71321.c scan-assembler-not lea.*0
FAIL: gcc.target/i386/pr78035.c scan-assembler-times cmp 2
FAIL: gcc.target/i386/pr81736-5.c scan-assembler-not %[re]bp
XPASS: gcc.target/i386/pr84101.c scan-tree-dump-not slp2 "optimized: basic block"
FAIL: gcc.target/i386/pr84278.c scan-assembler-not \\\\(%.sp\\\\)
FAIL: gcc.target/i386/pr85667-6.c scan-assembler-times flds[^\\n\\r]* 1
FAIL: gcc.target/i386/pr92651.c scan-assembler-times sub 2
FAIL: gcc.target/i386/pr97873-1.c scan-assembler pabsq
FAIL: gcc.target/i386/ret-thunk-22.c scan-assembler call[ \\\\t]*___x86.get_pc_thunk.cx
FAIL: gcc.target/i386/ret-thunk-23.c scan-assembler call[ \\\\t]*___x86.get_pc_thunk.cx
FAIL: gcc.target/i386/ret-thunk-24.c scan-assembler call[ \\\\t]*___x86.get_pc_thunk.cx
FAIL: gcc.target/i386/vect8-ret.c scan-assembler-times movq 1
=== gcc Summary for unix/-m32 ===
# of expected passes 149865
# of unexpected failures 51
# of unexpected successes 12
# of expected failures 860
# of unresolved testcases 2
# of unsupported tests 4937
Running target unix/-m64
FAIL: gcc.dg/analyzer/write-to-string-literal-1.c (test for warnings, line 15)
FAIL: c-c++-common/asan/alloca_big_alignment.c -Os output pattern test
FAIL: c-c++-common/asan/alloca_detect_custom_size.c -Os output pattern test
FAIL: c-c++-common/asan/alloca_overflow_partial.c -Os output pattern test
FAIL: c-c++-common/asan/alloca_overflow_right.c -Os output pattern test
FAIL: c-c++-common/asan/alloca_underflow_left.c -Os output pattern test
FAIL: gcc.dg/debug/dwarf2/inline4.c scan-assembler DW_TAG_inlined_subroutine[^\\\\(]*\\\\([^\\\\)]*\\\\)[^\\\\(]*\\\\(DIE \\\\(0x[0-9a-f]*\\\\) DW_TAG_formal_parameter[^\\\\(]*\\\\(DIE \\\\(0x[0-9a-f]*\\\\) DW_TAG_variable
FAIL: gcc.dg/pr100509.c (test for excess errors)
FAIL: gcc.dg/graphite/scop-19.c scan-tree-dump-times graphite "number of SCoPs: 0" 1
FAIL: gcc.dg/ipa/ipa-icf-38.c scan-ltrans-tree-dump-not optimized "Function bar"
FAIL: gcc-dg-lto-modref-3-01.exe scan-wpa-ipa-dump modref "parm 1 flags: nodirectescape"
FAIL: gcc-dg-lto-modref-4-01.exe scan-wpa-ipa-dump modref "parm 1 flags: nodirectescape"
FAIL: gcc.dg/lto/modref-3 c_lto_modref-3_0.o-c_lto_modref-3_1.o execute -O2 -flto-partition=max -fdump-ipa-modref -fno-ipa-sra -fno-ipa-cp -flto
FAIL: gcc.dg/lto/modref-4 c_lto_modref-4_0.o-c_lto_modref-4_1.o execute -O2 -flto-partition=max -fdump-ipa-modref -fno-ipa-sra -flto
WARNING: ./cpp-1.h -O3 -g (test for excess errors) program timed out.
FAIL: ./cpp-1.h -O3 -g (test for excess errors)
XPASS: gcc.dg/tree-ssa/pr91091-2.c scan-tree-dump-times fre1 " = [^;]*x;" 1
XPASS: gcc.dg/tree-ssa/pr91091-2.c scan-tree-dump-times fre1 "x = " 1
XPASS: gcc.dg/tree-ssa/ssa-fre-77.c scan-tree-dump fre1 "return 1;"
FAIL: outputs-25 exe savetmp named2-4: outputs.args.3
FAIL: outputs-25 exe savetmp named2-4: std out
FAIL: gcc.target/i386/avx2-shiftqihi-constant-2.c (test for excess errors)
UNRESOLVED: gcc.target/i386/avx2-shiftqihi-constant-2.c compilation failed to produce executable
FAIL: gcc.target/i386/avx512bw-pr88465.c scan-assembler-times kxnor[dq][ \\t] 2
FAIL: gcc.target/i386/avx512dq-pr88465.c scan-assembler-times kxnorb[ \\t] 1
FAIL: gcc.target/i386/avx512f-pr88465.c scan-assembler-times kxnorw[ \\t] 1
XPASS: gcc.target/i386/bitwise_mask_op-3.c scan-assembler-times kmovb[\\t ] 4
XPASS: gcc.target/i386/bitwise_mask_op-3.c scan-assembler-times korb[\\t ] 1
XPASS: gcc.target/i386/bitwise_mask_op-3.c scan-assembler-times kxorb[\\t ] 1
FAIL: gcc.target/i386/memcpy-strategy-10.c scan-assembler jmp\\tmemcpy
FAIL: gcc.target/i386/memcpy-strategy-5.c scan-assembler jmp\\tmemcpy
FAIL: gcc.target/i386/memset-strategy-5.c scan-assembler jmp\\tmemset
FAIL: gcc.target/i386/memset-strategy-7.c scan-assembler jmp\\tmemset
FAIL: gcc.target/i386/pr34256.c scan-assembler-times mov 5
FAIL: gcc.target/i386/pr71321.c scan-assembler-not lea.*0
FAIL: gcc.target/i386/pr78035.c scan-assembler-times cmp 2
FAIL: gcc.target/i386/pr92651.c scan-assembler-times sub 2
=== gcc Summary for unix/-m64 ===
# of expected passes 152417
# of unexpected failures 29
# of unexpected successes 6
# of expected failures 874
# of unresolved testcases 1
# of unsupported tests 4497
=== gcc Summary ===
# of expected passes 302282
# of unexpected failures 80
# of unexpected successes 18
# of expected failures 1734
# of unresolved testcases 3
# of unsupported tests 9434
/scratch/10-12-Sie/gcc-11-1/gcc/xgcc version 11.1.1 20210721 [releases/gcc-11 revision r11-8792-g076930b9690a] (GCC)
=== gdc tests ===
Running target unix/-m32
=== gdc Summary for unix/-m32 ===
# of expected passes 3966
# of unsupported tests 1078
Running target unix/-m64
=== gdc Summary for unix/-m64 ===
# of expected passes 3966
# of unsupported tests 1078
=== gdc Summary ===
# of expected passes 7932
# of unsupported tests 2156
/scratch/10-12-Sie/gcc-11-1/gcc/gdc version 11.1.1 20210721 [releases/gcc-11 revision r11-8792-g076930b9690a] (GCC)
=== gfortran tests ===
Running target unix/-m32
WARNING: gfortran.dg/module_commons_2.f90 -O (test for excess errors) program timed out.
FAIL: gfortran.dg/module_commons_2.f90 -O (test for excess errors)
=== gfortran Summary for unix/-m32 ===
# of expected passes 56418
# of unexpected failures 1
# of expected failures 234
# of unsupported tests 198
Running target unix/-m64
=== gfortran Summary for unix/-m64 ===
# of expected passes 56668
# of expected failures 232
# of unsupported tests 83
=== gfortran Summary ===
# of expected passes 113086
# of unexpected failures 1
# of expected failures 466
# of unsupported tests 281
/scratch/10-12-Sie/gcc-11-1/gcc/gfortran version 11.1.1 20210721 [releases/gcc-11 revision r11-8792-g076930b9690a] (GCC)
=== gnat tests ===
Running target unix/-m32
FAIL: gnat.dg/bias1.adb scan-assembler DW_AT_GNU_bias
=== gnat Summary for unix/-m32 ===
# of expected passes 3340
# of unexpected failures 1
# of expected failures 23
# of unsupported tests 14
Running target unix/-m64
FAIL: gnat.dg/bias1.adb scan-assembler DW_AT_GNU_bias
=== gnat Summary for unix/-m64 ===
# of expected passes 3339
# of unexpected failures 1
# of expected failures 23
# of unsupported tests 13
=== gnat Summary ===
# of expected passes 6679
# of unexpected failures 2
# of expected failures 46
# of unsupported tests 27
/scratch/10-12-Sie/gcc-11-1/gcc/gnatmake version 11.1.1 20210721 [releases/gcc-11 revision r11-8792-g076930b9690a]
=== obj-c++ tests ===
Running target unix/-m64
=== obj-c++ Summary for unix/-m64 ===
# of expected passes 3154
# of expected failures 22
# of unsupported tests 69
Running target unix/-m32
=== obj-c++ Summary for unix/-m32 ===
# of expected passes 3192
# of expected failures 4
# of unsupported tests 65
=== obj-c++ Summary ===
# of expected passes 6346
# of expected failures 26
# of unsupported tests 134
/scratch/10-12-Sie/gcc-11-1/gcc/xg++ version 11.1.1 20210721 [releases/gcc-11 revision r11-8792-g076930b9690a] (GCC)
=== objc tests ===
Running target unix/-m32
=== objc Summary for unix/-m32 ===
# of expected passes 5730
# of expected failures 7
# of unsupported tests 82
Running target unix/-m64
=== objc Summary for unix/-m64 ===
# of expected passes 5702
# of expected failures 13
# of unsupported tests 87
=== objc Summary ===
# of expected passes 11432
# of expected failures 20
# of unsupported tests 169
/scratch/10-12-Sie/gcc-11-1/gcc/xgcc version 11.1.1 20210721 [releases/gcc-11 revision r11-8792-g076930b9690a] (GCC)
=== libatomic tests ===
Running target unix/-m64
=== libatomic Summary for unix/-m64 ===
# of expected passes 54
Running target unix/-m32
=== libatomic Summary for unix/-m32 ===
# of expected passes 44
# of unsupported tests 5
=== libatomic Summary ===
# of expected passes 98
# of unsupported tests 5
=== libgomp tests ===
Running target unix/-m64
WARNING: program timed out
FAIL: libgomp.c++/loop-8.C (test for excess errors)
FAIL: libgomp.fortran/examples-4/simd-3.f90 -O1 execution test
=== libgomp Summary for unix/-m64 ===
# of expected passes 8351
# of unexpected failures 2
# of expected failures 6
# of unsupported tests 599
Running target unix/-m32
FAIL: libgomp.fortran/examples-4/simd-3.f90 -O1 execution test
=== libgomp Summary for unix/-m32 ===
# of expected passes 8351
# of unexpected failures 1
# of expected failures 6
# of unsupported tests 600
=== libgomp Summary ===
# of expected passes 16702
# of unexpected failures 3
# of expected failures 12
# of unsupported tests 1199
=== libitm tests ===
Running target unix/-m64
=== libitm Summary for unix/-m64 ===
# of expected passes 42
# of expected failures 3
# of unsupported tests 2
Running target unix/-m32
=== libitm Summary for unix/-m32 ===
# of expected passes 42
# of expected failures 3
# of unsupported tests 2
=== libitm Summary ===
# of expected passes 84
# of expected failures 6
# of unsupported tests 4
=== libstdc++ tests ===
Running target unix/-m32
WARNING: 23_containers/vector/debug/construct4_neg.cc (test for excess errors) program timed out.
FAIL: 23_containers/vector/debug/construct4_neg.cc (test for excess errors)
WARNING: 30_threads/condition_variable/54185.cc execution test program timed out.
FAIL: 30_threads/condition_variable/54185.cc execution test
WARNING: 30_threads/future/members/93456.cc execution test program timed out.
FAIL: 30_threads/future/members/93456.cc execution test
FAIL: 30_threads/future/members/poll.cc execution test
FAIL: std/ranges/access/ssize.cc (test for excess errors)
UNRESOLVED: std/ranges/access/ssize.cc compilation failed to produce executable
=== libstdc++ Summary for unix/-m32 ===
# of expected passes 13814
# of unexpected failures 5
# of expected failures 105
# of unresolved testcases 1
# of unsupported tests 760
Running target unix/-m64
WARNING: 30_threads/condition_variable/54185.cc execution test program timed out.
FAIL: 30_threads/condition_variable/54185.cc execution test
FAIL: 30_threads/future/members/poll.cc execution test
=== libstdc++ Summary for unix/-m64 ===
# of expected passes 13812
# of unexpected failures 2
# of expected failures 105
# of unsupported tests 763
=== libstdc++ Summary ===
# of expected passes 27626
# of unexpected failures 7
# of expected failures 210
# of unresolved testcases 1
# of unsupported tests 1523
Compiler version: 11.1.1 20210721 [releases/gcc-11 revision r11-8792-g076930b9690a] (GCC)
Platform: x86_64-apple-darwin16
configure flags: --prefix=/opt/iains/x86_64-apple-darwin16/gcc-11-wip --build=x86_64-apple-darwin16 --with-sysroot=/Library/Developer/CommandLineTools/SDKs/MacOSX.sdk --enable-languages=all --with-cpu=corei7 CC=x86_64-apple-darwin16-gcc CXX=x86_64-apple-darwin16-g++
More information about the Gcc-testresults
mailing list