Results for 12.0.0 20210717 (experimental) [master revision 87277b6a044:8f2b7e49da1:704e8a825c78b9a8424c291509413bbb48e602c7] (Debian 20210717-1) testsuite on mipsel-unknown-linux-gnu
Matthias Klose
doko@debian.org
Tue Jul 20 17:55:18 GMT 2021
LAST_UPDATED: Sat Jul 17 08:29:41 UTC 2021 (revision 87277b6a044:8f2b7e49da1:704e8a825c78b9a8424c291509413bbb48e602c7)
=== acats tests ===
=== acats Summary ===
# of expected passes 2328
# of unexpected failures 0
Native configuration is mipsel-unknown-linux-gnu
=== g++ tests ===
Running target unix
FAIL: c-c++-common/spec-barrier-1.c -std=gnu++98 (test for excess errors)
FAIL: c-c++-common/spec-barrier-1.c -std=gnu++14 (test for excess errors)
FAIL: c-c++-common/spec-barrier-1.c -std=gnu++17 (test for excess errors)
FAIL: c-c++-common/spec-barrier-1.c -std=gnu++2a (test for excess errors)
FAIL: c-c++-common/spec-barrier-1.c -std=gnu++98 (test for excess errors)
FAIL: c-c++-common/spec-barrier-1.c -std=gnu++14 (test for excess errors)
FAIL: c-c++-common/spec-barrier-1.c -std=gnu++17 (test for excess errors)
FAIL: c-c++-common/spec-barrier-1.c -std=gnu++2a (test for excess errors)
FAIL: g++.dg/cpp0x/constexpr-52830.C -std=c++14 (test for excess errors)
FAIL: g++.dg/cpp0x/constexpr-52830.C -std=c++17 (test for excess errors)
FAIL: g++.dg/cpp0x/constexpr-52830.C -std=c++2a (test for excess errors)
FAIL: g++.dg/cpp0x/constexpr-52830.C -std=c++14 (test for excess errors)
FAIL: g++.dg/cpp0x/constexpr-52830.C -std=c++17 (test for excess errors)
FAIL: g++.dg/cpp0x/constexpr-52830.C -std=c++2a (test for excess errors)
FAIL: g++.dg/cpp0x/vt-88982.C -std=c++14 (test for excess errors)
FAIL: g++.dg/cpp0x/vt-88982.C -std=c++17 (test for excess errors)
FAIL: g++.dg/cpp0x/vt-88982.C -std=c++2a (test for excess errors)
FAIL: g++.dg/cpp0x/vt-88982.C -std=c++14 (test for excess errors)
FAIL: g++.dg/cpp0x/vt-88982.C -std=c++17 (test for excess errors)
FAIL: g++.dg/cpp0x/vt-88982.C -std=c++2a (test for excess errors)
FAIL: g++.dg/cpp1y/auto-fn61.C -std=c++14 (test for excess errors)
FAIL: g++.dg/cpp1y/auto-fn61.C -std=c++17 (test for excess errors)
FAIL: g++.dg/cpp1y/auto-fn61.C -std=c++2a (test for excess errors)
FAIL: g++.dg/cpp1y/auto-fn61.C -std=c++14 (test for excess errors)
FAIL: g++.dg/cpp1y/auto-fn61.C -std=c++17 (test for excess errors)
FAIL: g++.dg/cpp1y/auto-fn61.C -std=c++2a (test for excess errors)
FAIL: g++.dg/cpp1z/constexpr-lambda26.C -std=c++17 (test for excess errors)
FAIL: g++.dg/cpp1z/constexpr-lambda26.C -std=c++2a (test for excess errors)
FAIL: g++.dg/cpp1z/constexpr-lambda26.C -std=c++17 (test for excess errors)
FAIL: g++.dg/cpp1z/constexpr-lambda26.C -std=c++2a (test for excess errors)
FAIL: g++.dg/opt/const4.C -std=c++98 scan-assembler-symbol-section symbol constant_variable (found _ZL17constant_variable) has section ^\\\\.(const|rodata)|\\\\[RO\\\\] (found .text)
FAIL: g++.dg/opt/const4.C -std=c++14 scan-assembler-symbol-section symbol constant_variable (found _ZL17constant_variable) has section ^\\\\.(const|rodata)|\\\\[RO\\\\] (found .text)
FAIL: g++.dg/opt/const4.C -std=c++17 scan-assembler-symbol-section symbol constant_variable (found _ZL17constant_variable) has section ^\\\\.(const|rodata)|\\\\[RO\\\\] (found .text)
FAIL: g++.dg/opt/const4.C -std=c++2a scan-assembler-symbol-section symbol constant_variable (found _ZL17constant_variable) has section ^\\\\.(const|rodata)|\\\\[RO\\\\] (found .text)
FAIL: g++.dg/opt/const4.C -std=c++98 scan-assembler-symbol-section symbol constant_variable (found _ZL17constant_variable) has section ^\\\\.(const|rodata)|\\\\[RO\\\\] (found .text)
FAIL: g++.dg/opt/const4.C -std=c++14 scan-assembler-symbol-section symbol constant_variable (found _ZL17constant_variable) has section ^\\\\.(const|rodata)|\\\\[RO\\\\] (found .text)
FAIL: g++.dg/opt/const4.C -std=c++17 scan-assembler-symbol-section symbol constant_variable (found _ZL17constant_variable) has section ^\\\\.(const|rodata)|\\\\[RO\\\\] (found .text)
FAIL: g++.dg/opt/const4.C -std=c++2a scan-assembler-symbol-section symbol constant_variable (found _ZL17constant_variable) has section ^\\\\.(const|rodata)|\\\\[RO\\\\] (found .text)
FAIL: c-c++-common/goacc/kernels-decompose-ice-1.c -std=c++98 (test for excess errors)
FAIL: c-c++-common/goacc/kernels-decompose-ice-1.c -std=c++14 (test for excess errors)
FAIL: c-c++-common/goacc/kernels-decompose-ice-1.c -std=c++17 (test for excess errors)
FAIL: c-c++-common/goacc/kernels-decompose-ice-1.c -std=c++2a (test for excess errors)
FAIL: c-c++-common/goacc/kernels-decompose-ice-1.c -std=c++98 (test for excess errors)
FAIL: c-c++-common/goacc/kernels-decompose-ice-1.c -std=c++14 (test for excess errors)
FAIL: c-c++-common/goacc/kernels-decompose-ice-1.c -std=c++17 (test for excess errors)
FAIL: c-c++-common/goacc/kernels-decompose-ice-1.c -std=c++2a (test for excess errors)
FAIL: c-c++-common/goacc/kernels-decompose-ice-2.c -std=c++98 (test for excess errors)
FAIL: c-c++-common/goacc/kernels-decompose-ice-2.c -std=c++14 (test for excess errors)
FAIL: c-c++-common/goacc/kernels-decompose-ice-2.c -std=c++17 (test for excess errors)
FAIL: c-c++-common/goacc/kernels-decompose-ice-2.c -std=c++2a (test for excess errors)
FAIL: c-c++-common/goacc/kernels-decompose-ice-2.c -std=c++98 (test for excess errors)
FAIL: c-c++-common/goacc/kernels-decompose-ice-2.c -std=c++14 (test for excess errors)
FAIL: c-c++-common/goacc/kernels-decompose-ice-2.c -std=c++17 (test for excess errors)
FAIL: c-c++-common/goacc/kernels-decompose-ice-2.c -std=c++2a (test for excess errors)
FAIL: g++.dg/tree-prof/partition3.C compilation, -fprofile-generate -D_PROFILE_GENERATE
UNRESOLVED: g++.dg/tree-prof/partition3.C execution, -fprofile-generate -D_PROFILE_GENERATE
UNRESOLVED: g++.dg/tree-prof/partition3.C compilation, -fprofile-use -D_PROFILE_USE
UNRESOLVED: g++.dg/tree-prof/partition3.C execution, -fprofile-use -D_PROFILE_USE
FAIL: g++.dg/tree-prof/partition3.C compilation, -fprofile-generate -D_PROFILE_GENERATE
UNRESOLVED: g++.dg/tree-prof/partition3.C execution, -fprofile-generate -D_PROFILE_GENERATE
UNRESOLVED: g++.dg/tree-prof/partition3.C compilation, -fprofile-use -D_PROFILE_USE
UNRESOLVED: g++.dg/tree-prof/partition3.C execution, -fprofile-use -D_PROFILE_USE
FAIL: g++.dg/vect/pr84556.cc -mmsa -std=gnu++14 execution test
FAIL: g++.dg/vect/pr84556.cc -mmsa -std=gnu++17 execution test
FAIL: g++.dg/vect/pr84556.cc -mmsa -std=gnu++2a execution test
FAIL: g++.dg/vect/pr84556.cc -mmsa -std=gnu++14 execution test
FAIL: g++.dg/vect/pr84556.cc -mmsa -std=gnu++17 execution test
FAIL: g++.dg/vect/pr84556.cc -mmsa -std=gnu++2a execution test
FAIL: g++.dg/vect/pr95401.cc -mmsa -std=c++98 (test for excess errors)
FAIL: g++.dg/vect/pr95401.cc -mmsa -std=c++14 (test for excess errors)
FAIL: g++.dg/vect/pr95401.cc -mmsa -std=c++17 (test for excess errors)
FAIL: g++.dg/vect/pr95401.cc -mmsa -std=c++2a (test for excess errors)
FAIL: g++.dg/vect/pr95401.cc -mmsa -std=c++98 (test for excess errors)
FAIL: g++.dg/vect/pr95401.cc -mmsa -std=c++14 (test for excess errors)
FAIL: g++.dg/vect/pr95401.cc -mmsa -std=c++17 (test for excess errors)
FAIL: g++.dg/vect/pr95401.cc -mmsa -std=c++2a (test for excess errors)
=== g++ Summary ===
# of expected passes 202871
# of unexpected failures 35
# of expected failures 1318
# of unresolved testcases 3
# of unsupported tests 9648
/build/gcc-snapshot-kcR0Aw/gcc-snapshot-20210717/build/gcc/xg++ version 12.0.0 20210717 (experimental) [master revision 87277b6a044:8f2b7e49da1:704e8a825c78b9a8424c291509413bbb48e602c7] (Debian 20210717-1)
=== gcc tests ===
Running target unix
ERROR: gcc.dg/analyzer/torture/pr93350.c -O0 : can't read "EFFECTIVE_TARGETS": no such variable for " dg-require-effective-target 1 vect_int "
ERROR: gcc.dg/analyzer/torture/pr93350.c -O0 : can't read "EFFECTIVE_TARGETS": no such variable for " dg-require-effective-target 1 vect_int "
ERROR: gcc.dg/analyzer/torture/pr93350.c -O1 : can't read "EFFECTIVE_TARGETS": no such variable for " dg-require-effective-target 1 vect_int "
ERROR: gcc.dg/analyzer/torture/pr93350.c -O1 : can't read "EFFECTIVE_TARGETS": no such variable for " dg-require-effective-target 1 vect_int "
ERROR: gcc.dg/analyzer/torture/pr93350.c -O2 : can't read "EFFECTIVE_TARGETS": no such variable for " dg-require-effective-target 1 vect_int "
ERROR: gcc.dg/analyzer/torture/pr93350.c -O2 : can't read "EFFECTIVE_TARGETS": no such variable for " dg-require-effective-target 1 vect_int "
ERROR: gcc.dg/analyzer/torture/pr93350.c -O3 -g : can't read "EFFECTIVE_TARGETS": no such variable for " dg-require-effective-target 1 vect_int "
ERROR: gcc.dg/analyzer/torture/pr93350.c -O3 -g : can't read "EFFECTIVE_TARGETS": no such variable for " dg-require-effective-target 1 vect_int "
ERROR: gcc.dg/analyzer/torture/pr93350.c -Os : can't read "EFFECTIVE_TARGETS": no such variable for " dg-require-effective-target 1 vect_int "
ERROR: gcc.dg/analyzer/torture/pr93350.c -Os : can't read "EFFECTIVE_TARGETS": no such variable for " dg-require-effective-target 1 vect_int "
ERROR: gcc.dg/analyzer/torture/pr93350.c -O2 -flto -fno-use-linker-plugin -flto-partition=none : can't read "EFFECTIVE_TARGETS": no such variable for " dg-require-effective-target 1 vect_int "
ERROR: gcc.dg/analyzer/torture/pr93350.c -O2 -flto -fno-use-linker-plugin -flto-partition=none : can't read "EFFECTIVE_TARGETS": no such variable for " dg-require-effective-target 1 vect_int "
ERROR: gcc.dg/analyzer/torture/pr93350.c -O2 -flto -fuse-linker-plugin -fno-fat-lto-objects : can't read "EFFECTIVE_TARGETS": no such variable for " dg-require-effective-target 1 vect_int "
ERROR: gcc.dg/analyzer/torture/pr93350.c -O2 -flto -fuse-linker-plugin -fno-fat-lto-objects : can't read "EFFECTIVE_TARGETS": no such variable for " dg-require-effective-target 1 vect_int "
FAIL: gcc.dg/debug/pr41893-1.c -gctf (test for excess errors)
FAIL: gcc.dg/debug/pr41893-1.c -gctf (test for excess errors)
FAIL: c-c++-common/spec-barrier-1.c -Wc++-compat (test for excess errors)
FAIL: c-c++-common/spec-barrier-1.c -Wc++-compat (test for excess errors)
FAIL: gcc.dg/20021029-1.c scan-assembler-symbol-section symbol ^_?ar (found ar.0) has section ^\\\\.(const|rodata)|\\\\[RO\\\\] (found .text)
FAIL: gcc.dg/20021029-1.c scan-assembler-symbol-section symbol ^_?ar (found ar.0) has section ^\\\\.(const|rodata)|\\\\[RO\\\\] (found .text)
XPASS: gcc.dg/Wstringop-overflow-68.c pr101475 (test for warnings, line 61)
XPASS: gcc.dg/Wstringop-overflow-68.c pr101475 (test for warnings, line 62)
XPASS: gcc.dg/Wstringop-overflow-68.c pr101475 (test for warnings, line 63)
XPASS: gcc.dg/Wstringop-overflow-68.c pr101475 (test for warnings, line 64)
XPASS: gcc.dg/Wstringop-overflow-68.c pr101475 (test for warnings, line 65)
XPASS: gcc.dg/Wstringop-overflow-68.c pr101475 (test for warnings, line 61)
XPASS: gcc.dg/Wstringop-overflow-68.c pr101475 (test for warnings, line 62)
XPASS: gcc.dg/Wstringop-overflow-68.c pr101475 (test for warnings, line 63)
XPASS: gcc.dg/Wstringop-overflow-68.c pr101475 (test for warnings, line 64)
XPASS: gcc.dg/Wstringop-overflow-68.c pr101475 (test for warnings, line 65)
FAIL: gcc.dg/array-quals-1.c scan-assembler-symbol-section symbol ^_?a\$ (found a) has section ^\\\\.(const|rodata|srodata)|\\\\[RO\\\\] (found .text)
FAIL: gcc.dg/array-quals-1.c scan-assembler-symbol-section symbol ^_?a1\$ (found a1) has section ^\\\\.(const|rodata|srodata|sdata)|\\\\[RO\\\\] (found .text)
FAIL: gcc.dg/array-quals-1.c scan-assembler-symbol-section symbol ^_?b\$ (found b) has section ^\\\\.(const|rodata|srodata)|\\\\[RO\\\\] (found .text)
FAIL: gcc.dg/array-quals-1.c scan-assembler-symbol-section symbol ^_?b1\$ (found b1) has section ^\\\\.(const|rodata|srodata|sdata)|\\\\[RO\\\\] (found .text)
FAIL: gcc.dg/array-quals-1.c scan-assembler-symbol-section symbol ^_?c\$ (found c) has section ^\\\\.(const|rodata|srodata)|\\\\[RO\\\\] (found .text)
FAIL: gcc.dg/array-quals-1.c scan-assembler-symbol-section symbol ^_?c1\$ (found c1) has section ^\\\\.(const|rodata|srodata|sdata)|\\\\[RO\\\\] (found .text)
FAIL: gcc.dg/array-quals-1.c scan-assembler-symbol-section symbol ^_?d\$ (found d) has section ^\\\\.(const|rodata|srodata)|\\\\[RO\\\\] (found .text)
FAIL: gcc.dg/array-quals-1.c scan-assembler-symbol-section symbol ^_?d1\$ (found d1) has section ^\\\\.(const|rodata|srodata|sdata)|\\\\[RO\\\\] (found .text)
FAIL: gcc.dg/array-quals-1.c scan-assembler-symbol-section symbol ^_?e\$ (found e) has section ^\\\\.(const|rodata|srodata)|\\\\[RO\\\\] (found .text)
FAIL: gcc.dg/array-quals-1.c scan-assembler-symbol-section symbol ^_?e1\$ (found e1) has section ^\\\\.(const|rodata|srodata|sdata)|\\\\[RO\\\\] (found .text)
FAIL: gcc.dg/array-quals-1.c scan-assembler-symbol-section symbol ^_?p\$ (found p) has section ^\\\\.(const|rodata|srodata|sdata)|\\\\[RW\\\\] (found .data.rel.ro.local)
FAIL: gcc.dg/array-quals-1.c scan-assembler-symbol-section symbol ^_?q\$ (found q) has section ^\\\\.(const|rodata|srodata|sdata)|\\\\[RW\\\\] (found .data.rel.ro.local)
FAIL: gcc.dg/array-quals-1.c scan-assembler-symbol-section symbol ^_?r\$ (found r) has section ^\\\\.(const|rodata|srodata|sdata)|\\\\[RW\\\\] (found .data.rel.ro.local)
FAIL: gcc.dg/array-quals-1.c scan-assembler-symbol-section symbol ^_?s\$ (found s) has section ^\\\\.(const|rodata|srodata|sdata)|\\\\[RW\\\\] (found .data.rel.ro.local)
FAIL: gcc.dg/array-quals-1.c scan-assembler-symbol-section symbol ^_?t\$ (found t) has section ^\\\\.(const|rodata|srodata|sdata)|\\\\[RW\\\\] (found .data.rel.ro.local)
FAIL: gcc.dg/array-quals-1.c scan-assembler-symbol-section symbol ^_?p1\$ (found p1) has section ^\\\\.(const|rodata|srodata|sdata)|\\\\[RW\\\\] (found .data.rel.ro.local)
FAIL: gcc.dg/array-quals-1.c scan-assembler-symbol-section symbol ^_?q1\$ (found q1) has section ^\\\\.(const|rodata|srodata|sdata)|\\\\[RW\\\\] (found .data.rel.ro.local)
FAIL: gcc.dg/array-quals-1.c scan-assembler-symbol-section symbol ^_?r1\$ (found r1) has section ^\\\\.(const|rodata|srodata|sdata)|\\\\[RW\\\\] (found .data.rel.ro.local)
FAIL: gcc.dg/array-quals-1.c scan-assembler-symbol-section symbol ^_?s1\$ (found s1) has section ^\\\\.(const|rodata|srodata|sdata)|\\\\[RW\\\\] (found .data.rel.ro.local)
FAIL: gcc.dg/array-quals-1.c scan-assembler-symbol-section symbol ^_?t1\$ (found t1) has section ^\\\\.(const|rodata|srodata|sdata)|\\\\[RW\\\\] (found .data.rel.ro.local)
FAIL: gcc.dg/array-quals-1.c scan-assembler-symbol-section symbol ^_?a\$ (found a) has section ^\\\\.(const|rodata|srodata)|\\\\[RO\\\\] (found .text)
FAIL: gcc.dg/array-quals-1.c scan-assembler-symbol-section symbol ^_?a1\$ (found a1) has section ^\\\\.(const|rodata|srodata|sdata)|\\\\[RO\\\\] (found .text)
FAIL: gcc.dg/array-quals-1.c scan-assembler-symbol-section symbol ^_?b\$ (found b) has section ^\\\\.(const|rodata|srodata)|\\\\[RO\\\\] (found .text)
FAIL: gcc.dg/array-quals-1.c scan-assembler-symbol-section symbol ^_?b1\$ (found b1) has section ^\\\\.(const|rodata|srodata|sdata)|\\\\[RO\\\\] (found .text)
FAIL: gcc.dg/array-quals-1.c scan-assembler-symbol-section symbol ^_?c\$ (found c) has section ^\\\\.(const|rodata|srodata)|\\\\[RO\\\\] (found .text)
FAIL: gcc.dg/array-quals-1.c scan-assembler-symbol-section symbol ^_?c1\$ (found c1) has section ^\\\\.(const|rodata|srodata|sdata)|\\\\[RO\\\\] (found .text)
FAIL: gcc.dg/array-quals-1.c scan-assembler-symbol-section symbol ^_?d\$ (found d) has section ^\\\\.(const|rodata|srodata)|\\\\[RO\\\\] (found .text)
FAIL: gcc.dg/array-quals-1.c scan-assembler-symbol-section symbol ^_?d1\$ (found d1) has section ^\\\\.(const|rodata|srodata|sdata)|\\\\[RO\\\\] (found .text)
FAIL: gcc.dg/array-quals-1.c scan-assembler-symbol-section symbol ^_?e\$ (found e) has section ^\\\\.(const|rodata|srodata)|\\\\[RO\\\\] (found .text)
FAIL: gcc.dg/array-quals-1.c scan-assembler-symbol-section symbol ^_?e1\$ (found e1) has section ^\\\\.(const|rodata|srodata|sdata)|\\\\[RO\\\\] (found .text)
FAIL: gcc.dg/array-quals-1.c scan-assembler-symbol-section symbol ^_?p\$ (found p) has section ^\\\\.(const|rodata|srodata|sdata)|\\\\[RW\\\\] (found .data.rel.ro.local)
FAIL: gcc.dg/array-quals-1.c scan-assembler-symbol-section symbol ^_?q\$ (found q) has section ^\\\\.(const|rodata|srodata|sdata)|\\\\[RW\\\\] (found .data.rel.ro.local)
FAIL: gcc.dg/array-quals-1.c scan-assembler-symbol-section symbol ^_?r\$ (found r) has section ^\\\\.(const|rodata|srodata|sdata)|\\\\[RW\\\\] (found .data.rel.ro.local)
FAIL: gcc.dg/array-quals-1.c scan-assembler-symbol-section symbol ^_?s\$ (found s) has section ^\\\\.(const|rodata|srodata|sdata)|\\\\[RW\\\\] (found .data.rel.ro.local)
FAIL: gcc.dg/array-quals-1.c scan-assembler-symbol-section symbol ^_?t\$ (found t) has section ^\\\\.(const|rodata|srodata|sdata)|\\\\[RW\\\\] (found .data.rel.ro.local)
FAIL: gcc.dg/array-quals-1.c scan-assembler-symbol-section symbol ^_?p1\$ (found p1) has section ^\\\\.(const|rodata|srodata|sdata)|\\\\[RW\\\\] (found .data.rel.ro.local)
FAIL: gcc.dg/array-quals-1.c scan-assembler-symbol-section symbol ^_?q1\$ (found q1) has section ^\\\\.(const|rodata|srodata|sdata)|\\\\[RW\\\\] (found .data.rel.ro.local)
FAIL: gcc.dg/array-quals-1.c scan-assembler-symbol-section symbol ^_?r1\$ (found r1) has section ^\\\\.(const|rodata|srodata|sdata)|\\\\[RW\\\\] (found .data.rel.ro.local)
FAIL: gcc.dg/array-quals-1.c scan-assembler-symbol-section symbol ^_?s1\$ (found s1) has section ^\\\\.(const|rodata|srodata|sdata)|\\\\[RW\\\\] (found .data.rel.ro.local)
FAIL: gcc.dg/array-quals-1.c scan-assembler-symbol-section symbol ^_?t1\$ (found t1) has section ^\\\\.(const|rodata|srodata|sdata)|\\\\[RW\\\\] (found .data.rel.ro.local)
FAIL: gcc.dg/pr94780.c (internal compiler error)
FAIL: gcc.dg/pr94780.c (test for excess errors)
FAIL: gcc.dg/pr94780.c (internal compiler error)
FAIL: gcc.dg/pr94780.c (test for excess errors)
FAIL: gcc.dg/pr94842.c (internal compiler error)
FAIL: gcc.dg/pr94842.c (test for excess errors)
FAIL: gcc.dg/pr94842.c (internal compiler error)
FAIL: gcc.dg/pr94842.c (test for excess errors)
FAIL: gcc.dg/uninit-19.c (test for warnings, line 24)
FAIL: gcc.dg/uninit-19.c (test for excess errors)
FAIL: gcc.dg/uninit-19.c (test for warnings, line 24)
FAIL: gcc.dg/uninit-19.c (test for excess errors)
FAIL: gcc.dg/fixed-point/composite-type.c (test for excess errors)
FAIL: gcc.dg/fixed-point/composite-type.c (test for excess errors)
FAIL: c-c++-common/goacc/kernels-decompose-ice-1.c (test for excess errors)
FAIL: c-c++-common/goacc/kernels-decompose-ice-1.c (test for excess errors)
FAIL: c-c++-common/goacc/kernels-decompose-ice-2.c (test for excess errors)
FAIL: c-c++-common/goacc/kernels-decompose-ice-2.c (test for excess errors)
XPASS: gcc.dg/graphite/pr69728.c scan-tree-dump graphite "loop nest optimized"
XPASS: gcc.dg/graphite/pr69728.c scan-tree-dump graphite "loop nest optimized"
FAIL: gcc.dg/graphite/scop-19.c scan-tree-dump-times graphite "number of SCoPs: 0" 1
FAIL: gcc.dg/graphite/scop-19.c scan-tree-dump-times graphite "number of SCoPs: 0" 1
FAIL: gcc.dg/torture/pr91323.c -O1 execution test
FAIL: gcc.dg/torture/pr91323.c -O2 execution test
FAIL: gcc.dg/torture/pr91323.c -O3 -g execution test
FAIL: gcc.dg/torture/pr91323.c -Os execution test
FAIL: gcc.dg/torture/pr91323.c -O2 -flto -fno-use-linker-plugin -flto-partition=none execution test
FAIL: gcc.dg/torture/pr91323.c -O2 -flto -fuse-linker-plugin -fno-fat-lto-objects execution test
FAIL: gcc.dg/torture/pr91323.c -O1 execution test
FAIL: gcc.dg/torture/pr91323.c -O2 execution test
FAIL: gcc.dg/torture/pr91323.c -O3 -g execution test
FAIL: gcc.dg/torture/pr91323.c -Os execution test
FAIL: gcc.dg/torture/pr91323.c -O2 -flto -fno-use-linker-plugin -flto-partition=none execution test
FAIL: gcc.dg/torture/pr91323.c -O2 -flto -fuse-linker-plugin -fno-fat-lto-objects execution test
FAIL: gcc.dg/tree-prof/section-attr-2.c compilation, -fprofile-use -D_PROFILE_USE
UNRESOLVED: gcc.dg/tree-prof/section-attr-2.c execution, -fprofile-use -D_PROFILE_USE
FAIL: gcc.dg/tree-prof/section-attr-2.c compilation, -fprofile-use -D_PROFILE_USE
UNRESOLVED: gcc.dg/tree-prof/section-attr-2.c execution, -fprofile-use -D_PROFILE_USE
FAIL: gcc.dg/vect/bb-slp-42.c -mmsa scan-tree-dump-not slp1 "Analyzing vectorizable constructor"
FAIL: gcc.dg/vect/bb-slp-42.c -flto -ffat-lto-objects -mmsa scan-tree-dump-not slp1 "Analyzing vectorizable constructor"
FAIL: gcc.dg/vect/bb-slp-42.c -mmsa scan-tree-dump-not slp1 "Analyzing vectorizable constructor"
FAIL: gcc.dg/vect/bb-slp-42.c -flto -ffat-lto-objects -mmsa scan-tree-dump-not slp1 "Analyzing vectorizable constructor"
FAIL: gcc.dg/vect/bb-slp-pr98516-1.c -mmsa execution test
FAIL: gcc.dg/vect/bb-slp-pr98516-1.c -flto -ffat-lto-objects -mmsa execution test
FAIL: gcc.dg/vect/bb-slp-pr98516-1.c -mmsa execution test
FAIL: gcc.dg/vect/bb-slp-pr98516-1.c -flto -ffat-lto-objects -mmsa execution test
FAIL: gcc.dg/vect/bb-slp-pr98516-2.c -mmsa execution test
FAIL: gcc.dg/vect/bb-slp-pr98516-2.c -flto -ffat-lto-objects -mmsa execution test
FAIL: gcc.dg/vect/bb-slp-pr98516-2.c -mmsa execution test
FAIL: gcc.dg/vect/bb-slp-pr98516-2.c -flto -ffat-lto-objects -mmsa execution test
FAIL: gcc.dg/vect/bb-slp-pr98544.c -mmsa execution test
FAIL: gcc.dg/vect/bb-slp-pr98544.c -flto -ffat-lto-objects -mmsa execution test
FAIL: gcc.dg/vect/bb-slp-pr98544.c -mmsa execution test
FAIL: gcc.dg/vect/bb-slp-pr98544.c -flto -ffat-lto-objects -mmsa execution test
FAIL: gcc.dg/vect/pr56541.c -mmsa (internal compiler error)
FAIL: gcc.dg/vect/pr56541.c -mmsa (test for excess errors)
FAIL: gcc.dg/vect/pr56541.c -flto -ffat-lto-objects -mmsa (internal compiler error)
FAIL: gcc.dg/vect/pr56541.c -flto -ffat-lto-objects -mmsa (test for excess errors)
FAIL: gcc.dg/vect/pr56541.c -mmsa (internal compiler error)
FAIL: gcc.dg/vect/pr56541.c -mmsa (test for excess errors)
FAIL: gcc.dg/vect/pr56541.c -flto -ffat-lto-objects -mmsa (internal compiler error)
FAIL: gcc.dg/vect/pr56541.c -flto -ffat-lto-objects -mmsa (test for excess errors)
FAIL: gcc.dg/vect/pr59591-1.c -mmsa (internal compiler error)
FAIL: gcc.dg/vect/pr59591-1.c -mmsa (test for excess errors)
FAIL: gcc.dg/vect/pr59591-1.c -flto -ffat-lto-objects -mmsa (internal compiler error)
FAIL: gcc.dg/vect/pr59591-1.c -flto -ffat-lto-objects -mmsa (test for excess errors)
FAIL: gcc.dg/vect/pr59591-1.c -mmsa (internal compiler error)
FAIL: gcc.dg/vect/pr59591-1.c -mmsa (test for excess errors)
FAIL: gcc.dg/vect/pr59591-1.c -flto -ffat-lto-objects -mmsa (internal compiler error)
FAIL: gcc.dg/vect/pr59591-1.c -flto -ffat-lto-objects -mmsa (test for excess errors)
FAIL: gcc.dg/vect/pr59591-2.c -mmsa (internal compiler error)
FAIL: gcc.dg/vect/pr59591-2.c -mmsa (test for excess errors)
FAIL: gcc.dg/vect/pr59591-2.c -flto -ffat-lto-objects -mmsa (internal compiler error)
FAIL: gcc.dg/vect/pr59591-2.c -flto -ffat-lto-objects -mmsa (test for excess errors)
FAIL: gcc.dg/vect/pr59591-2.c -mmsa (internal compiler error)
FAIL: gcc.dg/vect/pr59591-2.c -mmsa (test for excess errors)
FAIL: gcc.dg/vect/pr59591-2.c -flto -ffat-lto-objects -mmsa (internal compiler error)
FAIL: gcc.dg/vect/pr59591-2.c -flto -ffat-lto-objects -mmsa (test for excess errors)
FAIL: gcc.dg/vect/pr61194.c -mmsa (internal compiler error)
FAIL: gcc.dg/vect/pr61194.c -mmsa (test for excess errors)
FAIL: gcc.dg/vect/pr61194.c -flto -ffat-lto-objects -mmsa (internal compiler error)
FAIL: gcc.dg/vect/pr61194.c -flto -ffat-lto-objects -mmsa (test for excess errors)
FAIL: gcc.dg/vect/pr61194.c -mmsa (internal compiler error)
FAIL: gcc.dg/vect/pr61194.c -mmsa (test for excess errors)
FAIL: gcc.dg/vect/pr61194.c -flto -ffat-lto-objects -mmsa (internal compiler error)
FAIL: gcc.dg/vect/pr61194.c -flto -ffat-lto-objects -mmsa (test for excess errors)
FAIL: gcc.dg/vect/pr88497-1.c -mmsa execution test
FAIL: gcc.dg/vect/pr88497-1.c -flto -ffat-lto-objects -mmsa execution test
FAIL: gcc.dg/vect/pr88497-1.c -mmsa execution test
FAIL: gcc.dg/vect/pr88497-1.c -flto -ffat-lto-objects -mmsa execution test
FAIL: gcc.dg/vect/pr96783-2.c -mmsa execution test
FAIL: gcc.dg/vect/pr96783-2.c -flto -ffat-lto-objects -mmsa execution test
FAIL: gcc.dg/vect/pr96783-2.c -mmsa execution test
FAIL: gcc.dg/vect/pr96783-2.c -flto -ffat-lto-objects -mmsa execution test
FAIL: gcc.dg/vect/slp-21.c -mmsa scan-tree-dump-times vect "vectorizing stmts using SLP" 2
FAIL: gcc.dg/vect/slp-21.c -flto -ffat-lto-objects -mmsa scan-tree-dump-times vect "vectorizing stmts using SLP" 2
FAIL: gcc.dg/vect/slp-21.c -mmsa scan-tree-dump-times vect "vectorizing stmts using SLP" 2
FAIL: gcc.dg/vect/slp-21.c -flto -ffat-lto-objects -mmsa scan-tree-dump-times vect "vectorizing stmts using SLP" 2
FAIL: gcc.dg/vect/vect-23.c -mmsa (internal compiler error)
FAIL: gcc.dg/vect/vect-23.c -mmsa (test for excess errors)
FAIL: gcc.dg/vect/vect-23.c -mmsa scan-tree-dump-times vect "Vectorizing an unaligned access" 0
FAIL: gcc.dg/vect/vect-23.c -flto -ffat-lto-objects -mmsa (internal compiler error)
FAIL: gcc.dg/vect/vect-23.c -flto -ffat-lto-objects -mmsa (test for excess errors)
FAIL: gcc.dg/vect/vect-23.c -flto -ffat-lto-objects -mmsa scan-tree-dump-times vect "Vectorizing an unaligned access" 0
FAIL: gcc.dg/vect/vect-23.c -mmsa (internal compiler error)
FAIL: gcc.dg/vect/vect-23.c -mmsa (test for excess errors)
FAIL: gcc.dg/vect/vect-23.c -mmsa scan-tree-dump-times vect "Vectorizing an unaligned access" 0
FAIL: gcc.dg/vect/vect-23.c -flto -ffat-lto-objects -mmsa (internal compiler error)
FAIL: gcc.dg/vect/vect-23.c -flto -ffat-lto-objects -mmsa (test for excess errors)
FAIL: gcc.dg/vect/vect-23.c -flto -ffat-lto-objects -mmsa scan-tree-dump-times vect "Vectorizing an unaligned access" 0
FAIL: gcc.dg/vect/vect-24.c -mmsa scan-tree-dump-times vect "Vectorizing an unaligned access" 0
FAIL: gcc.dg/vect/vect-24.c -flto -ffat-lto-objects -mmsa scan-tree-dump-times vect "Vectorizing an unaligned access" 0
FAIL: gcc.dg/vect/vect-24.c -mmsa scan-tree-dump-times vect "Vectorizing an unaligned access" 0
FAIL: gcc.dg/vect/vect-24.c -flto -ffat-lto-objects -mmsa scan-tree-dump-times vect "Vectorizing an unaligned access" 0
FAIL: gcc.dg/vect/vect-32.c -mmsa scan-tree-dump-times vect "Vectorizing an unaligned access" 0
FAIL: gcc.dg/vect/vect-32.c -flto -ffat-lto-objects -mmsa scan-tree-dump-times vect "Vectorizing an unaligned access" 0
FAIL: gcc.dg/vect/vect-32.c -mmsa scan-tree-dump-times vect "Vectorizing an unaligned access" 0
FAIL: gcc.dg/vect/vect-32.c -flto -ffat-lto-objects -mmsa scan-tree-dump-times vect "Vectorizing an unaligned access" 0
XPASS: gcc.dg/vect/vect-96.c -mmsa scan-tree-dump-times vect "Alignment of access forced using peeling" 1
XPASS: gcc.dg/vect/vect-96.c -flto -ffat-lto-objects -mmsa scan-tree-dump-times vect "Alignment of access forced using peeling" 1
XPASS: gcc.dg/vect/vect-96.c -mmsa scan-tree-dump-times vect "Alignment of access forced using peeling" 1
XPASS: gcc.dg/vect/vect-96.c -flto -ffat-lto-objects -mmsa scan-tree-dump-times vect "Alignment of access forced using peeling" 1
FAIL: gcc.dg/vect/vect-cond-reduc-4.c -mmsa scan-tree-dump-times vect "LOOP VECTORIZED" 2
FAIL: gcc.dg/vect/vect-cond-reduc-4.c -flto -ffat-lto-objects -mmsa scan-tree-dump-times vect "LOOP VECTORIZED" 2
FAIL: gcc.dg/vect/vect-cond-reduc-4.c -mmsa scan-tree-dump-times vect "LOOP VECTORIZED" 2
FAIL: gcc.dg/vect/vect-cond-reduc-4.c -flto -ffat-lto-objects -mmsa scan-tree-dump-times vect "LOOP VECTORIZED" 2
FAIL: gcc.dg/vect/vect-cond-reduc-6.c -mmsa (internal compiler error)
FAIL: gcc.dg/vect/vect-cond-reduc-6.c -mmsa (test for excess errors)
FAIL: gcc.dg/vect/vect-cond-reduc-6.c -flto -ffat-lto-objects -mmsa (internal compiler error)
FAIL: gcc.dg/vect/vect-cond-reduc-6.c -flto -ffat-lto-objects -mmsa (test for excess errors)
FAIL: gcc.dg/vect/vect-cond-reduc-6.c -mmsa (internal compiler error)
FAIL: gcc.dg/vect/vect-cond-reduc-6.c -mmsa (test for excess errors)
FAIL: gcc.dg/vect/vect-cond-reduc-6.c -flto -ffat-lto-objects -mmsa (internal compiler error)
FAIL: gcc.dg/vect/vect-cond-reduc-6.c -flto -ffat-lto-objects -mmsa (test for excess errors)
FAIL: gcc.dg/vect/vect-multitypes-3.c -mmsa scan-tree-dump-times vect "Vectorizing an unaligned access" 3
FAIL: gcc.dg/vect/vect-multitypes-3.c -flto -ffat-lto-objects -mmsa scan-tree-dump-times vect "Vectorizing an unaligned access" 3
FAIL: gcc.dg/vect/vect-multitypes-3.c -mmsa scan-tree-dump-times vect "Vectorizing an unaligned access" 3
FAIL: gcc.dg/vect/vect-multitypes-3.c -flto -ffat-lto-objects -mmsa scan-tree-dump-times vect "Vectorizing an unaligned access" 3
FAIL: gcc.dg/vect/vect-multitypes-6.c -mmsa scan-tree-dump-times vect "Vectorizing an unaligned access" 6
FAIL: gcc.dg/vect/vect-multitypes-6.c -flto -ffat-lto-objects -mmsa scan-tree-dump-times vect "Vectorizing an unaligned access" 6
FAIL: gcc.dg/vect/vect-multitypes-6.c -mmsa scan-tree-dump-times vect "Vectorizing an unaligned access" 6
FAIL: gcc.dg/vect/vect-multitypes-6.c -flto -ffat-lto-objects -mmsa scan-tree-dump-times vect "Vectorizing an unaligned access" 6
FAIL: gcc.target/mips/branch-cost-2.c -Os scan-assembler \\t(movz|movn)\\t
FAIL: gcc.target/mips/branch-cost-2.c -Os scan-assembler-not \\t(bne|beq)\\t
FAIL: gcc.target/mips/branch-cost-2.c -Os scan-assembler \\t(movz|movn)\\t
FAIL: gcc.target/mips/branch-cost-2.c -Os scan-assembler-not \\t(bne|beq)\\t
XPASS: gcc.target/mips/dspr2-MULT.c -O2 scan-assembler \\\\\$ac1
XPASS: gcc.target/mips/dspr2-MULT.c -O3 -g scan-assembler \\\\\$ac1
XPASS: gcc.target/mips/dspr2-MULT.c -O2 -flto -fno-use-linker-plugin -flto-partition=none scan-assembler \\\\\$ac1
XPASS: gcc.target/mips/dspr2-MULT.c -O2 -flto -fuse-linker-plugin -fno-fat-lto-objects scan-assembler \\\\\$ac1
XPASS: gcc.target/mips/dspr2-MULT.c -O2 scan-assembler \\\\\$ac1
XPASS: gcc.target/mips/dspr2-MULT.c -O3 -g scan-assembler \\\\\$ac1
XPASS: gcc.target/mips/dspr2-MULT.c -O2 -flto -fno-use-linker-plugin -flto-partition=none scan-assembler \\\\\$ac1
XPASS: gcc.target/mips/dspr2-MULT.c -O2 -flto -fuse-linker-plugin -fno-fat-lto-objects scan-assembler \\\\\$ac1
XPASS: gcc.target/mips/dspr2-MULTU.c -O2 scan-assembler \\\\\$ac1
XPASS: gcc.target/mips/dspr2-MULTU.c -O3 -g scan-assembler \\\\\$ac1
XPASS: gcc.target/mips/dspr2-MULTU.c -O2 -flto -fno-use-linker-plugin -flto-partition=none scan-assembler \\\\\$ac1
XPASS: gcc.target/mips/dspr2-MULTU.c -O2 -flto -fuse-linker-plugin -fno-fat-lto-objects scan-assembler \\\\\$ac1
XPASS: gcc.target/mips/dspr2-MULTU.c -O2 scan-assembler \\\\\$ac1
XPASS: gcc.target/mips/dspr2-MULTU.c -O3 -g scan-assembler \\\\\$ac1
XPASS: gcc.target/mips/dspr2-MULTU.c -O2 -flto -fno-use-linker-plugin -flto-partition=none scan-assembler \\\\\$ac1
XPASS: gcc.target/mips/dspr2-MULTU.c -O2 -flto -fuse-linker-plugin -fno-fat-lto-objects scan-assembler \\\\\$ac1
FAIL: gcc.target/mips/fpr-moves-6.c -O1 scan-assembler \\tdmtc1\\t\\\\\$10,\\\\\$f0\\n
FAIL: gcc.target/mips/fpr-moves-6.c -O2 scan-assembler \\tdmtc1\\t\\\\\$10,\\\\\$f0\\n
FAIL: gcc.target/mips/fpr-moves-6.c -O3 -g scan-assembler \\tdmtc1\\t\\\\\$10,\\\\\$f0\\n
FAIL: gcc.target/mips/fpr-moves-6.c -Os scan-assembler \\tdmtc1\\t\\\\\$10,\\\\\$f0\\n
FAIL: gcc.target/mips/fpr-moves-6.c -O2 -flto -fno-use-linker-plugin -flto-partition=none scan-assembler \\tdmtc1\\t\\\\\$10,\\\\\$f0\\n
FAIL: gcc.target/mips/fpr-moves-6.c -O2 -flto -fuse-linker-plugin -fno-fat-lto-objects scan-assembler \\tdmtc1\\t\\\\\$10,\\\\\$f0\\n
FAIL: gcc.target/mips/fpr-moves-6.c -O1 scan-assembler \\tdmtc1\\t\\\\\$10,\\\\\$f0\\n
FAIL: gcc.target/mips/fpr-moves-6.c -O2 scan-assembler \\tdmtc1\\t\\\\\$10,\\\\\$f0\\n
FAIL: gcc.target/mips/fpr-moves-6.c -O3 -g scan-assembler \\tdmtc1\\t\\\\\$10,\\\\\$f0\\n
FAIL: gcc.target/mips/fpr-moves-6.c -Os scan-assembler \\tdmtc1\\t\\\\\$10,\\\\\$f0\\n
FAIL: gcc.target/mips/fpr-moves-6.c -O2 -flto -fno-use-linker-plugin -flto-partition=none scan-assembler \\tdmtc1\\t\\\\\$10,\\\\\$f0\\n
FAIL: gcc.target/mips/fpr-moves-6.c -O2 -flto -fuse-linker-plugin -fno-fat-lto-objects scan-assembler \\tdmtc1\\t\\\\\$10,\\\\\$f0\\n
FAIL: gcc.target/mips/insn-pseudo-1.c -O3 -g scan-assembler \\tbeqz\\t\\\\\$[0-9]+,(.L[0-9]+)\\n.*\\n\\\\1:\\n\\t\\\\.insn\\n(?:.L[0-9]+ = \\\\.\\n)?\\t\\\\.end\\tunreachable\\n
FAIL: gcc.target/mips/insn-pseudo-1.c -O3 -g scan-assembler \\tbeqz\\t\\\\\$[0-9]+,(.L[0-9]+)\\n.*\\n\\\\1:\\n\\t\\\\.insn\\n(?:.L[0-9]+ = \\\\.\\n)?\\t\\\\.end\\tunreachable\\n
FAIL: gcc.target/mips/insn-pseudo-2.c -O3 -g scan-assembler \\tbeqz\\t\\\\\$[0-9]+,(.L[0-9]+)\\n.*\\n\\\\1:\\n\\t\\\\.insn\\n(?:.L[0-9]+ = \\\\.\\n)?\\t\\\\.end\\tunreachable\\n
FAIL: gcc.target/mips/insn-pseudo-2.c -O3 -g scan-assembler \\tbeqz\\t\\\\\$[0-9]+,(.L[0-9]+)\\n.*\\n\\\\1:\\n\\t\\\\.insn\\n(?:.L[0-9]+ = \\\\.\\n)?\\t\\\\.end\\tunreachable\\n
FAIL: gcc.target/mips/insn-pseudo-3.c -O3 -g scan-assembler \\tbeqz\\t\\\\\$[0-9]+,(.L[0-9]+)\\n.*\\n\\\\1:\\n\\t\\\\.insn\\n(?:.L[0-9]+ = \\\\.\\n)?\\t\\\\.end\\tunreachable\\n
FAIL: gcc.target/mips/insn-pseudo-3.c -O3 -g scan-assembler \\tbeqz\\t\\\\\$[0-9]+,(.L[0-9]+)\\n.*\\n\\\\1:\\n\\t\\\\.insn\\n(?:.L[0-9]+ = \\\\.\\n)?\\t\\\\.end\\tunreachable\\n
FAIL: gcc.target/mips/insn-pseudo-4.c -O0 scan-assembler \\tlw\\t(\\\\\$[0-9]+),(.L[0-9]+)\\n.*\\tbeqz\\t\\\\1,(.L[0-9]+)\\n.*\\n\\\\3:\\n\\t\\\\.insn\\n(?:.L[0-9]+ = \\\\.\\n)?\\t\\\\.type\\t__pool_unreachable_[0-9]+, @object\\n__pool_unreachable_[0-9]+:\\n\\t\\\\.align\\t2\\n\\\\2:\\n\\t\\\\.word\\t305419896\\n
FAIL: gcc.target/mips/insn-pseudo-4.c -O3 -g scan-assembler \\tlw\\t(\\\\\$[0-9]+),(.L[0-9]+)\\n.*\\tbeqz\\t\\\\1,(.L[0-9]+)\\n.*\\n\\\\3:\\n\\t\\\\.insn\\n(?:.L[0-9]+ = \\\\.\\n)?\\t\\\\.type\\t__pool_unreachable_[0-9]+, @object\\n__pool_unreachable_[0-9]+:\\n\\t\\\\.align\\t2\\n\\\\2:\\n\\t\\\\.word\\t305419896\\n
FAIL: gcc.target/mips/insn-pseudo-4.c -O0 scan-assembler \\tlw\\t(\\\\\$[0-9]+),(.L[0-9]+)\\n.*\\tbeqz\\t\\\\1,(.L[0-9]+)\\n.*\\n\\\\3:\\n\\t\\\\.insn\\n(?:.L[0-9]+ = \\\\.\\n)?\\t\\\\.type\\t__pool_unreachable_[0-9]+, @object\\n__pool_unreachable_[0-9]+:\\n\\t\\\\.align\\t2\\n\\\\2:\\n\\t\\\\.word\\t305419896\\n
FAIL: gcc.target/mips/insn-pseudo-4.c -O3 -g scan-assembler \\tlw\\t(\\\\\$[0-9]+),(.L[0-9]+)\\n.*\\tbeqz\\t\\\\1,(.L[0-9]+)\\n.*\\n\\\\3:\\n\\t\\\\.insn\\n(?:.L[0-9]+ = \\\\.\\n)?\\t\\\\.type\\t__pool_unreachable_[0-9]+, @object\\n__pool_unreachable_[0-9]+:\\n\\t\\\\.align\\t2\\n\\\\2:\\n\\t\\\\.word\\t305419896\\n
FAIL: gcc.target/mips/loongson-dctz.c -O0 scan-assembler dctz\\t
FAIL: gcc.target/mips/loongson-dctz.c -O1 scan-assembler dctz\\t
FAIL: gcc.target/mips/loongson-dctz.c -O2 scan-assembler dctz\\t
FAIL: gcc.target/mips/loongson-dctz.c -O3 -g scan-assembler dctz\\t
FAIL: gcc.target/mips/loongson-dctz.c -Os scan-assembler dctz\\t
FAIL: gcc.target/mips/loongson-dctz.c -O2 -flto -fno-use-linker-plugin -flto-partition=none scan-assembler dctz\\t
FAIL: gcc.target/mips/loongson-dctz.c -O2 -flto -fuse-linker-plugin -fno-fat-lto-objects scan-assembler dctz\\t
FAIL: gcc.target/mips/loongson-dctz.c -O0 scan-assembler dctz\\t
FAIL: gcc.target/mips/loongson-dctz.c -O1 scan-assembler dctz\\t
FAIL: gcc.target/mips/loongson-dctz.c -O2 scan-assembler dctz\\t
FAIL: gcc.target/mips/loongson-dctz.c -O3 -g scan-assembler dctz\\t
FAIL: gcc.target/mips/loongson-dctz.c -Os scan-assembler dctz\\t
FAIL: gcc.target/mips/loongson-dctz.c -O2 -flto -fno-use-linker-plugin -flto-partition=none scan-assembler dctz\\t
FAIL: gcc.target/mips/loongson-dctz.c -O2 -flto -fuse-linker-plugin -fno-fat-lto-objects scan-assembler dctz\\t
FAIL: gcc.target/mips/loongson-simd.c -O0 execution test
FAIL: gcc.target/mips/loongson-simd.c -O1 execution test
FAIL: gcc.target/mips/loongson-simd.c -O2 execution test
FAIL: gcc.target/mips/loongson-simd.c -O3 -g execution test
FAIL: gcc.target/mips/loongson-simd.c -Os execution test
FAIL: gcc.target/mips/loongson-simd.c -O2 -flto -fno-use-linker-plugin -flto-partition=none execution test
FAIL: gcc.target/mips/loongson-simd.c -O2 -flto -fuse-linker-plugin -fno-fat-lto-objects execution test
FAIL: gcc.target/mips/loongson-simd.c -O0 execution test
FAIL: gcc.target/mips/loongson-simd.c -O1 execution test
FAIL: gcc.target/mips/loongson-simd.c -O2 execution test
FAIL: gcc.target/mips/loongson-simd.c -O3 -g execution test
FAIL: gcc.target/mips/loongson-simd.c -Os execution test
FAIL: gcc.target/mips/loongson-simd.c -O2 -flto -fno-use-linker-plugin -flto-partition=none execution test
FAIL: gcc.target/mips/loongson-simd.c -O2 -flto -fuse-linker-plugin -fno-fat-lto-objects execution test
FAIL: gcc.target/mips/lxc1-sxc1-2.c -O1 scan-assembler \\tldxc1\\t
FAIL: gcc.target/mips/lxc1-sxc1-2.c -O2 scan-assembler \\tldxc1\\t
FAIL: gcc.target/mips/lxc1-sxc1-2.c -O3 -fomit-frame-pointer -funroll-loops -fpeel-loops -ftracer -finline-functions scan-assembler \\tldxc1\\t
FAIL: gcc.target/mips/lxc1-sxc1-2.c -O3 -g scan-assembler \\tldxc1\\t
FAIL: gcc.target/mips/lxc1-sxc1-2.c -Os scan-assembler \\tldxc1\\t
FAIL: gcc.target/mips/lxc1-sxc1-2.c -O2 -flto -fno-use-linker-plugin -flto-partition=none scan-assembler \\tldxc1\\t
FAIL: gcc.target/mips/lxc1-sxc1-2.c -O2 -flto -fuse-linker-plugin -fno-fat-lto-objects scan-assembler \\tldxc1\\t
FAIL: gcc.target/mips/lxc1-sxc1-2.c -O1 scan-assembler \\tldxc1\\t
FAIL: gcc.target/mips/lxc1-sxc1-2.c -O2 scan-assembler \\tldxc1\\t
FAIL: gcc.target/mips/lxc1-sxc1-2.c -O3 -fomit-frame-pointer -funroll-loops -fpeel-loops -ftracer -finline-functions scan-assembler \\tldxc1\\t
FAIL: gcc.target/mips/lxc1-sxc1-2.c -O3 -g scan-assembler \\tldxc1\\t
FAIL: gcc.target/mips/lxc1-sxc1-2.c -Os scan-assembler \\tldxc1\\t
FAIL: gcc.target/mips/lxc1-sxc1-2.c -O2 -flto -fno-use-linker-plugin -flto-partition=none scan-assembler \\tldxc1\\t
FAIL: gcc.target/mips/lxc1-sxc1-2.c -O2 -flto -fuse-linker-plugin -fno-fat-lto-objects scan-assembler \\tldxc1\\t
FAIL: gcc.target/mips/mips-builtins-pure.c -O3 -g scan-assembler-times ld 1
FAIL: gcc.target/mips/mips-builtins-pure.c -O3 -g scan-assembler-times ld 1
FAIL: gcc.target/mips/msa-insert-split.c -O3 -g scan-assembler-times insve.d 2
FAIL: gcc.target/mips/msa-insert-split.c -O3 -g scan-assembler-times insve.d 2
FAIL: gcc.target/mips/octeon-exts-2.c -O1 scan-assembler-times \\texts\\t 4
FAIL: gcc.target/mips/octeon-exts-2.c -O2 scan-assembler-times \\texts\\t 4
FAIL: gcc.target/mips/octeon-exts-2.c -O3 -g scan-assembler-times \\texts\\t 4
FAIL: gcc.target/mips/octeon-exts-2.c -Os scan-assembler-times \\texts\\t 4
FAIL: gcc.target/mips/octeon-exts-2.c -O2 -flto -fno-use-linker-plugin -flto-partition=none scan-assembler-times \\texts\\t 4
FAIL: gcc.target/mips/octeon-exts-2.c -O2 -flto -fuse-linker-plugin -fno-fat-lto-objects scan-assembler-times \\texts\\t 4
FAIL: gcc.target/mips/octeon-exts-2.c -O1 scan-assembler-times \\texts\\t 4
FAIL: gcc.target/mips/octeon-exts-2.c -O2 scan-assembler-times \\texts\\t 4
FAIL: gcc.target/mips/octeon-exts-2.c -O3 -g scan-assembler-times \\texts\\t 4
FAIL: gcc.target/mips/octeon-exts-2.c -Os scan-assembler-times \\texts\\t 4
FAIL: gcc.target/mips/octeon-exts-2.c -O2 -flto -fno-use-linker-plugin -flto-partition=none scan-assembler-times \\texts\\t 4
FAIL: gcc.target/mips/octeon-exts-2.c -O2 -flto -fuse-linker-plugin -fno-fat-lto-objects scan-assembler-times \\texts\\t 4
FAIL: gcc.target/mips/octeon-exts-5.c -O1 scan-assembler-times \\texts\\t 4
FAIL: gcc.target/mips/octeon-exts-5.c -O2 scan-assembler-times \\texts\\t 4
FAIL: gcc.target/mips/octeon-exts-5.c -O3 -g scan-assembler-times \\texts\\t 4
FAIL: gcc.target/mips/octeon-exts-5.c -Os scan-assembler-times \\texts\\t 4
FAIL: gcc.target/mips/octeon-exts-5.c -O2 -flto -fno-use-linker-plugin -flto-partition=none scan-assembler-times \\texts\\t 4
FAIL: gcc.target/mips/octeon-exts-5.c -O2 -flto -fuse-linker-plugin -fno-fat-lto-objects scan-assembler-times \\texts\\t 4
FAIL: gcc.target/mips/octeon-exts-5.c -O1 scan-assembler-times \\texts\\t 4
FAIL: gcc.target/mips/octeon-exts-5.c -O2 scan-assembler-times \\texts\\t 4
FAIL: gcc.target/mips/octeon-exts-5.c -O3 -g scan-assembler-times \\texts\\t 4
FAIL: gcc.target/mips/octeon-exts-5.c -Os scan-assembler-times \\texts\\t 4
FAIL: gcc.target/mips/octeon-exts-5.c -O2 -flto -fno-use-linker-plugin -flto-partition=none scan-assembler-times \\texts\\t 4
FAIL: gcc.target/mips/octeon-exts-5.c -O2 -flto -fuse-linker-plugin -fno-fat-lto-objects scan-assembler-times \\texts\\t 4
FAIL: gcc.target/mips/pr54240.c -O2 scan-tree-dump phiopt1 "Hoisting adjacent loads"
FAIL: gcc.target/mips/pr54240.c -O3 -g scan-tree-dump phiopt1 "Hoisting adjacent loads"
FAIL: gcc.target/mips/pr54240.c -Os scan-tree-dump phiopt1 "Hoisting adjacent loads"
FAIL: gcc.target/mips/pr54240.c -O2 -flto -fno-use-linker-plugin -flto-partition=none scan-tree-dump phiopt1 "Hoisting adjacent loads"
FAIL: gcc.target/mips/pr54240.c -O2 -flto -fuse-linker-plugin -fno-fat-lto-objects scan-tree-dump phiopt1 "Hoisting adjacent loads"
FAIL: gcc.target/mips/pr54240.c -O2 scan-tree-dump phiopt1 "Hoisting adjacent loads"
FAIL: gcc.target/mips/pr54240.c -O3 -g scan-tree-dump phiopt1 "Hoisting adjacent loads"
FAIL: gcc.target/mips/pr54240.c -Os scan-tree-dump phiopt1 "Hoisting adjacent loads"
FAIL: gcc.target/mips/pr54240.c -O2 -flto -fno-use-linker-plugin -flto-partition=none scan-tree-dump phiopt1 "Hoisting adjacent loads"
FAIL: gcc.target/mips/pr54240.c -O2 -flto -fuse-linker-plugin -fno-fat-lto-objects scan-tree-dump phiopt1 "Hoisting adjacent loads"
FAIL: gcc.target/mips/save-restore-3.c -O0 scan-assembler \\tsave\\t\\\\\$4-\\\\\$6,
FAIL: gcc.target/mips/save-restore-3.c -O0 scan-assembler \\tsave\\t\\\\\$4-\\\\\$6,
=== gcc Summary ===
# of expected passes 150101
# of unexpected failures 144
# of unexpected successes 16
# of expected failures 926
# of unresolved testcases 1
# of unsupported tests 3192
/build/gcc-snapshot-kcR0Aw/gcc-snapshot-20210717/build/gcc/xgcc version 12.0.0 20210717 (experimental) [master revision 87277b6a044:8f2b7e49da1:704e8a825c78b9a8424c291509413bbb48e602c7] (Debian 20210717-1)
=== gdc tests ===
Running target unix
=== gdc Summary ===
# of expected passes 10220
# of unsupported tests 335
/build/gcc-snapshot-kcR0Aw/gcc-snapshot-20210717/build/gcc/gdc version 12.0.0 20210717 (experimental) [master revision 87277b6a044:8f2b7e49da1:704e8a825c78b9a8424c291509413bbb48e602c7] (Debian 20210717-1)
=== gfortran tests ===
Running target unix
FAIL: gfortran.dg/bind_c_array_params_2.f90 -O scan-assembler-times [ \\t][\$,_0-9]*myBindC 1
FAIL: gfortran.dg/bind_c_array_params_2.f90 -O scan-assembler-times [ \\t][\$,_0-9]*myBindC 1
FAIL: gfortran.dg/pr95690.f90 -O (test for errors, line 6)
FAIL: gfortran.dg/pr95690.f90 -O (test for excess errors)
FAIL: gfortran.dg/pr95690.f90 -O (test for errors, line 6)
FAIL: gfortran.dg/pr95690.f90 -O (test for excess errors)
FAIL: gfortran.dg/ieee/ieee_9.f90 -O0 (test for excess errors)
UNRESOLVED: gfortran.dg/ieee/ieee_9.f90 -O0 compilation failed to produce executable
FAIL: gfortran.dg/ieee/ieee_9.f90 -O1 (test for excess errors)
UNRESOLVED: gfortran.dg/ieee/ieee_9.f90 -O1 compilation failed to produce executable
FAIL: gfortran.dg/ieee/ieee_9.f90 -O2 (test for excess errors)
UNRESOLVED: gfortran.dg/ieee/ieee_9.f90 -O2 compilation failed to produce executable
FAIL: gfortran.dg/ieee/ieee_9.f90 -O3 -fomit-frame-pointer -funroll-loops -fpeel-loops -ftracer -finline-functions (test for excess errors)
UNRESOLVED: gfortran.dg/ieee/ieee_9.f90 -O3 -fomit-frame-pointer -funroll-loops -fpeel-loops -ftracer -finline-functions compilation failed to produce executable
FAIL: gfortran.dg/ieee/ieee_9.f90 -O3 -g (test for excess errors)
UNRESOLVED: gfortran.dg/ieee/ieee_9.f90 -O3 -g compilation failed to produce executable
FAIL: gfortran.dg/ieee/ieee_9.f90 -Os (test for excess errors)
UNRESOLVED: gfortran.dg/ieee/ieee_9.f90 -Os compilation failed to produce executable
FAIL: gfortran.dg/ieee/ieee_9.f90 -O0 (test for excess errors)
UNRESOLVED: gfortran.dg/ieee/ieee_9.f90 -O0 compilation failed to produce executable
FAIL: gfortran.dg/ieee/ieee_9.f90 -O1 (test for excess errors)
UNRESOLVED: gfortran.dg/ieee/ieee_9.f90 -O1 compilation failed to produce executable
FAIL: gfortran.dg/ieee/ieee_9.f90 -O2 (test for excess errors)
UNRESOLVED: gfortran.dg/ieee/ieee_9.f90 -O2 compilation failed to produce executable
FAIL: gfortran.dg/ieee/ieee_9.f90 -O3 -fomit-frame-pointer -funroll-loops -fpeel-loops -ftracer -finline-functions (test for excess errors)
UNRESOLVED: gfortran.dg/ieee/ieee_9.f90 -O3 -fomit-frame-pointer -funroll-loops -fpeel-loops -ftracer -finline-functions compilation failed to produce executable
FAIL: gfortran.dg/ieee/ieee_9.f90 -O3 -g (test for excess errors)
UNRESOLVED: gfortran.dg/ieee/ieee_9.f90 -O3 -g compilation failed to produce executable
FAIL: gfortran.dg/ieee/ieee_9.f90 -Os (test for excess errors)
UNRESOLVED: gfortran.dg/ieee/ieee_9.f90 -Os compilation failed to produce executable
FAIL: gfortran.dg/vect/pr60510.f -mmsa -O0 execution test
FAIL: gfortran.dg/vect/pr60510.f -mmsa -O1 execution test
FAIL: gfortran.dg/vect/pr60510.f -mmsa -O2 execution test
FAIL: gfortran.dg/vect/pr60510.f -mmsa -O3 -fomit-frame-pointer -funroll-loops -fpeel-loops -ftracer -finline-functions execution test
FAIL: gfortran.dg/vect/pr60510.f -mmsa -O3 -g execution test
FAIL: gfortran.dg/vect/pr60510.f -mmsa -Os execution test
FAIL: gfortran.dg/vect/pr60510.f -mmsa -O0 execution test
FAIL: gfortran.dg/vect/pr60510.f -mmsa -O1 execution test
FAIL: gfortran.dg/vect/pr60510.f -mmsa -O2 execution test
FAIL: gfortran.dg/vect/pr60510.f -mmsa -O3 -fomit-frame-pointer -funroll-loops -fpeel-loops -ftracer -finline-functions execution test
FAIL: gfortran.dg/vect/pr60510.f -mmsa -O3 -g execution test
FAIL: gfortran.dg/vect/pr60510.f -mmsa -Os execution test
FAIL: gfortran.dg/vect/pr85853.f90 -mmsa -O0 execution test
FAIL: gfortran.dg/vect/pr85853.f90 -mmsa -O1 execution test
FAIL: gfortran.dg/vect/pr85853.f90 -mmsa -O2 execution test
FAIL: gfortran.dg/vect/pr85853.f90 -mmsa -O3 -g execution test
FAIL: gfortran.dg/vect/pr85853.f90 -mmsa -Os execution test
FAIL: gfortran.dg/vect/pr85853.f90 -mmsa -O0 execution test
FAIL: gfortran.dg/vect/pr85853.f90 -mmsa -O1 execution test
FAIL: gfortran.dg/vect/pr85853.f90 -mmsa -O2 execution test
FAIL: gfortran.dg/vect/pr85853.f90 -mmsa -O3 -g execution test
FAIL: gfortran.dg/vect/pr85853.f90 -mmsa -Os execution test
FAIL: gfortran.dg/vect/vect-alias-check-1.F90 -mmsa -O0 execution test
FAIL: gfortran.dg/vect/vect-alias-check-1.F90 -mmsa -O1 execution test
FAIL: gfortran.dg/vect/vect-alias-check-1.F90 -mmsa -O2 execution test
FAIL: gfortran.dg/vect/vect-alias-check-1.F90 -mmsa -O3 -fomit-frame-pointer -funroll-loops -fpeel-loops -ftracer -finline-functions execution test
FAIL: gfortran.dg/vect/vect-alias-check-1.F90 -mmsa -O3 -g execution test
FAIL: gfortran.dg/vect/vect-alias-check-1.F90 -mmsa -Os execution test
FAIL: gfortran.dg/vect/vect-alias-check-1.F90 -mmsa -O0 execution test
FAIL: gfortran.dg/vect/vect-alias-check-1.F90 -mmsa -O1 execution test
FAIL: gfortran.dg/vect/vect-alias-check-1.F90 -mmsa -O2 execution test
FAIL: gfortran.dg/vect/vect-alias-check-1.F90 -mmsa -O3 -fomit-frame-pointer -funroll-loops -fpeel-loops -ftracer -finline-functions execution test
FAIL: gfortran.dg/vect/vect-alias-check-1.F90 -mmsa -O3 -g execution test
FAIL: gfortran.dg/vect/vect-alias-check-1.F90 -mmsa -Os execution test
=== gfortran Summary ===
# of expected passes 73185
# of unexpected failures 31
# of expected failures 348
# of unresolved testcases 6
# of unsupported tests 544
/build/gcc-snapshot-kcR0Aw/gcc-snapshot-20210717/build/gcc/gfortran version 12.0.0 20210717 (experimental) [master revision 87277b6a044:8f2b7e49da1:704e8a825c78b9a8424c291509413bbb48e602c7] (Debian 20210717-1)
=== gnat tests ===
Running target unix
XPASS: gnat.dg/specs/atomic1.ads (test for errors, line 9)
XPASS: gnat.dg/specs/atomic1.ads (test for errors, line 13)
XPASS: gnat.dg/specs/atomic1.ads (test for errors, line 9)
XPASS: gnat.dg/specs/atomic1.ads (test for errors, line 13)
=== gnat Summary ===
# of expected passes 3322
# of unexpected successes 2
# of expected failures 23
# of unsupported tests 30
/build/gcc-snapshot-kcR0Aw/gcc-snapshot-20210717/build/gcc/gnatmake version 12.0.0 20210717 (experimental) [master revision 87277b6a044:8f2b7e49da1:704e8a825c78b9a8424c291509413bbb48e602c7]
=== go tests ===
Running target unix
WARNING: ./index0-out.go compilation, -O0 -g -fno-var-tracking-assignments program timed out.
FAIL: ./index0-out.go compilation, -O0 -g -fno-var-tracking-assignments
WARNING: ./index0-out.go compilation, -O0 -g -fno-var-tracking-assignments program timed out.
FAIL: ./index0-out.go compilation, -O0 -g -fno-var-tracking-assignments
WARNING: go.test/test/cmplxdivide.go program timed out.
FAIL: go.test/test/cmplxdivide.go
WARNING: go.test/test/cmplxdivide.go program timed out.
FAIL: go.test/test/cmplxdivide.go
FAIL: go.test/test/fixedbugs/issue10441.go -O (test for excess errors)
FAIL: go.test/test/fixedbugs/issue10441.go -O (test for excess errors)
FAIL: go.test/test/fixedbugs/issue16016.go execution, -O2 -g
WARNING: go.test/test/fixedbugs/issue19182.go execution, -O2 -g program timed out.
FAIL: go.test/test/fixedbugs/issue19182.go execution, -O2 -g
WARNING: go.test/test/fixedbugs/issue19182.go execution, -O2 -g program timed out.
FAIL: go.test/test/fixedbugs/issue19182.go execution, -O2 -g
FAIL: go.test/test/fixedbugs/issue27836.dir/Ãfoo.go -O -I. (test for excess errors)
FAIL: go.test/test/fixedbugs/issue27836.dir/Ãfoo.go -O -I. (test for excess errors)
FAIL: go.test/test/fixedbugs/issue27836.dir/Ãmain.go -O -I. (test for excess errors)
FAIL: go.test/test/fixedbugs/issue27836.dir/Ãmain.go -O -I. (test for excess errors)
FAIL: issue4458.go -O (test for errors, line 19)
FAIL: issue4458.go -O (test for excess errors)
FAIL: issue4458.go -O (test for errors, line 19)
FAIL: issue4458.go -O (test for excess errors)
=== go Summary ===
# of expected passes 8989
# of unexpected failures 8
# of untested testcases 11
# of unsupported tests 34
/build/gcc-snapshot-kcR0Aw/gcc-snapshot-20210717/build/gcc/gccgo version 12.0.0 20210717 (experimental) [master revision 87277b6a044:8f2b7e49da1:704e8a825c78b9a8424c291509413bbb48e602c7] (Debian 20210717-1)
=== jit tests ===
Running target unix
ERROR: ./emit-alphabet.bf.exe does not exist in unix_load.
ERROR: ./output-of-test-compile-to-executable.c.exe does not exist in unix_load.
FAIL: did not find a generated reproducer: test-nested-contexts.c.exe.reproducer.c
FAIL: emit-alphabet.bf.exe does not have executable bit set
UNRESOLVED: emit-alphabet.bf.exe execution test
FAIL: jit.dg/test-compile-to-object.c, link of output-of-test-compile-to-object.c.o
FAIL: output-of-test-compile-to-dynamic-library.c.so does not exist
FAIL: output-of-test-compile-to-executable.c.exe does not exist
FAIL: output-of-test-compile-to-executable.c.exe does not have executable bit set
UNRESOLVED: output-of-test-compile-to-executable.c.exe execution test
FAIL: output-of-test-compile-to-object.c.o does not exist
FAIL: test-accessing-bitfield.c.exe iteration 1 of 5: verify_code: result is NULL
FAIL: test-accessing-bitfield.c.exe killed: 28460 exp5 0 0 CHILDKILLED SIGABRT SIGABRT
FAIL: test-accessing-struct.c.exe iteration 1 of 5: verify_code: result is NULL
FAIL: test-accessing-struct.c.exe killed: 26597 exp5 0 0 CHILDKILLED SIGABRT SIGABRT
FAIL: test-accessing-union.c.exe iteration 1 of 5: verify_code: result is NULL
FAIL: test-accessing-union.c.exe killed: 26649 exp5 0 0 CHILDKILLED SIGABRT SIGABRT
FAIL: test-add-driver-options.c.exe iteration 1 of 5: verify_code: result is NULL
FAIL: test-add-driver-options.c.exe killed: 26728 exp5 0 0 CHILDKILLED SIGABRT SIGABRT
FAIL: test-alignment.c.exe iteration 1 of 5: verify_aligned_code_s2: result is NULL
FAIL: test-alignment.c.exe killed: 26835 exp5 0 0 CHILDKILLED SIGABRT SIGABRT
FAIL: test-alignment.cc.exe iteration 1 of 5: verify_aligned_code: result is NULL
FAIL: test-alignment.cc.exe killed: 27490 exp5 0 0 CHILDKILLED SIGABRT SIGABRT
FAIL: test-arith-overflow.c.exe iteration 1 of 5: verify_int_overflow_fn: jit_result is NULL
FAIL: test-arith-overflow.c.exe killed: 27732 exp5 0 0 CHILDKILLED SIGABRT SIGABRT
FAIL: test-array-as-pointer.c.exe iteration 1 of 5: verify_code: result is NULL
FAIL: test-array-as-pointer.c.exe killed: 27862 exp5 0 0 CHILDKILLED SIGABRT SIGABRT
FAIL: test-arrays.c.exe iteration 1 of 5: verify_code: result is NULL
FAIL: test-arrays.c.exe killed: 27940 exp5 0 0 CHILDKILLED SIGABRT SIGABRT
FAIL: test-benchmark.c.exe iteration 1 of 100: verify_code: !result
FAIL: test-benchmark.c.exe iteration 2 of 100: verify_code: !result
FAIL: test-benchmark.c.exe iteration 3 of 100: verify_code: !result
FAIL: test-benchmark.c.exe iteration 4 of 100: verify_code: !result
FAIL: test-benchmark.c.exe iteration 5 of 100: verify_code: !result
FAIL: test-benchmark.c.exe iteration 6 of 100: verify_code: !result
FAIL: test-benchmark.c.exe iteration 7 of 100: verify_code: !result
FAIL: test-benchmark.c.exe iteration 8 of 100: verify_code: !result
FAIL: test-benchmark.c.exe iteration 9 of 100: verify_code: !result
FAIL: test-benchmark.c.exe iteration 10 of 100: verify_code: !result
FAIL: test-benchmark.c.exe iteration 11 of 100: verify_code: !result
FAIL: test-benchmark.c.exe iteration 12 of 100: verify_code: !result
FAIL: test-benchmark.c.exe iteration 13 of 100: verify_code: !result
FAIL: test-benchmark.c.exe iteration 14 of 100: verify_code: !result
FAIL: test-benchmark.c.exe iteration 15 of 100: verify_code: !result
FAIL: test-benchmark.c.exe iteration 16 of 100: verify_code: !result
FAIL: test-benchmark.c.exe iteration 17 of 100: verify_code: !result
FAIL: test-benchmark.c.exe iteration 18 of 100: verify_code: !result
FAIL: test-benchmark.c.exe iteration 19 of 100: verify_code: !result
FAIL: test-benchmark.c.exe iteration 20 of 100: verify_code: !result
FAIL: test-benchmark.c.exe iteration 21 of 100: verify_code: !result
FAIL: test-benchmark.c.exe iteration 22 of 100: verify_code: !result
FAIL: test-benchmark.c.exe iteration 23 of 100: verify_code: !result
FAIL: test-benchmark.c.exe iteration 24 of 100: verify_code: !result
FAIL: test-benchmark.c.exe iteration 25 of 100: verify_code: !result
FAIL: test-benchmark.c.exe iteration 26 of 100: verify_code: !result
FAIL: test-benchmark.c.exe iteration 27 of 100: verify_code: !result
FAIL: test-benchmark.c.exe iteration 28 of 100: verify_code: !result
FAIL: test-benchmark.c.exe iteration 29 of 100: verify_code: !result
FAIL: test-benchmark.c.exe iteration 30 of 100: verify_code: !result
FAIL: test-benchmark.c.exe iteration 31 of 100: verify_code: !result
FAIL: test-benchmark.c.exe iteration 32 of 100: verify_code: !result
FAIL: test-benchmark.c.exe iteration 33 of 100: verify_code: !result
FAIL: test-benchmark.c.exe iteration 34 of 100: verify_code: !result
FAIL: test-benchmark.c.exe iteration 35 of 100: verify_code: !result
FAIL: test-benchmark.c.exe iteration 36 of 100: verify_code: !result
FAIL: test-benchmark.c.exe iteration 37 of 100: verify_code: !result
FAIL: test-benchmark.c.exe iteration 38 of 100: verify_code: !result
FAIL: test-benchmark.c.exe iteration 39 of 100: verify_code: !result
FAIL: test-benchmark.c.exe iteration 40 of 100: verify_code: !result
FAIL: test-benchmark.c.exe iteration 41 of 100: verify_code: !result
FAIL: test-benchmark.c.exe iteration 42 of 100: verify_code: !result
FAIL: test-benchmark.c.exe iteration 43 of 100: verify_code: !result
FAIL: test-benchmark.c.exe iteration 44 of 100: verify_code: !result
FAIL: test-benchmark.c.exe iteration 45 of 100: verify_code: !result
FAIL: test-benchmark.c.exe iteration 46 of 100: verify_code: !result
FAIL: test-benchmark.c.exe iteration 47 of 100: verify_code: !result
FAIL: test-benchmark.c.exe iteration 48 of 100: verify_code: !result
FAIL: test-benchmark.c.exe iteration 49 of 100: verify_code: !result
FAIL: test-benchmark.c.exe iteration 50 of 100: verify_code: !result
FAIL: test-benchmark.c.exe iteration 51 of 100: verify_code: !result
FAIL: test-benchmark.c.exe iteration 52 of 100: verify_code: !result
FAIL: test-benchmark.c.exe iteration 53 of 100: verify_code: !result
FAIL: test-benchmark.c.exe iteration 54 of 100: verify_code: !result
FAIL: test-benchmark.c.exe iteration 55 of 100: verify_code: !result
FAIL: test-benchmark.c.exe iteration 56 of 100: verify_code: !result
FAIL: test-benchmark.c.exe iteration 57 of 100: verify_code: !result
FAIL: test-benchmark.c.exe iteration 58 of 100: verify_code: !result
FAIL: test-benchmark.c.exe iteration 59 of 100: verify_code: !result
FAIL: test-benchmark.c.exe iteration 60 of 100: verify_code: !result
FAIL: test-benchmark.c.exe iteration 61 of 100: verify_code: !result
FAIL: test-benchmark.c.exe iteration 62 of 100: verify_code: !result
FAIL: test-benchmark.c.exe iteration 63 of 100: verify_code: !result
FAIL: test-benchmark.c.exe iteration 64 of 100: verify_code: !result
FAIL: test-benchmark.c.exe iteration 65 of 100: verify_code: !result
FAIL: test-benchmark.c.exe iteration 66 of 100: verify_code: !result
FAIL: test-benchmark.c.exe iteration 67 of 100: verify_code: !result
FAIL: test-benchmark.c.exe iteration 68 of 100: verify_code: !result
FAIL: test-benchmark.c.exe iteration 69 of 100: verify_code: !result
FAIL: test-benchmark.c.exe iteration 70 of 100: verify_code: !result
FAIL: test-benchmark.c.exe iteration 71 of 100: verify_code: !result
FAIL: test-benchmark.c.exe iteration 72 of 100: verify_code: !result
FAIL: test-benchmark.c.exe iteration 73 of 100: verify_code: !result
FAIL: test-benchmark.c.exe iteration 74 of 100: verify_code: !result
FAIL: test-benchmark.c.exe iteration 75 of 100: verify_code: !result
FAIL: test-benchmark.c.exe iteration 76 of 100: verify_code: !result
FAIL: test-benchmark.c.exe iteration 77 of 100: verify_code: !result
FAIL: test-benchmark.c.exe iteration 78 of 100: verify_code: !result
FAIL: test-benchmark.c.exe iteration 79 of 100: verify_code: !result
FAIL: test-benchmark.c.exe iteration 80 of 100: verify_code: !result
FAIL: test-benchmark.c.exe iteration 81 of 100: verify_code: !result
FAIL: test-benchmark.c.exe iteration 82 of 100: verify_code: !result
FAIL: test-benchmark.c.exe iteration 83 of 100: verify_code: !result
FAIL: test-benchmark.c.exe iteration 84 of 100: verify_code: !result
FAIL: test-benchmark.c.exe iteration 85 of 100: verify_code: !result
FAIL: test-benchmark.c.exe iteration 86 of 100: verify_code: !result
FAIL: test-benchmark.c.exe iteration 87 of 100: verify_code: !result
FAIL: test-benchmark.c.exe iteration 88 of 100: verify_code: !result
FAIL: test-benchmark.c.exe iteration 89 of 100: verify_code: !result
FAIL: test-benchmark.c.exe iteration 90 of 100: verify_code: !result
FAIL: test-benchmark.c.exe iteration 91 of 100: verify_code: !result
FAIL: test-benchmark.c.exe iteration 92 of 100: verify_code: !result
FAIL: test-benchmark.c.exe iteration 93 of 100: verify_code: !result
FAIL: test-benchmark.c.exe iteration 94 of 100: verify_code: !result
FAIL: test-benchmark.c.exe iteration 95 of 100: verify_code: !result
FAIL: test-benchmark.c.exe iteration 96 of 100: verify_code: !result
FAIL: test-benchmark.c.exe iteration 97 of 100: verify_code: !result
FAIL: test-benchmark.c.exe iteration 98 of 100: verify_code: !result
FAIL: test-benchmark.c.exe iteration 99 of 100: verify_code: !result
FAIL: test-benchmark.c.exe iteration 100 of 100: verify_code: !result
FAIL: test-benchmark.c.exe iteration 1 of 100: verify_code: !result
FAIL: test-benchmark.c.exe iteration 2 of 100: verify_code: !result
FAIL: test-benchmark.c.exe iteration 3 of 100: verify_code: !result
FAIL: test-benchmark.c.exe iteration 4 of 100: verify_code: !result
FAIL: test-benchmark.c.exe iteration 5 of 100: verify_code: !result
FAIL: test-benchmark.c.exe iteration 6 of 100: verify_code: !result
FAIL: test-benchmark.c.exe iteration 7 of 100: verify_code: !result
FAIL: test-benchmark.c.exe iteration 8 of 100: verify_code: !result
FAIL: test-benchmark.c.exe iteration 9 of 100: verify_code: !result
FAIL: test-benchmark.c.exe iteration 10 of 100: verify_code: !result
FAIL: test-benchmark.c.exe iteration 11 of 100: verify_code: !result
FAIL: test-benchmark.c.exe iteration 12 of 100: verify_code: !result
FAIL: test-benchmark.c.exe iteration 13 of 100: verify_code: !result
FAIL: test-benchmark.c.exe iteration 14 of 100: verify_code: !result
FAIL: test-benchmark.c.exe iteration 15 of 100: verify_code: !result
FAIL: test-benchmark.c.exe iteration 16 of 100: verify_code: !result
FAIL: test-benchmark.c.exe iteration 17 of 100: verify_code: !result
FAIL: test-benchmark.c.exe iteration 18 of 100: verify_code: !result
FAIL: test-benchmark.c.exe iteration 19 of 100: verify_code: !result
FAIL: test-benchmark.c.exe iteration 20 of 100: verify_code: !result
FAIL: test-benchmark.c.exe iteration 21 of 100: verify_code: !result
FAIL: test-benchmark.c.exe iteration 22 of 100: verify_code: !result
FAIL: test-benchmark.c.exe iteration 23 of 100: verify_code: !result
FAIL: test-benchmark.c.exe iteration 24 of 100: verify_code: !result
FAIL: test-benchmark.c.exe iteration 25 of 100: verify_code: !result
FAIL: test-benchmark.c.exe iteration 26 of 100: verify_code: !result
FAIL: test-benchmark.c.exe iteration 27 of 100: verify_code: !result
FAIL: test-benchmark.c.exe iteration 28 of 100: verify_code: !result
FAIL: test-benchmark.c.exe iteration 29 of 100: verify_code: !result
FAIL: test-benchmark.c.exe iteration 30 of 100: verify_code: !result
FAIL: test-benchmark.c.exe iteration 31 of 100: verify_code: !result
FAIL: test-benchmark.c.exe iteration 32 of 100: verify_code: !result
FAIL: test-benchmark.c.exe iteration 33 of 100: verify_code: !result
FAIL: test-benchmark.c.exe iteration 34 of 100: verify_code: !result
FAIL: test-benchmark.c.exe iteration 35 of 100: verify_code: !result
FAIL: test-benchmark.c.exe iteration 36 of 100: verify_code: !result
FAIL: test-benchmark.c.exe iteration 37 of 100: verify_code: !result
FAIL: test-benchmark.c.exe iteration 38 of 100: verify_code: !result
FAIL: test-benchmark.c.exe iteration 39 of 100: verify_code: !result
FAIL: test-benchmark.c.exe iteration 40 of 100: verify_code: !result
FAIL: test-benchmark.c.exe iteration 41 of 100: verify_code: !result
FAIL: test-benchmark.c.exe iteration 42 of 100: verify_code: !result
FAIL: test-benchmark.c.exe iteration 43 of 100: verify_code: !result
FAIL: test-benchmark.c.exe iteration 44 of 100: verify_code: !result
FAIL: test-benchmark.c.exe iteration 45 of 100: verify_code: !result
FAIL: test-benchmark.c.exe iteration 46 of 100: verify_code: !result
FAIL: test-benchmark.c.exe iteration 47 of 100: verify_code: !result
FAIL: test-benchmark.c.exe iteration 48 of 100: verify_code: !result
FAIL: test-benchmark.c.exe iteration 49 of 100: verify_code: !result
FAIL: test-benchmark.c.exe iteration 50 of 100: verify_code: !result
FAIL: test-benchmark.c.exe iteration 51 of 100: verify_code: !result
FAIL: test-benchmark.c.exe iteration 52 of 100: verify_code: !result
FAIL: test-benchmark.c.exe iteration 53 of 100: verify_code: !result
FAIL: test-benchmark.c.exe iteration 54 of 100: verify_code: !result
FAIL: test-benchmark.c.exe iteration 55 of 100: verify_code: !result
FAIL: test-benchmark.c.exe iteration 56 of 100: verify_code: !result
FAIL: test-benchmark.c.exe iteration 57 of 100: verify_code: !result
FAIL: test-benchmark.c.exe iteration 58 of 100: verify_code: !result
FAIL: test-benchmark.c.exe iteration 59 of 100: verify_code: !result
FAIL: test-benchmark.c.exe iteration 60 of 100: verify_code: !result
FAIL: test-benchmark.c.exe iteration 61 of 100: verify_code: !result
FAIL: test-benchmark.c.exe iteration 62 of 100: verify_code: !result
FAIL: test-benchmark.c.exe iteration 63 of 100: verify_code: !result
FAIL: test-benchmark.c.exe iteration 64 of 100: verify_code: !result
FAIL: test-benchmark.c.exe iteration 65 of 100: verify_code: !result
FAIL: test-benchmark.c.exe iteration 66 of 100: verify_code: !result
FAIL: test-benchmark.c.exe iteration 67 of 100: verify_code: !result
FAIL: test-benchmark.c.exe iteration 68 of 100: verify_code: !result
FAIL: test-benchmark.c.exe iteration 69 of 100: verify_code: !result
FAIL: test-benchmark.c.exe iteration 70 of 100: verify_code: !result
FAIL: test-benchmark.c.exe iteration 71 of 100: verify_code: !result
FAIL: test-benchmark.c.exe iteration 72 of 100: verify_code: !result
FAIL: test-benchmark.c.exe iteration 73 of 100: verify_code: !result
FAIL: test-benchmark.c.exe iteration 74 of 100: verify_code: !result
FAIL: test-benchmark.c.exe iteration 75 of 100: verify_code: !result
FAIL: test-benchmark.c.exe iteration 76 of 100: verify_code: !result
FAIL: test-benchmark.c.exe iteration 77 of 100: verify_code: !result
FAIL: test-benchmark.c.exe iteration 78 of 100: verify_code: !result
FAIL: test-benchmark.c.exe iteration 79 of 100: verify_code: !result
FAIL: test-benchmark.c.exe iteration 80 of 100: verify_code: !result
FAIL: test-benchmark.c.exe iteration 81 of 100: verify_code: !result
FAIL: test-benchmark.c.exe iteration 82 of 100: verify_code: !result
FAIL: test-benchmark.c.exe iteration 83 of 100: verify_code: !result
FAIL: test-benchmark.c.exe iteration 84 of 100: verify_code: !result
FAIL: test-benchmark.c.exe iteration 85 of 100: verify_code: !result
FAIL: test-benchmark.c.exe iteration 86 of 100: verify_code: !result
FAIL: test-benchmark.c.exe iteration 87 of 100: verify_code: !result
FAIL: test-benchmark.c.exe iteration 88 of 100: verify_code: !result
FAIL: test-benchmark.c.exe iteration 89 of 100: verify_code: !result
FAIL: test-benchmark.c.exe iteration 90 of 100: verify_code: !result
FAIL: test-benchmark.c.exe iteration 91 of 100: verify_code: !result
FAIL: test-benchmark.c.exe iteration 92 of 100: verify_code: !result
FAIL: test-benchmark.c.exe iteration 93 of 100: verify_code: !result
FAIL: test-benchmark.c.exe iteration 94 of 100: verify_code: !result
FAIL: test-benchmark.c.exe iteration 95 of 100: verify_code: !result
FAIL: test-benchmark.c.exe iteration 96 of 100: verify_code: !result
FAIL: test-benchmark.c.exe iteration 97 of 100: verify_code: !result
FAIL: test-benchmark.c.exe iteration 98 of 100: verify_code: !result
FAIL: test-benchmark.c.exe iteration 99 of 100: verify_code: !result
FAIL: test-benchmark.c.exe iteration 100 of 100: verify_code: !result
FAIL: test-benchmark.c.exe iteration 1 of 100: verify_code: !result
FAIL: test-benchmark.c.exe iteration 2 of 100: verify_code: !result
FAIL: test-benchmark.c.exe iteration 3 of 100: verify_code: !result
FAIL: test-benchmark.c.exe iteration 4 of 100: verify_code: !result
FAIL: test-benchmark.c.exe iteration 5 of 100: verify_code: !result
FAIL: test-benchmark.c.exe iteration 6 of 100: verify_code: !result
FAIL: test-benchmark.c.exe iteration 7 of 100: verify_code: !result
FAIL: test-benchmark.c.exe iteration 8 of 100: verify_code: !result
FAIL: test-benchmark.c.exe iteration 9 of 100: verify_code: !result
FAIL: test-benchmark.c.exe iteration 10 of 100: verify_code: !result
FAIL: test-benchmark.c.exe iteration 11 of 100: verify_code: !result
FAIL: test-benchmark.c.exe iteration 12 of 100: verify_code: !result
FAIL: test-benchmark.c.exe iteration 13 of 100: verify_code: !result
FAIL: test-benchmark.c.exe iteration 14 of 100: verify_code: !result
FAIL: test-benchmark.c.exe iteration 15 of 100: verify_code: !result
FAIL: test-benchmark.c.exe iteration 16 of 100: verify_code: !result
FAIL: test-benchmark.c.exe iteration 17 of 100: verify_code: !result
FAIL: test-benchmark.c.exe iteration 18 of 100: verify_code: !result
FAIL: test-benchmark.c.exe iteration 19 of 100: verify_code: !result
FAIL: test-benchmark.c.exe iteration 20 of 100: verify_code: !result
FAIL: test-benchmark.c.exe iteration 21 of 100: verify_code: !result
FAIL: test-benchmark.c.exe iteration 22 of 100: verify_code: !result
FAIL: test-benchmark.c.exe iteration 23 of 100: verify_code: !result
FAIL: test-benchmark.c.exe iteration 24 of 100: verify_code: !result
FAIL: test-benchmark.c.exe iteration 25 of 100: verify_code: !result
FAIL: test-benchmark.c.exe iteration 26 of 100: verify_code: !result
FAIL: test-benchmark.c.exe iteration 27 of 100: verify_code: !result
FAIL: test-benchmark.c.exe iteration 28 of 100: verify_code: !result
FAIL: test-benchmark.c.exe iteration 29 of 100: verify_code: !result
FAIL: test-benchmark.c.exe iteration 30 of 100: verify_code: !result
FAIL: test-benchmark.c.exe iteration 31 of 100: verify_code: !result
FAIL: test-benchmark.c.exe iteration 32 of 100: verify_code: !result
FAIL: test-benchmark.c.exe iteration 33 of 100: verify_code: !result
FAIL: test-benchmark.c.exe iteration 34 of 100: verify_code: !result
FAIL: test-benchmark.c.exe iteration 35 of 100: verify_code: !result
FAIL: test-benchmark.c.exe iteration 36 of 100: verify_code: !result
FAIL: test-benchmark.c.exe iteration 37 of 100: verify_code: !result
FAIL: test-benchmark.c.exe iteration 38 of 100: verify_code: !result
FAIL: test-benchmark.c.exe iteration 39 of 100: verify_code: !result
FAIL: test-benchmark.c.exe iteration 40 of 100: verify_code: !result
FAIL: test-benchmark.c.exe iteration 41 of 100: verify_code: !result
FAIL: test-benchmark.c.exe iteration 42 of 100: verify_code: !result
FAIL: test-benchmark.c.exe iteration 43 of 100: verify_code: !result
FAIL: test-benchmark.c.exe iteration 44 of 100: verify_code: !result
FAIL: test-benchmark.c.exe iteration 45 of 100: verify_code: !result
FAIL: test-benchmark.c.exe iteration 46 of 100: verify_code: !result
FAIL: test-benchmark.c.exe iteration 47 of 100: verify_code: !result
FAIL: test-benchmark.c.exe iteration 48 of 100: verify_code: !result
FAIL: test-benchmark.c.exe iteration 49 of 100: verify_code: !result
FAIL: test-benchmark.c.exe iteration 50 of 100: verify_code: !result
FAIL: test-benchmark.c.exe iteration 51 of 100: verify_code: !result
FAIL: test-benchmark.c.exe iteration 52 of 100: verify_code: !result
FAIL: test-benchmark.c.exe iteration 53 of 100: verify_code: !result
FAIL: test-benchmark.c.exe iteration 54 of 100: verify_code: !result
FAIL: test-benchmark.c.exe iteration 55 of 100: verify_code: !result
FAIL: test-benchmark.c.exe iteration 56 of 100: verify_code: !result
FAIL: test-benchmark.c.exe iteration 57 of 100: verify_code: !result
FAIL: test-benchmark.c.exe iteration 58 of 100: verify_code: !result
FAIL: test-benchmark.c.exe iteration 59 of 100: verify_code: !result
FAIL: test-benchmark.c.exe iteration 60 of 100: verify_code: !result
FAIL: test-benchmark.c.exe iteration 61 of 100: verify_code: !result
FAIL: test-benchmark.c.exe iteration 62 of 100: verify_code: !result
FAIL: test-benchmark.c.exe iteration 63 of 100: verify_code: !result
FAIL: test-benchmark.c.exe iteration 64 of 100: verify_code: !result
FAIL: test-benchmark.c.exe iteration 65 of 100: verify_code: !result
FAIL: test-benchmark.c.exe iteration 66 of 100: verify_code: !result
FAIL: test-benchmark.c.exe iteration 67 of 100: verify_code: !result
FAIL: test-benchmark.c.exe iteration 68 of 100: verify_code: !result
FAIL: test-benchmark.c.exe iteration 69 of 100: verify_code: !result
FAIL: test-benchmark.c.exe iteration 70 of 100: verify_code: !result
FAIL: test-benchmark.c.exe iteration 71 of 100: verify_code: !result
FAIL: test-benchmark.c.exe iteration 72 of 100: verify_code: !result
FAIL: test-benchmark.c.exe iteration 73 of 100: verify_code: !result
FAIL: test-benchmark.c.exe iteration 74 of 100: verify_code: !result
FAIL: test-benchmark.c.exe iteration 75 of 100: verify_code: !result
FAIL: test-benchmark.c.exe iteration 76 of 100: verify_code: !result
FAIL: test-benchmark.c.exe iteration 77 of 100: verify_code: !result
FAIL: test-benchmark.c.exe iteration 78 of 100: verify_code: !result
FAIL: test-benchmark.c.exe iteration 79 of 100: verify_code: !result
FAIL: test-benchmark.c.exe iteration 80 of 100: verify_code: !result
FAIL: test-benchmark.c.exe iteration 81 of 100: verify_code: !result
FAIL: test-benchmark.c.exe iteration 82 of 100: verify_code: !result
FAIL: test-benchmark.c.exe iteration 83 of 100: verify_code: !result
FAIL: test-benchmark.c.exe iteration 84 of 100: verify_code: !result
FAIL: test-benchmark.c.exe iteration 85 of 100: verify_code: !result
FAIL: test-benchmark.c.exe iteration 86 of 100: verify_code: !result
FAIL: test-benchmark.c.exe iteration 87 of 100: verify_code: !result
FAIL: test-benchmark.c.exe iteration 88 of 100: verify_code: !result
FAIL: test-benchmark.c.exe iteration 89 of 100: verify_code: !result
FAIL: test-benchmark.c.exe iteration 90 of 100: verify_code: !result
FAIL: test-benchmark.c.exe iteration 91 of 100: verify_code: !result
FAIL: test-benchmark.c.exe iteration 92 of 100: verify_code: !result
FAIL: test-benchmark.c.exe iteration 93 of 100: verify_code: !result
FAIL: test-benchmark.c.exe iteration 94 of 100: verify_code: !result
FAIL: test-benchmark.c.exe iteration 95 of 100: verify_code: !result
FAIL: test-benchmark.c.exe iteration 96 of 100: verify_code: !result
FAIL: test-benchmark.c.exe iteration 97 of 100: verify_code: !result
FAIL: test-benchmark.c.exe iteration 98 of 100: verify_code: !result
FAIL: test-benchmark.c.exe iteration 99 of 100: verify_code: !result
FAIL: test-benchmark.c.exe iteration 100 of 100: verify_code: !result
FAIL: test-benchmark.c.exe iteration 1 of 100: verify_code: !result
FAIL: test-benchmark.c.exe iteration 2 of 100: verify_code: !result
FAIL: test-benchmark.c.exe iteration 3 of 100: verify_code: !result
FAIL: test-benchmark.c.exe iteration 4 of 100: verify_code: !result
FAIL: test-benchmark.c.exe iteration 5 of 100: verify_code: !result
FAIL: test-benchmark.c.exe iteration 6 of 100: verify_code: !result
FAIL: test-benchmark.c.exe iteration 7 of 100: verify_code: !result
FAIL: test-benchmark.c.exe iteration 8 of 100: verify_code: !result
FAIL: test-benchmark.c.exe iteration 9 of 100: verify_code: !result
FAIL: test-benchmark.c.exe iteration 10 of 100: verify_code: !result
FAIL: test-benchmark.c.exe iteration 11 of 100: verify_code: !result
FAIL: test-benchmark.c.exe iteration 12 of 100: verify_code: !result
FAIL: test-benchmark.c.exe iteration 13 of 100: verify_code: !result
FAIL: test-benchmark.c.exe iteration 14 of 100: verify_code: !result
FAIL: test-benchmark.c.exe iteration 15 of 100: verify_code: !result
FAIL: test-benchmark.c.exe iteration 16 of 100: verify_code: !result
FAIL: test-benchmark.c.exe iteration 17 of 100: verify_code: !result
FAIL: test-benchmark.c.exe iteration 18 of 100: verify_code: !result
FAIL: test-benchmark.c.exe iteration 19 of 100: verify_code: !result
FAIL: test-benchmark.c.exe iteration 20 of 100: verify_code: !result
FAIL: test-benchmark.c.exe iteration 21 of 100: verify_code: !result
FAIL: test-benchmark.c.exe iteration 22 of 100: verify_code: !result
FAIL: test-benchmark.c.exe iteration 23 of 100: verify_code: !result
FAIL: test-benchmark.c.exe iteration 24 of 100: verify_code: !result
FAIL: test-benchmark.c.exe iteration 25 of 100: verify_code: !result
FAIL: test-benchmark.c.exe iteration 26 of 100: verify_code: !result
FAIL: test-benchmark.c.exe iteration 27 of 100: verify_code: !result
FAIL: test-benchmark.c.exe iteration 28 of 100: verify_code: !result
FAIL: test-benchmark.c.exe iteration 29 of 100: verify_code: !result
FAIL: test-benchmark.c.exe iteration 30 of 100: verify_code: !result
FAIL: test-benchmark.c.exe iteration 31 of 100: verify_code: !result
FAIL: test-benchmark.c.exe iteration 32 of 100: verify_code: !result
FAIL: test-benchmark.c.exe iteration 33 of 100: verify_code: !result
FAIL: test-benchmark.c.exe iteration 34 of 100: verify_code: !result
FAIL: test-benchmark.c.exe iteration 35 of 100: verify_code: !result
FAIL: test-benchmark.c.exe iteration 36 of 100: verify_code: !result
FAIL: test-benchmark.c.exe iteration 37 of 100: verify_code: !result
FAIL: test-benchmark.c.exe iteration 38 of 100: verify_code: !result
FAIL: test-benchmark.c.exe iteration 39 of 100: verify_code: !result
FAIL: test-benchmark.c.exe iteration 40 of 100: verify_code: !result
FAIL: test-benchmark.c.exe iteration 41 of 100: verify_code: !result
FAIL: test-benchmark.c.exe iteration 42 of 100: verify_code: !result
FAIL: test-benchmark.c.exe iteration 43 of 100: verify_code: !result
FAIL: test-benchmark.c.exe iteration 44 of 100: verify_code: !result
FAIL: test-benchmark.c.exe iteration 45 of 100: verify_code: !result
FAIL: test-benchmark.c.exe iteration 46 of 100: verify_code: !result
FAIL: test-benchmark.c.exe iteration 47 of 100: verify_code: !result
FAIL: test-benchmark.c.exe iteration 48 of 100: verify_code: !result
FAIL: test-benchmark.c.exe iteration 49 of 100: verify_code: !result
FAIL: test-benchmark.c.exe iteration 50 of 100: verify_code: !result
FAIL: test-benchmark.c.exe iteration 51 of 100: verify_code: !result
FAIL: test-benchmark.c.exe iteration 52 of 100: verify_code: !result
FAIL: test-benchmark.c.exe iteration 53 of 100: verify_code: !result
FAIL: test-benchmark.c.exe iteration 54 of 100: verify_code: !result
FAIL: test-benchmark.c.exe iteration 55 of 100: verify_code: !result
FAIL: test-benchmark.c.exe iteration 56 of 100: verify_code: !result
FAIL: test-benchmark.c.exe iteration 57 of 100: verify_code: !result
FAIL: test-benchmark.c.exe iteration 58 of 100: verify_code: !result
FAIL: test-benchmark.c.exe iteration 59 of 100: verify_code: !result
FAIL: test-benchmark.c.exe iteration 60 of 100: verify_code: !result
FAIL: test-benchmark.c.exe iteration 61 of 100: verify_code: !result
FAIL: test-benchmark.c.exe iteration 62 of 100: verify_code: !result
FAIL: test-benchmark.c.exe iteration 63 of 100: verify_code: !result
FAIL: test-benchmark.c.exe iteration 64 of 100: verify_code: !result
FAIL: test-benchmark.c.exe iteration 65 of 100: verify_code: !result
FAIL: test-benchmark.c.exe iteration 66 of 100: verify_code: !result
FAIL: test-benchmark.c.exe iteration 67 of 100: verify_code: !result
FAIL: test-benchmark.c.exe iteration 68 of 100: verify_code: !result
FAIL: test-benchmark.c.exe iteration 69 of 100: verify_code: !result
FAIL: test-benchmark.c.exe iteration 70 of 100: verify_code: !result
FAIL: test-benchmark.c.exe iteration 71 of 100: verify_code: !result
FAIL: test-benchmark.c.exe iteration 72 of 100: verify_code: !result
FAIL: test-benchmark.c.exe iteration 73 of 100: verify_code: !result
FAIL: test-benchmark.c.exe iteration 74 of 100: verify_code: !result
FAIL: test-benchmark.c.exe iteration 75 of 100: verify_code: !result
FAIL: test-benchmark.c.exe iteration 76 of 100: verify_code: !result
FAIL: test-benchmark.c.exe iteration 77 of 100: verify_code: !result
FAIL: test-benchmark.c.exe iteration 78 of 100: verify_code: !result
FAIL: test-benchmark.c.exe iteration 79 of 100: verify_code: !result
FAIL: test-benchmark.c.exe iteration 80 of 100: verify_code: !result
FAIL: test-benchmark.c.exe iteration 81 of 100: verify_code: !result
FAIL: test-benchmark.c.exe iteration 82 of 100: verify_code: !result
FAIL: test-benchmark.c.exe iteration 83 of 100: verify_code: !result
FAIL: test-benchmark.c.exe iteration 84 of 100: verify_code: !result
FAIL: test-benchmark.c.exe iteration 85 of 100: verify_code: !result
FAIL: test-benchmark.c.exe iteration 86 of 100: verify_code: !result
FAIL: test-benchmark.c.exe iteration 87 of 100: verify_code: !result
FAIL: test-benchmark.c.exe iteration 88 of 100: verify_code: !result
FAIL: test-benchmark.c.exe iteration 89 of 100: verify_code: !result
FAIL: test-benchmark.c.exe iteration 90 of 100: verify_code: !result
FAIL: test-benchmark.c.exe iteration 91 of 100: verify_code: !result
FAIL: test-benchmark.c.exe iteration 92 of 100: verify_code: !result
FAIL: test-benchmark.c.exe iteration 93 of 100: verify_code: !result
FAIL: test-benchmark.c.exe iteration 94 of 100: verify_code: !result
FAIL: test-benchmark.c.exe iteration 95 of 100: verify_code: !result
FAIL: test-benchmark.c.exe iteration 96 of 100: verify_code: !result
FAIL: test-benchmark.c.exe iteration 97 of 100: verify_code: !result
FAIL: test-benchmark.c.exe iteration 98 of 100: verify_code: !result
FAIL: test-benchmark.c.exe iteration 99 of 100: verify_code: !result
FAIL: test-benchmark.c.exe iteration 100 of 100: verify_code: !result
FAIL: test-builtin-memcpy.c.exe iteration 1 of 5: verify_code: result is NULL
FAIL: test-builtin-memcpy.c.exe killed: 28616 exp5 0 0 CHILDKILLED SIGABRT SIGABRT
FAIL: test-builtin-unreachable.c.exe iteration 1 of 5: verify_code: result is NULL
FAIL: test-builtin-unreachable.c.exe killed: 28710 exp5 0 0 CHILDKILLED SIGABRT SIGABRT
FAIL: test-calling-external-function.c.exe iteration 1 of 5: verify_code: result is NULL
FAIL: test-calling-external-function.c.exe killed: 28800 exp5 0 0 CHILDKILLED SIGABRT SIGABRT
FAIL: test-calling-function-ptr.c.exe iteration 1 of 5: verify_code: result is NULL
FAIL: test-calling-function-ptr.c.exe killed: 28921 exp5 0 0 CHILDKILLED SIGABRT SIGABRT
FAIL: test-combination.c.exe iteration 1 of 5: verify_code_accessing_bitfield: result is NULL
FAIL: test-combination.c.exe killed: 29466 exp5 0 0 CHILDKILLED SIGABRT SIGABRT
FAIL: test-compile-to-dynamic-library.c.exe iteration 1 of 5: test_jit: error unexpectedly occurred: error invoking gcc driver
FAIL: test-compile-to-dynamic-library.c.exe iteration 2 of 5: test_jit: error unexpectedly occurred: error invoking gcc driver
FAIL: test-compile-to-dynamic-library.c.exe iteration 3 of 5: test_jit: error unexpectedly occurred: error invoking gcc driver
FAIL: test-compile-to-dynamic-library.c.exe iteration 4 of 5: test_jit: error unexpectedly occurred: error invoking gcc driver
FAIL: test-compile-to-dynamic-library.c.exe iteration 5 of 5: test_jit: error unexpectedly occurred: error invoking gcc driver
FAIL: test-compile-to-executable.c.exe iteration 1 of 5: test_jit: error unexpectedly occurred: error invoking gcc driver
FAIL: test-compile-to-executable.c.exe iteration 2 of 5: test_jit: error unexpectedly occurred: error invoking gcc driver
FAIL: test-compile-to-executable.c.exe iteration 3 of 5: test_jit: error unexpectedly occurred: error invoking gcc driver
FAIL: test-compile-to-executable.c.exe iteration 4 of 5: test_jit: error unexpectedly occurred: error invoking gcc driver
FAIL: test-compile-to-executable.c.exe iteration 5 of 5: test_jit: error unexpectedly occurred: error invoking gcc driver
FAIL: test-compile-to-object.c.exe iteration 1 of 5: test_jit: error unexpectedly occurred: error invoking gcc driver
FAIL: test-compile-to-object.c.exe iteration 2 of 5: test_jit: error unexpectedly occurred: error invoking gcc driver
FAIL: test-compile-to-object.c.exe iteration 3 of 5: test_jit: error unexpectedly occurred: error invoking gcc driver
FAIL: test-compile-to-object.c.exe iteration 4 of 5: test_jit: error unexpectedly occurred: error invoking gcc driver
FAIL: test-compile-to-object.c.exe iteration 5 of 5: test_jit: error unexpectedly occurred: error invoking gcc driver
FAIL: test-compound-assignment.c.exe iteration 1 of 5: verify_code: result is NULL
FAIL: test-compound-assignment.c.exe killed: 26714 exp5 0 0 CHILDKILLED SIGABRT SIGABRT
FAIL: test-constants.c.exe iteration 1 of 5: verify_code: result is NULL
FAIL: test-constants.c.exe killed: 26824 exp5 0 0 CHILDKILLED SIGABRT SIGABRT
FAIL: test-debug-strings.c.exe iteration 1 of 5: verify_code: result is NULL
FAIL: test-debug-strings.c.exe killed: 26997 exp5 0 0 CHILDKILLED SIGABRT SIGABRT
FAIL: test-dot-product.c.exe iteration 1 of 5: verify_code: result is NULL
FAIL: test-dot-product.c.exe killed: 27084 exp5 0 0 CHILDKILLED SIGABRT SIGABRT
FAIL: test-empty.c.exe iteration 1 of 5: verify_code: result is NULL
FAIL: test-empty.c.exe killed: 27144 exp5 0 0 CHILDKILLED SIGABRT SIGABRT
FAIL: test-expressions.c.exe iteration 1 of 5: verify_code: result is NULL
FAIL: test-expressions.c.exe killed: 29549 exp5 0 0 CHILDKILLED SIGABRT SIGABRT
FAIL: test-extra-options.c.exe iteration 1 of 5: verify_code: result is NULL
FAIL: test-extra-options.c.exe killed: 29717 exp5 0 0 CHILDKILLED SIGABRT SIGABRT
FAIL: test-factorial-must-tail-call.c.exe iteration 1 of 5: verify_code: result is NULL
FAIL: test-factorial-must-tail-call.c.exe killed: 29741 exp5 0 0 CHILDKILLED SIGABRT SIGABRT
FAIL: test-factorial.c.exe iteration 1 of 5: verify_code: result is NULL
FAIL: test-factorial.c.exe killed: 29765 exp5 0 0 CHILDKILLED SIGABRT SIGABRT
FAIL: test-fibonacci.c.exe iteration 1 of 5: verify_code: result is NULL
FAIL: test-fibonacci.c.exe killed: 29794 exp5 0 0 CHILDKILLED SIGABRT SIGABRT
FAIL: test-functions.c.exe iteration 1 of 5: verify_hidden_functions: result is NULL
FAIL: test-functions.c.exe killed: 29852 exp5 0 0 CHILDKILLED SIGABRT SIGABRT
FAIL: test-global-set-initializer.c.exe iteration 1 of 5: verify_code: result is NULL
FAIL: test-global-set-initializer.c.exe killed: 30064 exp5 0 0 CHILDKILLED SIGABRT SIGABRT
FAIL: test-hello-world.c.exe iteration 1 of 5: verify_code: result is NULL
FAIL: test-hello-world.c.exe killed: 30097 exp5 0 0 CHILDKILLED SIGABRT SIGABRT
FAIL: test-linked-list.c.exe iteration 1 of 5: verify_code: result is NULL
FAIL: test-linked-list.c.exe killed: 29526 exp5 0 0 CHILDKILLED SIGABRT SIGABRT
FAIL: test-long-names.c.exe iteration 1 of 5: verify_code: result is NULL
FAIL: test-long-names.c.exe killed: 29579 exp5 0 0 CHILDKILLED SIGABRT SIGABRT
FAIL: test-long-string-literal.c.exe iteration 1 of 5: verify_code: result is NULL
FAIL: test-long-string-literal.c.exe killed: 29622 exp5 0 0 CHILDKILLED SIGABRT SIGABRT
FAIL: test-nested-contexts.c.exe iteration 1 of 2 of top level; 1 of 2 of middle level: main: middle_result is NULL
FAIL: test-nested-contexts.c.exe killed: 29651 exp5 0 0 CHILDKILLED SIGABRT SIGABRT
FAIL: test-nested-loops.c.exe iteration 1 of 5: verify_code: result is NULL
FAIL: test-nested-loops.c.exe killed: 29666 exp5 0 0 CHILDKILLED SIGABRT SIGABRT
FAIL: test-operator-overloading.cc.exe iteration 1 of 5: verify_code: result is NULL
FAIL: test-operator-overloading.cc.exe killed: 29912 exp5 0 0 CHILDKILLED SIGABRT SIGABRT
FAIL: test-pr66700-observing-write-through-ptr.c.exe iteration 1 of 5: verify_code: result is NULL
FAIL: test-pr66700-observing-write-through-ptr.c.exe killed: 29978 exp5 0 0 CHILDKILLED SIGABRT SIGABRT
FAIL: test-pr66779.c.exe iteration 1 of 5: verify_code: result is NULL
FAIL: test-pr66779.c.exe killed: 30036 exp5 0 0 CHILDKILLED SIGABRT SIGABRT
FAIL: test-pr95306-builtin-types.c.exe iteration 1 of 5: verify_code: result is NULL
FAIL: test-pr95306-builtin-types.c.exe killed: 30145 exp5 0 0 CHILDKILLED SIGABRT SIGABRT
FAIL: test-pr95314-rvalue-reuse.c.exe iteration 1 of 5: verify_code: result is NULL
FAIL: test-pr95314-rvalue-reuse.c.exe killed: 30190 exp5 0 0 CHILDKILLED SIGABRT SIGABRT
FAIL: test-quadratic.c.exe iteration 1 of 5: verify_code: result is NULL
FAIL: test-quadratic.c.exe killed: 29583 exp5 0 0 CHILDKILLED SIGABRT SIGABRT
FAIL: test-quadratic.cc.exe iteration 1 of 5: verify_code: result is NULL
FAIL: test-quadratic.cc.exe killed: 29798 exp5 0 0 CHILDKILLED SIGABRT SIGABRT
FAIL: test-reading-struct.c.exe iteration 1 of 5: verify_code: result is NULL
FAIL: test-reading-struct.c.exe killed: 29848 exp5 0 0 CHILDKILLED SIGABRT SIGABRT
FAIL: test-returning-function-ptr.c.exe iteration 1 of 5: verify_code: result is NULL
FAIL: test-returning-function-ptr.c.exe killed: 29894 exp5 0 0 CHILDKILLED SIGABRT SIGABRT
FAIL: test-string-literal.c.exe iteration 1 of 5: verify_code: result is NULL
FAIL: test-string-literal.c.exe killed: 29950 exp5 0 0 CHILDKILLED SIGABRT SIGABRT
FAIL: test-sum-of-squares.c.exe iteration 1 of 5: verify_code: result is NULL
FAIL: test-sum-of-squares.c.exe killed: 29998 exp5 0 0 CHILDKILLED SIGABRT SIGABRT
FAIL: test-switch.c.exe iteration 1 of 5: verify_code: result is NULL
FAIL: test-switch.c.exe killed: 30049 exp5 0 0 CHILDKILLED SIGABRT SIGABRT
FAIL: test-switch.cc.exe iteration 1 of 5: verify_code: result is NULL
FAIL: test-switch.cc.exe killed: 30319 exp5 0 0 CHILDKILLED SIGABRT SIGABRT
FAIL: test-threads.c.exe killed: 30367 exp5 0 0 CHILDKILLED SIGABRT SIGABRT
FAIL: test-threads.c.exe: verify_code_accessing_bitfield: result is NULL
FAIL: test-trap.c.exe iteration 1 of 5: verify_code: result is NULL
FAIL: test-trap.c.exe killed: 30422 exp5 0 0 CHILDKILLED SIGABRT SIGABRT
FAIL: test-types.c.exe iteration 1 of 5: verify_code: result is NULL
FAIL: test-types.c.exe killed: 30141 exp5 0 0 CHILDKILLED SIGABRT SIGABRT
FAIL: test-using-global.c.exe iteration 1 of 5: verify_code: result is NULL
FAIL: test-using-global.c.exe killed: 30201 exp5 0 0 CHILDKILLED SIGABRT SIGABRT
FAIL: test-validly-unreachable-block.c.exe iteration 1 of 5: verify_code: result is NULL
FAIL: test-validly-unreachable-block.c.exe killed: 30295 exp5 0 0 CHILDKILLED SIGABRT SIGABRT
FAIL: test-vector-rvalues.cc.exe iteration 1 of 5: verify_vec_code: result is NULL
FAIL: test-vector-rvalues.cc.exe killed: 30343 exp5 0 0 CHILDKILLED SIGABRT SIGABRT
FAIL: test-vector-types.cc.exe iteration 1 of 5: verify_vec_code: result is NULL
FAIL: test-vector-types.cc.exe killed: 30449 exp5 0 0 CHILDKILLED SIGABRT SIGABRT
FAIL: test-volatile.c.exe iteration 1 of 5: verify_code: result is NULL
FAIL: test-volatile.c.exe killed: 30523 exp5 0 0 CHILDKILLED SIGABRT SIGABRT
FAIL: toyvm.c.exe killed: 27738 exp5 0 0 CHILDKILLED SIGABRT SIGABRT
FAIL: toyvm.c: factorial.toy: code is NULL
FAIL: toyvm.cc.exe killed: 28323 exp5 0 0 CHILDKILLED SIGABRT SIGABRT
FAIL: tut01-hello-world.c.exe: non-zero exit code: 26572 exp5 0 1
FAIL: tut01-hello-world.cc.exe killed: 26939 exp5 0 0 CHILDKILLED SIGABRT SIGABRT
FAIL: tut02-square.cc.exe killed: 27301 exp5 0 0 CHILDKILLED SIGABRT SIGABRT
FAIL: tut03-sum-of-squares.cc.exe killed: 27662 exp5 0 0 CHILDKILLED SIGABRT SIGABRT
FAIL: tut05-bf.c.exe: non-zero exit code: 28381 exp5 0 1
FAIL: verify-dynamic-library.c.exe execution test
=== jit Summary ===
# of expected passes 2254
# of unexpected failures 537
# of unresolved testcases 2
# of unsupported tests 2
=== obj-c++ tests ===
Running target unix
=== obj-c++ Summary for unix ===
# of expected passes 1490
# of expected failures 2
# of unsupported tests 77
Running target unix
=== obj-c++ Summary for unix ===
# of expected passes 1490
# of expected failures 2
# of unsupported tests 77
=== obj-c++ Summary ===
# of expected passes 2980
# of expected failures 4
# of unsupported tests 154
/build/gcc-snapshot-kcR0Aw/gcc-snapshot-20210717/build/gcc/xg++ version 12.0.0 20210717 (experimental) [master revision 87277b6a044:8f2b7e49da1:704e8a825c78b9a8424c291509413bbb48e602c7] (Debian 20210717-1)
=== objc tests ===
Running target unix
=== objc Summary ===
# of expected passes 2826
# of unsupported tests 68
/build/gcc-snapshot-kcR0Aw/gcc-snapshot-20210717/build/gcc/xgcc version 12.0.0 20210717 (experimental) [master revision 87277b6a044:8f2b7e49da1:704e8a825c78b9a8424c291509413bbb48e602c7] (Debian 20210717-1)
=== gotools tests ===
FAIL: TestAbort
FAIL: TestCgoCallbackGC
FAIL: TestSelectStackAdjust
FAIL: TestSpuriousWakeupsNeverHangSemasleep
FAIL: go test runtime
FAIL: TestSigaltstack
FAIL: go test misc/cgo/testcarchive
=== gotools Summary ===
# of expected passes 369
# of unexpected failures 7
# of untested testcases 145
/build/gcc-snapshot-kcR0Aw/gcc-snapshot-20210717/build/./gcc/gccgo version 12.0.0 20210717 (experimental) [master revision 87277b6a044:8f2b7e49da1:704e8a825c78b9a8424c291509413bbb48e602c7] (Debian 20210717-1)
=== libatomic tests ===
Running target unix
=== libatomic Summary for unix ===
# of expected passes 44
# of unsupported tests 5
Running target unix
=== libatomic Summary for unix ===
# of expected passes 44
# of unsupported tests 5
=== libatomic Summary ===
# of expected passes 88
# of unsupported tests 10
=== libffi tests ===
Running target unix
FAIL: libffi.call/nested_struct12.c -W -Wall -Wno-psabi -O0 execution test
FAIL: libffi.call/nested_struct12.c -W -Wall -Wno-psabi -O2 execution test
FAIL: libffi.call/nested_struct12.c -W -Wall -Wno-psabi -O3 execution test
FAIL: libffi.call/nested_struct12.c -W -Wall -Wno-psabi -Os execution test
FAIL: libffi.call/nested_struct12.c -W -Wall -Wno-psabi -O2 -fomit-frame-pointer execution test
=== libffi Summary for unix ===
# of expected passes 1939
# of unexpected failures 5
# of unsupported tests 28
Running target unix
FAIL: libffi.call/nested_struct12.c -W -Wall -Wno-psabi -O0 execution test
FAIL: libffi.call/nested_struct12.c -W -Wall -Wno-psabi -O2 execution test
FAIL: libffi.call/nested_struct12.c -W -Wall -Wno-psabi -O3 execution test
FAIL: libffi.call/nested_struct12.c -W -Wall -Wno-psabi -Os execution test
FAIL: libffi.call/nested_struct12.c -W -Wall -Wno-psabi -O2 -fomit-frame-pointer execution test
=== libffi Summary for unix ===
# of expected passes 1939
# of unexpected failures 5
# of unsupported tests 28
=== libffi Summary ===
# of expected passes 3878
# of unexpected failures 10
# of unsupported tests 56
=== libgo tests ===
Running target unix
FAIL: encoding/json
FAIL: math
FAIL: os
FAIL: reflect
FAIL: runtime
FAIL: runtime/pprof
FAIL: sync/atomic
=== libgo Summary for unix ===
# of expected passes 177
# of unexpected failures 7
Running target unix/-mabi=n32
FAIL: math
FAIL: net/http/httptrace
FAIL: os
FAIL: reflect
FAIL: runtime
=== libgo Summary for unix/-mabi=n32 ===
# of expected passes 179
# of unexpected failures 5
Running target unix/-mabi=64
FAIL: math
FAIL: os
FAIL: reflect
=== libgo Summary for unix/-mabi=64 ===
# of expected passes 181
# of unexpected failures 3
=== libgo Summary ===
# of expected passes 537
# of unexpected failures 15
/build/gcc-snapshot-kcR0Aw/gcc-snapshot-20210717/build/./gcc/gccgo version 12.0.0 20210717 (experimental) [master revision 87277b6a044:8f2b7e49da1:704e8a825c78b9a8424c291509413bbb48e602c7] (Debian 20210717-1)
=== libgomp tests ===
Running target unix
FAIL: libgomp.oacc-c/../libgomp.oacc-c-c++-common/declare-vla-kernels-decompose-ice-1.c -DACC_DEVICE_TYPE_host=1 -DACC_MEM_SHARED=1 -foffload=disable -O2 (test for excess errors)
FAIL: libgomp.oacc-c++/../libgomp.oacc-c-c++-common/declare-vla-kernels-decompose-ice-1.c -DACC_DEVICE_TYPE_host=1 -DACC_MEM_SHARED=1 -foffload=disable -O2 (test for excess errors)
=== libgomp Summary for unix ===
# of expected passes 11402
# of unexpected failures 2
# of expected failures 104
# of unsupported tests 608
Running target unix
FAIL: libgomp.oacc-c/../libgomp.oacc-c-c++-common/declare-vla-kernels-decompose-ice-1.c -DACC_DEVICE_TYPE_host=1 -DACC_MEM_SHARED=1 -foffload=disable -O2 (test for excess errors)
FAIL: libgomp.oacc-c++/../libgomp.oacc-c-c++-common/declare-vla-kernels-decompose-ice-1.c -DACC_DEVICE_TYPE_host=1 -DACC_MEM_SHARED=1 -foffload=disable -O2 (test for excess errors)
=== libgomp Summary for unix ===
# of expected passes 11402
# of unexpected failures 2
# of expected failures 104
# of unsupported tests 608
=== libgomp Summary ===
# of expected passes 22804
# of unexpected failures 4
# of expected failures 208
# of unsupported tests 1216
=== libphobos tests ===
Running target unix
FAIL: libphobos.allocations/tls_gc_integration.d execution test
FAIL: libphobos.allocations/tls_gc_integration.d execution test
FAIL: libphobos.druntime/core/thread/fiber.d execution test
FAIL: libphobos.druntime/core/thread/fiber.d execution test
FAIL: libphobos.druntime/core/thread/osthread.d execution test
FAIL: libphobos.druntime/core/thread/osthread.d execution test
FAIL: libphobos.druntime_shared/core/thread/fiber.d execution test
FAIL: libphobos.druntime_shared/core/thread/fiber.d execution test
FAIL: libphobos.druntime_shared/core/thread/osthread.d execution test
FAIL: libphobos.druntime_shared/core/thread/osthread.d execution test
WARNING: libphobos.phobos/std/algorithm/searching.d (test for excess errors) program timed out.
FAIL: libphobos.phobos/std/algorithm/searching.d (test for excess errors)
UNRESOLVED: libphobos.phobos/std/algorithm/searching.d compilation failed to produce executable
WARNING: libphobos.phobos/std/algorithm/searching.d (test for excess errors) program timed out.
FAIL: libphobos.phobos/std/algorithm/searching.d (test for excess errors)
UNRESOLVED: libphobos.phobos/std/algorithm/searching.d compilation failed to produce executable
WARNING: libphobos.phobos/std/array.d (test for excess errors) program timed out.
FAIL: libphobos.phobos/std/array.d (test for excess errors)
UNRESOLVED: libphobos.phobos/std/array.d compilation failed to produce executable
WARNING: libphobos.phobos/std/array.d (test for excess errors) program timed out.
FAIL: libphobos.phobos/std/array.d (test for excess errors)
UNRESOLVED: libphobos.phobos/std/array.d compilation failed to produce executable
FAIL: libphobos.phobos/std/concurrency.d execution test
FAIL: libphobos.phobos/std/concurrency.d execution test
WARNING: libphobos.phobos/std/conv.d (test for excess errors) program timed out.
FAIL: libphobos.phobos/std/conv.d (test for excess errors)
UNRESOLVED: libphobos.phobos/std/conv.d compilation failed to produce executable
WARNING: libphobos.phobos/std/conv.d (test for excess errors) program timed out.
FAIL: libphobos.phobos/std/conv.d (test for excess errors)
UNRESOLVED: libphobos.phobos/std/conv.d compilation failed to produce executable
WARNING: libphobos.phobos/std/datetime/date.d (test for excess errors) program timed out.
FAIL: libphobos.phobos/std/datetime/date.d (test for excess errors)
UNRESOLVED: libphobos.phobos/std/datetime/date.d compilation failed to produce executable
WARNING: libphobos.phobos/std/datetime/date.d (test for excess errors) program timed out.
FAIL: libphobos.phobos/std/datetime/date.d (test for excess errors)
UNRESOLVED: libphobos.phobos/std/datetime/date.d compilation failed to produce executable
WARNING: libphobos.phobos/std/datetime/systime.d (test for excess errors) program timed out.
FAIL: libphobos.phobos/std/datetime/systime.d (test for excess errors)
UNRESOLVED: libphobos.phobos/std/datetime/systime.d compilation failed to produce executable
WARNING: libphobos.phobos/std/datetime/systime.d (test for excess errors) program timed out.
FAIL: libphobos.phobos/std/datetime/systime.d (test for excess errors)
UNRESOLVED: libphobos.phobos/std/datetime/systime.d compilation failed to produce executable
FAIL: libphobos.phobos/std/internal/math/errorfunction.d execution test
FAIL: libphobos.phobos/std/internal/math/errorfunction.d execution test
FAIL: libphobos.phobos/std/internal/math/gammafunction.d execution test
FAIL: libphobos.phobos/std/internal/math/gammafunction.d execution test
FAIL: libphobos.phobos/std/math.d execution test
FAIL: libphobos.phobos/std/math.d execution test
FAIL: libphobos.phobos/std/mathspecial.d execution test
FAIL: libphobos.phobos/std/mathspecial.d execution test
FAIL: libphobos.phobos/std/parallelism.d execution test
FAIL: libphobos.phobos/std/parallelism.d execution test
FAIL: libphobos.phobos/std/process.d execution test
FAIL: libphobos.phobos/std/process.d execution test
WARNING: libphobos.phobos/std/range/package.d (test for excess errors) program timed out.
FAIL: libphobos.phobos/std/range/package.d (test for excess errors)
UNRESOLVED: libphobos.phobos/std/range/package.d compilation failed to produce executable
WARNING: libphobos.phobos/std/range/package.d (test for excess errors) program timed out.
FAIL: libphobos.phobos/std/range/package.d (test for excess errors)
UNRESOLVED: libphobos.phobos/std/range/package.d compilation failed to produce executable
WARNING: libphobos.phobos/std/regex/internal/tests.d (test for excess errors) program timed out.
FAIL: libphobos.phobos/std/regex/internal/tests.d (test for excess errors)
UNRESOLVED: libphobos.phobos/std/regex/internal/tests.d compilation failed to produce executable
WARNING: libphobos.phobos/std/regex/internal/tests.d (test for excess errors) program timed out.
FAIL: libphobos.phobos/std/regex/internal/tests.d (test for excess errors)
UNRESOLVED: libphobos.phobos/std/regex/internal/tests.d compilation failed to produce executable
WARNING: libphobos.phobos/std/regex/internal/tests2.d (test for excess errors) program timed out.
FAIL: libphobos.phobos/std/regex/internal/tests2.d (test for excess errors)
UNRESOLVED: libphobos.phobos/std/regex/internal/tests2.d compilation failed to produce executable
WARNING: libphobos.phobos/std/regex/internal/tests2.d (test for excess errors) program timed out.
FAIL: libphobos.phobos/std/regex/internal/tests2.d (test for excess errors)
UNRESOLVED: libphobos.phobos/std/regex/internal/tests2.d compilation failed to produce executable
WARNING: libphobos.phobos/std/regex/package.d (test for excess errors) program timed out.
FAIL: libphobos.phobos/std/regex/package.d (test for excess errors)
UNRESOLVED: libphobos.phobos/std/regex/package.d compilation failed to produce executable
WARNING: libphobos.phobos/std/regex/package.d (test for excess errors) program timed out.
FAIL: libphobos.phobos/std/regex/package.d (test for excess errors)
UNRESOLVED: libphobos.phobos/std/regex/package.d compilation failed to produce executable
FAIL: libphobos.phobos/std/socket.d execution test
FAIL: libphobos.phobos/std/socket.d execution test
FAIL: libphobos.phobos/std/stdio.d execution test
FAIL: libphobos.phobos/std/stdio.d execution test
WARNING: libphobos.phobos/std/string.d (test for excess errors) program timed out.
FAIL: libphobos.phobos/std/string.d (test for excess errors)
UNRESOLVED: libphobos.phobos/std/string.d compilation failed to produce executable
WARNING: libphobos.phobos/std/string.d (test for excess errors) program timed out.
FAIL: libphobos.phobos/std/string.d (test for excess errors)
UNRESOLVED: libphobos.phobos/std/string.d compilation failed to produce executable
WARNING: libphobos.phobos/std/uni.d (test for excess errors) program timed out.
FAIL: libphobos.phobos/std/uni.d (test for excess errors)
UNRESOLVED: libphobos.phobos/std/uni.d compilation failed to produce executable
WARNING: libphobos.phobos/std/uni.d (test for excess errors) program timed out.
FAIL: libphobos.phobos/std/uni.d (test for excess errors)
UNRESOLVED: libphobos.phobos/std/uni.d compilation failed to produce executable
WARNING: libphobos.phobos_shared/std/algorithm/searching.d (test for excess errors) program timed out.
FAIL: libphobos.phobos_shared/std/algorithm/searching.d (test for excess errors)
UNRESOLVED: libphobos.phobos_shared/std/algorithm/searching.d compilation failed to produce executable
WARNING: libphobos.phobos_shared/std/algorithm/searching.d (test for excess errors) program timed out.
FAIL: libphobos.phobos_shared/std/algorithm/searching.d (test for excess errors)
UNRESOLVED: libphobos.phobos_shared/std/algorithm/searching.d compilation failed to produce executable
WARNING: libphobos.phobos_shared/std/array.d (test for excess errors) program timed out.
FAIL: libphobos.phobos_shared/std/array.d (test for excess errors)
UNRESOLVED: libphobos.phobos_shared/std/array.d compilation failed to produce executable
WARNING: libphobos.phobos_shared/std/array.d (test for excess errors) program timed out.
FAIL: libphobos.phobos_shared/std/array.d (test for excess errors)
UNRESOLVED: libphobos.phobos_shared/std/array.d compilation failed to produce executable
FAIL: libphobos.phobos_shared/std/concurrency.d execution test
FAIL: libphobos.phobos_shared/std/concurrency.d execution test
WARNING: libphobos.phobos_shared/std/conv.d (test for excess errors) program timed out.
FAIL: libphobos.phobos_shared/std/conv.d (test for excess errors)
UNRESOLVED: libphobos.phobos_shared/std/conv.d compilation failed to produce executable
WARNING: libphobos.phobos_shared/std/conv.d (test for excess errors) program timed out.
FAIL: libphobos.phobos_shared/std/conv.d (test for excess errors)
UNRESOLVED: libphobos.phobos_shared/std/conv.d compilation failed to produce executable
WARNING: libphobos.phobos_shared/std/datetime/date.d (test for excess errors) program timed out.
FAIL: libphobos.phobos_shared/std/datetime/date.d (test for excess errors)
UNRESOLVED: libphobos.phobos_shared/std/datetime/date.d compilation failed to produce executable
WARNING: libphobos.phobos_shared/std/datetime/date.d (test for excess errors) program timed out.
FAIL: libphobos.phobos_shared/std/datetime/date.d (test for excess errors)
UNRESOLVED: libphobos.phobos_shared/std/datetime/date.d compilation failed to produce executable
WARNING: libphobos.phobos_shared/std/datetime/systime.d (test for excess errors) program timed out.
FAIL: libphobos.phobos_shared/std/datetime/systime.d (test for excess errors)
UNRESOLVED: libphobos.phobos_shared/std/datetime/systime.d compilation failed to produce executable
WARNING: libphobos.phobos_shared/std/datetime/systime.d (test for excess errors) program timed out.
FAIL: libphobos.phobos_shared/std/datetime/systime.d (test for excess errors)
UNRESOLVED: libphobos.phobos_shared/std/datetime/systime.d compilation failed to produce executable
FAIL: libphobos.phobos_shared/std/internal/math/errorfunction.d execution test
FAIL: libphobos.phobos_shared/std/internal/math/errorfunction.d execution test
FAIL: libphobos.phobos_shared/std/internal/math/gammafunction.d execution test
FAIL: libphobos.phobos_shared/std/internal/math/gammafunction.d execution test
FAIL: libphobos.phobos_shared/std/math.d execution test
FAIL: libphobos.phobos_shared/std/math.d execution test
FAIL: libphobos.phobos_shared/std/mathspecial.d execution test
FAIL: libphobos.phobos_shared/std/mathspecial.d execution test
FAIL: libphobos.phobos_shared/std/parallelism.d execution test
FAIL: libphobos.phobos_shared/std/parallelism.d execution test
FAIL: libphobos.phobos_shared/std/process.d execution test
FAIL: libphobos.phobos_shared/std/process.d execution test
WARNING: libphobos.phobos_shared/std/range/package.d (test for excess errors) program timed out.
FAIL: libphobos.phobos_shared/std/range/package.d (test for excess errors)
UNRESOLVED: libphobos.phobos_shared/std/range/package.d compilation failed to produce executable
WARNING: libphobos.phobos_shared/std/range/package.d (test for excess errors) program timed out.
FAIL: libphobos.phobos_shared/std/range/package.d (test for excess errors)
UNRESOLVED: libphobos.phobos_shared/std/range/package.d compilation failed to produce executable
WARNING: libphobos.phobos_shared/std/regex/internal/tests.d (test for excess errors) program timed out.
FAIL: libphobos.phobos_shared/std/regex/internal/tests.d (test for excess errors)
UNRESOLVED: libphobos.phobos_shared/std/regex/internal/tests.d compilation failed to produce executable
WARNING: libphobos.phobos_shared/std/regex/internal/tests.d (test for excess errors) program timed out.
FAIL: libphobos.phobos_shared/std/regex/internal/tests.d (test for excess errors)
UNRESOLVED: libphobos.phobos_shared/std/regex/internal/tests.d compilation failed to produce executable
WARNING: libphobos.phobos_shared/std/regex/internal/tests2.d (test for excess errors) program timed out.
FAIL: libphobos.phobos_shared/std/regex/internal/tests2.d (test for excess errors)
UNRESOLVED: libphobos.phobos_shared/std/regex/internal/tests2.d compilation failed to produce executable
WARNING: libphobos.phobos_shared/std/regex/internal/tests2.d (test for excess errors) program timed out.
FAIL: libphobos.phobos_shared/std/regex/internal/tests2.d (test for excess errors)
UNRESOLVED: libphobos.phobos_shared/std/regex/internal/tests2.d compilation failed to produce executable
WARNING: libphobos.phobos_shared/std/regex/package.d (test for excess errors) program timed out.
FAIL: libphobos.phobos_shared/std/regex/package.d (test for excess errors)
UNRESOLVED: libphobos.phobos_shared/std/regex/package.d compilation failed to produce executable
WARNING: libphobos.phobos_shared/std/regex/package.d (test for excess errors) program timed out.
FAIL: libphobos.phobos_shared/std/regex/package.d (test for excess errors)
UNRESOLVED: libphobos.phobos_shared/std/regex/package.d compilation failed to produce executable
FAIL: libphobos.phobos_shared/std/socket.d execution test
FAIL: libphobos.phobos_shared/std/socket.d execution test
FAIL: libphobos.phobos_shared/std/stdio.d execution test
FAIL: libphobos.phobos_shared/std/stdio.d execution test
WARNING: libphobos.phobos_shared/std/string.d (test for excess errors) program timed out.
FAIL: libphobos.phobos_shared/std/string.d (test for excess errors)
UNRESOLVED: libphobos.phobos_shared/std/string.d compilation failed to produce executable
WARNING: libphobos.phobos_shared/std/string.d (test for excess errors) program timed out.
FAIL: libphobos.phobos_shared/std/string.d (test for excess errors)
UNRESOLVED: libphobos.phobos_shared/std/string.d compilation failed to produce executable
WARNING: libphobos.phobos_shared/std/uni.d (test for excess errors) program timed out.
FAIL: libphobos.phobos_shared/std/uni.d (test for excess errors)
UNRESOLVED: libphobos.phobos_shared/std/uni.d compilation failed to produce executable
WARNING: libphobos.phobos_shared/std/uni.d (test for excess errors) program timed out.
FAIL: libphobos.phobos_shared/std/uni.d (test for excess errors)
UNRESOLVED: libphobos.phobos_shared/std/uni.d compilation failed to produce executable
FAIL: libphobos.shared/host.c -ldl -pthread execution test
FAIL: libphobos.shared/host.c -ldl -pthread execution test
FAIL: libphobos.shared/linkD.c lib.so -ldl -pthread execution test
FAIL: libphobos.shared/linkD.c lib.so -ldl -pthread execution test
FAIL: libphobos.shared/linkDR.c -shared-libphobos -ldl -pthread execution test
FAIL: libphobos.shared/linkDR.c -shared-libphobos -ldl -pthread execution test
FAIL: libphobos.shared/link_linkdep.d -I/build/gcc-snapshot-kcR0Aw/gcc-snapshot-20210717/src/libphobos/testsuite/libphobos.shared liblinkdep.so lib.so -shared-libphobos execution test
FAIL: libphobos.shared/link_linkdep.d -I/build/gcc-snapshot-kcR0Aw/gcc-snapshot-20210717/src/libphobos/testsuite/libphobos.shared liblinkdep.so lib.so -shared-libphobos execution test
FAIL: libphobos.shared/load.d -shared-libphobos -ldl execution test
FAIL: libphobos.shared/load.d -shared-libphobos -ldl execution test
FAIL: libphobos.shared/loadDR.c -ldl -pthread -g execution test
FAIL: libphobos.shared/loadDR.c -ldl -pthread -g execution test
FAIL: libphobos.shared/load_linkdep.d -shared-libphobos -ldl execution test
FAIL: libphobos.shared/load_linkdep.d -shared-libphobos -ldl execution test
FAIL: libphobos.shared/load_loaddep.d -shared-libphobos -ldl execution test
FAIL: libphobos.shared/load_loaddep.d -shared-libphobos -ldl execution test
FAIL: libphobos.thread/tlsgc_sections.d execution test
FAIL: libphobos.thread/tlsgc_sections.d execution test
=== libphobos Summary ===
# of expected passes 708
# of unexpected failures 54
# of unresolved testcases 22
# of unsupported tests 2
=== libstdc++ tests ===
Running target unix
FAIL: libstdc++-abi/abi_check
FAIL: libstdc++-abi/abi_check
FAIL: 22_locale/numpunct/members/char/3.cc execution test
FAIL: 22_locale/numpunct/members/char/3.cc execution test
FAIL: 22_locale/time_get/get_time/char/2.cc execution test
FAIL: 22_locale/time_get/get_time/char/2.cc execution test
FAIL: 22_locale/time_get/get_time/char/wrapped_env.cc execution test
FAIL: 22_locale/time_get/get_time/char/wrapped_env.cc execution test
FAIL: 22_locale/time_get/get_time/char/wrapped_locale.cc execution test
FAIL: 22_locale/time_get/get_time/char/wrapped_locale.cc execution test
FAIL: 22_locale/time_get/get_time/wchar_t/2.cc execution test
FAIL: 22_locale/time_get/get_time/wchar_t/2.cc execution test
FAIL: 22_locale/time_get/get_time/wchar_t/wrapped_env.cc execution test
FAIL: 22_locale/time_get/get_time/wchar_t/wrapped_env.cc execution test
FAIL: 22_locale/time_get/get_time/wchar_t/wrapped_locale.cc execution test
FAIL: 22_locale/time_get/get_time/wchar_t/wrapped_locale.cc execution test
FAIL: 29_atomics/atomic_float/wait_notify.cc (test for excess errors)
UNRESOLVED: 29_atomics/atomic_float/wait_notify.cc compilation failed to produce executable
FAIL: 29_atomics/atomic_float/wait_notify.cc (test for excess errors)
UNRESOLVED: 29_atomics/atomic_float/wait_notify.cc compilation failed to produce executable
FAIL: 29_atomics/atomic_integral/wait_notify.cc (test for excess errors)
UNRESOLVED: 29_atomics/atomic_integral/wait_notify.cc compilation failed to produce executable
FAIL: 29_atomics/atomic_integral/wait_notify.cc (test for excess errors)
UNRESOLVED: 29_atomics/atomic_integral/wait_notify.cc compilation failed to produce executable
FAIL: 30_threads/jthread/95989.cc execution test
FAIL: 30_threads/jthread/95989.cc execution test
=== libstdc++ Summary ===
# of expected passes 15917
# of unexpected failures 12
# of expected failures 95
# of unresolved testcases 3
# of unsupported tests 386
Compiler version: 12.0.0 20210717 (experimental) [master revision 87277b6a044:8f2b7e49da1:704e8a825c78b9a8424c291509413bbb48e602c7] (Debian 20210717-1)
Platform: mipsel-unknown-linux-gnu
configure flags: -v --with-pkgversion='Debian 20210717-1' --with-bugurl=file:///usr/share/doc/gcc-snapshot/README.Bugs --enable-languages=c,ada,c++,go,d,fortran,objc,obj-c++ --prefix=/usr/lib/gcc-snapshot --with-gcc-major-version-only --program-prefix= --enable-shared --enable-linker-build-id --disable-nls --enable-clocale=gnu --enable-libstdcxx-debug --enable-libstdcxx-time=yes --with-default-libstdcxx-abi=new --enable-gnu-unique-object --disable-libitm --disable-libsanitizer --disable-libquadmath --disable-libquadmath-support --enable-plugin --with-system-zlib --enable-libphobos-checking=release --with-target-system-zlib=auto --enable-objc-gc=auto --enable-multiarch --disable-werror --enable-multilib --with-arch-32=mips32r2 --with-fp-32=xx --with-madd4=no --with-lxc1-sxc1=no --enable-targets=all --with-arch-64=mips64r2 --enable-checking=yes --build=mipsel-linux-gnu --host=mipsel-linux-gnu --target=mipsel-linux-gnu
BOOT_CFLAGS=
Build Dependencies:
Desired=Unknown/Install/Remove/Purge/Hold
| Status=Not/Inst/Conf-files/Unpacked/halF-conf/Half-inst/trig-aWait/Trig-pend
|/ Err?=(none)/Reinst-required (Status,Err: uppercase=bad)
||/ Name Version Architecture Description
+++-=========================-==============-============-===============================================================================
ii binutils 2.35.2-2 mipsel GNU assembler, linker and binary utilities
ii binutils-common:mipsel 2.35.2-2 mipsel Common files for the GNU assembler, linker and binary utilities
ii binutils-mipsel-linux-gnu 2.35.2-2 mipsel GNU binary utilities, for mipsel-linux-gnu target
ii g++-10 10.2.1-6 mipsel GNU C++ compiler
ii g++-10-multilib 10.2.1-6 mipsel GNU C++ compiler (multilib support)
ii g++-multilib 4:10.2.1-1 mipsel GNU C++ compiler (multilib files)
ii libc6:mipsel 2.31-13 mipsel GNU C Library: Shared libraries
ii libgmp-dev:mipsel 2:6.2.1+dfsg-1 mipsel Multiprecision arithmetic library developers tools
ii libisl-dev:mipsel 0.23-1 mipsel manipulating sets and relations of integer points bounded by linear constraints
ii libmpc-dev:mipsel 1.2.0-1 mipsel multiple precision complex floating-point library development package
ii libmpfr-dev:mipsel 4.1.0-3 mipsel multiple precision floating-point computation developers tools
sys-auxv-header:
Check for the sys/auxv.h header file.
gdc-dynamic-link-phobos:
Dynamically link the phobos library.
ia64-disable-selective-scheduling:
libstdc++-pythondir:
format-diag:
gcc-verbose-lto-link:
Prefix LLINKER with /usr/bin/time -v
gcc-ice-dump:
For ICEs, dump the preprocessed source file to stderr
when in a distro build environment.
gcc-ice-apport:
Report an ICE to apport (if apport is available
and the environment variable GCC_NOAPPORT is not set)
skip-bootstrap-multilib:
Skip non-default multilib and libstdc++-v3 debug builds in bootstrap builds
libffi-ro-eh_frame_sect:
PR libffi/47248, force a read only eh frame section.
libffi-mips:
Backport Mips go closure support, taken from libffi issue #197.
gcc-multiarch:
- Remaining multiarch patches, not yet submitted upstream.
- Add MULTIARCH_DIRNAME definitions for multilib configurations,
which are used for the non-multilib builds.
config-ml:
- Disable some biarch libraries for biarch builds.
- Fix multilib builds on kernels which don't support all multilibs.
gcc-multilib-multiarch:
Don't auto-detect multilib osdirnames.
gm2:
gm2-bootstrap-compare:
ignore gm2version.o stage diff on some archtectures (m68k, riscv64)
libgomp-kfreebsd-testsuite:
Disable lock-2.c test on kfreebsd-*
go-testsuite:
Skip Go testcase on AArch64 which hangs on the buildds.
Counting all warnings,
there are 0 warnings in stage3 of this bootstrap.
Number of warnings per file:
Number of warning types:
More information about the Gcc-testresults
mailing list