Results for 12.0.0 20210717 (experimental) [remotes/origin/users/ssb/heads/pr91602-drop-in-tree-gas-version-check revision 704e8a825c7:357159fbd55:f915b41157d6cd21808ff7c07cf105c78e6601b4] (GCC) testsuite on powerpc-ibm-aix7.1.5.0
Serge Belyshev
belyshev@depni.sinp.msu.ru
Sun Jul 18 18:34:30 GMT 2021
LAST_UPDATED: Sat Jul 17 09:37:31 UTC 2021 (revision 704e8a825c7:357159fbd55:f915b41157d6cd21808ff7c07cf105c78e6601b4)
Native configuration is powerpc-ibm-aix7.1.5.0
=== g++ tests ===
Running target unix
FAIL: g++.dg/compat/eh/new1 cp_compat_x_tst.o-cp_compat_y_tst.o execute
XPASS: g++.dg/debug/pr56294.C -gdwarf-2 (test for excess errors)
XPASS: g++.dg/debug/pr56294.C -gdwarf-2 -g1 (test for excess errors)
XPASS: g++.dg/debug/pr56294.C -gdwarf-2 -g3 (test for excess errors)
XPASS: g++.dg/debug/pr56294.C -gxcoff (test for excess errors)
XPASS: g++.dg/debug/pr56294.C -gxcoff+ (test for excess errors)
XPASS: g++.dg/debug/pr56294.C -gxcoff+1 (test for excess errors)
XPASS: g++.dg/debug/pr56294.C -gxcoff+3 (test for excess errors)
XPASS: g++.dg/debug/pr56294.C -gxcoff1 (test for excess errors)
XPASS: g++.dg/debug/pr56294.C -gxcoff3 (test for excess errors)
XPASS: g++.dg/debug/pr56819.C -gdwarf-2 (test for excess errors)
XPASS: g++.dg/debug/pr56819.C -gdwarf-2 -g1 (test for excess errors)
XPASS: g++.dg/debug/pr56819.C -gdwarf-2 -g3 (test for excess errors)
XPASS: g++.dg/debug/pr56819.C -gxcoff (test for excess errors)
XPASS: g++.dg/debug/pr56819.C -gxcoff+ (test for excess errors)
XPASS: g++.dg/debug/pr56819.C -gxcoff+1 (test for excess errors)
XPASS: g++.dg/debug/pr56819.C -gxcoff+3 (test for excess errors)
XPASS: g++.dg/debug/pr56819.C -gxcoff1 (test for excess errors)
XPASS: g++.dg/debug/pr56819.C -gxcoff3 (test for excess errors)
XPASS: g++.dg/debug/dwarf2/constexpr-var-1.C scan-assembler-times DW_AT_const_expr 2
XPASS: g++.dg/debug/dwarf2/deleted-member-function.C scan-assembler-times DW_AT_deleted 2
FAIL: g++.dg/cpp2a/nontype-float1.C -std=c++2a (test for excess errors)
XPASS: g++.dg/eh/new1.C -std=c++98 execution test
FAIL: g++.dg/ipa/pr82352.C -std=gnu++14 (test for excess errors)
FAIL: g++.dg/ipa/pr82352.C -std=gnu++17 (test for excess errors)
FAIL: g++.dg/ipa/pr82352.C -std=gnu++2a (test for excess errors)
FAIL: g++.dg/ipa/pr82352.C -std=gnu++98 (test for excess errors)
FAIL: g++.dg/opt/pr15551.C -std=gnu++14 execution test
FAIL: g++.dg/opt/pr15551.C -std=gnu++17 execution test
FAIL: g++.dg/opt/pr15551.C -std=gnu++2a execution test
FAIL: g++.dg/opt/pr15551.C -std=gnu++98 execution test
XPASS: g++.dg/template/linkage1.C -std=c++98 scan-assembler-not (weak|glob)[^\\n]*_Z3fooIXadL_ZL11static_funcvEEEvv
FAIL: g++.dg/modules/bad-mapper-3.C -std=c++17 (test for errors, line )
FAIL: g++.dg/modules/bad-mapper-3.C -std=c++17 (test for excess errors)
FAIL: g++.dg/modules/bad-mapper-3.C -std=c++2a (test for errors, line )
FAIL: g++.dg/modules/bad-mapper-3.C -std=c++2a (test for excess errors)
FAIL: g++.dg/modules/bad-mapper-3.C -std=c++2b (test for errors, line )
FAIL: g++.dg/modules/bad-mapper-3.C -std=c++2b (test for excess errors)
FAIL: g++.dg/modules/sym-subst-3_a.C scan-assembler .globa?l[ \\\\t]*_?S\\\\n
XPASS: g++.dg/tls/thread_local1.C -std=c++14 scan-assembler-not .comm
XPASS: g++.dg/tls/thread_local1.C -std=c++17 scan-assembler-not .comm
XPASS: g++.dg/tls/thread_local1.C -std=c++2a scan-assembler-not .comm
XPASS: g++.dg/torture/pr101373.C -O0 execution test
XPASS: g++.dg/torture/pr101373.C -O1 execution test
XPASS: g++.dg/torture/pr101373.C -O2 execution test
XPASS: g++.dg/torture/pr101373.C -O3 -g execution test
XPASS: g++.dg/torture/pr101373.C -Os execution test
XPASS: g++.dg/vect/slp-pr87105.cc -std=c++14 scan-tree-dump slp2 "vect_[^\\rm]* = MIN"
XPASS: g++.dg/vect/slp-pr87105.cc -std=c++17 scan-tree-dump slp2 "vect_[^\\rm]* = MIN"
XPASS: g++.dg/vect/slp-pr87105.cc -std=c++2a scan-tree-dump slp2 "vect_[^\\rm]* = MIN"
XPASS: g++.old-deja/g++.eh/new2.C -std=gnu++98 execution test
XPASS: g++.old-deja/g++.mike/p755a.C -std=c++98 execution test
=== g++ Summary ===
# of expected passes 197248
# of unexpected failures 17
# of unexpected successes 35
# of expected failures 1643
# of unsupported tests 9709
/home/ssb/a/gcc/xg++ version 12.0.0 20210717 (experimental) [remotes/origin/users/ssb/heads/pr91602-drop-in-tree-gas-version-check revision 704e8a825c7:357159fbd55:f915b41157d6cd21808ff7c07cf105c78e6601b4] (GCC)
=== gcc tests ===
Running target unix
FAIL: gcc.dg/analyzer/capacity-1.c (test for excess errors)
FAIL: gcc.dg/analyzer/capacity-3.c (test for excess errors)
FAIL: gcc.dg/analyzer/getchar-1.c (test for excess errors)
FAIL: gcc.dg/analyzer/pr94851-1.c (test for excess errors)
XPASS: gcc.dg/autopar/pr46799.c (test for excess errors)
XPASS: gcc.dg/debug/dwarf2/inline5.c scan-assembler-not \\\\(DIE \\\\(0x([0-9a-f]*)\\\\) DW_TAG_lexical_block\\\\)[^#/!@;\\\\|]*[#/!@;\\\\|]+ +DW_AT.*DW_TAG_lexical_block\\\\)[^#/!@;\\\\|x]*x\\\\1[^#/!@;\\\\|]*[#/!@;\\\\|] +DW_AT_abstract_origin
XPASS: gcc.dg/Wstringop-overflow-68.c pr101475 (test for warnings, line 63)
XPASS: gcc.dg/Wstringop-overflow-68.c pr101475 (test for warnings, line 64)
XPASS: gcc.dg/Wstringop-overflow-68.c pr101475 (test for warnings, line 65)
FAIL: gcc.dg/Wstringop-overflow-69.c (test for excess errors)
FAIL: gcc.dg/asm-names.c scan-assembler-not ____frob14
FAIL: gcc.dg/nextafter-2.c execution test
WARNING: gcc.dg/pr88074.c (test for excess errors) program timed out.
FAIL: gcc.dg/pr88074.c (test for excess errors)
FAIL: gcc.dg/strlenopt-58.c scan-tree-dump-times optimized "call_in_true_branch_not_eliminated" 0
FAIL: c-c++-common/goacc/firstprivate-mappings-1.c scan-tree-dump omplower "(?n)#pragma omp target oacc_parallel map\\\\(from:array_so \\\\[len: 4\\\\]\\\\) firstprivate\\\\(array_li.[0-9]+\\\\) map\\\\(tofrom:\\\\(\\\\*array.[0-9]+\\\\) \\\\[len: D\\\\.[0-9]+\\\\]\\\\) map\\\\(firstprivate:array \\\\[pointer assign, bias: 0\\\\]\\\\) \\\\["
FAIL: gcc.dg/tls/alias-1.c (test for excess errors)
FAIL: gcc.dg/torture/builtin-math-5.c -O0 scan-tree-dump-times original "cexp " 2
FAIL: gcc.dg/torture/builtin-math-5.c -O0 scan-tree-dump-times original "cexpf" 2
FAIL: gcc.dg/torture/builtin-math-5.c -O0 scan-tree-dump-times original "cexpl" 2
FAIL: gcc.dg/torture/builtin-math-5.c -O0 scan-tree-dump-times original "cpow " 18
FAIL: gcc.dg/torture/builtin-math-5.c -O0 scan-tree-dump-times original "cpowf" 18
FAIL: gcc.dg/torture/builtin-math-5.c -O0 scan-tree-dump-times original "cpowl" 18
FAIL: gcc.dg/torture/builtin-math-5.c -O1 scan-tree-dump-times original "cexp " 2
FAIL: gcc.dg/torture/builtin-math-5.c -O1 scan-tree-dump-times original "cexpf" 2
FAIL: gcc.dg/torture/builtin-math-5.c -O1 scan-tree-dump-times original "cexpl" 2
FAIL: gcc.dg/torture/builtin-math-5.c -O1 scan-tree-dump-times original "cpow " 18
FAIL: gcc.dg/torture/builtin-math-5.c -O1 scan-tree-dump-times original "cpowf" 18
FAIL: gcc.dg/torture/builtin-math-5.c -O1 scan-tree-dump-times original "cpowl" 18
FAIL: gcc.dg/torture/builtin-math-5.c -O2 scan-tree-dump-times original "cexp " 2
FAIL: gcc.dg/torture/builtin-math-5.c -O2 scan-tree-dump-times original "cexpf" 2
FAIL: gcc.dg/torture/builtin-math-5.c -O2 scan-tree-dump-times original "cexpl" 2
FAIL: gcc.dg/torture/builtin-math-5.c -O2 scan-tree-dump-times original "cpow " 18
FAIL: gcc.dg/torture/builtin-math-5.c -O2 scan-tree-dump-times original "cpowf" 18
FAIL: gcc.dg/torture/builtin-math-5.c -O2 scan-tree-dump-times original "cpowl" 18
FAIL: gcc.dg/torture/builtin-math-5.c -O3 -fomit-frame-pointer -funroll-loops -fpeel-loops -ftracer -finline-functions scan-tree-dump-times original "cexp " 2
FAIL: gcc.dg/torture/builtin-math-5.c -O3 -fomit-frame-pointer -funroll-loops -fpeel-loops -ftracer -finline-functions scan-tree-dump-times original "cexpf" 2
FAIL: gcc.dg/torture/builtin-math-5.c -O3 -fomit-frame-pointer -funroll-loops -fpeel-loops -ftracer -finline-functions scan-tree-dump-times original "cexpl" 2
FAIL: gcc.dg/torture/builtin-math-5.c -O3 -fomit-frame-pointer -funroll-loops -fpeel-loops -ftracer -finline-functions scan-tree-dump-times original "cpow " 18
FAIL: gcc.dg/torture/builtin-math-5.c -O3 -fomit-frame-pointer -funroll-loops -fpeel-loops -ftracer -finline-functions scan-tree-dump-times original "cpowf" 18
FAIL: gcc.dg/torture/builtin-math-5.c -O3 -fomit-frame-pointer -funroll-loops -fpeel-loops -ftracer -finline-functions scan-tree-dump-times original "cpowl" 18
FAIL: gcc.dg/torture/builtin-math-5.c -O3 -g scan-tree-dump-times original "cexp " 2
FAIL: gcc.dg/torture/builtin-math-5.c -O3 -g scan-tree-dump-times original "cexpf" 2
FAIL: gcc.dg/torture/builtin-math-5.c -O3 -g scan-tree-dump-times original "cexpl" 2
FAIL: gcc.dg/torture/builtin-math-5.c -O3 -g scan-tree-dump-times original "cpow " 18
FAIL: gcc.dg/torture/builtin-math-5.c -O3 -g scan-tree-dump-times original "cpowf" 18
FAIL: gcc.dg/torture/builtin-math-5.c -O3 -g scan-tree-dump-times original "cpowl" 18
FAIL: gcc.dg/torture/builtin-math-5.c -Os scan-tree-dump-times original "cexp " 2
FAIL: gcc.dg/torture/builtin-math-5.c -Os scan-tree-dump-times original "cexpf" 2
FAIL: gcc.dg/torture/builtin-math-5.c -Os scan-tree-dump-times original "cexpl" 2
FAIL: gcc.dg/torture/builtin-math-5.c -Os scan-tree-dump-times original "cpow " 18
FAIL: gcc.dg/torture/builtin-math-5.c -Os scan-tree-dump-times original "cpowf" 18
FAIL: gcc.dg/torture/builtin-math-5.c -Os scan-tree-dump-times original "cpowl" 18
XPASS: gcc.dg/torture/pr59166.c -O0 (test for excess errors)
XPASS: gcc.dg/torture/pr59166.c -O1 (test for excess errors)
XPASS: gcc.dg/torture/pr59166.c -O2 (test for excess errors)
XPASS: gcc.dg/torture/pr59166.c -O3 -fomit-frame-pointer -funroll-loops -fpeel-loops -ftracer -finline-functions (test for excess errors)
XPASS: gcc.dg/torture/pr59166.c -Os (test for excess errors)
FAIL: gcc.dg/tree-prof/time-profiler-2.c scan-ipa-dump-times profile "Read tp_first_run: 0" 2
FAIL: gcc.dg/tree-prof/time-profiler-2.c scan-ipa-dump-times profile "Read tp_first_run: 2" 1
FAIL: gcc.dg/tree-prof/time-profiler-2.c scan-ipa-dump-times profile "Read tp_first_run: 3" 1
XPASS: gcc.dg/tree-ssa/cunroll-15.c scan-tree-dump optimized "return 1;"
FAIL: gcc.dg/vect/costmodel/ppc/costmodel-vect-31a.c scan-tree-dump-times vect "not vectorized: unsupported unaligned store" 1
FAIL: gcc.dg/vect/costmodel/ppc/costmodel-vect-76b.c scan-tree-dump-times vect "vectorization not profitable" 1
FAIL: gcc.dg/vect/costmodel/ppc/costmodel-vect-76b.c scan-tree-dump-times vect "vectorized 1 loops" 0
FAIL: gcc.dg/vect/bb-slp-pr65935.c scan-tree-dump-times slp1 "optimized: basic block" 10
FAIL: gcc.dg/vect/bb-slp-pr98137.c scan-tree-dump slp1 "optimized: basic block"
FAIL: gcc.dg/vect/no-tree-sra-bb-slp-pr50730.c scan-tree-dump-times slp2 "optimized: basic block" 1
FAIL: gcc.dg/vect/no-vfa-vect-depend-2.c scan-tree-dump-times vect "vectorized 1 loops" 1
FAIL: gcc.dg/vect/no-vfa-vect-depend-3.c scan-tree-dump-times vect "vectorized 1 loops" 4
FAIL: gcc.dg/vect/pr25413.c scan-tree-dump-times vect "not vectorized: unsupported unaligned store" 1
FAIL: gcc.dg/vect/pr62171.c scan-tree-dump-not vect "versioned"
FAIL: gcc.dg/vect/section-anchors-vect-69.c scan-tree-dump-times vect "vectorized 4 loops" 1
FAIL: gcc.dg/vect/slp-21.c scan-tree-dump-times vect "vectorizing stmts using SLP" 2
FAIL: gcc.dg/vect/slp-46.c scan-tree-dump-times vect "vectorizing stmts using SLP" 2
FAIL: gcc.dg/vect/slp-48.c scan-tree-dump-times vect "vectorizing stmts using SLP" 2
FAIL: gcc.dg/vect/vect-31.c scan-tree-dump-times vect "vectorized 4 loops" 1
FAIL: gcc.dg/vect/vect-44.c scan-tree-dump-times vect "Vectorizing an unaligned access" 3
FAIL: gcc.dg/vect/vect-50.c scan-tree-dump-times vect "Vectorizing an unaligned access" 3
FAIL: gcc.dg/vect/vect-93.c scan-tree-dump-times vect "vectorized 2 loops" 2
FAIL: gcc.dg/vect/vect-cond-reduc-4.c scan-tree-dump-times vect "LOOP VECTORIZED" 2
FAIL: gcc.dg/vect/vect-cost-model-1.c scan-tree-dump vect "LOOP VECTORIZED"
FAIL: gcc.dg/vect/vect-cost-model-3.c scan-tree-dump vect "LOOP VECTORIZED"
FAIL: gcc.dg/vect/vect-cost-model-5.c scan-tree-dump vect "LOOP VECTORIZED"
FAIL: gcc.dg/vect/vect-outer-call-1.c scan-tree-dump vect "OUTER LOOP VECTORIZED"
FAIL: gcc.dg/vect/vect-simd-20.c execution test
FAIL: gcc.dg/vect/vect-strided-a-u8-i2-gap.c scan-tree-dump-times vect "vectorized 1 loops" 1
FAIL: gcc.misc-tests/gcov-pr86536.c gcov: 2 failures in line counts, 0 in branch percentages, 1 in return percentages, 0 in intermediate format
FAIL: gcc.misc-tests/gcov-pr86536.c line 19: expected return percentages not found: 200
FAIL: gcc.misc-tests/gcov-pr86536.c line 21: is 1:should be 2
FAIL: gcc.misc-tests/gcov-pr86536.c line 22: is 1:should be 2
UNRESOLVED: gcc.target/powerpc/dfmode_off.c object-size text == 320
UNRESOLVED: gcc.target/powerpc/dimode_off.c object-size text <= 640
FAIL: gcc.target/powerpc/fold-vec-insert-double.c scan-assembler-times \\\\mlxvd2x\\\\M|\\\\mlxv\\\\M|\\\\mlvx\\\\M 1
FAIL: gcc.target/powerpc/fold-vec-insert-double.c scan-assembler-times \\\\mstfdx\\\\M|\\\\mstfd\\\\M 1
FAIL: gcc.target/powerpc/fold-vec-insert-double.c scan-assembler-times \\\\mstxvd2x\\\\M|\\\\mstxv\\\\M|\\\\mstvx\\\\M 1
FAIL: gcc.target/powerpc/pr93658.c (test for excess errors)
FAIL: gcc.target/powerpc/stack-limit.c (internal compiler error)
FAIL: gcc.target/powerpc/stack-limit.c (test for excess errors)
XPASS: gcc.target/powerpc/vsx-vectorize-4.c scan-tree-dump-times vect "Alignment of access forced using peeling" 0
XPASS: gcc.target/powerpc/vsx-vectorize-6.c scan-tree-dump-times vect "Alignment of access forced using peeling" 0
=== gcc Summary ===
# of expected passes 111054
# of unexpected failures 85
# of unexpected successes 13
# of expected failures 865
# of unresolved testcases 2
# of unsupported tests 3519
/home/ssb/a/gcc/xgcc version 12.0.0 20210717 (experimental) [remotes/origin/users/ssb/heads/pr91602-drop-in-tree-gas-version-check revision 704e8a825c7:357159fbd55:f915b41157d6cd21808ff7c07cf105c78e6601b4] (GCC)
=== gfortran tests ===
Running target unix
FAIL: gfortran.dg/vect/fast-math-mgrid-resid.f -O scan-tree-dump pcom "vectp_u.*__lsm.* = PHI <.*vectp_u.*__lsm"
FAIL: gfortran.dg/vect/pr32380.f -O scan-tree-dump-times vect "vectorized 1 loops" 1
FAIL: gfortran.dg/vect/pr52580.f -O scan-tree-dump-times vect "LOOP VECTORIZED" 1
FAIL: gfortran.dg/vect/pr62283-2.f -O scan-tree-dump slp2 "optimized: basic block"
FAIL: gfortran.dg/vect/pr81303.f -O scan-tree-dump vect "vectorized 1 loops in function"
FAIL: gfortran.dg/vect/vect-8.f90 -O scan-tree-dump-times vect "vectorized 2[23] loops" 1
FAIL: gfortran.dg/vect/vect-gems.f90 -O scan-tree-dump-times vect "vectorized 1 loops" 1
=== gfortran Summary ===
# of expected passes 56395
# of unexpected failures 7
# of expected failures 246
# of unsupported tests 470
/home/ssb/a/gcc/gfortran version 12.0.0 20210717 (experimental) [remotes/origin/users/ssb/heads/pr91602-drop-in-tree-gas-version-check revision 704e8a825c7:357159fbd55:f915b41157d6cd21808ff7c07cf105c78e6601b4] (GCC)
=== objc tests ===
Running target unix
FAIL: objc.dg/encode-7.m -fgnu-runtime execution test
FAIL: objc.dg/encode-8.m -fgnu-runtime execution test
FAIL: objc.dg-struct-layout-encoding-1/t001_main.m execution test
FAIL: objc.dg-struct-layout-encoding-1/t005_main.m execution test
FAIL: objc.dg-struct-layout-encoding-1/t009_main.m execution test
FAIL: objc.dg-struct-layout-encoding-1/t010_main.m execution test
FAIL: objc.dg-struct-layout-encoding-1/t013_main.m execution test
FAIL: objc.dg-struct-layout-encoding-1/t014_main.m execution test
FAIL: objc.dg-struct-layout-encoding-1/t016_main.m execution test
FAIL: objc.dg-struct-layout-encoding-1/t017_main.m execution test
FAIL: objc.dg-struct-layout-encoding-1/t018_main.m execution test
FAIL: objc.dg-struct-layout-encoding-1/t019_main.m execution test
FAIL: objc.dg-struct-layout-encoding-1/t020_main.m execution test
FAIL: objc.dg-struct-layout-encoding-1/t021_main.m execution test
FAIL: objc.dg-struct-layout-encoding-1/t023_main.m execution test
FAIL: objc.dg-struct-layout-encoding-1/t024_main.m execution test
FAIL: objc.dg-struct-layout-encoding-1/t025_main.m execution test
FAIL: objc.dg-struct-layout-encoding-1/t026_main.m execution test
FAIL: objc.dg-struct-layout-encoding-1/t027_main.m execution test
FAIL: objc.dg-struct-layout-encoding-1/t028_main.m execution test
FAIL: objc.dg-struct-layout-encoding-1/t029_main.m execution test
FAIL: objc.dg-struct-layout-encoding-1/t030_main.m execution test
FAIL: objc.dg-struct-layout-encoding-1/t031_main.m execution test
FAIL: objc/execute/bf-1.m execution, -O0 -fgnu-runtime
FAIL: objc/execute/bf-1.m execution, -O1 -fgnu-runtime
FAIL: objc/execute/bf-1.m execution, -O2 -fgnu-runtime
FAIL: objc/execute/bf-1.m execution, -O3 -g -fgnu-runtime
FAIL: objc/execute/bf-1.m execution, -Os -fgnu-runtime
FAIL: objc/execute/bf-10.m execution, -O0 -fgnu-runtime
FAIL: objc/execute/bf-10.m execution, -O1 -fgnu-runtime
FAIL: objc/execute/bf-10.m execution, -O2 -fgnu-runtime
FAIL: objc/execute/bf-10.m execution, -O3 -g -fgnu-runtime
FAIL: objc/execute/bf-10.m execution, -Os -fgnu-runtime
FAIL: objc/execute/bf-11.m execution, -O0 -fgnu-runtime
FAIL: objc/execute/bf-11.m execution, -O1 -fgnu-runtime
FAIL: objc/execute/bf-11.m execution, -O2 -fgnu-runtime
FAIL: objc/execute/bf-11.m execution, -O3 -g -fgnu-runtime
FAIL: objc/execute/bf-11.m execution, -Os -fgnu-runtime
FAIL: objc/execute/bf-12.m execution, -O0 -fgnu-runtime
FAIL: objc/execute/bf-12.m execution, -O1 -fgnu-runtime
FAIL: objc/execute/bf-12.m execution, -O2 -fgnu-runtime
FAIL: objc/execute/bf-12.m execution, -O3 -g -fgnu-runtime
FAIL: objc/execute/bf-12.m execution, -Os -fgnu-runtime
FAIL: objc/execute/bf-13.m execution, -O0 -fgnu-runtime
FAIL: objc/execute/bf-13.m execution, -O1 -fgnu-runtime
FAIL: objc/execute/bf-13.m execution, -O2 -fgnu-runtime
FAIL: objc/execute/bf-13.m execution, -O3 -g -fgnu-runtime
FAIL: objc/execute/bf-13.m execution, -Os -fgnu-runtime
FAIL: objc/execute/bf-14.m execution, -O0 -fgnu-runtime
FAIL: objc/execute/bf-14.m execution, -O1 -fgnu-runtime
FAIL: objc/execute/bf-14.m execution, -O2 -fgnu-runtime
FAIL: objc/execute/bf-14.m execution, -O3 -g -fgnu-runtime
FAIL: objc/execute/bf-14.m execution, -Os -fgnu-runtime
FAIL: objc/execute/bf-15.m execution, -O0 -fgnu-runtime
FAIL: objc/execute/bf-15.m execution, -O1 -fgnu-runtime
FAIL: objc/execute/bf-15.m execution, -O2 -fgnu-runtime
FAIL: objc/execute/bf-15.m execution, -O3 -g -fgnu-runtime
FAIL: objc/execute/bf-15.m execution, -Os -fgnu-runtime
FAIL: objc/execute/bf-16.m execution, -O0 -fgnu-runtime
FAIL: objc/execute/bf-16.m execution, -O1 -fgnu-runtime
FAIL: objc/execute/bf-16.m execution, -O2 -fgnu-runtime
FAIL: objc/execute/bf-16.m execution, -O3 -g -fgnu-runtime
FAIL: objc/execute/bf-16.m execution, -Os -fgnu-runtime
FAIL: objc/execute/bf-17.m execution, -O0 -fgnu-runtime
FAIL: objc/execute/bf-17.m execution, -O1 -fgnu-runtime
FAIL: objc/execute/bf-17.m execution, -O2 -fgnu-runtime
FAIL: objc/execute/bf-17.m execution, -O3 -g -fgnu-runtime
FAIL: objc/execute/bf-17.m execution, -Os -fgnu-runtime
FAIL: objc/execute/bf-18.m execution, -O0 -fgnu-runtime
FAIL: objc/execute/bf-18.m execution, -O1 -fgnu-runtime
FAIL: objc/execute/bf-18.m execution, -O2 -fgnu-runtime
FAIL: objc/execute/bf-18.m execution, -O3 -g -fgnu-runtime
FAIL: objc/execute/bf-18.m execution, -Os -fgnu-runtime
FAIL: objc/execute/bf-19.m execution, -O0 -fgnu-runtime
FAIL: objc/execute/bf-19.m execution, -O1 -fgnu-runtime
FAIL: objc/execute/bf-19.m execution, -O2 -fgnu-runtime
FAIL: objc/execute/bf-19.m execution, -O3 -g -fgnu-runtime
FAIL: objc/execute/bf-19.m execution, -Os -fgnu-runtime
FAIL: objc/execute/bf-2.m execution, -O0 -fgnu-runtime
FAIL: objc/execute/bf-2.m execution, -O1 -fgnu-runtime
FAIL: objc/execute/bf-2.m execution, -O2 -fgnu-runtime
FAIL: objc/execute/bf-2.m execution, -O3 -g -fgnu-runtime
FAIL: objc/execute/bf-2.m execution, -Os -fgnu-runtime
FAIL: objc/execute/bf-20.m execution, -O0 -fgnu-runtime
FAIL: objc/execute/bf-20.m execution, -O1 -fgnu-runtime
FAIL: objc/execute/bf-20.m execution, -O2 -fgnu-runtime
FAIL: objc/execute/bf-20.m execution, -O3 -g -fgnu-runtime
FAIL: objc/execute/bf-20.m execution, -Os -fgnu-runtime
FAIL: objc/execute/bf-21.m execution, -O0 -fgnu-runtime
FAIL: objc/execute/bf-21.m execution, -O1 -fgnu-runtime
FAIL: objc/execute/bf-21.m execution, -O2 -fgnu-runtime
FAIL: objc/execute/bf-21.m execution, -O3 -g -fgnu-runtime
FAIL: objc/execute/bf-21.m execution, -Os -fgnu-runtime
FAIL: objc/execute/bf-3.m execution, -O0 -fgnu-runtime
FAIL: objc/execute/bf-3.m execution, -O1 -fgnu-runtime
FAIL: objc/execute/bf-3.m execution, -O2 -fgnu-runtime
FAIL: objc/execute/bf-3.m execution, -O3 -g -fgnu-runtime
FAIL: objc/execute/bf-3.m execution, -Os -fgnu-runtime
FAIL: objc/execute/bf-4.m execution, -O0 -fgnu-runtime
FAIL: objc/execute/bf-4.m execution, -O1 -fgnu-runtime
FAIL: objc/execute/bf-4.m execution, -O2 -fgnu-runtime
FAIL: objc/execute/bf-4.m execution, -O3 -g -fgnu-runtime
FAIL: objc/execute/bf-4.m execution, -Os -fgnu-runtime
FAIL: objc/execute/bf-5.m execution, -O0 -fgnu-runtime
FAIL: objc/execute/bf-5.m execution, -O1 -fgnu-runtime
FAIL: objc/execute/bf-5.m execution, -O2 -fgnu-runtime
FAIL: objc/execute/bf-5.m execution, -O3 -g -fgnu-runtime
FAIL: objc/execute/bf-5.m execution, -Os -fgnu-runtime
FAIL: objc/execute/bf-6.m execution, -O0 -fgnu-runtime
FAIL: objc/execute/bf-6.m execution, -O1 -fgnu-runtime
FAIL: objc/execute/bf-6.m execution, -O2 -fgnu-runtime
FAIL: objc/execute/bf-6.m execution, -O3 -g -fgnu-runtime
FAIL: objc/execute/bf-6.m execution, -Os -fgnu-runtime
FAIL: objc/execute/bf-7.m execution, -O0 -fgnu-runtime
FAIL: objc/execute/bf-7.m execution, -O1 -fgnu-runtime
FAIL: objc/execute/bf-7.m execution, -O2 -fgnu-runtime
FAIL: objc/execute/bf-7.m execution, -O3 -g -fgnu-runtime
FAIL: objc/execute/bf-7.m execution, -Os -fgnu-runtime
FAIL: objc/execute/bf-8.m execution, -O0 -fgnu-runtime
FAIL: objc/execute/bf-8.m execution, -O1 -fgnu-runtime
FAIL: objc/execute/bf-8.m execution, -O2 -fgnu-runtime
FAIL: objc/execute/bf-8.m execution, -O3 -g -fgnu-runtime
FAIL: objc/execute/bf-8.m execution, -Os -fgnu-runtime
FAIL: objc/execute/bf-9.m execution, -O0 -fgnu-runtime
FAIL: objc/execute/bf-9.m execution, -O1 -fgnu-runtime
FAIL: objc/execute/bf-9.m execution, -O2 -fgnu-runtime
FAIL: objc/execute/bf-9.m execution, -O3 -g -fgnu-runtime
FAIL: objc/execute/bf-9.m execution, -Os -fgnu-runtime
=== objc Summary ===
# of expected passes 2574
# of unexpected failures 128
# of expected failures 10
# of unsupported tests 59
/home/ssb/a/gcc/xgcc version 12.0.0 20210717 (experimental) [remotes/origin/users/ssb/heads/pr91602-drop-in-tree-gas-version-check revision 704e8a825c7:357159fbd55:f915b41157d6cd21808ff7c07cf105c78e6601b4] (GCC)
=== libatomic tests ===
Running target unix
=== libatomic Summary ===
# of expected passes 44
# of unsupported tests 5
=== libgomp tests ===
Running target unix
FAIL: libgomp.fortran/async_io_2.f90 -O execution test
FAIL: libgomp.fortran/async_io_3.f90 -O0 execution test
FAIL: libgomp.fortran/async_io_3.f90 -O1 execution test
FAIL: libgomp.fortran/async_io_3.f90 -O2 execution test
FAIL: libgomp.fortran/async_io_3.f90 -O3 -fomit-frame-pointer -funroll-loops -fpeel-loops -ftracer -finline-functions execution test
FAIL: libgomp.fortran/async_io_3.f90 -O3 -g execution test
FAIL: libgomp.fortran/async_io_3.f90 -Os execution test
FAIL: libgomp.fortran/async_io_9.f90 -O0 execution test
FAIL: libgomp.fortran/async_io_9.f90 -O1 execution test
FAIL: libgomp.fortran/async_io_9.f90 -O2 execution test
FAIL: libgomp.fortran/async_io_9.f90 -O3 -fomit-frame-pointer -funroll-loops -fpeel-loops -ftracer -finline-functions execution test
FAIL: libgomp.fortran/async_io_9.f90 -O3 -g execution test
FAIL: libgomp.fortran/async_io_9.f90 -Os execution test
FAIL: libgomp.fortran/omp_workshare1.f -O execution test
FAIL: libgomp.fortran/omp_workshare2.f -O execution test
FAIL: libgomp.fortran/recursion1.f90 -O0 execution test
FAIL: libgomp.fortran/recursion1.f90 -O1 execution test
FAIL: libgomp.fortran/recursion1.f90 -O2 execution test
FAIL: libgomp.fortran/recursion1.f90 -O3 -fomit-frame-pointer -funroll-loops -fpeel-loops -ftracer -finline-functions execution test
WARNING: program timed out.
FAIL: libgomp.fortran/recursion1.f90 -O3 -g execution test
FAIL: libgomp.fortran/recursion1.f90 -Os execution test
=== libgomp Summary ===
# of expected passes 11310
# of unexpected failures 21
# of expected failures 102
# of unsupported tests 619
=== libstdc++ tests ===
Running target unix
FAIL: 17_intro/headers/c++1998/charset.cc (test for excess errors)
FAIL: 17_intro/headers/c++2011/charset.cc (test for excess errors)
FAIL: 17_intro/headers/c++2014/charset.cc (test for excess errors)
FAIL: 17_intro/headers/c++2017/charset.cc (test for excess errors)
FAIL: 17_intro/headers/c++2020/charset.cc (test for excess errors)
FAIL: 23_containers/unordered_map/96088.cc execution test
FAIL: 23_containers/unordered_multimap/96088.cc execution test
FAIL: 23_containers/unordered_multiset/96088.cc execution test
FAIL: 23_containers/unordered_set/96088.cc execution test
=== libstdc++ Summary ===
# of expected passes 12875
# of unexpected failures 9
# of expected failures 101
# of unsupported tests 905
Compiler version: 12.0.0 20210717 (experimental) [remotes/origin/users/ssb/heads/pr91602-drop-in-tree-gas-version-check revision 704e8a825c7:357159fbd55:f915b41157d6cd21808ff7c07cf105c78e6601b4] (GCC)
Platform: powerpc-ibm-aix7.1.5.0
configure flags: --disable-libstdcxx-pch --with-gmp=/opt/cfarm/gmp-latest --with-mpfr=/opt/cfarm/mpfr-latest --with-mpc=/opt/cfarm/mpc-latest --with-included-gettext
More information about the Gcc-testresults
mailing list