Results for 12.0.0 20210718 (experimental) (GCC) gcc testsuite on moxie-unknown-elf

Anthony Green green@moxielogic.com
Sun Jul 18 11:14:04 GMT 2021


rlgl policy check: rlgl Missing policy

Target is moxie-unknown-elf
Host   is x86_64-pc-linux-gnu

		=== gcc tests ===


Running target moxie-sim
FAIL: gcc.c-torture/compile/asmgoto-2.c   -O0  (test for excess errors)
FAIL: gcc.c-torture/compile/asmgoto-2.c   -O1  (test for excess errors)
FAIL: gcc.c-torture/compile/asmgoto-2.c   -O2  (test for excess errors)
FAIL: gcc.c-torture/compile/asmgoto-2.c   -O2 -flto -fno-use-linker-plugin -flto-partition=none  (test for excess errors)
FAIL: gcc.c-torture/compile/asmgoto-2.c   -O3 -g  (test for excess errors)
FAIL: gcc.c-torture/compile/asmgoto-2.c   -Os  (test for excess errors)
FAIL: gcc.c-torture/compile/asmgoto-5.c   -O0  (test for excess errors)
FAIL: gcc.c-torture/compile/asmgoto-5.c   -O1  (test for excess errors)
FAIL: gcc.c-torture/compile/asmgoto-5.c   -O2  (test for excess errors)
FAIL: gcc.c-torture/compile/asmgoto-5.c   -O2 -flto -fno-use-linker-plugin -flto-partition=none  (test for excess errors)
FAIL: gcc.c-torture/compile/asmgoto-5.c   -O3 -g  (test for excess errors)
FAIL: gcc.c-torture/compile/asmgoto-5.c   -Os  (test for excess errors)
FAIL: gcc.c-torture/compile/pr98096.c   -O0  (test for excess errors)
FAIL: gcc.c-torture/compile/pr98096.c   -O1  (test for excess errors)
FAIL: gcc.c-torture/compile/pr98096.c   -O2  (test for excess errors)
FAIL: gcc.c-torture/compile/pr98096.c   -O2 -flto -fno-use-linker-plugin -flto-partition=none  (test for excess errors)
FAIL: gcc.c-torture/compile/pr98096.c   -O3 -g  (test for excess errors)
FAIL: gcc.c-torture/compile/pr98096.c   -Os  (test for excess errors)
FAIL: gcc.dg/debug/20020220-1.c -gctf (test for excess errors)
FAIL: gcc.dg/debug/20020327-1.c -gctf (test for excess errors)
FAIL: gcc.dg/debug/20050907-1.c -gctf (test for excess errors)
FAIL: gcc.dg/debug/pr29609-1.c -gctf (test for excess errors)
FAIL: gcc.dg/debug/pr29609-2.c -gctf (test for excess errors)
FAIL: gcc.dg/debug/pr36690-1.c -gctf (test for excess errors)
FAIL: gcc.dg/debug/pr36690-2.c -gctf (test for excess errors)
FAIL: gcc.dg/debug/pr36690-3.c -gctf (test for excess errors)
FAIL: gcc.dg/debug/pr37616.c -gctf (test for excess errors)
FAIL: gcc.dg/debug/pr41893-1.c -gctf (test for excess errors)
FAIL: gcc.dg/debug/pr49032.c -gctf (test for excess errors)
FAIL: gcc.dg/debug/pr65771.c -gctf (test for excess errors)
FAIL: gcc.dg/debug/tls-1.c -gctf (test for excess errors)
FAIL: gcc.dg/debug/trivial.c -gctf (test for excess errors)
FAIL: c-c++-common/spec-barrier-1.c  -Wc++-compat  (test for excess errors)
XPASS: gcc.dg/Wstringop-overflow-68.c pr101475 (test for warnings, line 65)
FAIL: gcc.dg/attr-vector_size.c (test for excess errors)
FAIL: gcc.dg/builtin-apply2.c execution test
FAIL: gcc.dg/cleanup-12.c execution test
FAIL: gcc.dg/cleanup-13.c execution test
FAIL: gcc.dg/cleanup-5.c execution test
FAIL: gcc.dg/ifcvt-4.c scan-rtl-dump ce1 "2 true changes made"
FAIL: gcc.dg/loop-8.c scan-rtl-dump-not loop2_invariant "without introducing a new temporary register"
FAIL: gcc.dg/loop-8.c scan-rtl-dump-times loop2_invariant "Decided" 1
FAIL: gcc.dg/pr100590.c (test for excess errors)
FAIL: gcc.dg/pr84877.c execution test
FAIL: gcc.dg/pr97954.c (test for excess errors)
FAIL: gcc.dg/sibcall-10.c execution test
FAIL: gcc.dg/sibcall-9.c execution test
FAIL: gcc.dg/uninit-pr93100.c (test for excess errors)
FAIL: gcc.dg/plugin/must-tail-call-1.c -fplugin=./must_tail_call_plugin.so (test for excess errors)
FAIL: gcc.dg/torture/pr100329.c   -O0  (test for excess errors)
FAIL: gcc.dg/torture/pr100329.c   -O1  (test for excess errors)
FAIL: gcc.dg/torture/pr100329.c   -O2  (test for excess errors)
FAIL: gcc.dg/torture/pr100329.c   -O2 -flto -fno-use-linker-plugin -flto-partition=none  (test for excess errors)
FAIL: gcc.dg/torture/pr100329.c   -O3 -g  (test for excess errors)
FAIL: gcc.dg/torture/pr100329.c   -Os  (test for excess errors)
FAIL: gcc.dg/torture/pr100398.c   -O0  (test for excess errors)
FAIL: gcc.dg/torture/pr100519.c   -O0  (test for excess errors)
FAIL: gcc.dg/torture/pr100519.c   -O1  (test for excess errors)
FAIL: gcc.dg/torture/pr100519.c   -O2  (test for excess errors)
FAIL: gcc.dg/torture/pr100519.c   -O2 -flto -fno-use-linker-plugin -flto-partition=none  (test for excess errors)
FAIL: gcc.dg/torture/pr100519.c   -O3 -g  (test for excess errors)
FAIL: gcc.dg/torture/pr100519.c   -Os  (test for excess errors)
FAIL: gcc.dg/torture/pr37868.c   -O0  execution test
FAIL: gcc.dg/torture/pr95248.c   -O0  execution test
FAIL: gcc.dg/torture/pr95248.c   -O1  execution test
FAIL: gcc.dg/torture/pr95248.c   -O2  execution test
FAIL: gcc.dg/torture/pr95248.c   -O2 -flto -fno-use-linker-plugin -flto-partition=none  execution test
FAIL: gcc.dg/torture/pr95248.c   -O3 -fomit-frame-pointer -funroll-loops -fpeel-loops -ftracer -finline-functions  execution test
FAIL: gcc.dg/torture/pr95248.c   -O3 -g  execution test
FAIL: gcc.dg/torture/pr95248.c   -Os  execution test
FAIL: gcc.dg/torture/stackalign/builtin-apply-2.c   -O0  execution test
FAIL: gcc.dg/torture/stackalign/builtin-apply-2.c   -O0 -fpic execution test
FAIL: gcc.dg/torture/stackalign/builtin-apply-2.c   -O1  execution test
FAIL: gcc.dg/torture/stackalign/builtin-apply-2.c   -O1 -fpic execution test
FAIL: gcc.dg/torture/stackalign/builtin-apply-2.c   -O2  execution test
FAIL: gcc.dg/torture/stackalign/builtin-apply-2.c   -O2 -flto -fno-use-linker-plugin -flto-partition=none  execution test
FAIL: gcc.dg/torture/stackalign/builtin-apply-2.c   -O2 -flto -fno-use-linker-plugin -flto-partition=none -fpic execution test
FAIL: gcc.dg/torture/stackalign/builtin-apply-2.c   -O2 -flto -fuse-linker-plugin -fno-fat-lto-objects  execution test
FAIL: gcc.dg/torture/stackalign/builtin-apply-2.c   -O2 -flto -fuse-linker-plugin -fno-fat-lto-objects -fpic execution test
FAIL: gcc.dg/torture/stackalign/builtin-apply-2.c   -O2 -fpic execution test
FAIL: gcc.dg/torture/stackalign/builtin-apply-2.c   -O3 -g  execution test
FAIL: gcc.dg/torture/stackalign/builtin-apply-2.c   -O3 -g -fpic execution test
FAIL: gcc.dg/torture/stackalign/builtin-apply-2.c   -Os  execution test
FAIL: gcc.dg/torture/stackalign/builtin-apply-2.c   -Os -fpic execution test
FAIL: gcc.dg/tree-ssa/builtin-sprintf.c execution test
FAIL: gcc.dg/tree-ssa/if-to-switch-1.c scan-tree-dump iftoswitch "Condition chain with [^\\n\\r]* BBs transformed into a switch statement."
FAIL: gcc.dg/tree-ssa/if-to-switch-10.c scan-tree-dump iftoswitch "Condition chain with [^\\n\\r]* BBs transformed into a switch statement."
FAIL: gcc.dg/tree-ssa/loop-1.c scan-assembler-times foo 5
FAIL: gcc.dg/tree-ssa/loop-interchange-1.c execution test
FAIL: gcc.dg/tree-ssa/loop-interchange-1b.c execution test
UNRESOLVED: gcc.dg/tree-ssa/pr89430-1.c scan-tree-dump cselim "Conditional store replacement"
UNRESOLVED: gcc.dg/tree-ssa/pr89430-2.c scan-tree-dump cselim "Conditional store replacement"
UNRESOLVED: gcc.dg/tree-ssa/pr89430-3.c scan-tree-dump-not cselim "Conditional store replacement"
UNRESOLVED: gcc.dg/tree-ssa/pr89430-4.c scan-tree-dump-not cselim "Conditional store replacement"
UNRESOLVED: gcc.dg/tree-ssa/pr89430-5.c scan-tree-dump cselim "Conditional store replacement"
UNRESOLVED: gcc.dg/tree-ssa/pr89430-6.c scan-tree-dump cselim "Conditional store replacement"
UNRESOLVED: gcc.dg/tree-ssa/pr89430-7-comp-ref.c scan-tree-dump cselim "Conditional store replacement"
UNRESOLVED: gcc.dg/tree-ssa/pr89430-8-mem-ref-size.c scan-tree-dump cselim "Conditional store replacement"
FAIL: gcc.dg/tree-ssa/pr93121-1.c scan-tree-dump-times optimized "g = -2119529884;" 1
FAIL: gcc.dg/tree-ssa/pr93121-1.c scan-tree-dump-times optimized "h = 709385029;" 1
FAIL: gcc.dg/tree-ssa/pr93121-1.c scan-tree-dump-times optimized "i = -32342;" 1
FAIL: gcc.dg/tree-ssa/pr93121-1.c scan-tree-dump-times optimized "j = -30108;" 1
FAIL: gcc.dg/tree-ssa/pr93121-1.c scan-tree-dump-times optimized "k = 10824;" 1
FAIL: gcc.dg/tree-ssa/pr93121-1.c scan-tree-dump-times optimized "l = 23365;" 1
UNRESOLVED: gcc.dg/tree-ssa/pr99473-1.c scan-tree-dump cselim "Conditional store replacement happened"

		=== gcc Summary ===

# of expected passes		114215
# of unexpected failures	95
# of unexpected successes	1
# of expected failures		611
# of unresolved testcases	9
# of unsupported tests		3356
/home/moxie/build/gcc/xgcc  version 12.0.0 20210718 (experimental) (GCC) 


Compiler version: 12.0.0 20210718 (experimental) (GCC) gcc 
Platform: moxie-unknown-elf
configure flags: --prefix=/opt/moxielogic --target=moxie-elf --enable-languages=c --disable-libquadmath --disable-libssp --with-newlib --with-headers=/opt/moxielogic/moxie-elf/include


More information about the Gcc-testresults mailing list