Results for 12.0.0 20210716 (experimental) [master revision df0d7486ec9bca8a77ca106d9fbb60f819dd9cec] (GCC) testsuite on sparc-sun-solaris2.11
Rainer Orth
ro@CeBiTec.Uni-Bielefeld.DE
Sat Jul 17 11:15:47 GMT 2021
LAST_UPDATED: Fri Jul 16 11:01:25 UTC 2021 (revision df0d7486ec9bca8a77ca106d9fbb60f819dd9cec)
=== acats tests ===
=== acats Summary ===
# of expected passes 2328
# of unexpected failures 0
Native configuration is sparc-sun-solaris2.11
=== g++ tests ===
Running target unix
FAIL: c-c++-common/asan/pointer-subtract-3.c -O0 execution test
FAIL: c-c++-common/asan/pointer-subtract-3.c -O1 execution test
FAIL: c-c++-common/asan/pointer-subtract-3.c -O2 execution test
FAIL: c-c++-common/asan/pointer-subtract-3.c -O2 -flto -fno-use-linker-plugin -flto-partition=none execution test
FAIL: c-c++-common/asan/pointer-subtract-3.c -O2 -flto -fuse-linker-plugin -fno-fat-lto-objects execution test
FAIL: c-c++-common/asan/pointer-subtract-3.c -O3 -g execution test
FAIL: c-c++-common/asan/pointer-subtract-3.c -Os execution test
FAIL: g++.dg/asan/deep-thread-stack-1.C -O0 output pattern test
FAIL: g++.dg/asan/deep-thread-stack-1.C -O1 output pattern test
FAIL: g++.dg/asan/deep-thread-stack-1.C -O2 output pattern test
FAIL: g++.dg/asan/deep-thread-stack-1.C -O2 -flto -fno-use-linker-plugin -flto-partition=none output pattern test
FAIL: g++.dg/asan/deep-thread-stack-1.C -O2 -flto -fuse-linker-plugin -fno-fat-lto-objects output pattern test
FAIL: g++.dg/asan/deep-thread-stack-1.C -O3 -g output pattern test
FAIL: g++.dg/asan/deep-thread-stack-1.C -Os output pattern test
FAIL: g++.dg/asan/default-options-1.C -O0 execution test
FAIL: g++.dg/asan/default-options-1.C -O1 execution test
FAIL: g++.dg/asan/default-options-1.C -O2 execution test
FAIL: g++.dg/asan/default-options-1.C -O2 -flto -fno-use-linker-plugin -flto-partition=none execution test
FAIL: g++.dg/asan/default-options-1.C -O2 -flto -fuse-linker-plugin -fno-fat-lto-objects execution test
FAIL: g++.dg/asan/default-options-1.C -O3 -g execution test
FAIL: g++.dg/asan/default-options-1.C -Os execution test
FAIL: g++.dg/gcov/pr16855-priority.C -std=gnu++14 gcov: 1 failures in line counts, 0 in branch percentages, 0 in return percentages, 0 in intermediate format
FAIL: g++.dg/gcov/pr16855-priority.C -std=gnu++14 line 22: is #####:should be 1
FAIL: g++.dg/gcov/pr16855-priority.C -std=gnu++17 gcov: 1 failures in line counts, 0 in branch percentages, 0 in return percentages, 0 in intermediate format
FAIL: g++.dg/gcov/pr16855-priority.C -std=gnu++17 line 22: is #####:should be 1
FAIL: g++.dg/gcov/pr16855-priority.C -std=gnu++2a gcov: 1 failures in line counts, 0 in branch percentages, 0 in return percentages, 0 in intermediate format
FAIL: g++.dg/gcov/pr16855-priority.C -std=gnu++2a line 22: is #####:should be 1
FAIL: g++.dg/gcov/pr16855-priority.C -std=gnu++98 gcov: 1 failures in line counts, 0 in branch percentages, 0 in return percentages, 0 in intermediate format
FAIL: g++.dg/gcov/pr16855-priority.C -std=gnu++98 line 22: is #####:should be 1
FAIL: g++.dg/gcov/pr16855.C -std=gnu++14 gcov: 1 failures in line counts, 0 in branch percentages, 0 in return percentages, 0 in intermediate format
FAIL: g++.dg/gcov/pr16855.C -std=gnu++14 line 24: is #####:should be 1
FAIL: g++.dg/gcov/pr16855.C -std=gnu++17 gcov: 1 failures in line counts, 0 in branch percentages, 0 in return percentages, 0 in intermediate format
FAIL: g++.dg/gcov/pr16855.C -std=gnu++17 line 24: is #####:should be 1
FAIL: g++.dg/gcov/pr16855.C -std=gnu++2a gcov: 1 failures in line counts, 0 in branch percentages, 0 in return percentages, 0 in intermediate format
FAIL: g++.dg/gcov/pr16855.C -std=gnu++2a line 24: is #####:should be 1
FAIL: g++.dg/gcov/pr16855.C -std=gnu++98 gcov: 1 failures in line counts, 0 in branch percentages, 0 in return percentages, 0 in intermediate format
FAIL: g++.dg/gcov/pr16855.C -std=gnu++98 line 24: is #####:should be 1
FAIL: g++.dg/modules/pr99023_b.X -std=c++2a (internal compiler error)
FAIL: g++.dg/modules/pr99023_b.X -std=c++2a (test for excess errors)
FAIL: g++.dg/modules/stdio-1_a.H -std=c++17 scan-lang-dump module "Depset:0 decl entity:[0-9]* function_decl:'::printf'"
FAIL: g++.dg/modules/stdio-1_a.H -std=c++2a scan-lang-dump module "Depset:0 decl entity:[0-9]* function_decl:'::printf'"
FAIL: g++.dg/modules/stdio-1_a.H -std=c++2b scan-lang-dump module "Depset:0 decl entity:[0-9]* function_decl:'::printf'"
=== g++ Summary for unix ===
# of expected passes 207059
# of unexpected failures 42
# of expected failures 1317
# of unsupported tests 10117
Running target unix/-m64
FAIL: g++.dg/gcov/pr16855-priority.C -std=gnu++14 gcov: 1 failures in line counts, 0 in branch percentages, 0 in return percentages, 0 in intermediate format
FAIL: g++.dg/gcov/pr16855-priority.C -std=gnu++14 line 22: is #####:should be 1
FAIL: g++.dg/gcov/pr16855-priority.C -std=gnu++17 gcov: 1 failures in line counts, 0 in branch percentages, 0 in return percentages, 0 in intermediate format
FAIL: g++.dg/gcov/pr16855-priority.C -std=gnu++17 line 22: is #####:should be 1
FAIL: g++.dg/gcov/pr16855-priority.C -std=gnu++2a gcov: 1 failures in line counts, 0 in branch percentages, 0 in return percentages, 0 in intermediate format
FAIL: g++.dg/gcov/pr16855-priority.C -std=gnu++2a line 22: is #####:should be 1
FAIL: g++.dg/gcov/pr16855-priority.C -std=gnu++98 gcov: 1 failures in line counts, 0 in branch percentages, 0 in return percentages, 0 in intermediate format
FAIL: g++.dg/gcov/pr16855-priority.C -std=gnu++98 line 22: is #####:should be 1
FAIL: g++.dg/gcov/pr16855.C -std=gnu++14 gcov: 1 failures in line counts, 0 in branch percentages, 0 in return percentages, 0 in intermediate format
FAIL: g++.dg/gcov/pr16855.C -std=gnu++14 line 24: is #####:should be 1
FAIL: g++.dg/gcov/pr16855.C -std=gnu++17 gcov: 1 failures in line counts, 0 in branch percentages, 0 in return percentages, 0 in intermediate format
FAIL: g++.dg/gcov/pr16855.C -std=gnu++17 line 24: is #####:should be 1
FAIL: g++.dg/gcov/pr16855.C -std=gnu++2a gcov: 1 failures in line counts, 0 in branch percentages, 0 in return percentages, 0 in intermediate format
FAIL: g++.dg/gcov/pr16855.C -std=gnu++2a line 24: is #####:should be 1
FAIL: g++.dg/gcov/pr16855.C -std=gnu++98 gcov: 1 failures in line counts, 0 in branch percentages, 0 in return percentages, 0 in intermediate format
FAIL: g++.dg/gcov/pr16855.C -std=gnu++98 line 24: is #####:should be 1
FAIL: g++.dg/modules/pr99023_b.X -std=c++2a (internal compiler error)
FAIL: g++.dg/modules/pr99023_b.X -std=c++2a (test for excess errors)
FAIL: g++.dg/modules/stdio-1_a.H -std=c++17 scan-lang-dump module "Depset:0 decl entity:[0-9]* function_decl:'::printf'"
FAIL: g++.dg/modules/stdio-1_a.H -std=c++2a scan-lang-dump module "Depset:0 decl entity:[0-9]* function_decl:'::printf'"
FAIL: g++.dg/modules/stdio-1_a.H -std=c++2b scan-lang-dump module "Depset:0 decl entity:[0-9]* function_decl:'::printf'"
=== g++ Summary for unix/-m64 ===
# of expected passes 207833
# of unexpected failures 21
# of expected failures 1325
# of unsupported tests 9784
=== g++ Summary ===
# of expected passes 414892
# of unexpected failures 63
# of expected failures 2642
# of unsupported tests 19901
/var/gcc/regression/master/11.4-gcc-gas-gld/build/gcc/xg++ version 12.0.0 20210716 (experimental) [master revision df0d7486ec9bca8a77ca106d9fbb60f819dd9cec] (GCC)
=== gcc tests ===
Running target unix
FAIL: gcc.dg/analyzer/capacity-1.c (test for excess errors)
FAIL: gcc.dg/analyzer/capacity-3.c (test for excess errors)
FAIL: c-c++-common/asan/pointer-subtract-3.c -O0 execution test
FAIL: c-c++-common/asan/pointer-subtract-3.c -O1 execution test
FAIL: c-c++-common/asan/pointer-subtract-3.c -O2 execution test
FAIL: c-c++-common/asan/pointer-subtract-3.c -O2 -flto -fno-use-linker-plugin -flto-partition=none execution test
FAIL: c-c++-common/asan/pointer-subtract-3.c -O2 -flto -fuse-linker-plugin -fno-fat-lto-objects execution test
FAIL: c-c++-common/asan/pointer-subtract-3.c -O3 -g execution test
FAIL: c-c++-common/asan/pointer-subtract-3.c -Os execution test
FAIL: gcc.dg/debug/20020220-1.c -gctf (test for excess errors)
FAIL: gcc.dg/debug/20020220-1.c -gctf execution test
FAIL: gcc.dg/debug/20050907-1.c -gctf (test for excess errors)
FAIL: gcc.dg/debug/pr36690-3.c -gctf (test for excess errors)
FAIL: gcc.dg/debug/pr36690-3.c -gctf execution test
FAIL: gcc.dg/debug/pr37616.c -gctf (test for excess errors)
FAIL: gcc.dg/debug/pr37616.c -gctf execution test
FAIL: gcc.dg/debug/pr41893-1.c -gctf (test for excess errors)
FAIL: gcc.dg/debug/pr49032.c -gctf (test for excess errors)
FAIL: gcc.dg/debug/pr65771.c -gctf (test for excess errors)
XPASS: gcc.dg/Wstringop-overflow-68.c pr?????? (test for warnings, line 63)
XPASS: gcc.dg/Wstringop-overflow-68.c pr?????? (test for warnings, line 64)
XPASS: gcc.dg/Wstringop-overflow-68.c pr?????? (test for warnings, line 65)
FAIL: gcc.dg/Wstringop-overflow-70.c (test for warnings, line 19)
FAIL: gcc.dg/Wstringop-overflow-70.c (test for excess errors)
FAIL: gcc.dg/Wstringop-overflow-71.c (test for warnings, line 103)
FAIL: gcc.dg/Wstringop-overflow-71.c (test for warnings, line 104)
FAIL: gcc.dg/Wstringop-overflow-71.c (test for warnings, line 32)
FAIL: gcc.dg/Wstringop-overflow-71.c (test for warnings, line 43)
FAIL: gcc.dg/Wstringop-overflow-71.c (test for warnings, line 66)
FAIL: gcc.dg/Wstringop-overflow-71.c (test for warnings, line 77)
FAIL: gcc.dg/Wstringop-overflow-71.c (test for warnings, line 90)
FAIL: gcc.dg/Wstringop-overflow-71.c (test for warnings, line 91)
FAIL: gcc.dg/Wstringop-overflow-71.c (test for excess errors)
XPASS: gcc.dg/pr84877.c execution test
UNRESOLVED: gcc.dg/strlenopt-95.c scan-tree-dump-not strlen1 "abort \\\\("
UNRESOLVED: gcc.dg/strlenopt-95.c scan-tree-dump-not strlen1 "strlen \\\\("
FAIL: gcc.dg/ipa/iinline-attr.c scan-ipa-dump inline "hooray[^\\\\n]*inline copy in test"
FAIL: gcc.dg/lto/pr88077 c_lto_pr88077_0.o-c_lto_pr88077_1.o link, -O0 -flto -flto-partition=1to1 -fno-use-linker-plugin
FAIL: gcc.dg/lto/pr88077 c_lto_pr88077_0.o-c_lto_pr88077_1.o link, -O2 -flto -flto-partition=1to1 -fno-use-linker-plugin
FAIL: gcc.dg/simulate-thread/atomic-other-int.c -O2 -g thread simulation test
FAIL: gcc.dg/simulate-thread/atomic-other-int.c -O3 -g thread simulation test
FAIL: gcc.dg/simulate-thread/speculative-store-4.c -O0 -g thread simulation test
FAIL: gcc.dg/simulate-thread/speculative-store-4.c -O2 -g thread simulation test
FAIL: gcc.dg/simulate-thread/speculative-store-4.c -O3 -g thread simulation test
FAIL: gcc.dg/simulate-thread/speculative-store.c -O0 -g thread simulation test
FAIL: gcc.dg/vect/bb-slp-21.c -flto -ffat-lto-objects scan-tree-dump-times slp2 "optimized: basic block" 1
FAIL: gcc.dg/vect/bb-slp-21.c scan-tree-dump-times slp2 "optimized: basic block" 1
FAIL: gcc.dg/vect/bb-slp-22.c -flto -ffat-lto-objects scan-tree-dump-times slp2 "optimized: basic block" 1
FAIL: gcc.dg/vect/bb-slp-22.c scan-tree-dump-times slp2 "optimized: basic block" 1
XPASS: gcc.dg/vect/bb-slp-32.c -flto -ffat-lto-objects scan-tree-dump slp2 "vectorization is not profitable"
XPASS: gcc.dg/vect/bb-slp-32.c scan-tree-dump slp2 "vectorization is not profitable"
FAIL: gcc.dg/vect/pr97428.c -flto -ffat-lto-objects scan-tree-dump vect "Detected interleaving load of size 8"
FAIL: gcc.dg/vect/pr97428.c -flto -ffat-lto-objects scan-tree-dump vect "Detected interleaving store of size 16"
FAIL: gcc.dg/vect/pr97428.c scan-tree-dump vect "Detected interleaving load of size 8"
FAIL: gcc.dg/vect/pr97428.c scan-tree-dump vect "Detected interleaving store of size 16"
FAIL: gcc.dg/vect/slp-47.c -flto -ffat-lto-objects scan-tree-dump-times vect "vectorizing stmts using SLP" 2
FAIL: gcc.dg/vect/slp-47.c scan-tree-dump-times vect "vectorizing stmts using SLP" 2
FAIL: gcc.dg/vect/slp-48.c -flto -ffat-lto-objects scan-tree-dump-times vect "vectorizing stmts using SLP" 2
FAIL: gcc.dg/vect/slp-48.c scan-tree-dump-times vect "vectorizing stmts using SLP" 2
XPASS: gcc.dg/vect/vect-alias-check-1.c -flto -ffat-lto-objects scan-tree-dump vect "using an address-based overlap test"
XPASS: gcc.dg/vect/vect-alias-check-1.c scan-tree-dump vect "using an address-based overlap test"
FAIL: gcc.dg/vect/vect-cost-model-1.c -flto -ffat-lto-objects scan-tree-dump vect "LOOP VECTORIZED"
FAIL: gcc.dg/vect/vect-cost-model-1.c scan-tree-dump vect "LOOP VECTORIZED"
FAIL: gcc.dg/vect/vect-cost-model-3.c -flto -ffat-lto-objects scan-tree-dump vect "LOOP VECTORIZED"
FAIL: gcc.dg/vect/vect-cost-model-3.c scan-tree-dump vect "LOOP VECTORIZED"
FAIL: gcc.dg/vect/vect-cost-model-5.c -flto -ffat-lto-objects scan-tree-dump vect "LOOP VECTORIZED"
FAIL: gcc.dg/vect/vect-cost-model-5.c scan-tree-dump vect "LOOP VECTORIZED"
FAIL: gcc.dg/vect/vect-reduc-dot-22.c -flto -ffat-lto-objects scan-tree-dump-not vect "vect_recog_dot_prod_pattern: detected"
FAIL: gcc.dg/vect/vect-reduc-dot-22.c scan-tree-dump-not vect "vect_recog_dot_prod_pattern: detected"
=== gcc Summary for unix ===
# of expected passes 134268
# of unexpected failures 59
# of unexpected successes 8
# of expected failures 986
# of unresolved testcases 2
# of unsupported tests 4000
Running target unix/-m64
FAIL: gcc.dg/analyzer/capacity-1.c (test for excess errors)
FAIL: gcc.dg/analyzer/capacity-3.c (test for excess errors)
FAIL: gcc.dg/debug/20020220-1.c -gctf (test for excess errors)
FAIL: gcc.dg/debug/20020220-1.c -gctf execution test
FAIL: gcc.dg/debug/20050907-1.c -gctf (test for excess errors)
FAIL: gcc.dg/debug/pr36690-3.c -gctf (test for excess errors)
FAIL: gcc.dg/debug/pr36690-3.c -gctf execution test
FAIL: gcc.dg/debug/pr37616.c -gctf (test for excess errors)
FAIL: gcc.dg/debug/pr37616.c -gctf execution test
FAIL: gcc.dg/debug/pr41893-1.c -gctf (test for excess errors)
FAIL: gcc.dg/debug/pr49032.c -gctf (test for excess errors)
FAIL: gcc.dg/debug/pr65771.c -gctf (test for excess errors)
XPASS: gcc.dg/Wstringop-overflow-68.c pr?????? (test for warnings, line 63)
XPASS: gcc.dg/Wstringop-overflow-68.c pr?????? (test for warnings, line 64)
XPASS: gcc.dg/Wstringop-overflow-68.c pr?????? (test for warnings, line 65)
FAIL: gcc.dg/Wstringop-overflow-70.c (test for warnings, line 19)
FAIL: gcc.dg/Wstringop-overflow-70.c (test for excess errors)
FAIL: gcc.dg/Wstringop-overflow-71.c (test for warnings, line 103)
FAIL: gcc.dg/Wstringop-overflow-71.c (test for warnings, line 104)
FAIL: gcc.dg/Wstringop-overflow-71.c (test for warnings, line 32)
FAIL: gcc.dg/Wstringop-overflow-71.c (test for warnings, line 43)
FAIL: gcc.dg/Wstringop-overflow-71.c (test for warnings, line 66)
FAIL: gcc.dg/Wstringop-overflow-71.c (test for warnings, line 77)
FAIL: gcc.dg/Wstringop-overflow-71.c (test for warnings, line 90)
FAIL: gcc.dg/Wstringop-overflow-71.c (test for warnings, line 91)
FAIL: gcc.dg/Wstringop-overflow-71.c (test for excess errors)
XPASS: gcc.dg/pr84877.c execution test
UNRESOLVED: gcc.dg/strlenopt-95.c scan-tree-dump-not strlen1 "abort \\\\("
UNRESOLVED: gcc.dg/strlenopt-95.c scan-tree-dump-not strlen1 "strlen \\\\("
FAIL: gcc.dg/vect/bb-slp-21.c -flto -ffat-lto-objects scan-tree-dump-times slp2 "optimized: basic block" 1
FAIL: gcc.dg/vect/bb-slp-21.c scan-tree-dump-times slp2 "optimized: basic block" 1
FAIL: gcc.dg/vect/bb-slp-22.c -flto -ffat-lto-objects scan-tree-dump-times slp2 "optimized: basic block" 1
FAIL: gcc.dg/vect/bb-slp-22.c scan-tree-dump-times slp2 "optimized: basic block" 1
XPASS: gcc.dg/vect/bb-slp-32.c -flto -ffat-lto-objects scan-tree-dump slp2 "vectorization is not profitable"
XPASS: gcc.dg/vect/bb-slp-32.c scan-tree-dump slp2 "vectorization is not profitable"
FAIL: gcc.dg/vect/pr97428.c -flto -ffat-lto-objects scan-tree-dump vect "Detected interleaving load of size 8"
FAIL: gcc.dg/vect/pr97428.c -flto -ffat-lto-objects scan-tree-dump vect "Detected interleaving store of size 16"
FAIL: gcc.dg/vect/pr97428.c scan-tree-dump vect "Detected interleaving load of size 8"
FAIL: gcc.dg/vect/pr97428.c scan-tree-dump vect "Detected interleaving store of size 16"
FAIL: gcc.dg/vect/slp-47.c -flto -ffat-lto-objects scan-tree-dump-times vect "vectorizing stmts using SLP" 2
FAIL: gcc.dg/vect/slp-47.c scan-tree-dump-times vect "vectorizing stmts using SLP" 2
FAIL: gcc.dg/vect/slp-48.c -flto -ffat-lto-objects scan-tree-dump-times vect "vectorizing stmts using SLP" 2
FAIL: gcc.dg/vect/slp-48.c scan-tree-dump-times vect "vectorizing stmts using SLP" 2
XPASS: gcc.dg/vect/vect-alias-check-1.c -flto -ffat-lto-objects scan-tree-dump vect "using an address-based overlap test"
XPASS: gcc.dg/vect/vect-alias-check-1.c scan-tree-dump vect "using an address-based overlap test"
FAIL: gcc.dg/vect/vect-cost-model-1.c -flto -ffat-lto-objects scan-tree-dump vect "LOOP VECTORIZED"
FAIL: gcc.dg/vect/vect-cost-model-1.c scan-tree-dump vect "LOOP VECTORIZED"
FAIL: gcc.dg/vect/vect-cost-model-3.c -flto -ffat-lto-objects scan-tree-dump vect "LOOP VECTORIZED"
FAIL: gcc.dg/vect/vect-cost-model-3.c scan-tree-dump vect "LOOP VECTORIZED"
FAIL: gcc.dg/vect/vect-cost-model-5.c -flto -ffat-lto-objects scan-tree-dump vect "LOOP VECTORIZED"
FAIL: gcc.dg/vect/vect-cost-model-5.c scan-tree-dump vect "LOOP VECTORIZED"
=== gcc Summary for unix/-m64 ===
# of expected passes 133906
# of unexpected failures 41
# of unexpected successes 8
# of expected failures 976
# of unresolved testcases 2
# of unsupported tests 3290
=== gcc Summary ===
# of expected passes 268174
# of unexpected failures 100
# of unexpected successes 16
# of expected failures 1962
# of unresolved testcases 4
# of unsupported tests 7290
/var/gcc/regression/master/11.4-gcc-gas-gld/build/gcc/xgcc version 12.0.0 20210716 (experimental) [master revision df0d7486ec9bca8a77ca106d9fbb60f819dd9cec] (GCC)
=== gdc tests ===
Running target unix
=== gdc Summary for unix ===
# of expected passes 3981
# of unsupported tests 1080
Running target unix/-m64
=== gdc Summary for unix/-m64 ===
# of expected passes 3980
# of unsupported tests 1080
=== gdc Summary ===
# of expected passes 7961
# of unsupported tests 2160
/var/gcc/regression/master/11.4-gcc-gas-gld/build/gcc/gdc version 12.0.0 20210716 (experimental) [master revision df0d7486ec9bca8a77ca106d9fbb60f819dd9cec] (GCC)
=== gfortran tests ===
Running target unix
=== gfortran Summary for unix ===
# of expected passes 57411
# of expected failures 255
# of unsupported tests 332
Running target unix/-m64
=== gfortran Summary for unix/-m64 ===
# of expected passes 57678
# of expected failures 253
# of unsupported tests 199
=== gfortran Summary ===
# of expected passes 115089
# of expected failures 508
# of unsupported tests 531
/var/gcc/regression/master/11.4-gcc-gas-gld/build/gcc/gfortran version 12.0.0 20210716 (experimental) [master revision df0d7486ec9bca8a77ca106d9fbb60f819dd9cec] (GCC)
=== gnat tests ===
Running target unix
=== gnat Summary for unix ===
# of expected passes 3317
# of expected failures 23
# of unsupported tests 33
Running target unix/-m64
=== gnat Summary for unix/-m64 ===
# of expected passes 3318
# of expected failures 23
# of unsupported tests 31
=== gnat Summary ===
# of expected passes 6635
# of expected failures 46
# of unsupported tests 64
/var/gcc/regression/master/11.4-gcc-gas-gld/build/gcc/gnatmake version 12.0.0 20210716 (experimental) [master revision df0d7486ec9bca8a77ca106d9fbb60f819dd9cec]
=== go tests ===
Running target unix
FAIL: ./index0-out.go execution, -O0 -g -fno-var-tracking-assignments
WARNING: go.test/test/cmplxdivide.go program timed out.
FAIL: go.test/test/cmplxdivide.go
FAIL: go.test/test/fixedbugs/issue10441.go -O (test for excess errors)
FAIL: go.test/test/fixedbugs/issue16016.go execution, -O2 -g
WARNING: go.test/test/fixedbugs/issue19182.go execution, -O2 -g program timed out.
FAIL: go.test/test/fixedbugs/issue19182.go execution, -O2 -g
FAIL: go.test/test/fixedbugs/issue22881.go execution, -O2 -g
FAIL: go.test/test/fixedbugs/issue27836.dir/Ãfoo.go -O -I. (test for excess errors)
FAIL: go.test/test/fixedbugs/issue27836.dir/Ãmain.go -O -I. (test for excess errors)
FAIL: go.test/test/fixedbugs/issue32288.go execution, -O2 -g
FAIL: go.test/test/fixedbugs/issue34123.go execution, -O2 -g
FAIL: go.test/test/fixedbugs/issue4562.go execution, -O2 -g
FAIL: go.test/test/nil.go execution, -O2 -g
=== go Summary for unix ===
# of expected passes 8984
# of unexpected failures 12
# of untested testcases 11
# of unsupported tests 34
Running target unix/-m64
FAIL: ./index0-out.go execution, -O0 -g -fno-var-tracking-assignments
WARNING: go.test/test/cmplxdivide.go program timed out.
FAIL: go.test/test/cmplxdivide.go
FAIL: go.test/test/fixedbugs/issue10441.go -O (test for excess errors)
FAIL: go.test/test/fixedbugs/issue13160.go execution, -O2 -g
FAIL: go.test/test/fixedbugs/issue27836.dir/Ãfoo.go -O -I. (test for excess errors)
FAIL: go.test/test/fixedbugs/issue27836.dir/Ãmain.go -O -I. (test for excess errors)
=== go Summary for unix/-m64 ===
# of expected passes 8872
# of unexpected failures 6
# of untested testcases 11
# of unsupported tests 32
=== go Summary ===
# of expected passes 17856
# of unexpected failures 18
# of untested testcases 22
# of unsupported tests 66
/var/gcc/regression/master/11.4-gcc-gas-gld/build/gcc/gccgo version 12.0.0 20210716 (experimental) [master revision df0d7486ec9bca8a77ca106d9fbb60f819dd9cec] (GCC)
=== obj-c++ tests ===
Running target unix
=== obj-c++ Summary for unix ===
# of expected passes 1490
# of expected failures 2
# of unsupported tests 77
Running target unix/-m64
=== obj-c++ Summary for unix/-m64 ===
# of expected passes 1482
# of expected failures 10
# of unsupported tests 77
=== obj-c++ Summary ===
# of expected passes 2972
# of expected failures 12
# of unsupported tests 154
/var/gcc/regression/master/11.4-gcc-gas-gld/build/gcc/xg++ version 12.0.0 20210716 (experimental) [master revision df0d7486ec9bca8a77ca106d9fbb60f819dd9cec] (GCC)
=== objc tests ===
Running target unix
=== objc Summary for unix ===
# of expected passes 2826
# of unsupported tests 68
Running target unix/-m64
=== objc Summary for unix/-m64 ===
# of expected passes 2826
# of unsupported tests 68
=== objc Summary ===
# of expected passes 5652
# of unsupported tests 136
/var/gcc/regression/master/11.4-gcc-gas-gld/build/gcc/xgcc version 12.0.0 20210716 (experimental) [master revision df0d7486ec9bca8a77ca106d9fbb60f819dd9cec] (GCC)
=== gotools tests ===
FAIL: TestScript
FAIL: go test cmd/go
FAIL: TestAbort
FAIL: TestBreakpoint
FAIL: TestCgoSignalDeadlock
FAIL: TestGccgoCrashTracebackNodebug
FAIL: TestNeedmDeadlock
FAIL: TestPanicInlined
FAIL: TestSegv
FAIL: TestSelectStackAdjust
FAIL: TestSpuriousWakeupsNeverHangSemasleep
FAIL: go test runtime
FAIL: go test misc/cgo/test
FAIL: TestCompileWithoutShared
FAIL: TestEarlySignalHandler
FAIL: TestOsSignal
FAIL: TestSigaltstack
FAIL: TestSignalForwarding
FAIL: TestSignalForwardingExternal
FAIL: go test misc/cgo/testcarchive
FAIL: TestVet
FAIL: go test cmd/vet
=== gotools Summary ===
# of expected passes 233
# of unexpected failures 22
# of untested testcases 101
/var/gcc/regression/master/11.4-gcc-gas-gld/build/./gcc/gccgo version 12.0.0 20210716 (experimental) [master revision df0d7486ec9bca8a77ca106d9fbb60f819dd9cec] (GCC)
=== libatomic tests ===
Running target unix
=== libatomic Summary for unix ===
# of expected passes 44
# of unsupported tests 5
Running target unix/-m64
=== libatomic Summary for unix/-m64 ===
# of expected passes 54
=== libatomic Summary ===
# of expected passes 98
# of unsupported tests 5
=== libffi tests ===
Running target unix
=== libffi Summary for unix ===
# of expected passes 2229
Running target unix/-m64
=== libffi Summary for unix/-m64 ===
# of expected passes 2229
=== libffi Summary ===
# of expected passes 4458
=== libgo tests ===
Running target unix
FAIL: cmd/go/internal/load
FAIL: math/big
FAIL: net/http/pprof
FAIL: os/signal
FAIL: runtime
FAIL: runtime/pprof
FAIL: sync/atomic
=== libgo Summary for unix ===
# of expected passes 177
# of unexpected failures 7
Running target unix/-m64
FAIL: cmd/go/internal/load
FAIL: encoding/json
FAIL: image/jpeg
FAIL: math/big
FAIL: runtime
FAIL: sync/atomic
=== libgo Summary for unix/-m64 ===
# of expected passes 178
# of unexpected failures 6
=== libgo Summary ===
# of expected passes 355
# of unexpected failures 13
/var/gcc/regression/master/11.4-gcc-gas-gld/build/./gcc/gccgo version 12.0.0 20210716 (experimental) [master revision df0d7486ec9bca8a77ca106d9fbb60f819dd9cec] (GCC)
=== libgomp tests ===
Running target unix
WARNING: libgomp.c++/task-reduction-10.C execution test program timed out.
FAIL: libgomp.c++/task-reduction-10.C execution test
WARNING: libgomp.c++/task-reduction-13.C execution test program timed out.
FAIL: libgomp.c++/task-reduction-13.C execution test
FAIL: libgomp.oacc-c++/../libgomp.oacc-c-c++-common/host_data-7.c -DACC_DEVICE_TYPE_host=1 -DACC_MEM_SHARED=1 -foffload=disable -O2 (test for excess errors)
FAIL: libgomp.oacc-c/../libgomp.oacc-c-c++-common/host_data-7.c -DACC_DEVICE_TYPE_host=1 -DACC_MEM_SHARED=1 -foffload=disable -O2 (test for excess errors)
=== libgomp Summary for unix ===
# of expected passes 11393
# of unexpected failures 4
# of expected failures 104
# of unsupported tests 611
Running target unix/-m64
WARNING: libgomp.c++/task-reduction-11.C execution test program timed out.
FAIL: libgomp.c++/task-reduction-11.C execution test
WARNING: libgomp.c++/task-reduction-8.C execution test program timed out.
FAIL: libgomp.c++/task-reduction-8.C execution test
FAIL: libgomp.oacc-c++/../libgomp.oacc-c-c++-common/host_data-7.c -DACC_DEVICE_TYPE_host=1 -DACC_MEM_SHARED=1 -foffload=disable -O2 (test for excess errors)
FAIL: libgomp.oacc-c/../libgomp.oacc-c-c++-common/host_data-7.c -DACC_DEVICE_TYPE_host=1 -DACC_MEM_SHARED=1 -foffload=disable -O2 (test for excess errors)
=== libgomp Summary for unix/-m64 ===
# of expected passes 11393
# of unexpected failures 4
# of expected failures 104
# of unsupported tests 611
=== libgomp Summary ===
# of expected passes 22786
# of unexpected failures 8
# of expected failures 208
# of unsupported tests 1222
=== libitm tests ===
Running target unix
=== libitm Summary for unix ===
# of expected passes 44
# of expected failures 3
# of unsupported tests 1
Running target unix/-m64
=== libitm Summary for unix/-m64 ===
# of expected passes 44
# of expected failures 3
# of unsupported tests 1
=== libitm Summary ===
# of expected passes 88
# of expected failures 6
# of unsupported tests 2
=== libphobos tests ===
Running target unix
FAIL: libphobos.aa/test_aa.d (test for excess errors)
FAIL: libphobos.aa/test_aa.d execution test
FAIL: libphobos.allocations/overflow_from_existing.d (test for excess errors)
FAIL: libphobos.allocations/overflow_from_existing.d output pattern test
FAIL: libphobos.allocations/overflow_from_zero.d (test for excess errors)
FAIL: libphobos.allocations/overflow_from_zero.d output pattern test
FAIL: libphobos.allocations/tls_gc_integration.d (test for excess errors)
FAIL: libphobos.allocations/tls_gc_integration.d execution test
FAIL: libphobos.cycles/mod1.d --DRT-oncycle=abort (test for excess errors)
FAIL: libphobos.cycles/mod1.d --DRT-oncycle=deprecate (test for excess errors)
FAIL: libphobos.cycles/mod1.d --DRT-oncycle=deprecate execution test
FAIL: libphobos.cycles/mod1.d --DRT-oncycle=ignore (test for excess errors)
FAIL: libphobos.cycles/mod1.d --DRT-oncycle=ignore execution test
FAIL: libphobos.cycles/mod1.d --DRT-oncycle=print (test for excess errors)
FAIL: libphobos.cycles/mod1.d --DRT-oncycle=print execution test
FAIL: libphobos.cycles/mod2.d --DRT-oncycle=abort (test for excess errors)
FAIL: libphobos.cycles/mod2.d --DRT-oncycle=deprecate (test for excess errors)
FAIL: libphobos.cycles/mod2.d --DRT-oncycle=deprecate execution test
FAIL: libphobos.cycles/mod2.d --DRT-oncycle=ignore (test for excess errors)
FAIL: libphobos.cycles/mod2.d --DRT-oncycle=ignore execution test
FAIL: libphobos.cycles/mod2.d --DRT-oncycle=print (test for excess errors)
FAIL: libphobos.cycles/mod2.d --DRT-oncycle=print execution test
FAIL: libphobos.cycles/mod3.d --DRT-oncycle=abort (test for excess errors)
FAIL: libphobos.cycles/mod3.d --DRT-oncycle=deprecate (test for excess errors)
FAIL: libphobos.cycles/mod3.d --DRT-oncycle=deprecate execution test
FAIL: libphobos.cycles/mod3.d --DRT-oncycle=ignore (test for excess errors)
FAIL: libphobos.cycles/mod3.d --DRT-oncycle=ignore execution test
FAIL: libphobos.cycles/mod3.d --DRT-oncycle=print (test for excess errors)
FAIL: libphobos.cycles/mod3.d --DRT-oncycle=print execution test
FAIL: libphobos.druntime/core/atomic.d (test for excess errors)
FAIL: libphobos.druntime/core/atomic.d execution test
FAIL: libphobos.druntime/core/bitop.d (test for excess errors)
FAIL: libphobos.druntime/core/bitop.d execution test
FAIL: libphobos.druntime/core/checkedint.d (test for excess errors)
FAIL: libphobos.druntime/core/checkedint.d execution test
FAIL: libphobos.druntime/core/demangle.d (test for excess errors)
FAIL: libphobos.druntime/core/demangle.d execution test
FAIL: libphobos.druntime/core/exception.d (test for excess errors)
FAIL: libphobos.druntime/core/exception.d execution test
FAIL: libphobos.druntime/core/internal/arrayop.d (test for excess errors)
FAIL: libphobos.druntime/core/internal/arrayop.d execution test
FAIL: libphobos.druntime/core/internal/attributes.d (test for excess errors)
FAIL: libphobos.druntime/core/internal/attributes.d execution test
FAIL: libphobos.druntime/core/internal/convert.d (test for excess errors)
FAIL: libphobos.druntime/core/internal/convert.d execution test
FAIL: libphobos.druntime/core/internal/hash.d (test for excess errors)
FAIL: libphobos.druntime/core/internal/hash.d execution test
FAIL: libphobos.druntime/core/internal/string.d (test for excess errors)
FAIL: libphobos.druntime/core/internal/string.d execution test
FAIL: libphobos.druntime/core/internal/traits.d (test for excess errors)
FAIL: libphobos.druntime/core/internal/traits.d execution test
FAIL: libphobos.druntime/core/math.d (test for excess errors)
FAIL: libphobos.druntime/core/math.d execution test
FAIL: libphobos.druntime/core/memory.d (test for excess errors)
FAIL: libphobos.druntime/core/memory.d execution test
FAIL: libphobos.druntime/core/runtime.d (test for excess errors)
FAIL: libphobos.druntime/core/runtime.d execution test
FAIL: libphobos.druntime/core/simd.d (test for excess errors)
FAIL: libphobos.druntime/core/simd.d execution test
FAIL: libphobos.druntime/core/stdc/stdarg.d (test for excess errors)
FAIL: libphobos.druntime/core/stdc/stdarg.d execution test
FAIL: libphobos.druntime/core/stdc/stdlib.d (test for excess errors)
FAIL: libphobos.druntime/core/stdc/stdlib.d execution test
FAIL: libphobos.druntime/core/sync/barrier.d (test for excess errors)
FAIL: libphobos.druntime/core/sync/barrier.d execution test
FAIL: libphobos.druntime/core/sync/condition.d (test for excess errors)
FAIL: libphobos.druntime/core/sync/condition.d execution test
FAIL: libphobos.druntime/core/sync/mutex.d (test for excess errors)
FAIL: libphobos.druntime/core/sync/mutex.d execution test
FAIL: libphobos.druntime/core/sync/rwmutex.d (test for excess errors)
FAIL: libphobos.druntime/core/sync/rwmutex.d execution test
FAIL: libphobos.druntime/core/sync/semaphore.d (test for excess errors)
FAIL: libphobos.druntime/core/sync/semaphore.d execution test
FAIL: libphobos.druntime/core/sys/darwin/sys/attr.d (test for excess errors)
FAIL: libphobos.druntime/core/sys/darwin/sys/attr.d execution test
FAIL: libphobos.druntime/core/sys/linux/stdio.d (test for excess errors)
FAIL: libphobos.druntime/core/sys/linux/stdio.d execution test
FAIL: libphobos.druntime/core/sys/linux/tipc.d (test for excess errors)
FAIL: libphobos.druntime/core/sys/linux/tipc.d execution test
FAIL: libphobos.druntime/core/sys/posix/stdio.d (test for excess errors)
FAIL: libphobos.druntime/core/sys/posix/stdio.d execution test
FAIL: libphobos.druntime/core/sys/posix/sys/select.d (test for excess errors)
FAIL: libphobos.druntime/core/sys/posix/sys/select.d execution test
FAIL: libphobos.druntime/core/sys/windows/basetsd.d (test for excess errors)
FAIL: libphobos.druntime/core/sys/windows/basetsd.d execution test
FAIL: libphobos.druntime/core/sys/windows/dde.d (test for excess errors)
FAIL: libphobos.druntime/core/sys/windows/dde.d execution test
FAIL: libphobos.druntime/core/sys/windows/w32api.d (test for excess errors)
FAIL: libphobos.druntime/core/sys/windows/w32api.d execution test
FAIL: libphobos.druntime/core/thread/fiber.d (test for excess errors)
FAIL: libphobos.druntime/core/thread/fiber.d execution test
FAIL: libphobos.druntime/core/thread/osthread.d (test for excess errors)
FAIL: libphobos.druntime/core/thread/osthread.d execution test
FAIL: libphobos.druntime/core/thread/threadbase.d (test for excess errors)
FAIL: libphobos.druntime/core/thread/threadbase.d execution test
FAIL: libphobos.druntime/core/time.d (test for excess errors)
FAIL: libphobos.druntime/core/time.d execution test
FAIL: libphobos.druntime/core/volatile.d (test for excess errors)
FAIL: libphobos.druntime/core/volatile.d execution test
FAIL: libphobos.druntime/gc/bits.d (test for excess errors)
FAIL: libphobos.druntime/gc/bits.d execution test
FAIL: libphobos.druntime/gc/config.d (test for excess errors)
FAIL: libphobos.druntime/gc/config.d execution test
FAIL: libphobos.druntime/gc/impl/conservative/gc.d (test for excess errors)
FAIL: libphobos.druntime/gc/impl/conservative/gc.d execution test
FAIL: libphobos.druntime/gc/pooltable.d (test for excess errors)
FAIL: libphobos.druntime/gc/pooltable.d execution test
FAIL: libphobos.druntime/gcc/backtrace.d (test for excess errors)
FAIL: libphobos.druntime/gcc/backtrace.d execution test
FAIL: libphobos.druntime/object.d (test for excess errors)
FAIL: libphobos.druntime/object.d execution test
FAIL: libphobos.druntime/rt/aApply.d (test for excess errors)
FAIL: libphobos.druntime/rt/aApply.d execution test
FAIL: libphobos.druntime/rt/aApplyR.d (test for excess errors)
FAIL: libphobos.druntime/rt/aApplyR.d execution test
FAIL: libphobos.druntime/rt/aaA.d (test for excess errors)
FAIL: libphobos.druntime/rt/aaA.d execution test
FAIL: libphobos.druntime/rt/adi.d (test for excess errors)
FAIL: libphobos.druntime/rt/adi.d execution test
FAIL: libphobos.druntime/rt/arrayassign.d (test for excess errors)
FAIL: libphobos.druntime/rt/arrayassign.d execution test
FAIL: libphobos.druntime/rt/arraycast.d (test for excess errors)
FAIL: libphobos.druntime/rt/arraycast.d execution test
FAIL: libphobos.druntime/rt/lifetime.d (test for excess errors)
FAIL: libphobos.druntime/rt/lifetime.d execution test
FAIL: libphobos.druntime/rt/minfo.d (test for excess errors)
FAIL: libphobos.druntime/rt/minfo.d execution test
FAIL: libphobos.druntime/rt/monitor_.d (test for excess errors)
FAIL: libphobos.druntime/rt/monitor_.d execution test
FAIL: libphobos.druntime/rt/qsort.d (test for excess errors)
FAIL: libphobos.druntime/rt/qsort.d execution test
FAIL: libphobos.druntime/rt/switch_.d (test for excess errors)
FAIL: libphobos.druntime/rt/switch_.d execution test
FAIL: libphobos.druntime/rt/util/container/array.d (test for excess errors)
FAIL: libphobos.druntime/rt/util/container/array.d execution test
FAIL: libphobos.druntime/rt/util/container/common.d (test for excess errors)
FAIL: libphobos.druntime/rt/util/container/common.d execution test
FAIL: libphobos.druntime/rt/util/container/hashtab.d (test for excess errors)
FAIL: libphobos.druntime/rt/util/container/hashtab.d execution test
FAIL: libphobos.druntime/rt/util/container/treap.d (test for excess errors)
FAIL: libphobos.druntime/rt/util/container/treap.d execution test
FAIL: libphobos.druntime/rt/util/typeinfo.d (test for excess errors)
FAIL: libphobos.druntime/rt/util/typeinfo.d execution test
FAIL: libphobos.druntime/rt/util/utf.d (test for excess errors)
FAIL: libphobos.druntime/rt/util/utf.d execution test
FAIL: libphobos.exceptions/chain.d (test for excess errors)
FAIL: libphobos.exceptions/chain.d execution test
FAIL: libphobos.exceptions/invalid_memory_operation.d (test for excess errors)
FAIL: libphobos.exceptions/invalid_memory_operation.d output pattern test
FAIL: libphobos.exceptions/line_trace.d (test for excess errors)
FAIL: libphobos.exceptions/line_trace.d execution test
FAIL: libphobos.exceptions/static_dtor.d (test for excess errors)
FAIL: libphobos.exceptions/static_dtor.d output pattern test
FAIL: libphobos.exceptions/stderr_msg.d (test for excess errors)
FAIL: libphobos.exceptions/stderr_msg.d output pattern test
FAIL: libphobos.exceptions/unittest_assert.d (test for excess errors)
FAIL: libphobos.exceptions/unittest_assert.d output pattern test
FAIL: libphobos.hash/test_hash.d (test for excess errors)
FAIL: libphobos.hash/test_hash.d execution test
FAIL: libphobos.init_fini/runtime_args.d (test for excess errors)
FAIL: libphobos.init_fini/runtime_args.d execution test
FAIL: libphobos.init_fini/thread_join.d (test for excess errors)
FAIL: libphobos.init_fini/thread_join.d execution test
FAIL: libphobos.shared/finalize.d -shared-libphobos -ldl execution test
FAIL: libphobos.shared/linkD.c lib.so -ldl -pthread (test for excess errors)
FAIL: libphobos.shared/load.d -shared-libphobos -ldl execution test
FAIL: libphobos.shared/load_13414.d -shared-libphobos -ldl execution test
FAIL: libphobos.thread/fiber_guard_page.d (test for excess errors)
FAIL: libphobos.thread/tlsgc_sections.d (test for excess errors)
FAIL: libphobos.thread/tlsgc_sections.d execution test
FAIL: libphobos.typeinfo/comparison.d (test for excess errors)
FAIL: libphobos.typeinfo/comparison.d execution test
FAIL: libphobos.typeinfo/struct-align.d (test for excess errors)
FAIL: libphobos.typeinfo/struct-align.d execution test
=== libphobos Summary for unix ===
# of expected passes 149
# of unexpected failures 174
Running target unix/-m64
FAIL: libphobos.aa/test_aa.d (test for excess errors)
FAIL: libphobos.aa/test_aa.d execution test
FAIL: libphobos.allocations/overflow_from_existing.d (test for excess errors)
FAIL: libphobos.allocations/overflow_from_existing.d output pattern test
FAIL: libphobos.allocations/overflow_from_zero.d (test for excess errors)
FAIL: libphobos.allocations/overflow_from_zero.d output pattern test
FAIL: libphobos.allocations/tls_gc_integration.d (test for excess errors)
FAIL: libphobos.allocations/tls_gc_integration.d execution test
FAIL: libphobos.cycles/mod1.d --DRT-oncycle=abort (test for excess errors)
FAIL: libphobos.cycles/mod1.d --DRT-oncycle=deprecate (test for excess errors)
FAIL: libphobos.cycles/mod1.d --DRT-oncycle=deprecate execution test
FAIL: libphobos.cycles/mod1.d --DRT-oncycle=ignore (test for excess errors)
FAIL: libphobos.cycles/mod1.d --DRT-oncycle=ignore execution test
FAIL: libphobos.cycles/mod1.d --DRT-oncycle=print (test for excess errors)
FAIL: libphobos.cycles/mod1.d --DRT-oncycle=print execution test
FAIL: libphobos.cycles/mod2.d --DRT-oncycle=abort (test for excess errors)
FAIL: libphobos.cycles/mod2.d --DRT-oncycle=deprecate (test for excess errors)
FAIL: libphobos.cycles/mod2.d --DRT-oncycle=deprecate execution test
FAIL: libphobos.cycles/mod2.d --DRT-oncycle=ignore (test for excess errors)
FAIL: libphobos.cycles/mod2.d --DRT-oncycle=ignore execution test
FAIL: libphobos.cycles/mod2.d --DRT-oncycle=print (test for excess errors)
FAIL: libphobos.cycles/mod2.d --DRT-oncycle=print execution test
FAIL: libphobos.cycles/mod3.d --DRT-oncycle=abort (test for excess errors)
FAIL: libphobos.cycles/mod3.d --DRT-oncycle=deprecate (test for excess errors)
FAIL: libphobos.cycles/mod3.d --DRT-oncycle=deprecate execution test
FAIL: libphobos.cycles/mod3.d --DRT-oncycle=ignore (test for excess errors)
FAIL: libphobos.cycles/mod3.d --DRT-oncycle=ignore execution test
FAIL: libphobos.cycles/mod3.d --DRT-oncycle=print (test for excess errors)
FAIL: libphobos.cycles/mod3.d --DRT-oncycle=print execution test
FAIL: libphobos.druntime/core/atomic.d (test for excess errors)
FAIL: libphobos.druntime/core/atomic.d execution test
FAIL: libphobos.druntime/core/bitop.d (test for excess errors)
FAIL: libphobos.druntime/core/bitop.d execution test
FAIL: libphobos.druntime/core/checkedint.d (test for excess errors)
FAIL: libphobos.druntime/core/checkedint.d execution test
FAIL: libphobos.druntime/core/demangle.d (test for excess errors)
FAIL: libphobos.druntime/core/demangle.d execution test
FAIL: libphobos.druntime/core/exception.d (test for excess errors)
FAIL: libphobos.druntime/core/exception.d execution test
FAIL: libphobos.druntime/core/internal/arrayop.d (test for excess errors)
FAIL: libphobos.druntime/core/internal/arrayop.d execution test
FAIL: libphobos.druntime/core/internal/attributes.d (test for excess errors)
FAIL: libphobos.druntime/core/internal/attributes.d execution test
FAIL: libphobos.druntime/core/internal/convert.d (test for excess errors)
FAIL: libphobos.druntime/core/internal/convert.d execution test
FAIL: libphobos.druntime/core/internal/hash.d (test for excess errors)
FAIL: libphobos.druntime/core/internal/hash.d execution test
FAIL: libphobos.druntime/core/internal/string.d (test for excess errors)
FAIL: libphobos.druntime/core/internal/string.d execution test
FAIL: libphobos.druntime/core/internal/traits.d (test for excess errors)
FAIL: libphobos.druntime/core/internal/traits.d execution test
FAIL: libphobos.druntime/core/math.d (test for excess errors)
FAIL: libphobos.druntime/core/math.d execution test
FAIL: libphobos.druntime/core/memory.d (test for excess errors)
FAIL: libphobos.druntime/core/memory.d execution test
FAIL: libphobos.druntime/core/runtime.d (test for excess errors)
FAIL: libphobos.druntime/core/runtime.d execution test
FAIL: libphobos.druntime/core/simd.d (test for excess errors)
FAIL: libphobos.druntime/core/simd.d execution test
FAIL: libphobos.druntime/core/stdc/stdarg.d (test for excess errors)
FAIL: libphobos.druntime/core/stdc/stdarg.d execution test
FAIL: libphobos.druntime/core/stdc/stdlib.d (test for excess errors)
FAIL: libphobos.druntime/core/stdc/stdlib.d execution test
FAIL: libphobos.druntime/core/sync/barrier.d (test for excess errors)
FAIL: libphobos.druntime/core/sync/barrier.d execution test
FAIL: libphobos.druntime/core/sync/condition.d (test for excess errors)
FAIL: libphobos.druntime/core/sync/condition.d execution test
FAIL: libphobos.druntime/core/sync/mutex.d (test for excess errors)
FAIL: libphobos.druntime/core/sync/mutex.d execution test
FAIL: libphobos.druntime/core/sync/rwmutex.d (test for excess errors)
FAIL: libphobos.druntime/core/sync/rwmutex.d execution test
FAIL: libphobos.druntime/core/sync/semaphore.d (test for excess errors)
FAIL: libphobos.druntime/core/sync/semaphore.d execution test
FAIL: libphobos.druntime/core/sys/darwin/sys/attr.d (test for excess errors)
FAIL: libphobos.druntime/core/sys/darwin/sys/attr.d execution test
FAIL: libphobos.druntime/core/sys/linux/stdio.d (test for excess errors)
FAIL: libphobos.druntime/core/sys/linux/stdio.d execution test
FAIL: libphobos.druntime/core/sys/linux/tipc.d (test for excess errors)
FAIL: libphobos.druntime/core/sys/linux/tipc.d execution test
FAIL: libphobos.druntime/core/sys/posix/stdio.d (test for excess errors)
FAIL: libphobos.druntime/core/sys/posix/stdio.d execution test
FAIL: libphobos.druntime/core/sys/posix/sys/select.d (test for excess errors)
FAIL: libphobos.druntime/core/sys/posix/sys/select.d execution test
FAIL: libphobos.druntime/core/sys/windows/basetsd.d (test for excess errors)
FAIL: libphobos.druntime/core/sys/windows/basetsd.d execution test
FAIL: libphobos.druntime/core/sys/windows/dde.d (test for excess errors)
FAIL: libphobos.druntime/core/sys/windows/dde.d execution test
FAIL: libphobos.druntime/core/sys/windows/w32api.d (test for excess errors)
FAIL: libphobos.druntime/core/sys/windows/w32api.d execution test
FAIL: libphobos.druntime/core/thread/fiber.d (test for excess errors)
FAIL: libphobos.druntime/core/thread/fiber.d execution test
FAIL: libphobos.druntime/core/thread/osthread.d (test for excess errors)
FAIL: libphobos.druntime/core/thread/osthread.d execution test
FAIL: libphobos.druntime/core/thread/threadbase.d (test for excess errors)
FAIL: libphobos.druntime/core/thread/threadbase.d execution test
FAIL: libphobos.druntime/core/time.d (test for excess errors)
FAIL: libphobos.druntime/core/time.d execution test
FAIL: libphobos.druntime/core/volatile.d (test for excess errors)
FAIL: libphobos.druntime/core/volatile.d execution test
FAIL: libphobos.druntime/gc/bits.d (test for excess errors)
FAIL: libphobos.druntime/gc/bits.d execution test
FAIL: libphobos.druntime/gc/config.d (test for excess errors)
FAIL: libphobos.druntime/gc/config.d execution test
FAIL: libphobos.druntime/gc/impl/conservative/gc.d (test for excess errors)
FAIL: libphobos.druntime/gc/impl/conservative/gc.d execution test
FAIL: libphobos.druntime/gc/pooltable.d (test for excess errors)
FAIL: libphobos.druntime/gc/pooltable.d execution test
FAIL: libphobos.druntime/gcc/backtrace.d (test for excess errors)
FAIL: libphobos.druntime/gcc/backtrace.d execution test
FAIL: libphobos.druntime/object.d (test for excess errors)
FAIL: libphobos.druntime/object.d execution test
FAIL: libphobos.druntime/rt/aApply.d (test for excess errors)
FAIL: libphobos.druntime/rt/aApply.d execution test
FAIL: libphobos.druntime/rt/aApplyR.d (test for excess errors)
FAIL: libphobos.druntime/rt/aApplyR.d execution test
FAIL: libphobos.druntime/rt/aaA.d (test for excess errors)
FAIL: libphobos.druntime/rt/aaA.d execution test
FAIL: libphobos.druntime/rt/adi.d (test for excess errors)
FAIL: libphobos.druntime/rt/adi.d execution test
FAIL: libphobos.druntime/rt/arrayassign.d (test for excess errors)
FAIL: libphobos.druntime/rt/arrayassign.d execution test
FAIL: libphobos.druntime/rt/arraycast.d (test for excess errors)
FAIL: libphobos.druntime/rt/arraycast.d execution test
FAIL: libphobos.druntime/rt/lifetime.d (test for excess errors)
FAIL: libphobos.druntime/rt/lifetime.d execution test
FAIL: libphobos.druntime/rt/minfo.d (test for excess errors)
FAIL: libphobos.druntime/rt/minfo.d execution test
FAIL: libphobos.druntime/rt/monitor_.d (test for excess errors)
FAIL: libphobos.druntime/rt/monitor_.d execution test
FAIL: libphobos.druntime/rt/qsort.d (test for excess errors)
FAIL: libphobos.druntime/rt/qsort.d execution test
FAIL: libphobos.druntime/rt/switch_.d (test for excess errors)
FAIL: libphobos.druntime/rt/switch_.d execution test
FAIL: libphobos.druntime/rt/util/container/array.d (test for excess errors)
FAIL: libphobos.druntime/rt/util/container/array.d execution test
FAIL: libphobos.druntime/rt/util/container/common.d (test for excess errors)
FAIL: libphobos.druntime/rt/util/container/common.d execution test
FAIL: libphobos.druntime/rt/util/container/hashtab.d (test for excess errors)
FAIL: libphobos.druntime/rt/util/container/hashtab.d execution test
FAIL: libphobos.druntime/rt/util/container/treap.d (test for excess errors)
FAIL: libphobos.druntime/rt/util/container/treap.d execution test
FAIL: libphobos.druntime/rt/util/typeinfo.d (test for excess errors)
FAIL: libphobos.druntime/rt/util/typeinfo.d execution test
FAIL: libphobos.druntime/rt/util/utf.d (test for excess errors)
FAIL: libphobos.druntime/rt/util/utf.d execution test
FAIL: libphobos.exceptions/chain.d (test for excess errors)
FAIL: libphobos.exceptions/chain.d execution test
FAIL: libphobos.exceptions/invalid_memory_operation.d (test for excess errors)
FAIL: libphobos.exceptions/invalid_memory_operation.d output pattern test
FAIL: libphobos.exceptions/line_trace.d (test for excess errors)
FAIL: libphobos.exceptions/line_trace.d execution test
FAIL: libphobos.exceptions/static_dtor.d (test for excess errors)
FAIL: libphobos.exceptions/static_dtor.d output pattern test
FAIL: libphobos.exceptions/stderr_msg.d (test for excess errors)
FAIL: libphobos.exceptions/stderr_msg.d output pattern test
FAIL: libphobos.exceptions/unittest_assert.d (test for excess errors)
FAIL: libphobos.exceptions/unittest_assert.d output pattern test
FAIL: libphobos.hash/test_hash.d (test for excess errors)
FAIL: libphobos.hash/test_hash.d execution test
FAIL: libphobos.init_fini/runtime_args.d (test for excess errors)
FAIL: libphobos.init_fini/runtime_args.d execution test
FAIL: libphobos.init_fini/thread_join.d (test for excess errors)
FAIL: libphobos.init_fini/thread_join.d execution test
FAIL: libphobos.shared/finalize.d -shared-libphobos -ldl execution test
FAIL: libphobos.shared/linkD.c lib.so -ldl -pthread (test for excess errors)
FAIL: libphobos.shared/load.d -shared-libphobos -ldl execution test
FAIL: libphobos.shared/load_13414.d -shared-libphobos -ldl execution test
FAIL: libphobos.thread/fiber_guard_page.d (test for excess errors)
FAIL: libphobos.thread/tlsgc_sections.d (test for excess errors)
FAIL: libphobos.thread/tlsgc_sections.d execution test
FAIL: libphobos.typeinfo/comparison.d (test for excess errors)
FAIL: libphobos.typeinfo/comparison.d execution test
FAIL: libphobos.typeinfo/struct-align.d (test for excess errors)
FAIL: libphobos.typeinfo/struct-align.d execution test
=== libphobos Summary for unix/-m64 ===
# of expected passes 149
# of unexpected failures 174
=== libphobos Summary ===
# of expected passes 298
# of unexpected failures 348
=== libstdc++ tests ===
Running target unix
FAIL: 17_intro/names.cc (test for excess errors)
FAIL: experimental/names.cc (test for excess errors)
=== libstdc++ Summary for unix ===
# of expected passes 14761
# of unexpected failures 2
# of expected failures 96
# of unsupported tests 736
Running target unix/-m64
FAIL: 17_intro/names.cc (test for excess errors)
FAIL: experimental/names.cc (test for excess errors)
=== libstdc++ Summary for unix/-m64 ===
# of expected passes 14757
# of unexpected failures 2
# of expected failures 96
# of unsupported tests 738
=== libstdc++ Summary ===
# of expected passes 29518
# of unexpected failures 4
# of expected failures 192
# of unsupported tests 1474
Compiler version: 12.0.0 20210716 (experimental) [master revision df0d7486ec9bca8a77ca106d9fbb60f819dd9cec] (GCC)
Platform: sparc-sun-solaris2.11
configure flags: --prefix=/vol/gcc --target=sparc-sun-solaris2.11 --enable-objc-gc --with-target-bdw-gc-include=/vol/gcc/include --with-target-bdw-gc-lib=/vol/gcc/lib,sparcv9=/vol/gcc/lib/sparcv9 --with-as=/vol/gcc/bin/gas-2.36 --with-gnu-as --with-ld=/vol/gcc/bin/gld-2.36 --with-gnu-ld --with-gmp-include=/vol/gcc/include --with-gmp-lib=/vol/gcc/lib --with-mpfr-include=/vol/gcc/include --with-mpfr-lib=/vol/gcc/lib --with-mpc-include=/vol/gcc/include --with-mpc-lib=/vol/gcc/lib --enable-languages=all,ada,obj-c++,go --with-isl-include=/vol/gcc/include --with-isl-lib=/vol/gcc/lib --with-zstd-include=/vol/gcc/include --with-zstd-lib=/vol/gcc/lib --build=sparc-sun-solaris2.11 --host=sparc-sun-solaris2.11
BOOT_CFLAGS=-g -O2
More information about the Gcc-testresults
mailing list