Results for 11.1.1 20210714 [releases/gcc-11 revision 6356607530:606a39c85a:1892a1baa8a277ebdb96a773dae53bdc3f2a1627] (GCC) testsuite on powerpc64le-unknown-linux-gnu

Bill Seurer (POWER10) seurer@linux.ibm.com
Wed Jul 14 06:16:22 GMT 2021


git commit g:1892a1baa8a277ebdb96a773dae53bdc3f2a1627
gcc-descr 

Linux 5.10.0-6.2021_01_19.eos.ibm.el8.ppc64le ppc64le
GNU C Library (GNU libc) stable release version 2.28.
GNU ld (GNU Binutils) 2.36.1
GNU assembler (GNU Binutils) 2.36.1
GNU Make 4.2.1

DejaGnu:
	DejaGnu version	1.6
	Expect version	5.45.4
	Tcl version	8.6

64-bit

LAST_UPDATED: Wed Jul 14 04:32:14 UTC 2021 (revision 6356607530:606a39c85a:1892a1baa8a277ebdb96a773dae53bdc3f2a1627)

Native configuration is powerpc64le-unknown-linux-gnu

		=== gcc tests ===


Running target unix
FAIL: c-c++-common/attr-retain-7.c  -Wc++-compat   (test for warnings, line 6)
FAIL: c-c++-common/attr-retain-7.c  -Wc++-compat   scan-assembler .data.foo,"awR"
FAIL: c-c++-common/attr-retain-8.c  -Wc++-compat   (test for warnings, line 5)
FAIL: c-c++-common/attr-retain-8.c  -Wc++-compat   scan-assembler .data.foo,"aw"
XPASS: gcc.dg/Wtrampolines.c standard descriptors (test for warnings, line 29)
FAIL: gcc.dg/pr56727-2.c scan-assembler bl f\\n\\\\s*nop
XPASS: gcc.dg/graphite/pr69728.c scan-tree-dump graphite "loop nest optimized"
XPASS: gcc.dg/guality/example.c   -O0  execution test
XPASS: gcc.dg/guality/example.c   -O1  -DPREVENT_OPTIMIZATION  execution test
XPASS: gcc.dg/guality/example.c  -Og -DPREVENT_OPTIMIZATION  execution test
XPASS: gcc.dg/guality/guality.c   -O0  execution test
XPASS: gcc.dg/guality/guality.c   -O1  -DPREVENT_OPTIMIZATION  execution test
XPASS: gcc.dg/guality/guality.c   -O2  -DPREVENT_OPTIMIZATION  execution test
XPASS: gcc.dg/guality/guality.c   -O3 -g  -DPREVENT_OPTIMIZATION  execution test
XPASS: gcc.dg/guality/guality.c  -Og -DPREVENT_OPTIMIZATION  execution test
XPASS: gcc.dg/guality/guality.c   -O2 -flto -fno-use-linker-plugin -flto-partition=none  -DPREVENT_OPTIMIZATION execution test
FAIL: gcc.dg/guality/inline-params-2.c   -O2  -DPREVENT_OPTIMIZATION  execution test
FAIL: gcc.dg/guality/inline-params-2.c   -O3 -g  -DPREVENT_OPTIMIZATION  execution test
FAIL: gcc.dg/guality/inline-params-2.c   -Os  -DPREVENT_OPTIMIZATION  execution test
FAIL: gcc.dg/guality/inline-params-2.c   -O2 -flto -fno-use-linker-plugin -flto-partition=none  -DPREVENT_OPTIMIZATION execution test
FAIL: gcc.dg/guality/inline-params-2.c   -O2 -flto -fuse-linker-plugin -fno-fat-lto-objects  -DPREVENT_OPTIMIZATION execution test
FAIL: gcc.dg/guality/loop-1.c   -O2  -DPREVENT_OPTIMIZATION  line 20 i == 1
FAIL: gcc.dg/guality/loop-1.c   -O3 -fomit-frame-pointer -funroll-loops -fpeel-loops -ftracer -finline-functions  -DPREVENT_OPTIMIZATION  line 20 i == 1
FAIL: gcc.dg/guality/loop-1.c   -O3 -g  -DPREVENT_OPTIMIZATION  line 20 i == 1
FAIL: gcc.dg/guality/loop-1.c   -O2 -flto -fno-use-linker-plugin -flto-partition=none  -DPREVENT_OPTIMIZATION line 20 i == 1
FAIL: gcc.dg/guality/loop-1.c   -O2 -flto -fuse-linker-plugin -fno-fat-lto-objects  -DPREVENT_OPTIMIZATION line 20 i == 1
FAIL: gcc.dg/guality/pr36728-3.c   -O3 -g  -DPREVENT_OPTIMIZATION  line 16 y == 2
FAIL: gcc.dg/guality/pr36728-3.c   -O2 -flto -fuse-linker-plugin -fno-fat-lto-objects  -DPREVENT_OPTIMIZATION line 16 y == 2
XPASS: gcc.dg/guality/pr41353-1.c   -O0  line 28 j == 28 + 37
FAIL: gcc.dg/guality/pr41353-1.c  -Og -DPREVENT_OPTIMIZATION  line 28 i == 37
XPASS: gcc.dg/guality/pr41353-1.c  -Og -DPREVENT_OPTIMIZATION  line 28 j == 28 + 37
FAIL: gcc.dg/guality/pr41353-1.c  -Og -DPREVENT_OPTIMIZATION  line 28 i1 == 2 * 37
FAIL: gcc.dg/guality/pr41353-1.c  -Og -DPREVENT_OPTIMIZATION  line 28 i2 == 3 * 37
FAIL: gcc.dg/guality/pr41447-1.c   -O2  -DPREVENT_OPTIMIZATION  execution test
FAIL: gcc.dg/guality/pr41447-1.c   -O3 -g  -DPREVENT_OPTIMIZATION  execution test
FAIL: gcc.dg/guality/pr41447-1.c   -Os  -DPREVENT_OPTIMIZATION  execution test
FAIL: gcc.dg/guality/pr41447-1.c   -O2 -flto -fno-use-linker-plugin -flto-partition=none  -DPREVENT_OPTIMIZATION execution test
FAIL: gcc.dg/guality/pr41447-1.c   -O2 -flto -fuse-linker-plugin -fno-fat-lto-objects  -DPREVENT_OPTIMIZATION execution test
FAIL: gcc.dg/guality/pr43051-1.c   -O1  -DPREVENT_OPTIMIZATION  line 35 v == 1
FAIL: gcc.dg/guality/pr43051-1.c   -O1  -DPREVENT_OPTIMIZATION  line 40 v == 1
FAIL: gcc.dg/guality/pr43051-1.c   -O2  -DPREVENT_OPTIMIZATION  line 35 v == 1
FAIL: gcc.dg/guality/pr43051-1.c   -O2  -DPREVENT_OPTIMIZATION  line 40 v == 1
FAIL: gcc.dg/guality/pr43051-1.c   -O3 -fomit-frame-pointer -funroll-loops -fpeel-loops -ftracer -finline-functions  -DPREVENT_OPTIMIZATION  line 35 v == 1
FAIL: gcc.dg/guality/pr43051-1.c   -O3 -fomit-frame-pointer -funroll-loops -fpeel-loops -ftracer -finline-functions  -DPREVENT_OPTIMIZATION  line 40 v == 1
FAIL: gcc.dg/guality/pr43051-1.c   -O3 -g  -DPREVENT_OPTIMIZATION  line 35 v == 1
FAIL: gcc.dg/guality/pr43051-1.c   -O3 -g  -DPREVENT_OPTIMIZATION  line 40 v == 1
FAIL: gcc.dg/guality/pr43051-1.c   -Os  -DPREVENT_OPTIMIZATION  line 35 v == 1
FAIL: gcc.dg/guality/pr43051-1.c   -Os  -DPREVENT_OPTIMIZATION  line 40 v == 1
FAIL: gcc.dg/guality/pr43051-1.c  -Og -DPREVENT_OPTIMIZATION  line 35 v == 1
FAIL: gcc.dg/guality/pr43051-1.c  -Og -DPREVENT_OPTIMIZATION  line 40 v == 1
FAIL: gcc.dg/guality/pr43051-1.c   -O2 -flto -fno-use-linker-plugin -flto-partition=none  -DPREVENT_OPTIMIZATION line 35 v == 1
FAIL: gcc.dg/guality/pr43051-1.c   -O2 -flto -fno-use-linker-plugin -flto-partition=none  -DPREVENT_OPTIMIZATION line 40 v == 1
FAIL: gcc.dg/guality/pr43051-1.c   -O2 -flto -fuse-linker-plugin -fno-fat-lto-objects  -DPREVENT_OPTIMIZATION line 35 v == 1
FAIL: gcc.dg/guality/pr43051-1.c   -O2 -flto -fuse-linker-plugin -fno-fat-lto-objects  -DPREVENT_OPTIMIZATION line 40 v == 1
FAIL: gcc.dg/guality/pr54200.c   -O1  -DPREVENT_OPTIMIZATION  line 20 z == 3
FAIL: gcc.dg/guality/pr54200.c   -O2  -DPREVENT_OPTIMIZATION  line 20 z == 3
FAIL: gcc.dg/guality/pr54200.c   -O3 -g  -DPREVENT_OPTIMIZATION  line 20 z == 3
FAIL: gcc.dg/guality/pr54200.c   -Os  -DPREVENT_OPTIMIZATION  line 20 z == 3
FAIL: gcc.dg/guality/pr54200.c   -O2 -flto -fno-use-linker-plugin -flto-partition=none  -DPREVENT_OPTIMIZATION line 20 z == 3
FAIL: gcc.dg/guality/pr54519-1.c   -O1  -DPREVENT_OPTIMIZATION  line 20 x == 36
FAIL: gcc.dg/guality/pr54519-1.c   -O1  -DPREVENT_OPTIMIZATION  line 20 y == 25
FAIL: gcc.dg/guality/pr54519-1.c   -O1  -DPREVENT_OPTIMIZATION  line 23 x == 98
FAIL: gcc.dg/guality/pr54519-1.c   -O1  -DPREVENT_OPTIMIZATION  line 23 y == 117
FAIL: gcc.dg/guality/pr54519-1.c   -O2  -DPREVENT_OPTIMIZATION  line 20 x == 36
FAIL: gcc.dg/guality/pr54519-1.c   -O2  -DPREVENT_OPTIMIZATION  line 23 x == 98
FAIL: gcc.dg/guality/pr54519-1.c   -Os  -DPREVENT_OPTIMIZATION  line 20 x == 36
FAIL: gcc.dg/guality/pr54519-1.c   -Os  -DPREVENT_OPTIMIZATION  line 23 x == 98
FAIL: gcc.dg/guality/pr54519-1.c  -Og -DPREVENT_OPTIMIZATION  line 20 x == 36
FAIL: gcc.dg/guality/pr54519-1.c  -Og -DPREVENT_OPTIMIZATION  line 20 y == 25
FAIL: gcc.dg/guality/pr54519-1.c  -Og -DPREVENT_OPTIMIZATION  line 23 x == 98
FAIL: gcc.dg/guality/pr54519-1.c  -Og -DPREVENT_OPTIMIZATION  line 23 y == 117
FAIL: gcc.dg/guality/pr54519-1.c   -O2 -flto -fno-use-linker-plugin -flto-partition=none  -DPREVENT_OPTIMIZATION line 20 x == 36
FAIL: gcc.dg/guality/pr54519-1.c   -O2 -flto -fno-use-linker-plugin -flto-partition=none  -DPREVENT_OPTIMIZATION line 23 x == 98
FAIL: gcc.dg/guality/pr54519-1.c   -O2 -flto -fuse-linker-plugin -fno-fat-lto-objects  -DPREVENT_OPTIMIZATION line 20 y == 25
FAIL: gcc.dg/guality/pr54519-1.c   -O2 -flto -fuse-linker-plugin -fno-fat-lto-objects  -DPREVENT_OPTIMIZATION line 20 z == 6
FAIL: gcc.dg/guality/pr54519-1.c   -O2 -flto -fuse-linker-plugin -fno-fat-lto-objects  -DPREVENT_OPTIMIZATION line 23 y == 117
FAIL: gcc.dg/guality/pr54519-1.c   -O2 -flto -fuse-linker-plugin -fno-fat-lto-objects  -DPREVENT_OPTIMIZATION line 23 z == 8
FAIL: gcc.dg/guality/pr54519-2.c   -O1  -DPREVENT_OPTIMIZATION  line 17 x == 6
FAIL: gcc.dg/guality/pr54519-2.c  -Og -DPREVENT_OPTIMIZATION  line 17 x == 6
FAIL: gcc.dg/guality/pr54519-2.c   -O2 -flto -fno-use-linker-plugin -flto-partition=none  -DPREVENT_OPTIMIZATION line 17 y == 25
FAIL: gcc.dg/guality/pr54519-2.c   -O2 -flto -fuse-linker-plugin -fno-fat-lto-objects  -DPREVENT_OPTIMIZATION line 17 y == 25
FAIL: gcc.dg/guality/pr54519-3.c   -O2 -flto -fno-use-linker-plugin -flto-partition=none  -DPREVENT_OPTIMIZATION line 20 y == 25
FAIL: gcc.dg/guality/pr54519-3.c   -O2 -flto -fno-use-linker-plugin -flto-partition=none  -DPREVENT_OPTIMIZATION line 20 z == 6
FAIL: gcc.dg/guality/pr54519-3.c   -O2 -flto -fno-use-linker-plugin -flto-partition=none  -DPREVENT_OPTIMIZATION line 23 y == 117
FAIL: gcc.dg/guality/pr54519-3.c   -O2 -flto -fno-use-linker-plugin -flto-partition=none  -DPREVENT_OPTIMIZATION line 23 z == 8
FAIL: gcc.dg/guality/pr54519-3.c   -O2 -flto -fuse-linker-plugin -fno-fat-lto-objects  -DPREVENT_OPTIMIZATION line 20 y == 25
FAIL: gcc.dg/guality/pr54519-3.c   -O2 -flto -fuse-linker-plugin -fno-fat-lto-objects  -DPREVENT_OPTIMIZATION line 20 z == 6
FAIL: gcc.dg/guality/pr54519-3.c   -O2 -flto -fuse-linker-plugin -fno-fat-lto-objects  -DPREVENT_OPTIMIZATION line 23 y == 117
FAIL: gcc.dg/guality/pr54519-3.c   -O2 -flto -fuse-linker-plugin -fno-fat-lto-objects  -DPREVENT_OPTIMIZATION line 23 z == 8
FAIL: gcc.dg/guality/pr54519-4.c   -O2  -DPREVENT_OPTIMIZATION  line 17 y == 25
FAIL: gcc.dg/guality/pr54519-4.c   -O3 -g  -DPREVENT_OPTIMIZATION  line 17 y == 25
FAIL: gcc.dg/guality/pr54519-4.c   -Os  -DPREVENT_OPTIMIZATION  line 17 y == 25
FAIL: gcc.dg/guality/pr54519-4.c   -O2 -flto -fno-use-linker-plugin -flto-partition=none  -DPREVENT_OPTIMIZATION line 17 y == 25
FAIL: gcc.dg/guality/pr54519-4.c   -O2 -flto -fuse-linker-plugin -fno-fat-lto-objects  -DPREVENT_OPTIMIZATION line 17 y == 25
FAIL: gcc.dg/guality/pr54519-5.c   -O1  -DPREVENT_OPTIMIZATION  line 17 x == 6
FAIL: gcc.dg/guality/pr54519-5.c   -O1  -DPREVENT_OPTIMIZATION  line 17 y == 25
FAIL: gcc.dg/guality/pr54519-5.c   -O2  -DPREVENT_OPTIMIZATION  line 17 y == 25
FAIL: gcc.dg/guality/pr54519-5.c   -O3 -g  -DPREVENT_OPTIMIZATION  line 17 y == 25
FAIL: gcc.dg/guality/pr54519-5.c   -Os  -DPREVENT_OPTIMIZATION  line 17 y == 25
FAIL: gcc.dg/guality/pr54519-5.c  -Og -DPREVENT_OPTIMIZATION  line 17 x == 6
FAIL: gcc.dg/guality/pr54519-5.c  -Og -DPREVENT_OPTIMIZATION  line 17 y == 25
FAIL: gcc.dg/guality/pr54519-5.c   -O2 -flto -fno-use-linker-plugin -flto-partition=none  -DPREVENT_OPTIMIZATION line 17 y == 25
FAIL: gcc.dg/guality/pr54519-5.c   -O2 -flto -fuse-linker-plugin -fno-fat-lto-objects  -DPREVENT_OPTIMIZATION line 17 y == 25
FAIL: gcc.dg/guality/pr54519-6.c   -Os  -DPREVENT_OPTIMIZATION  line 11 x == 2
FAIL: gcc.dg/guality/pr54551.c   -O1  -DPREVENT_OPTIMIZATION  line 18 a == 4
FAIL: gcc.dg/guality/pr54551.c  -Og -DPREVENT_OPTIMIZATION  line 18 a == 4
FAIL: gcc.dg/guality/pr54693-2.c   -O1  -DPREVENT_OPTIMIZATION  line 21 x == 10 - i
FAIL: gcc.dg/guality/pr54693-2.c   -O1  -DPREVENT_OPTIMIZATION  line 21 y == 20 - 2 * i
FAIL: gcc.dg/guality/pr54693-2.c   -O2 -flto -fuse-linker-plugin -fno-fat-lto-objects  -DPREVENT_OPTIMIZATION line 21 y == 20 - 2 * i
FAIL: gcc.dg/guality/pr54693-2.c   -O2 -flto -fuse-linker-plugin -fno-fat-lto-objects  -DPREVENT_OPTIMIZATION line 21 z == 30 - 3 * i
XPASS: gcc.dg/guality/pr54970.c   -O0  line 15 a[0] == 1
XPASS: gcc.dg/guality/pr54970.c   -O0  line 20 a[0] == 1
XPASS: gcc.dg/guality/pr54970.c   -O0  line 25 a[0] == 1
XPASS: gcc.dg/guality/pr54970.c   -O0  line 31 a[0] == 4
XPASS: gcc.dg/guality/pr54970.c   -O0  line 36 a[0] == 4
XPASS: gcc.dg/guality/pr54970.c   -O0  line 45 a[0] == 4
XPASS: gcc.dg/guality/pr54970.c   -O0  line 45 p[-2] == 4
XPASS: gcc.dg/guality/pr54970.c   -O0  line 45 q[-1] == 4
XPASS: gcc.dg/guality/pr54970.c  -Og -DPREVENT_OPTIMIZATION  line 15 a[0] == 1
XPASS: gcc.dg/guality/pr54970.c  -Og -DPREVENT_OPTIMIZATION  line 20 a[0] == 1
XPASS: gcc.dg/guality/pr54970.c  -Og -DPREVENT_OPTIMIZATION  line 25 a[0] == 1
XPASS: gcc.dg/guality/pr54970.c  -Og -DPREVENT_OPTIMIZATION  line 31 a[0] == 4
XPASS: gcc.dg/guality/pr54970.c  -Og -DPREVENT_OPTIMIZATION  line 36 a[0] == 4
XPASS: gcc.dg/guality/pr54970.c  -Og -DPREVENT_OPTIMIZATION  line 45 a[0] == 4
XPASS: gcc.dg/guality/pr54970.c  -Og -DPREVENT_OPTIMIZATION  line 45 p[-2] == 4
XPASS: gcc.dg/guality/pr54970.c  -Og -DPREVENT_OPTIMIZATION  line 45 q[-1] == 4
FAIL: gcc.dg/guality/pr56154-1.c  -Og -DPREVENT_OPTIMIZATION  line pr56154-1.c:20 x.a == 6
XPASS: gcc.dg/guality/pr59776.c   -O0  line pr59776.c:17 s2.g == 6.0
XPASS: gcc.dg/guality/pr59776.c   -O0  line pr59776.c:20 s2.g == 6.0
FAIL: gcc.dg/guality/pr59776.c  -Og -DPREVENT_OPTIMIZATION  line pr59776.c:17 s1.f == 5.0
FAIL: gcc.dg/guality/pr59776.c  -Og -DPREVENT_OPTIMIZATION  line pr59776.c:17 s1.g == 6.0
FAIL: gcc.dg/guality/pr59776.c  -Og -DPREVENT_OPTIMIZATION  line pr59776.c:17 s2.f == 0.0
FAIL: gcc.dg/guality/pr59776.c  -Og -DPREVENT_OPTIMIZATION  line pr59776.c:20 s1.f == 5.0
FAIL: gcc.dg/guality/pr59776.c  -Og -DPREVENT_OPTIMIZATION  line pr59776.c:20 s1.g == 6.0
FAIL: gcc.dg/guality/pr59776.c  -Og -DPREVENT_OPTIMIZATION  line pr59776.c:20 s2.f == 5.0
FAIL: gcc.dg/guality/pr68860-1.c   -O2  -DPREVENT_OPTIMIZATION  line 16 y == 2
FAIL: gcc.dg/guality/pr68860-1.c   -O3 -g  -DPREVENT_OPTIMIZATION  line 16 y == 2
FAIL: gcc.dg/guality/pr68860-1.c   -Os  -DPREVENT_OPTIMIZATION  line 16 y == 2
FAIL: gcc.dg/guality/pr68860-1.c   -O2 -flto -fno-use-linker-plugin -flto-partition=none  -DPREVENT_OPTIMIZATION line 16 y == 2
FAIL: gcc.dg/guality/pr68860-1.c   -O2 -flto -fuse-linker-plugin -fno-fat-lto-objects  -DPREVENT_OPTIMIZATION line 16 y == 2
FAIL: gcc.dg/guality/pr68860-2.c   -O3 -g  -DPREVENT_OPTIMIZATION  line 16 y == 2
FAIL: gcc.dg/guality/pr68860-2.c   -O2 -flto -fuse-linker-plugin -fno-fat-lto-objects  -DPREVENT_OPTIMIZATION line 16 y == 2
FAIL: gcc.dg/guality/pr90074.c   -O2 -flto -fuse-linker-plugin -fno-fat-lto-objects  -DPREVENT_OPTIMIZATION line 28 i + 1 == 8
FAIL: gcc.dg/guality/pr90074.c   -O2 -flto -fuse-linker-plugin -fno-fat-lto-objects  -DPREVENT_OPTIMIZATION line 28 c + 1 == 2
FAIL: gcc.dg/guality/pr90716.c   -O2 -flto -fuse-linker-plugin -fno-fat-lto-objects  -DPREVENT_OPTIMIZATION line 23 j + 1 == 9
FAIL: gcc.dg/guality/sra-1.c   -O2  -DPREVENT_OPTIMIZATION  line 43 a.j == 14
FAIL: gcc.dg/guality/sra-1.c   -O3 -g  -DPREVENT_OPTIMIZATION  line 43 a.j == 14
FAIL: gcc.dg/guality/sra-1.c   -Os  -DPREVENT_OPTIMIZATION  line 43 a.j == 14
FAIL: gcc.dg/guality/sra-1.c  -Og -DPREVENT_OPTIMIZATION  line 21 a.i == 4
FAIL: gcc.dg/guality/sra-1.c  -Og -DPREVENT_OPTIMIZATION  line 21 a.j == 14
FAIL: gcc.dg/guality/sra-1.c  -Og -DPREVENT_OPTIMIZATION  line 32 a[0] == 4
FAIL: gcc.dg/guality/sra-1.c  -Og -DPREVENT_OPTIMIZATION  line 32 a[1] == 14
FAIL: gcc.dg/guality/sra-1.c  -Og -DPREVENT_OPTIMIZATION  line 43 a.i == 4
FAIL: gcc.dg/guality/sra-1.c  -Og -DPREVENT_OPTIMIZATION  line 43 a.j == 14
FAIL: gcc.dg/guality/sra-1.c   -O2 -flto -fno-use-linker-plugin -flto-partition=none  -DPREVENT_OPTIMIZATION line 43 a.j == 14
FAIL: gcc.dg/guality/sra-1.c   -O2 -flto -fuse-linker-plugin -fno-fat-lto-objects  -DPREVENT_OPTIMIZATION line 21 a.i == 4
FAIL: gcc.dg/guality/sra-1.c   -O2 -flto -fuse-linker-plugin -fno-fat-lto-objects  -DPREVENT_OPTIMIZATION line 21 a.j == 14
FAIL: gcc.dg/guality/sra-1.c   -O2 -flto -fuse-linker-plugin -fno-fat-lto-objects  -DPREVENT_OPTIMIZATION line 32 a[0] == 4
FAIL: gcc.dg/guality/sra-1.c   -O2 -flto -fuse-linker-plugin -fno-fat-lto-objects  -DPREVENT_OPTIMIZATION line 32 a[1] == 14
FAIL: gcc.dg/guality/sra-1.c   -O2 -flto -fuse-linker-plugin -fno-fat-lto-objects  -DPREVENT_OPTIMIZATION line 43 a.i == 4
FAIL: gcc.dg/guality/sra-1.c   -O2 -flto -fuse-linker-plugin -fno-fat-lto-objects  -DPREVENT_OPTIMIZATION line 43 a.j == 14
FAIL: gcc.dg/guality/vla-1.c   -O1  -DPREVENT_OPTIMIZATION  line 17 sizeof (a) == 6
FAIL: gcc.dg/guality/vla-1.c   -O2  -DPREVENT_OPTIMIZATION  line 17 sizeof (a) == 6
FAIL: gcc.dg/guality/vla-1.c   -O3 -g  -DPREVENT_OPTIMIZATION  line 17 sizeof (a) == 6
FAIL: gcc.dg/guality/vla-1.c   -Os  -DPREVENT_OPTIMIZATION  line 17 sizeof (a) == 6
FAIL: gcc.dg/guality/vla-1.c   -O2 -flto -fno-use-linker-plugin -flto-partition=none  -DPREVENT_OPTIMIZATION line 17 sizeof (a) == 6
FAIL: gcc.dg/guality/vla-1.c   -O2 -flto -fuse-linker-plugin -fno-fat-lto-objects  -DPREVENT_OPTIMIZATION line 17 sizeof (a) == 6
FAIL: gcc.dg/torture/float128-cmp-invalid.c   -O0  execution test
FAIL: gcc.dg/torture/float128-cmp-invalid.c   -O1  execution test
FAIL: gcc.dg/torture/float128-cmp-invalid.c   -O2  execution test
FAIL: gcc.dg/torture/float128-cmp-invalid.c   -O3 -g  execution test
FAIL: gcc.dg/torture/float128-cmp-invalid.c   -Os  execution test
FAIL: gcc.dg/torture/float128-cmp-invalid.c   -O2 -flto -fno-use-linker-plugin -flto-partition=none  execution test
FAIL: gcc.dg/torture/float128-cmp-invalid.c   -O2 -flto -fuse-linker-plugin -fno-fat-lto-objects  execution test
FAIL: gcc.dg/torture/pr52451.c   -O0  execution test
FAIL: gcc.dg/torture/pr52451.c   -O1  execution test
FAIL: gcc.dg/torture/pr52451.c   -O2  execution test
FAIL: gcc.dg/torture/pr52451.c   -O3 -g  execution test
FAIL: gcc.dg/torture/pr52451.c   -Os  execution test
FAIL: gcc.dg/torture/pr52451.c   -O2 -flto -fno-use-linker-plugin -flto-partition=none  execution test
FAIL: gcc.dg/torture/pr52451.c   -O2 -flto -fuse-linker-plugin -fno-fat-lto-objects  execution test
FAIL: gcc.dg/torture/pr91323.c   -O0  execution test
FAIL: gcc.dg/torture/pr91323.c   -O1  execution test
FAIL: gcc.dg/torture/pr91323.c   -O2  execution test
FAIL: gcc.dg/torture/pr91323.c   -O3 -g  execution test
FAIL: gcc.dg/torture/pr91323.c   -Os  execution test
FAIL: gcc.dg/torture/pr91323.c   -O2 -flto -fno-use-linker-plugin -flto-partition=none  execution test
FAIL: gcc.dg/torture/pr91323.c   -O2 -flto -fuse-linker-plugin -fno-fat-lto-objects  execution test
XPASS: gcc.dg/tree-ssa/ssa-dom-cse-2.c scan-tree-dump optimized "return 28;"
FAIL: gcc.dg/vect/costmodel/ppc/costmodel-bb-slp-9a-pr63175.c scan-assembler \\t(lvx|lxv|lvsr|stxv)
FAIL: gcc.target/powerpc/fold-vec-div-longlong.c scan-assembler-times \\\\mdivd\\\\M 2
FAIL: gcc.target/powerpc/fold-vec-div-longlong.c scan-assembler-times \\\\mdivdu\\\\M 2
FAIL: gcc.target/powerpc/fold-vec-load-builtin_vec_xl-char.c scan-assembler-times \\\\mlxvw4x\\\\M|\\\\mlxvd2x\\\\M|\\\\mlxvx\\\\M|\\\\mlvx\\\\M 12
FAIL: gcc.target/powerpc/fold-vec-load-builtin_vec_xl-double.c scan-assembler-times \\\\mlxvd2x\\\\M|\\\\mlxvx\\\\M|\\\\mlvx\\\\M 6
FAIL: gcc.target/powerpc/fold-vec-load-builtin_vec_xl-float.c scan-assembler-times \\\\mlxvw4x\\\\M|\\\\mlxvd2x\\\\M|\\\\mlxvx\\\\M|\\\\mlvx\\\\M 6
FAIL: gcc.target/powerpc/fold-vec-load-builtin_vec_xl-int.c scan-assembler-times \\\\mlxvw4x\\\\M|\\\\mlxvd2x\\\\M|\\\\mlxvx\\\\M|\\\\mlvx\\\\M 12
FAIL: gcc.target/powerpc/fold-vec-load-builtin_vec_xl-longlong.c scan-assembler-times \\\\mlxvd2x\\\\M|\\\\mlxvx\\\\M|\\\\mlvx\\\\M 12
FAIL: gcc.target/powerpc/fold-vec-load-builtin_vec_xl-short.c scan-assembler-times \\\\mlxvw4x\\\\M|\\\\mlxvd2x\\\\M|\\\\mlxvx\\\\M|\\\\mlvx\\\\M 12
FAIL: gcc.target/powerpc/fold-vec-load-vec_vsx_ld-char.c scan-assembler-times \\\\mlxvw4x\\\\M|\\\\mlxvd2x\\\\M|\\\\mlxvx\\\\M|\\\\mlvx\\\\M 12
FAIL: gcc.target/powerpc/fold-vec-load-vec_vsx_ld-double.c scan-assembler-times \\\\mlxvd2x\\\\M|\\\\mlxvx\\\\M|\\\\mlvx\\\\M 6
FAIL: gcc.target/powerpc/fold-vec-load-vec_vsx_ld-float.c scan-assembler-times \\\\mlxvw4x\\\\M|\\\\mlxvd2x\\\\M|\\\\mlxvx\\\\M|\\\\mlvx\\\\M 6
FAIL: gcc.target/powerpc/fold-vec-load-vec_vsx_ld-int.c scan-assembler-times \\\\mlxvw4x\\\\M|\\\\mlxvd2x\\\\M|\\\\mlxvx\\\\M|\\\\mlvx\\\\M 12
FAIL: gcc.target/powerpc/fold-vec-load-vec_vsx_ld-longlong.c scan-assembler-times \\\\mlxvd2x\\\\M|\\\\mlxvx\\\\M|\\\\mlvx\\\\M 12
FAIL: gcc.target/powerpc/fold-vec-load-vec_vsx_ld-short.c scan-assembler-times \\\\mlxvw4x\\\\M|\\\\mlxvd2x\\\\M|\\\\mlxvx\\\\M|\\\\mlvx\\\\M 12
FAIL: gcc.target/powerpc/fold-vec-load-vec_xl-char.c scan-assembler-times \\\\mlxvw4x\\\\M|\\\\mlxvd2x\\\\M|\\\\mlxvx\\\\M|\\\\mlvx\\\\M 12
FAIL: gcc.target/powerpc/fold-vec-load-vec_xl-double.c scan-assembler-times \\\\mlxvd2x\\\\M|\\\\mlxvx\\\\M|\\\\mlvx\\\\M 6
FAIL: gcc.target/powerpc/fold-vec-load-vec_xl-float.c scan-assembler-times \\\\mlxvw4x\\\\M|\\\\mlxvd2x\\\\M|\\\\mlxvx\\\\M|\\\\mlvx\\\\M 6
FAIL: gcc.target/powerpc/fold-vec-load-vec_xl-int.c scan-assembler-times \\\\mlxvw4x\\\\M|\\\\mlxvd2x\\\\M|\\\\mlxvx\\\\M|\\\\mlvx\\\\M 12
FAIL: gcc.target/powerpc/fold-vec-load-vec_xl-longlong.c scan-assembler-times \\\\mlxvd2x\\\\M|\\\\mlxvx\\\\M|\\\\mlvx\\\\M 12
FAIL: gcc.target/powerpc/fold-vec-load-vec_xl-short.c scan-assembler-times \\\\mlxvw4x\\\\M|\\\\mlxvd2x\\\\M|\\\\mlxvx\\\\M|\\\\mlvx\\\\M 12
FAIL: gcc.target/powerpc/fold-vec-mult-longlong.c scan-assembler-times [ \\t]mulld  4
FAIL: gcc.target/powerpc/fold-vec-splat-floatdouble.c scan-assembler-times \\\\mlvx\\\\M|\\\\mlxvd2x\\\\M|\\\\mlxv\\\\M 2
FAIL: gcc.target/powerpc/fold-vec-splat-longlong.c scan-assembler-times \\\\mlvx\\\\M|\\\\mlxvd2x\\\\M|\\\\mlxv\\\\M 3
FAIL: gcc.target/powerpc/fold-vec-store-builtin_vec_xst-char.c scan-assembler-times \\\\mstxvw4x\\\\M|\\\\mstxvd2x\\\\M|\\\\mstxvx\\\\M|\\\\mstvx\\\\M 12
FAIL: gcc.target/powerpc/fold-vec-store-builtin_vec_xst-double.c scan-assembler-times \\\\mstxvd2x\\\\M|\\\\mstxvx\\\\M|\\\\mstvx\\\\M 6
FAIL: gcc.target/powerpc/fold-vec-store-builtin_vec_xst-float.c scan-assembler-times \\\\mstxvd2x\\\\M|\\\\mstxvx\\\\M|\\\\mstvx\\\\M 6
FAIL: gcc.target/powerpc/fold-vec-store-builtin_vec_xst-int.c scan-assembler-times \\\\mstxvw4x\\\\M|\\\\mstxvd2x\\\\M|\\\\mstxvx\\\\M|\\\\mstvx\\\\M 12
FAIL: gcc.target/powerpc/fold-vec-store-builtin_vec_xst-short.c scan-assembler-times \\\\mstxvw4x\\\\M|\\\\mstxvd2x\\\\M|\\\\mstxvx\\\\M|\\\\mstvx\\\\M 12
FAIL: gcc.target/powerpc/fold-vec-store-vec_vsx_st-char.c scan-assembler-times \\\\mstxvw4x\\\\M|\\\\mstxvd2x\\\\M|\\\\mstxvx\\\\M|\\\\mstvx\\\\M 12
FAIL: gcc.target/powerpc/fold-vec-store-vec_vsx_st-double.c scan-assembler-times \\\\mstxvd2x\\\\M|\\\\mstxvx\\\\M|\\\\mstvx\\\\M 6
FAIL: gcc.target/powerpc/fold-vec-store-vec_vsx_st-float.c scan-assembler-times \\\\mstxvd2x\\\\M|\\\\mstxvx\\\\M|\\\\mstvx\\\\M 6
FAIL: gcc.target/powerpc/fold-vec-store-vec_vsx_st-int.c scan-assembler-times \\\\mstxvw4x\\\\M|\\\\mstxvd2x\\\\M|\\\\mstxvx\\\\M|\\\\mstvx\\\\M 12
FAIL: gcc.target/powerpc/fold-vec-store-vec_vsx_st-longlong.c scan-assembler-times \\\\mstxvd2x\\\\M|\\\\mstxvx\\\\M|\\\\mstvx\\\\M 12
FAIL: gcc.target/powerpc/fold-vec-store-vec_vsx_st-short.c scan-assembler-times \\\\mstxvw4x\\\\M|\\\\mstxvd2x\\\\M|\\\\mstxvx\\\\M|\\\\mstvx\\\\M 12
FAIL: gcc.target/powerpc/fold-vec-store-vec_xst-char.c scan-assembler-times \\\\mstxvw4x\\\\M|\\\\mstxvd2x\\\\M|\\\\mstxvx\\\\M|\\\\mstvx\\\\M 12
FAIL: gcc.target/powerpc/fold-vec-store-vec_xst-double.c scan-assembler-times \\\\mstxvd2x\\\\M|\\\\mstxvx\\\\M|\\\\mstvx\\\\M 6
FAIL: gcc.target/powerpc/fold-vec-store-vec_xst-float.c scan-assembler-times \\\\mstxvd2x\\\\M|\\\\mstxvx\\\\M|\\\\mstvx\\\\M 6
FAIL: gcc.target/powerpc/fold-vec-store-vec_xst-int.c scan-assembler-times \\\\mstxvw4x\\\\M|\\\\mstxvd2x\\\\M|\\\\mstxvx\\\\M|\\\\mstvx\\\\M 12
FAIL: gcc.target/powerpc/fold-vec-store-vec_xst-longlong.c scan-assembler-times \\\\mstxvd2x\\\\M|\\\\mstxvx\\\\M|\\\\mstvx\\\\M 12
FAIL: gcc.target/powerpc/fold-vec-store-vec_xst-short.c scan-assembler-times \\\\mstxvw4x\\\\M|\\\\mstxvd2x\\\\M|\\\\mstxvx\\\\M|\\\\mstvx\\\\M 12
FAIL: gcc.target/powerpc/lvsl-lvsr.c scan-assembler-times \\\\mlxvd2x\\\\M|\\\\mlxv\\\\M 2
FAIL: gcc.target/powerpc/p10-identify.c execution test
FAIL: gcc.target/powerpc/ppc-eq0-1.c scan-assembler cntlzw|isel
FAIL: gcc.target/powerpc/ppc-ne0-1.c scan-assembler-times addic 4
FAIL: gcc.target/powerpc/ppc-ne0-1.c scan-assembler-times subfe 1
FAIL: gcc.target/powerpc/pr86731-fwrapv-longlong.c scan-assembler-times \\\\mlvx\\\\M|\\\\mlxv\\\\M|\\\\mlxvd2x\\\\M 2
FAIL: gcc.target/powerpc/rlwimi-2.c scan-assembler-times (?n)^\\\\s+[a-z] 20217
FAIL: gcc.target/powerpc/rs6000-fpint.c scan-assembler-not stfiwx
XPASS: gcc.target/powerpc/ppc-fortran/ieee128-math.f90   -O  (test for excess errors)

		=== gcc Summary ===

# of expected passes		149541
# of unexpected failures	206
# of unexpected successes	33
# of expected failures		945
# of unsupported tests		3668
/home/gccbuild/build/nightly/build-gcc-11/gcc/xgcc  version 11.1.1 20210714 [releases/gcc-11 revision 6356607530:606a39c85a:1892a1baa8a277ebdb96a773dae53bdc3f2a1627] (GCC) 

		=== gfortran tests ===


Running target unix
XPASS: gfortran.dg/large_real_kind_form_io_2.f90   -O0  execution test
XPASS: gfortran.dg/large_real_kind_form_io_2.f90   -O1  execution test
XPASS: gfortran.dg/large_real_kind_form_io_2.f90   -O2  execution test
XPASS: gfortran.dg/large_real_kind_form_io_2.f90   -O3 -fomit-frame-pointer -funroll-loops -fpeel-loops -ftracer -finline-functions  execution test
XPASS: gfortran.dg/large_real_kind_form_io_2.f90   -O3 -g  execution test
XPASS: gfortran.dg/large_real_kind_form_io_2.f90   -Os  execution test
FAIL: gfortran.dg/pr96711.f90   -O0  (internal compiler error)
FAIL: gfortran.dg/pr96711.f90   -O0  (test for excess errors)
UNRESOLVED: gfortran.dg/pr96711.f90   -O0  compilation failed to produce executable
UNRESOLVED: gfortran.dg/pr96711.f90   -O0   scan-tree-dump-times original "_gfortran_stop_numeric" 2
FAIL: gfortran.dg/pr96711.f90   -O1  (internal compiler error)
FAIL: gfortran.dg/pr96711.f90   -O1  (test for excess errors)
UNRESOLVED: gfortran.dg/pr96711.f90   -O1  compilation failed to produce executable
UNRESOLVED: gfortran.dg/pr96711.f90   -O1   scan-tree-dump-times original "_gfortran_stop_numeric" 2
FAIL: gfortran.dg/pr96711.f90   -O2  (internal compiler error)
FAIL: gfortran.dg/pr96711.f90   -O2  (test for excess errors)
UNRESOLVED: gfortran.dg/pr96711.f90   -O2  compilation failed to produce executable
UNRESOLVED: gfortran.dg/pr96711.f90   -O2   scan-tree-dump-times original "_gfortran_stop_numeric" 2
FAIL: gfortran.dg/pr96711.f90   -O3 -fomit-frame-pointer -funroll-loops -fpeel-loops -ftracer -finline-functions  (internal compiler error)
FAIL: gfortran.dg/pr96711.f90   -O3 -fomit-frame-pointer -funroll-loops -fpeel-loops -ftracer -finline-functions  (test for excess errors)
UNRESOLVED: gfortran.dg/pr96711.f90   -O3 -fomit-frame-pointer -funroll-loops -fpeel-loops -ftracer -finline-functions  compilation failed to produce executable
UNRESOLVED: gfortran.dg/pr96711.f90   -O3 -fomit-frame-pointer -funroll-loops -fpeel-loops -ftracer -finline-functions   scan-tree-dump-times original "_gfortran_stop_numeric" 2
FAIL: gfortran.dg/pr96711.f90   -O3 -g  (internal compiler error)
FAIL: gfortran.dg/pr96711.f90   -O3 -g  (test for excess errors)
UNRESOLVED: gfortran.dg/pr96711.f90   -O3 -g  compilation failed to produce executable
UNRESOLVED: gfortran.dg/pr96711.f90   -O3 -g   scan-tree-dump-times original "_gfortran_stop_numeric" 2
FAIL: gfortran.dg/pr96711.f90   -Os  (internal compiler error)
FAIL: gfortran.dg/pr96711.f90   -Os  (test for excess errors)
UNRESOLVED: gfortran.dg/pr96711.f90   -Os  compilation failed to produce executable
UNRESOLVED: gfortran.dg/pr96711.f90   -Os   scan-tree-dump-times original "_gfortran_stop_numeric" 2
FAIL: gfortran.dg/ieee/large_2.f90   -O0  execution test
FAIL: gfortran.dg/ieee/large_2.f90   -O1  execution test
FAIL: gfortran.dg/ieee/large_2.f90   -O2  execution test
FAIL: gfortran.dg/ieee/large_2.f90   -O3 -fomit-frame-pointer -funroll-loops -fpeel-loops -ftracer -finline-functions  execution test
FAIL: gfortran.dg/ieee/large_2.f90   -O3 -g  execution test
FAIL: gfortran.dg/ieee/large_2.f90   -Os  execution test

		=== gfortran Summary ===

# of expected passes		56613
# of unexpected failures	18
# of unexpected successes	6
# of expected failures		244
# of unresolved testcases	12
# of unsupported tests		161
/home/gccbuild/build/nightly/build-gcc-11/gcc/gfortran  version 11.1.1 20210714 [releases/gcc-11 revision 6356607530:606a39c85a:1892a1baa8a277ebdb96a773dae53bdc3f2a1627] (GCC) 

		=== g++ tests ===


Running target unix
FAIL: c-c++-common/attr-retain-7.c  -std=gnu++98  (test for warnings, line 6)
FAIL: c-c++-common/attr-retain-7.c  -std=gnu++98  scan-assembler .data.foo,"awR"
FAIL: c-c++-common/attr-retain-7.c  -std=gnu++14  (test for warnings, line 6)
FAIL: c-c++-common/attr-retain-7.c  -std=gnu++14  scan-assembler .data.foo,"awR"
FAIL: c-c++-common/attr-retain-7.c  -std=gnu++17  (test for warnings, line 6)
FAIL: c-c++-common/attr-retain-7.c  -std=gnu++17  scan-assembler .data.foo,"awR"
FAIL: c-c++-common/attr-retain-7.c  -std=gnu++2a  (test for warnings, line 6)
FAIL: c-c++-common/attr-retain-7.c  -std=gnu++2a  scan-assembler .data.foo,"awR"
FAIL: c-c++-common/attr-retain-8.c  -std=gnu++98  (test for warnings, line 5)
FAIL: c-c++-common/attr-retain-8.c  -std=gnu++98  scan-assembler .data.foo,"aw"
FAIL: c-c++-common/attr-retain-8.c  -std=gnu++14  (test for warnings, line 5)
FAIL: c-c++-common/attr-retain-8.c  -std=gnu++14  scan-assembler .data.foo,"aw"
FAIL: c-c++-common/attr-retain-8.c  -std=gnu++17  (test for warnings, line 5)
FAIL: c-c++-common/attr-retain-8.c  -std=gnu++17  scan-assembler .data.foo,"aw"
FAIL: c-c++-common/attr-retain-8.c  -std=gnu++2a  (test for warnings, line 5)
FAIL: c-c++-common/attr-retain-8.c  -std=gnu++2a  scan-assembler .data.foo,"aw"

		=== g++ Summary ===

# of expected passes		206793
# of unexpected failures	16
# of expected failures		1073
# of unsupported tests		9460
/home/gccbuild/build/nightly/build-gcc-11/gcc/xg++  version 11.1.1 20210714 [releases/gcc-11 revision 6356607530:606a39c85a:1892a1baa8a277ebdb96a773dae53bdc3f2a1627] (GCC) 

		=== obj-c++ tests ===


Running target unix

		=== obj-c++ Summary ===

# of expected passes		1482
# of expected failures		10
# of unsupported tests		77
/home/gccbuild/build/nightly/build-gcc-11/gcc/xg++  version 11.1.1 20210714 [releases/gcc-11 revision 6356607530:606a39c85a:1892a1baa8a277ebdb96a773dae53bdc3f2a1627] (GCC) 

		=== objc tests ===


Running target unix

		=== objc Summary ===

# of expected passes		2826
# of unsupported tests		68
/home/gccbuild/build/nightly/build-gcc-11/gcc/xgcc  version 11.1.1 20210714 [releases/gcc-11 revision 6356607530:606a39c85a:1892a1baa8a277ebdb96a773dae53bdc3f2a1627] (GCC) 

		=== libatomic tests ===


Running target unix

		=== libatomic Summary ===

# of expected passes		54
		=== libgomp tests ===


Running target unix

		=== libgomp Summary ===

# of expected passes		8294
# of expected failures		6
# of unsupported tests		608
		=== libitm tests ===


Running target unix

		=== libitm Summary ===

# of expected passes		44
# of expected failures		3
# of unsupported tests		1
		=== libstdc++ tests ===


Running target unix

		=== libstdc++ Summary ===

# of expected passes		15096
# of expected failures		104
# of unsupported tests		622

Compiler version: 11.1.1 20210714 [releases/gcc-11 revision 6356607530:606a39c85a:1892a1baa8a277ebdb96a773dae53bdc3f2a1627] (GCC) 
Platform: powerpc64le-unknown-linux-gnu
configure flags: --prefix=/opt/gcc-nightly/11 --with-as=/home/gccbuild/binutils/install/bin/as --with-ld=/home/gccbuild/binutils/install/bin/ld --enable-languages=c,c++,fortran,objc,obj-c++ --with-cpu=power10 --enable-checking=rtl,yes,extra


More information about the Gcc-testresults mailing list