Results for 11.1.1 (DEFMODE=arm DEFCPU=cortex-a9 DEFFPU=default TESTFLAGS=-marm) [r11-8735] (GCC) testsuite on arm-none-linux-gnueabi

Christophe LYON christophe.lyon@foss.st.com
Wed Jul 14 02:34:46 GMT 2021


LAST_UPDATED: Wed Jul 14 00:21:40 UTC 2021 (revision r11-8735-g1892a1baa8a277ebdb96a773dae53bdc3f2a1627) TARGET=arm-none-linux-gnueabi CPU=cortex-a9 FPU=default MODE=arm

Target is arm-none-linux-gnueabi
Host   is arm-none-linux-gnueabi

		=== libatomic tests ===


Running target qemu/-marm

		=== libatomic Summary ===

# of expected passes		44
# of unsupported tests		5
Host   is arm-none-linux-gnueabi

		=== libitm tests ===


Running target qemu/-marm

		=== libitm Summary ===

# of expected passes		44
# of expected failures		3
# of unsupported tests		1
Host   is arm-none-linux-gnueabi

		=== libstdc++ tests ===


Running target qemu/-marm
WARNING: 30_threads/condition_variable/54185.cc execution test (CHILDKILLED 32693 SIGINT interrupt) program timed out.
FAIL: 30_threads/semaphore/try_acquire_posix.cc execution test

		=== libstdc++ Summary ===

# of expected passes		13905
# of unexpected failures	1
# of expected failures		104
# of untested testcases		1
# of unsupported tests		731
Host   is x86_64-pc-linux-gnu

		=== gcc tests ===


Running target qemu/-marm
WARNING: skipping asan tests due to ulimit -v
WARNING: skipping asan tests due to ulimit -v
WARNING: skipping asan tests due to ulimit -v
WARNING: skipping asan tests due to ulimit -v
WARNING: skipping asan tests due to ulimit -v
FAIL: gcc.dg/ira-shrinkwrap-prep-1.c scan-rtl-dump pro_and_epilogue "Performing shrink-wrapping"
FAIL: gcc.dg/fixed-point/composite-type.c (test for excess errors)
FAIL: gcc.dg/tree-ssa/gen-vect-26.c scan-tree-dump-times vect "Alignment of access forced using peeling" 1
FAIL: gcc.dg/tree-ssa/gen-vect-26.c scan-tree-dump-times vect "Vectorizing an unaligned access" 0
FAIL: gcc.dg/tree-ssa/gen-vect-28.c scan-tree-dump-times vect "Alignment of access forced using peeling" 1
FAIL: gcc.dg/tree-ssa/gen-vect-28.c scan-tree-dump-times vect "Vectorizing an unaligned access" 0
FAIL: gcc.dg/tree-ssa/scev-3.c scan-tree-dump-times ivopts "&a" 1
FAIL: gcc.dg/tree-ssa/scev-5.c scan-tree-dump-times ivopts "&a" 1
FAIL: gcc.dg/vect/complex/bb-slp-complex-add-pattern-long.c -flto -ffat-lto-objects  scan-tree-dump-times slp1 "stmt.*COMPLEX_ADD_ROT270" 1
FAIL: gcc.dg/vect/complex/bb-slp-complex-add-pattern-long.c -flto -ffat-lto-objects  scan-tree-dump-times slp1 "stmt.*COMPLEX_ADD_ROT90" 1
FAIL: gcc.dg/vect/complex/bb-slp-complex-add-pattern-long.c scan-tree-dump-times slp1 "stmt.*COMPLEX_ADD_ROT270" 1
FAIL: gcc.dg/vect/complex/bb-slp-complex-add-pattern-long.c scan-tree-dump-times slp1 "stmt.*COMPLEX_ADD_ROT90" 1
FAIL: gcc.dg/vect/complex/bb-slp-complex-add-pattern-unsigned-long.c -flto -ffat-lto-objects  scan-tree-dump-times slp1 "stmt.*COMPLEX_ADD_ROT270" 1
FAIL: gcc.dg/vect/complex/bb-slp-complex-add-pattern-unsigned-long.c -flto -ffat-lto-objects  scan-tree-dump-times slp1 "stmt.*COMPLEX_ADD_ROT90" 1
FAIL: gcc.dg/vect/complex/bb-slp-complex-add-pattern-unsigned-long.c scan-tree-dump-times slp1 "stmt.*COMPLEX_ADD_ROT270" 1
FAIL: gcc.dg/vect/complex/bb-slp-complex-add-pattern-unsigned-long.c scan-tree-dump-times slp1 "stmt.*COMPLEX_ADD_ROT90" 1
FAIL: gcc.dg/vect/complex/vect-complex-add-pattern-long.c -flto -ffat-lto-objects  scan-tree-dump-times vect "stmt.*COMPLEX_ADD_ROT270" 1
FAIL: gcc.dg/vect/complex/vect-complex-add-pattern-long.c -flto -ffat-lto-objects  scan-tree-dump-times vect "stmt.*COMPLEX_ADD_ROT90" 1
FAIL: gcc.dg/vect/complex/vect-complex-add-pattern-long.c scan-tree-dump-times vect "stmt.*COMPLEX_ADD_ROT270" 1
FAIL: gcc.dg/vect/complex/vect-complex-add-pattern-long.c scan-tree-dump-times vect "stmt.*COMPLEX_ADD_ROT90" 1
FAIL: gcc.dg/vect/complex/vect-complex-add-pattern-unsigned-long.c -flto -ffat-lto-objects  scan-tree-dump-times vect "stmt.*COMPLEX_ADD_ROT270" 1
FAIL: gcc.dg/vect/complex/vect-complex-add-pattern-unsigned-long.c -flto -ffat-lto-objects  scan-tree-dump-times vect "stmt.*COMPLEX_ADD_ROT90" 1
FAIL: gcc.dg/vect/complex/vect-complex-add-pattern-unsigned-long.c scan-tree-dump-times vect "stmt.*COMPLEX_ADD_ROT270" 1
FAIL: gcc.dg/vect/complex/vect-complex-add-pattern-unsigned-long.c scan-tree-dump-times vect "stmt.*COMPLEX_ADD_ROT90" 1
FAIL: gcc.dg/vect/pr97428.c -flto -ffat-lto-objects  scan-tree-dump vect "Detected interleaving load of size 8"
FAIL: gcc.dg/vect/pr97428.c -flto -ffat-lto-objects  scan-tree-dump vect "Detected interleaving store of size 16"
FAIL: gcc.dg/vect/pr97428.c -flto -ffat-lto-objects  scan-tree-dump-times vect "vectorizing stmts using SLP" 2
FAIL: gcc.dg/vect/pr97428.c scan-tree-dump vect "Detected interleaving load of size 8"
FAIL: gcc.dg/vect/pr97428.c scan-tree-dump vect "Detected interleaving store of size 16"
FAIL: gcc.dg/vect/pr97428.c scan-tree-dump-times vect "vectorizing stmts using SLP" 2
UNRESOLVED: gcc.target/aarch64/advsimd-intrinsics/vld1x2.c   -O0  compilation failed to produce executable
UNRESOLVED: gcc.target/aarch64/advsimd-intrinsics/vld1x2.c   -O1  compilation failed to produce executable
UNRESOLVED: gcc.target/aarch64/advsimd-intrinsics/vld1x2.c   -O2  compilation failed to produce executable
UNRESOLVED: gcc.target/aarch64/advsimd-intrinsics/vld1x2.c   -O2 -flto -fno-use-linker-plugin -flto-partition=none  compilation failed to produce executable
UNRESOLVED: gcc.target/aarch64/advsimd-intrinsics/vld1x2.c   -O2 -flto -fuse-linker-plugin -fno-fat-lto-objects  compilation failed to produce executable
UNRESOLVED: gcc.target/aarch64/advsimd-intrinsics/vld1x2.c   -O3 -fomit-frame-pointer -funroll-loops -fpeel-loops -ftracer -finline-functions  compilation failed to produce executable
UNRESOLVED: gcc.target/aarch64/advsimd-intrinsics/vld1x2.c   -O3 -g  compilation failed to produce executable
UNRESOLVED: gcc.target/aarch64/advsimd-intrinsics/vld1x2.c   -Og -g  compilation failed to produce executable
UNRESOLVED: gcc.target/aarch64/advsimd-intrinsics/vld1x2.c   -Os  compilation failed to produce executable
UNRESOLVED: gcc.target/aarch64/advsimd-intrinsics/vld1x3.c   -O0  compilation failed to produce executable
UNRESOLVED: gcc.target/aarch64/advsimd-intrinsics/vld1x3.c   -O1  compilation failed to produce executable
UNRESOLVED: gcc.target/aarch64/advsimd-intrinsics/vld1x3.c   -O2  compilation failed to produce executable
UNRESOLVED: gcc.target/aarch64/advsimd-intrinsics/vld1x3.c   -O2 -flto -fno-use-linker-plugin -flto-partition=none  compilation failed to produce executable
UNRESOLVED: gcc.target/aarch64/advsimd-intrinsics/vld1x3.c   -O2 -flto -fuse-linker-plugin -fno-fat-lto-objects  compilation failed to produce executable
UNRESOLVED: gcc.target/aarch64/advsimd-intrinsics/vld1x3.c   -O3 -fomit-frame-pointer -funroll-loops -fpeel-loops -ftracer -finline-functions  compilation failed to produce executable
UNRESOLVED: gcc.target/aarch64/advsimd-intrinsics/vld1x3.c   -O3 -g  compilation failed to produce executable
UNRESOLVED: gcc.target/aarch64/advsimd-intrinsics/vld1x3.c   -Og -g  compilation failed to produce executable
UNRESOLVED: gcc.target/aarch64/advsimd-intrinsics/vld1x3.c   -Os  compilation failed to produce executable
UNRESOLVED: gcc.target/aarch64/advsimd-intrinsics/vld1x4.c   -O0  compilation failed to produce executable
UNRESOLVED: gcc.target/aarch64/advsimd-intrinsics/vld1x4.c   -O1  compilation failed to produce executable
UNRESOLVED: gcc.target/aarch64/advsimd-intrinsics/vld1x4.c   -O2  compilation failed to produce executable
UNRESOLVED: gcc.target/aarch64/advsimd-intrinsics/vld1x4.c   -O2 -flto -fno-use-linker-plugin -flto-partition=none  compilation failed to produce executable
UNRESOLVED: gcc.target/aarch64/advsimd-intrinsics/vld1x4.c   -O2 -flto -fuse-linker-plugin -fno-fat-lto-objects  compilation failed to produce executable
UNRESOLVED: gcc.target/aarch64/advsimd-intrinsics/vld1x4.c   -O3 -fomit-frame-pointer -funroll-loops -fpeel-loops -ftracer -finline-functions  compilation failed to produce executable
UNRESOLVED: gcc.target/aarch64/advsimd-intrinsics/vld1x4.c   -O3 -g  compilation failed to produce executable
UNRESOLVED: gcc.target/aarch64/advsimd-intrinsics/vld1x4.c   -Og -g  compilation failed to produce executable
UNRESOLVED: gcc.target/aarch64/advsimd-intrinsics/vld1x4.c   -Os  compilation failed to produce executable
UNRESOLVED: gcc.target/aarch64/advsimd-intrinsics/vst1x2.c   -O0  compilation failed to produce executable
UNRESOLVED: gcc.target/aarch64/advsimd-intrinsics/vst1x2.c   -O1  compilation failed to produce executable
UNRESOLVED: gcc.target/aarch64/advsimd-intrinsics/vst1x2.c   -O2  compilation failed to produce executable
UNRESOLVED: gcc.target/aarch64/advsimd-intrinsics/vst1x2.c   -O2 -flto -fno-use-linker-plugin -flto-partition=none  compilation failed to produce executable
UNRESOLVED: gcc.target/aarch64/advsimd-intrinsics/vst1x2.c   -O2 -flto -fuse-linker-plugin -fno-fat-lto-objects  compilation failed to produce executable
UNRESOLVED: gcc.target/aarch64/advsimd-intrinsics/vst1x2.c   -O3 -fomit-frame-pointer -funroll-loops -fpeel-loops -ftracer -finline-functions  compilation failed to produce executable
UNRESOLVED: gcc.target/aarch64/advsimd-intrinsics/vst1x2.c   -O3 -g  compilation failed to produce executable
UNRESOLVED: gcc.target/aarch64/advsimd-intrinsics/vst1x2.c   -Og -g  compilation failed to produce executable
UNRESOLVED: gcc.target/aarch64/advsimd-intrinsics/vst1x2.c   -Os  compilation failed to produce executable
UNRESOLVED: gcc.target/aarch64/advsimd-intrinsics/vst1x3.c   -O0  compilation failed to produce executable
UNRESOLVED: gcc.target/aarch64/advsimd-intrinsics/vst1x3.c   -O1  compilation failed to produce executable
UNRESOLVED: gcc.target/aarch64/advsimd-intrinsics/vst1x3.c   -O2  compilation failed to produce executable
UNRESOLVED: gcc.target/aarch64/advsimd-intrinsics/vst1x3.c   -O2 -flto -fno-use-linker-plugin -flto-partition=none  compilation failed to produce executable
UNRESOLVED: gcc.target/aarch64/advsimd-intrinsics/vst1x3.c   -O2 -flto -fuse-linker-plugin -fno-fat-lto-objects  compilation failed to produce executable
UNRESOLVED: gcc.target/aarch64/advsimd-intrinsics/vst1x3.c   -O3 -fomit-frame-pointer -funroll-loops -fpeel-loops -ftracer -finline-functions  compilation failed to produce executable
UNRESOLVED: gcc.target/aarch64/advsimd-intrinsics/vst1x3.c   -O3 -g  compilation failed to produce executable
UNRESOLVED: gcc.target/aarch64/advsimd-intrinsics/vst1x3.c   -Og -g  compilation failed to produce executable
UNRESOLVED: gcc.target/aarch64/advsimd-intrinsics/vst1x3.c   -Os  compilation failed to produce executable
UNRESOLVED: gcc.target/aarch64/advsimd-intrinsics/vst1x4.c   -O0  compilation failed to produce executable
UNRESOLVED: gcc.target/aarch64/advsimd-intrinsics/vst1x4.c   -O1  compilation failed to produce executable
UNRESOLVED: gcc.target/aarch64/advsimd-intrinsics/vst1x4.c   -O2  compilation failed to produce executable
UNRESOLVED: gcc.target/aarch64/advsimd-intrinsics/vst1x4.c   -O2 -flto -fno-use-linker-plugin -flto-partition=none  compilation failed to produce executable
UNRESOLVED: gcc.target/aarch64/advsimd-intrinsics/vst1x4.c   -O2 -flto -fuse-linker-plugin -fno-fat-lto-objects  compilation failed to produce executable
UNRESOLVED: gcc.target/aarch64/advsimd-intrinsics/vst1x4.c   -O3 -fomit-frame-pointer -funroll-loops -fpeel-loops -ftracer -finline-functions  compilation failed to produce executable
UNRESOLVED: gcc.target/aarch64/advsimd-intrinsics/vst1x4.c   -O3 -g  compilation failed to produce executable
UNRESOLVED: gcc.target/aarch64/advsimd-intrinsics/vst1x4.c   -Og -g  compilation failed to produce executable
UNRESOLVED: gcc.target/aarch64/advsimd-intrinsics/vst1x4.c   -Os  compilation failed to produce executable
FAIL: gcc.target/arm/addr-modes-float.c scan-assembler vst3.8\\t{d[02468], d[02468], d[02468]}, \\\\[r[0-9]+\\\\]!
FAIL: gcc.target/arm/pr43920-2.c scan-assembler-times pop 2
FAIL: gcc.target/arm/simd/vld1_bf16_1.c (test for excess errors)
UNRESOLVED: gcc.target/arm/simd/vld1_bf16_1.c check-function-bodies test_vld1_bf16
UNRESOLVED: gcc.target/arm/simd/vld1_bf16_1.c check-function-bodies test_vld1q_bf16
FAIL: gcc.target/arm/simd/vldn_lane_bf16_1.c (test for excess errors)
UNRESOLVED: gcc.target/arm/simd/vldn_lane_bf16_1.c check-function-bodies test_vld2_lane_bf16
UNRESOLVED: gcc.target/arm/simd/vldn_lane_bf16_1.c check-function-bodies test_vld2q_lane_bf16
UNRESOLVED: gcc.target/arm/simd/vldn_lane_bf16_1.c check-function-bodies test_vld3_lane_bf16
UNRESOLVED: gcc.target/arm/simd/vldn_lane_bf16_1.c check-function-bodies test_vld3q_lane_bf16
UNRESOLVED: gcc.target/arm/simd/vldn_lane_bf16_1.c check-function-bodies test_vld4_lane_bf16
UNRESOLVED: gcc.target/arm/simd/vldn_lane_bf16_1.c check-function-bodies test_vld4q_lane_bf16
FAIL: gcc.target/arm/simd/vst1_bf16_1.c (test for excess errors)
UNRESOLVED: gcc.target/arm/simd/vst1_bf16_1.c check-function-bodies test_vst1_bf16
UNRESOLVED: gcc.target/arm/simd/vst1_bf16_1.c check-function-bodies test_vst1q_bf16
FAIL: gcc.target/arm/simd/vstn_lane_bf16_1.c (test for excess errors)
UNRESOLVED: gcc.target/arm/simd/vstn_lane_bf16_1.c check-function-bodies test_vst2_lane_bf16
UNRESOLVED: gcc.target/arm/simd/vstn_lane_bf16_1.c check-function-bodies test_vst2q_lane_bf16
UNRESOLVED: gcc.target/arm/simd/vstn_lane_bf16_1.c check-function-bodies test_vst3_lane_bf16
UNRESOLVED: gcc.target/arm/simd/vstn_lane_bf16_1.c check-function-bodies test_vst3q_lane_bf16
UNRESOLVED: gcc.target/arm/simd/vstn_lane_bf16_1.c check-function-bodies test_vst4_lane_bf16
UNRESOLVED: gcc.target/arm/simd/vstn_lane_bf16_1.c check-function-bodies test_vst4q_lane_bf16

		=== gcc Summary ===

# of expected passes		145663
# of unexpected failures	36
# of expected failures		804
# of unresolved testcases	70
# of unsupported tests		7185
/tmp/7015230_4.tmpdir/aci-gcc-fsf/builds/gcc-fsf-gccsrc/obj-arm-none-linux-gnueabi/gcc3/gcc/xgcc  version 11.1.1  (DEFMODE=arm DEFCPU=cortex-a9 DEFFPU=default TESTFLAGS=-marm) [r11-8735] (GCC) 

Host   is x86_64-pc-linux-gnu

		=== gfortran tests ===


Running target qemu/-marm
WARNING: skipping asan tests due to ulimit -v
WARNING: skipping asan tests due to ulimit -v
WARNING: skipping asan tests due to ulimit -v
FAIL: gfortran.dg/dollar_edit_descriptor_3.f   -O0  output pattern test
FAIL: gfortran.dg/dollar_edit_descriptor_3.f   -O1  output pattern test
FAIL: gfortran.dg/dollar_edit_descriptor_3.f   -O2  output pattern test
FAIL: gfortran.dg/dollar_edit_descriptor_3.f   -O3 -fomit-frame-pointer -funroll-loops -fpeel-loops -ftracer -finline-functions  output pattern test
FAIL: gfortran.dg/dollar_edit_descriptor_3.f   -O3 -g  output pattern test
FAIL: gfortran.dg/dollar_edit_descriptor_3.f   -Os  output pattern test
FAIL: gfortran.dg/namelist_print_1.f   -O0  output pattern test
FAIL: gfortran.dg/namelist_print_1.f   -O1  output pattern test
FAIL: gfortran.dg/namelist_print_1.f   -O2  output pattern test
FAIL: gfortran.dg/namelist_print_1.f   -O3 -fomit-frame-pointer -funroll-loops -fpeel-loops -ftracer -finline-functions  output pattern test
FAIL: gfortran.dg/namelist_print_1.f   -O3 -g  output pattern test
FAIL: gfortran.dg/namelist_print_1.f   -Os  output pattern test
FAIL: gfortran.dg/read_x_eor.f90   -O0  output pattern test
FAIL: gfortran.dg/read_x_eor.f90   -O1  output pattern test
FAIL: gfortran.dg/read_x_eor.f90   -O2  output pattern test
FAIL: gfortran.dg/read_x_eor.f90   -O3 -fomit-frame-pointer -funroll-loops -fpeel-loops -ftracer -finline-functions  output pattern test
FAIL: gfortran.dg/read_x_eor.f90   -O3 -g  output pattern test
FAIL: gfortran.dg/read_x_eor.f90   -Os  output pattern test
FAIL: gfortran.dg/g77/f77-edit-apostrophe-out.f   -O0  output pattern test
FAIL: gfortran.dg/g77/f77-edit-apostrophe-out.f   -O1  output pattern test
FAIL: gfortran.dg/g77/f77-edit-apostrophe-out.f   -O2  output pattern test
FAIL: gfortran.dg/g77/f77-edit-apostrophe-out.f   -O3 -fomit-frame-pointer -funroll-loops -fpeel-loops -ftracer -finline-functions  output pattern test
FAIL: gfortran.dg/g77/f77-edit-apostrophe-out.f   -O3 -g  output pattern test
FAIL: gfortran.dg/g77/f77-edit-apostrophe-out.f   -Os  output pattern test
FAIL: gfortran.dg/g77/f77-edit-colon-out.f   -O0  output pattern test
FAIL: gfortran.dg/g77/f77-edit-colon-out.f   -O1  output pattern test
FAIL: gfortran.dg/g77/f77-edit-colon-out.f   -O2  output pattern test
FAIL: gfortran.dg/g77/f77-edit-colon-out.f   -O3 -fomit-frame-pointer -funroll-loops -fpeel-loops -ftracer -finline-functions  output pattern test
FAIL: gfortran.dg/g77/f77-edit-colon-out.f   -O3 -g  output pattern test
FAIL: gfortran.dg/g77/f77-edit-colon-out.f   -Os  output pattern test
FAIL: gfortran.dg/g77/f77-edit-h-out.f   -O0  output pattern test
FAIL: gfortran.dg/g77/f77-edit-h-out.f   -O1  output pattern test
FAIL: gfortran.dg/g77/f77-edit-h-out.f   -O2  output pattern test
FAIL: gfortran.dg/g77/f77-edit-h-out.f   -O3 -fomit-frame-pointer -funroll-loops -fpeel-loops -ftracer -finline-functions  output pattern test
FAIL: gfortran.dg/g77/f77-edit-h-out.f   -O3 -g  output pattern test
FAIL: gfortran.dg/g77/f77-edit-h-out.f   -Os  output pattern test
FAIL: gfortran.dg/g77/f77-edit-i-out.f   -O0  output pattern test
FAIL: gfortran.dg/g77/f77-edit-i-out.f   -O1  output pattern test
FAIL: gfortran.dg/g77/f77-edit-i-out.f   -O2  output pattern test
FAIL: gfortran.dg/g77/f77-edit-i-out.f   -O3 -fomit-frame-pointer -funroll-loops -fpeel-loops -ftracer -finline-functions  output pattern test
FAIL: gfortran.dg/g77/f77-edit-i-out.f   -O3 -g  output pattern test
FAIL: gfortran.dg/g77/f77-edit-i-out.f   -Os  output pattern test
FAIL: gfortran.dg/g77/f77-edit-s-out.f   -O0  output pattern test
FAIL: gfortran.dg/g77/f77-edit-s-out.f   -O1  output pattern test
FAIL: gfortran.dg/g77/f77-edit-s-out.f   -O2  output pattern test
FAIL: gfortran.dg/g77/f77-edit-s-out.f   -O3 -fomit-frame-pointer -funroll-loops -fpeel-loops -ftracer -finline-functions  output pattern test
FAIL: gfortran.dg/g77/f77-edit-s-out.f   -O3 -g  output pattern test
FAIL: gfortran.dg/g77/f77-edit-s-out.f   -Os  output pattern test
FAIL: gfortran.dg/g77/f77-edit-slash-out.f   -O0  output pattern test
FAIL: gfortran.dg/g77/f77-edit-slash-out.f   -O1  output pattern test
FAIL: gfortran.dg/g77/f77-edit-slash-out.f   -O2  output pattern test
FAIL: gfortran.dg/g77/f77-edit-slash-out.f   -O3 -fomit-frame-pointer -funroll-loops -fpeel-loops -ftracer -finline-functions  output pattern test
FAIL: gfortran.dg/g77/f77-edit-slash-out.f   -O3 -g  output pattern test
FAIL: gfortran.dg/g77/f77-edit-slash-out.f   -Os  output pattern test
FAIL: gfortran.dg/g77/f77-edit-t-out.f   -O0  output pattern test
FAIL: gfortran.dg/g77/f77-edit-t-out.f   -O1  output pattern test
FAIL: gfortran.dg/g77/f77-edit-t-out.f   -O2  output pattern test
FAIL: gfortran.dg/g77/f77-edit-t-out.f   -O3 -fomit-frame-pointer -funroll-loops -fpeel-loops -ftracer -finline-functions  output pattern test
FAIL: gfortran.dg/g77/f77-edit-t-out.f   -O3 -g  output pattern test
FAIL: gfortran.dg/g77/f77-edit-t-out.f   -Os  output pattern test
FAIL: gfortran.dg/g77/f77-edit-x-out.f   -O0  output pattern test
FAIL: gfortran.dg/g77/f77-edit-x-out.f   -O1  output pattern test
FAIL: gfortran.dg/g77/f77-edit-x-out.f   -O2  output pattern test
FAIL: gfortran.dg/g77/f77-edit-x-out.f   -O3 -fomit-frame-pointer -funroll-loops -fpeel-loops -ftracer -finline-functions  output pattern test
FAIL: gfortran.dg/g77/f77-edit-x-out.f   -O3 -g  output pattern test
FAIL: gfortran.dg/g77/f77-edit-x-out.f   -Os  output pattern test
FAIL: gfortran.dg/ieee/ieee_1.F90   -O0  execution test
FAIL: gfortran.dg/ieee/ieee_1.F90   -O1  execution test
FAIL: gfortran.dg/ieee/ieee_1.F90   -O2  execution test
FAIL: gfortran.dg/ieee/ieee_1.F90   -O3 -fomit-frame-pointer -funroll-loops -fpeel-loops -ftracer -finline-functions  execution test
FAIL: gfortran.dg/ieee/ieee_1.F90   -O3 -g  execution test
FAIL: gfortran.dg/ieee/ieee_1.F90   -Os  execution test
FAIL: gfortran.dg/ieee/ieee_2.f90   -O0  execution test
FAIL: gfortran.dg/ieee/ieee_2.f90   -O1  execution test
FAIL: gfortran.dg/ieee/ieee_2.f90   -O2  execution test
FAIL: gfortran.dg/ieee/ieee_2.f90   -O3 -fomit-frame-pointer -funroll-loops -fpeel-loops -ftracer -finline-functions  execution test
FAIL: gfortran.dg/ieee/ieee_2.f90   -O3 -g  execution test
FAIL: gfortran.dg/ieee/ieee_2.f90   -Os  execution test
FAIL: gfortran.dg/ieee/ieee_9.f90   -O0  (test for excess errors)
UNRESOLVED: gfortran.dg/ieee/ieee_9.f90   -O0  compilation failed to produce executable
FAIL: gfortran.dg/ieee/ieee_9.f90   -O1  (test for excess errors)
UNRESOLVED: gfortran.dg/ieee/ieee_9.f90   -O1  compilation failed to produce executable
FAIL: gfortran.dg/ieee/ieee_9.f90   -O2  (test for excess errors)
UNRESOLVED: gfortran.dg/ieee/ieee_9.f90   -O2  compilation failed to produce executable
FAIL: gfortran.dg/ieee/ieee_9.f90   -O3 -fomit-frame-pointer -funroll-loops -fpeel-loops -ftracer -finline-functions  (test for excess errors)
UNRESOLVED: gfortran.dg/ieee/ieee_9.f90   -O3 -fomit-frame-pointer -funroll-loops -fpeel-loops -ftracer -finline-functions  compilation failed to produce executable
FAIL: gfortran.dg/ieee/ieee_9.f90   -O3 -g  (test for excess errors)
UNRESOLVED: gfortran.dg/ieee/ieee_9.f90   -O3 -g  compilation failed to produce executable
FAIL: gfortran.dg/ieee/ieee_9.f90   -Os  (test for excess errors)
UNRESOLVED: gfortran.dg/ieee/ieee_9.f90   -Os  compilation failed to produce executable
FAIL: gfortran.dg/ieee/large_2.f90   -O0  execution test
FAIL: gfortran.dg/ieee/large_2.f90   -O1  execution test
FAIL: gfortran.dg/ieee/large_2.f90   -O2  execution test
FAIL: gfortran.dg/ieee/large_2.f90   -O3 -fomit-frame-pointer -funroll-loops -fpeel-loops -ftracer -finline-functions  execution test
FAIL: gfortran.dg/ieee/large_2.f90   -O3 -g  execution test
FAIL: gfortran.dg/ieee/large_2.f90   -Os  execution test
FAIL: gfortran.dg/ieee/large_3.F90   -O0  execution test
FAIL: gfortran.dg/ieee/large_3.F90   -O1  execution test
FAIL: gfortran.dg/ieee/large_3.F90   -O2  execution test
FAIL: gfortran.dg/ieee/large_3.F90   -O3 -fomit-frame-pointer -funroll-loops -fpeel-loops -ftracer -finline-functions  execution test
FAIL: gfortran.dg/ieee/large_3.F90   -O3 -g  execution test
FAIL: gfortran.dg/ieee/large_3.F90   -Os  execution test
FAIL: gfortran.dg/ieee/rounding_1.f90   -O0  execution test
FAIL: gfortran.dg/ieee/rounding_1.f90   -O1  execution test
FAIL: gfortran.dg/ieee/rounding_1.f90   -O2  execution test
FAIL: gfortran.dg/ieee/rounding_1.f90   -O3 -fomit-frame-pointer -funroll-loops -fpeel-loops -ftracer -finline-functions  execution test
FAIL: gfortran.dg/ieee/rounding_1.f90   -O3 -g  execution test
FAIL: gfortran.dg/ieee/rounding_1.f90   -Os  execution test

		=== gfortran Summary ===

# of expected passes		55113
# of unexpected failures	102
# of expected failures		224
# of unresolved testcases	6
# of unsupported tests		496
/tmp/7015230_4.tmpdir/aci-gcc-fsf/builds/gcc-fsf-gccsrc/obj-arm-none-linux-gnueabi/gcc3/gcc/gfortran  version 11.1.1  (DEFMODE=arm DEFCPU=cortex-a9 DEFFPU=default TESTFLAGS=-marm) [r11-8735] (GCC) 

Host   is x86_64-pc-linux-gnu

		=== g++ tests ===


Running target qemu/-marm
WARNING: skipping asan tests due to ulimit -v
WARNING: skipping asan tests due to ulimit -v
WARNING: skipping asan tests due to ulimit -v
WARNING: skipping asan tests due to ulimit -v
WARNING: skipping asan tests due to ulimit -v
WARNING: skipping asan tests due to ulimit -v
WARNING: skipping asan tests due to ulimit -v
WARNING: skipping asan tests due to ulimit -v
WARNING: skipping asan tests due to ulimit -v
WARNING: skipping asan tests due to ulimit -v
FAIL: g++.dg/cpp2a/constexpr-dtor3.C  -std=c++2a  (test for warnings, line 154)
XPASS: g++.dg/warn/Warray-bounds-20.C  -std=gnu++14 assign (test for warnings, line 30)
XPASS: g++.dg/warn/Warray-bounds-20.C  -std=gnu++17 assign (test for warnings, line 30)
XPASS: g++.dg/warn/Warray-bounds-20.C  -std=gnu++2a assign (test for warnings, line 30)
XPASS: g++.dg/warn/Warray-bounds-20.C  -std=gnu++98 assign (test for warnings, line 30)
FAIL: g++.dg/lto/pr65276 cp_lto_pr65276_0.o-cp_lto_pr65276_1.o link, -flto -O0 -std=c++11
FAIL: g++.dg/modules/bad-mapper-3.C -std=c++17  (test for errors, line )
FAIL: g++.dg/modules/bad-mapper-3.C -std=c++17 (test for excess errors)
FAIL: g++.dg/modules/bad-mapper-3.C -std=c++2a  (test for errors, line )
FAIL: g++.dg/modules/bad-mapper-3.C -std=c++2a (test for excess errors)
FAIL: g++.dg/modules/bad-mapper-3.C -std=c++2b  (test for errors, line )
FAIL: g++.dg/modules/bad-mapper-3.C -std=c++2b (test for excess errors)
FAIL: g++.dg/modules/virt-2_a.C -std=c++17  scan-assembler _ZTI7Visitor:
FAIL: g++.dg/modules/virt-2_a.C -std=c++17  scan-assembler _ZTS7Visitor:
FAIL: g++.dg/modules/virt-2_a.C -std=c++17  scan-assembler _ZTV7Visitor:
FAIL: g++.dg/modules/virt-2_a.C -std=c++2a  scan-assembler _ZTI7Visitor:
FAIL: g++.dg/modules/virt-2_a.C -std=c++2a  scan-assembler _ZTS7Visitor:
FAIL: g++.dg/modules/virt-2_a.C -std=c++2a  scan-assembler _ZTV7Visitor:
FAIL: g++.dg/modules/virt-2_a.C -std=c++2b  scan-assembler _ZTI7Visitor:
FAIL: g++.dg/modules/virt-2_a.C -std=c++2b  scan-assembler _ZTS7Visitor:
FAIL: g++.dg/modules/virt-2_a.C -std=c++2b  scan-assembler _ZTV7Visitor:
XPASS: g++.target/arm/bfloat_cpp_typecheck.C  (test for bogus messages, line 10)
XPASS: g++.target/arm/bfloat_cpp_typecheck.C  (test for bogus messages, line 11)

		=== g++ Summary ===

# of expected passes		207328
# of unexpected failures	17
# of unexpected successes	6
# of expected failures		1064
# of unsupported tests		9625
/tmp/7015230_4.tmpdir/aci-gcc-fsf/builds/gcc-fsf-gccsrc/obj-arm-none-linux-gnueabi/gcc3/gcc/xg++  version 11.1.1  (DEFMODE=arm DEFCPU=cortex-a9 DEFFPU=default TESTFLAGS=-marm) [r11-8735] (GCC) 


Compiler version: 11.1.1 (DEFMODE=arm DEFCPU=cortex-a9 DEFFPU=default TESTFLAGS=-marm) [r11-8735] (GCC) 
Platform: arm-none-linux-gnueabi
configure flags: --target=arm-none-linux-gnueabi --prefix=/tmp/7015230_4.tmpdir/aci-gcc-fsf/builds/gcc-fsf-gccsrc/tools --with-sysroot=/tmp/7015230_4.tmpdir/aci-gcc-fsf/builds/gcc-fsf-gccsrc/sysroot-arm-none-linux-gnueabi --disable-nls --disable-libgomp --disable-libmudflap --disable-libcilkrts --enable-checking --enable-languages=c,c++,fortran --with-float=soft --enable-build-with-cxx --with-mode=arm --with-cpu=cortex-a9


More information about the Gcc-testresults mailing list