Results for 12.0.0 20210705 (experimental) [master revision c4a6b2dadcd:b9a7bc9531b:b5f24739632389d50903bfde6d1bfc06d522c56b] (GCC) testsuite on hppa-unknown-linux-gnu
John David Anglin
dave.anglin@bell.net
Wed Jul 7 14:10:32 GMT 2021
LAST_UPDATED: Fri Jul 3 00:21:08 UTC 2020 (revision c4a6b2dadcd:b9a7bc9531b:b5f24739632389d50903bfde6d1bfc06d522c56b)
=== acats tests ===
=== acats Summary ===
# of expected passes 2328
# of unexpected failures 0
Native configuration is hppa-unknown-linux-gnu
=== g++ tests ===
Running target unix
XPASS: g++.dg/warn/Warray-bounds-20.C -std=gnu++14 assign (test for warnings, line 30)
XPASS: g++.dg/warn/Warray-bounds-20.C -std=gnu++17 assign (test for warnings, line 30)
XPASS: g++.dg/warn/Warray-bounds-20.C -std=gnu++2a assign (test for warnings, line 30)
XPASS: g++.dg/warn/Warray-bounds-20.C -std=gnu++98 assign (test for warnings, line 30)
FAIL: g++.dg/modules/xtreme-header-2_b.C -std=c++2a (test for excess errors)
FAIL: g++.dg/modules/xtreme-header-2_b.C -std=c++2b (test for excess errors)
FAIL: g++.dg/modules/xtreme-tr1_b.C -std=c++2a (test for excess errors)
FAIL: g++.dg/modules/xtreme-tr1_b.C -std=c++2b (test for excess errors)
=== g++ Summary ===
# of expected passes 202341
# of unexpected failures 4
# of unexpected successes 4
# of expected failures 1255
# of unsupported tests 9593
/home/dave/gnu/gcc/objdir/gcc/xg++ version 12.0.0 20210705 (experimental) [master revision c4a6b2dadcd:b9a7bc9531b:b5f24739632389d50903bfde6d1bfc06d522c56b] (GCC)
=== gcc tests ===
Running target unix
FAIL: gcc.dg/atomic/c11-atomic-exec-5.c -O0 execution test
FAIL: gcc.dg/atomic/c11-atomic-exec-5.c -O1 execution test
FAIL: gcc.dg/atomic/c11-atomic-exec-5.c -O2 execution test
FAIL: gcc.dg/atomic/c11-atomic-exec-5.c -O2 -flto -fno-use-linker-plugin -flto-partition=none execution test
FAIL: gcc.dg/atomic/c11-atomic-exec-5.c -O2 -flto -fuse-linker-plugin -fno-fat-lto-objects execution test
FAIL: gcc.dg/atomic/c11-atomic-exec-5.c -O3 -fomit-frame-pointer -funroll-loops -fpeel-loops -ftracer -finline-functions execution test
FAIL: gcc.dg/atomic/c11-atomic-exec-5.c -O3 -g execution test
FAIL: gcc.dg/atomic/c11-atomic-exec-5.c -Os execution test
FAIL: gcc.dg/debug/20020220-1.c -gctf (test for excess errors)
FAIL: gcc.dg/debug/20020327-1.c -gctf (test for excess errors)
FAIL: gcc.dg/debug/20050907-1.c -gctf (test for excess errors)
FAIL: gcc.dg/debug/pr29609-1.c -gctf (test for excess errors)
FAIL: gcc.dg/debug/pr29609-2.c -gctf (test for excess errors)
FAIL: gcc.dg/debug/pr36690-1.c -gctf (test for excess errors)
FAIL: gcc.dg/debug/pr36690-2.c -gctf (test for excess errors)
FAIL: gcc.dg/debug/pr36690-3.c -gctf (test for excess errors)
FAIL: gcc.dg/debug/pr37616.c -gctf (test for excess errors)
FAIL: gcc.dg/debug/pr41893-1.c -gctf (test for excess errors)
FAIL: gcc.dg/debug/pr49032.c -gctf (test for excess errors)
FAIL: gcc.dg/debug/pr65771.c -gctf (test for excess errors)
FAIL: gcc.dg/debug/tls-1.c -gctf (test for excess errors)
FAIL: gcc.dg/debug/trivial.c -gctf (test for excess errors)
XPASS: gcc.dg/Wstringop-overflow-43.c pr????? (test for warnings, line 172)
FAIL: gcc.dg/pr100590.c (test for excess errors)
FAIL: gcc.dg/pr84877.c execution test
FAIL: gcc.dg/uninit-pr93100.c (test for excess errors)
XPASS: gcc.dg/ipa/iinline-4.c scan-ipa-dump inline "hooray4[^\\\\n]*inline copy in test4"
XPASS: gcc.dg/ipa/inline-5.c scan-ipa-dump-times fnsummary "Will be eliminated" 4
XPASS: gcc.dg/ipa/ipcp-cstagg-7.c scan-ipa-dump-times cp "Discovered an indirect call to a known target" 3
FAIL: gcc.dg/torture/pr100398.c -O0 (test for excess errors)
XPASS: gcc.dg/tree-ssa/loop-1.c scan-assembler-times foo 5
XPASS: gcc.dg/tree-ssa/vector-4.c scan-tree-dump-times gimple "VEC_PERM_EXPR <a, b, { 0, 4, 1, 5 }>;" 1
=== gcc Summary ===
# of expected passes 123707
# of unexpected failures 26
# of unexpected successes 6
# of expected failures 760
# of unsupported tests 2876
/home/dave/gnu/gcc/objdir/gcc/xgcc version 12.0.0 20210705 (experimental) [master revision c4a6b2dadcd:b9a7bc9531b:b5f24739632389d50903bfde6d1bfc06d522c56b] (GCC)
=== gdc tests ===
Running target unix
=== gdc Summary ===
# of expected passes 10220
# of unsupported tests 335
/home/dave/gnu/gcc/objdir/gcc/gdc version 12.0.0 20210705 (experimental) [master revision c4a6b2dadcd:b9a7bc9531b:b5f24739632389d50903bfde6d1bfc06d522c56b] (GCC)
=== gfortran tests ===
Running target unix
FAIL: gfortran.dg/pr95690.f90 -O (test for errors, line 6)
FAIL: gfortran.dg/pr95690.f90 -O (test for excess errors)
=== gfortran Summary ===
# of expected passes 56453
# of unexpected failures 2
# of expected failures 256
# of unsupported tests 473
/home/dave/gnu/gcc/objdir/gcc/gfortran version 12.0.0 20210705 (experimental) [master revision c4a6b2dadcd:b9a7bc9531b:b5f24739632389d50903bfde6d1bfc06d522c56b] (GCC)
=== gnat tests ===
Running target unix
FAIL: gnat.dg/asan1.adb (test for excess errors)
FAIL: gnat.dg/opt39.adb scan-tree-dump-not optimized "tmp"
=== gnat Summary ===
# of expected passes 3324
# of unexpected failures 2
# of expected failures 23
# of unsupported tests 29
/home/dave/gnu/gcc/objdir/gcc/gnatmake version 12.0.0 20210705 (experimental) [master revision c4a6b2dadcd:b9a7bc9531b:b5f24739632389d50903bfde6d1bfc06d522c56b]
=== obj-c++ tests ===
Running target unix
=== obj-c++ Summary ===
# of expected passes 1490
# of expected failures 2
# of unsupported tests 77
/home/dave/gnu/gcc/objdir/gcc/xg++ version 12.0.0 20210705 (experimental) [master revision c4a6b2dadcd:b9a7bc9531b:b5f24739632389d50903bfde6d1bfc06d522c56b] (GCC)
=== objc tests ===
Running target unix
=== objc Summary ===
# of expected passes 2826
# of unsupported tests 68
/home/dave/gnu/gcc/objdir/gcc/xgcc version 12.0.0 20210705 (experimental) [master revision c4a6b2dadcd:b9a7bc9531b:b5f24739632389d50903bfde6d1bfc06d522c56b] (GCC)
=== libatomic tests ===
Running target unix
=== libatomic Summary ===
# of expected passes 44
# of unsupported tests 5
=== libgomp tests ===
Running target unix
=== libgomp Summary ===
# of expected passes 11404
# of expected failures 104
# of unsupported tests 608
=== libphobos tests ===
Running target unix
FAIL: libphobos.allocations/tls_gc_integration.d execution test
FAIL: libphobos.druntime/core/thread/fiber.d execution test
FAIL: libphobos.druntime/core/thread/osthread.d execution test
FAIL: libphobos.druntime_shared/core/thread/fiber.d execution test
FAIL: libphobos.druntime_shared/core/thread/osthread.d execution test
FAIL: libphobos.druntime_shared/rt/lifetime.d execution test
WARNING: libphobos.phobos/std/algorithm/iteration.d (test for excess errors) program timed out.
FAIL: libphobos.phobos/std/algorithm/iteration.d (test for excess errors)
UNRESOLVED: libphobos.phobos/std/algorithm/iteration.d compilation failed to produce executable
WARNING: libphobos.phobos/std/algorithm/searching.d (test for excess errors) program timed out.
FAIL: libphobos.phobos/std/algorithm/searching.d (test for excess errors)
UNRESOLVED: libphobos.phobos/std/algorithm/searching.d compilation failed to produce executable
WARNING: libphobos.phobos/std/algorithm/sorting.d (test for excess errors) program timed out.
FAIL: libphobos.phobos/std/algorithm/sorting.d (test for excess errors)
UNRESOLVED: libphobos.phobos/std/algorithm/sorting.d compilation failed to produce executable
WARNING: libphobos.phobos/std/array.d (test for excess errors) program timed out.
FAIL: libphobos.phobos/std/array.d (test for excess errors)
UNRESOLVED: libphobos.phobos/std/array.d compilation failed to produce executable
FAIL: libphobos.phobos/std/concurrency.d execution test
WARNING: libphobos.phobos/std/conv.d (test for excess errors) program timed out.
FAIL: libphobos.phobos/std/conv.d (test for excess errors)
UNRESOLVED: libphobos.phobos/std/conv.d compilation failed to produce executable
WARNING: libphobos.phobos/std/datetime/date.d (test for excess errors) program timed out.
FAIL: libphobos.phobos/std/datetime/date.d (test for excess errors)
UNRESOLVED: libphobos.phobos/std/datetime/date.d compilation failed to produce executable
FAIL: libphobos.phobos/std/datetime/stopwatch.d execution test
WARNING: libphobos.phobos/std/datetime/systime.d (test for excess errors) program timed out.
FAIL: libphobos.phobos/std/datetime/systime.d (test for excess errors)
UNRESOLVED: libphobos.phobos/std/datetime/systime.d compilation failed to produce executable
FAIL: libphobos.phobos/std/digest/murmurhash.d execution test
FAIL: libphobos.phobos/std/internal/math/errorfunction.d execution test
FAIL: libphobos.phobos/std/internal/math/gammafunction.d execution test
FAIL: libphobos.phobos/std/math.d execution test
FAIL: libphobos.phobos/std/mathspecial.d execution test
FAIL: libphobos.phobos/std/parallelism.d execution test
WARNING: libphobos.phobos/std/range/package.d (test for excess errors) program timed out.
FAIL: libphobos.phobos/std/range/package.d (test for excess errors)
UNRESOLVED: libphobos.phobos/std/range/package.d compilation failed to produce executable
FAIL: libphobos.phobos/std/regex/internal/kickstart.d execution test
WARNING: libphobos.phobos/std/regex/internal/tests.d (test for excess errors) program timed out.
FAIL: libphobos.phobos/std/regex/internal/tests.d (test for excess errors)
UNRESOLVED: libphobos.phobos/std/regex/internal/tests.d compilation failed to produce executable
FAIL: libphobos.phobos/std/regex/internal/tests2.d execution test
WARNING: libphobos.phobos/std/regex/package.d (test for excess errors) program timed out.
FAIL: libphobos.phobos/std/regex/package.d (test for excess errors)
UNRESOLVED: libphobos.phobos/std/regex/package.d compilation failed to produce executable
FAIL: libphobos.phobos/std/stdio.d execution test
WARNING: libphobos.phobos/std/string.d (test for excess errors) program timed out.
FAIL: libphobos.phobos/std/string.d (test for excess errors)
UNRESOLVED: libphobos.phobos/std/string.d compilation failed to produce executable
FAIL: libphobos.phobos_shared/std/concurrency.d execution test
WARNING: libphobos.phobos_shared/std/datetime/date.d (test for excess errors) program timed out.
FAIL: libphobos.phobos_shared/std/datetime/date.d (test for excess errors)
UNRESOLVED: libphobos.phobos_shared/std/datetime/date.d compilation failed to produce executable
FAIL: libphobos.phobos_shared/std/datetime/stopwatch.d execution test
FAIL: libphobos.phobos_shared/std/digest/murmurhash.d execution test
FAIL: libphobos.phobos_shared/std/internal/math/errorfunction.d execution test
FAIL: libphobos.phobos_shared/std/internal/math/gammafunction.d execution test
FAIL: libphobos.phobos_shared/std/math.d execution test
FAIL: libphobos.phobos_shared/std/mathspecial.d execution test
FAIL: libphobos.phobos_shared/std/parallelism.d execution test
WARNING: libphobos.phobos_shared/std/range/package.d (test for excess errors) program timed out.
FAIL: libphobos.phobos_shared/std/range/package.d (test for excess errors)
UNRESOLVED: libphobos.phobos_shared/std/range/package.d compilation failed to produce executable
FAIL: libphobos.phobos_shared/std/regex/internal/kickstart.d execution test
WARNING: libphobos.phobos_shared/std/regex/internal/tests.d (test for excess errors) program timed out.
FAIL: libphobos.phobos_shared/std/regex/internal/tests.d (test for excess errors)
UNRESOLVED: libphobos.phobos_shared/std/regex/internal/tests.d compilation failed to produce executable
FAIL: libphobos.phobos_shared/std/regex/internal/tests2.d execution test
WARNING: libphobos.phobos_shared/std/regex/package.d (test for excess errors) program timed out.
FAIL: libphobos.phobos_shared/std/regex/package.d (test for excess errors)
UNRESOLVED: libphobos.phobos_shared/std/regex/package.d compilation failed to produce executable
FAIL: libphobos.phobos_shared/std/stdio.d execution test
WARNING: libphobos.phobos_shared/std/string.d (test for excess errors) program timed out.
FAIL: libphobos.phobos_shared/std/string.d (test for excess errors)
UNRESOLVED: libphobos.phobos_shared/std/string.d compilation failed to produce executable
WARNING: libphobos.phobos_shared/std/uni.d (test for excess errors) program timed out.
FAIL: libphobos.phobos_shared/std/uni.d (test for excess errors)
UNRESOLVED: libphobos.phobos_shared/std/uni.d compilation failed to produce executable
FAIL: libphobos.shared/finalize.d -shared-libphobos -ldl execution test
FAIL: libphobos.shared/host.c -ldl -pthread execution test
FAIL: libphobos.thread/fiber_guard_page.d (test for excess errors)
UNRESOLVED: libphobos.thread/fiber_guard_page.d compilation failed to produce executable
FAIL: libphobos.thread/tlsgc_sections.d execution test
=== libphobos Summary ===
# of expected passes 721
# of unexpected failures 49
# of unresolved testcases 18
=== libstdc++ tests ===
Running target unix
FAIL: 20_util/specialized_algorithms/pstl/uninitialized_construct.cc (test for excess errors)
UNRESOLVED: 20_util/specialized_algorithms/pstl/uninitialized_construct.cc compilation failed to produce executable
FAIL: 20_util/specialized_algorithms/pstl/uninitialized_copy_move.cc (test for excess errors)
UNRESOLVED: 20_util/specialized_algorithms/pstl/uninitialized_copy_move.cc compilation failed to produce executable
FAIL: 20_util/specialized_algorithms/pstl/uninitialized_fill_destroy.cc (test for excess errors)
UNRESOLVED: 20_util/specialized_algorithms/pstl/uninitialized_fill_destroy.cc compilation failed to produce executable
FAIL: 22_locale/numpunct/members/char/3.cc execution test
FAIL: 22_locale/time_get/get_time/char/2.cc execution test
FAIL: 22_locale/time_get/get_time/char/wrapped_env.cc execution test
FAIL: 22_locale/time_get/get_time/char/wrapped_locale.cc execution test
FAIL: 22_locale/time_get/get_time/wchar_t/2.cc execution test
FAIL: 22_locale/time_get/get_time/wchar_t/wrapped_env.cc execution test
FAIL: 22_locale/time_get/get_time/wchar_t/wrapped_locale.cc execution test
FAIL: 25_algorithms/pstl/alg_merge/inplace_merge.cc (test for excess errors)
UNRESOLVED: 25_algorithms/pstl/alg_merge/inplace_merge.cc compilation failed to produce executable
FAIL: 25_algorithms/pstl/alg_merge/merge.cc (test for excess errors)
UNRESOLVED: 25_algorithms/pstl/alg_merge/merge.cc compilation failed to produce executable
FAIL: 25_algorithms/pstl/alg_modifying_operations/copy_if.cc (test for excess errors)
UNRESOLVED: 25_algorithms/pstl/alg_modifying_operations/copy_if.cc compilation failed to produce executable
FAIL: 25_algorithms/pstl/alg_modifying_operations/copy_move.cc (test for excess errors)
UNRESOLVED: 25_algorithms/pstl/alg_modifying_operations/copy_move.cc compilation failed to produce executable
FAIL: 25_algorithms/pstl/alg_modifying_operations/fill.cc (test for excess errors)
UNRESOLVED: 25_algorithms/pstl/alg_modifying_operations/fill.cc compilation failed to produce executable
FAIL: 25_algorithms/pstl/alg_modifying_operations/generate.cc (test for excess errors)
UNRESOLVED: 25_algorithms/pstl/alg_modifying_operations/generate.cc compilation failed to produce executable
FAIL: 25_algorithms/pstl/alg_modifying_operations/is_partitioned.cc (test for excess errors)
UNRESOLVED: 25_algorithms/pstl/alg_modifying_operations/is_partitioned.cc compilation failed to produce executable
FAIL: 25_algorithms/pstl/alg_modifying_operations/partition.cc (test for excess errors)
UNRESOLVED: 25_algorithms/pstl/alg_modifying_operations/partition.cc compilation failed to produce executable
FAIL: 25_algorithms/pstl/alg_modifying_operations/partition_copy.cc (test for excess errors)
UNRESOLVED: 25_algorithms/pstl/alg_modifying_operations/partition_copy.cc compilation failed to produce executable
FAIL: 25_algorithms/pstl/alg_modifying_operations/remove.cc (test for excess errors)
UNRESOLVED: 25_algorithms/pstl/alg_modifying_operations/remove.cc compilation failed to produce executable
FAIL: 25_algorithms/pstl/alg_modifying_operations/remove_copy.cc (test for excess errors)
UNRESOLVED: 25_algorithms/pstl/alg_modifying_operations/remove_copy.cc compilation failed to produce executable
FAIL: 25_algorithms/pstl/alg_modifying_operations/replace.cc (test for excess errors)
UNRESOLVED: 25_algorithms/pstl/alg_modifying_operations/replace.cc compilation failed to produce executable
FAIL: 25_algorithms/pstl/alg_modifying_operations/replace_copy.cc (test for excess errors)
UNRESOLVED: 25_algorithms/pstl/alg_modifying_operations/replace_copy.cc compilation failed to produce executable
FAIL: 25_algorithms/pstl/alg_modifying_operations/rotate.cc (test for excess errors)
UNRESOLVED: 25_algorithms/pstl/alg_modifying_operations/rotate.cc compilation failed to produce executable
FAIL: 25_algorithms/pstl/alg_modifying_operations/rotate_copy.cc (test for excess errors)
UNRESOLVED: 25_algorithms/pstl/alg_modifying_operations/rotate_copy.cc compilation failed to produce executable
FAIL: 25_algorithms/pstl/alg_modifying_operations/swap_ranges.cc (test for excess errors)
UNRESOLVED: 25_algorithms/pstl/alg_modifying_operations/swap_ranges.cc compilation failed to produce executable
FAIL: 25_algorithms/pstl/alg_modifying_operations/transform_binary.cc (test for excess errors)
UNRESOLVED: 25_algorithms/pstl/alg_modifying_operations/transform_binary.cc compilation failed to produce executable
FAIL: 25_algorithms/pstl/alg_modifying_operations/transform_unary.cc (test for excess errors)
UNRESOLVED: 25_algorithms/pstl/alg_modifying_operations/transform_unary.cc compilation failed to produce executable
FAIL: 25_algorithms/pstl/alg_modifying_operations/unique.cc (test for excess errors)
UNRESOLVED: 25_algorithms/pstl/alg_modifying_operations/unique.cc compilation failed to produce executable
FAIL: 25_algorithms/pstl/alg_modifying_operations/unique_copy_equal.cc (test for excess errors)
UNRESOLVED: 25_algorithms/pstl/alg_modifying_operations/unique_copy_equal.cc compilation failed to produce executable
FAIL: 25_algorithms/pstl/alg_nonmodifying/adjacent_find.cc (test for excess errors)
UNRESOLVED: 25_algorithms/pstl/alg_nonmodifying/adjacent_find.cc compilation failed to produce executable
FAIL: 25_algorithms/pstl/alg_nonmodifying/all_of.cc (test for excess errors)
UNRESOLVED: 25_algorithms/pstl/alg_nonmodifying/all_of.cc compilation failed to produce executable
FAIL: 25_algorithms/pstl/alg_nonmodifying/any_of.cc (test for excess errors)
UNRESOLVED: 25_algorithms/pstl/alg_nonmodifying/any_of.cc compilation failed to produce executable
FAIL: 25_algorithms/pstl/alg_nonmodifying/count.cc (test for excess errors)
UNRESOLVED: 25_algorithms/pstl/alg_nonmodifying/count.cc compilation failed to produce executable
FAIL: 25_algorithms/pstl/alg_nonmodifying/equal.cc (test for excess errors)
UNRESOLVED: 25_algorithms/pstl/alg_nonmodifying/equal.cc compilation failed to produce executable
FAIL: 25_algorithms/pstl/alg_nonmodifying/find.cc (test for excess errors)
UNRESOLVED: 25_algorithms/pstl/alg_nonmodifying/find.cc compilation failed to produce executable
FAIL: 25_algorithms/pstl/alg_nonmodifying/find_end.cc (test for excess errors)
UNRESOLVED: 25_algorithms/pstl/alg_nonmodifying/find_end.cc compilation failed to produce executable
FAIL: 25_algorithms/pstl/alg_nonmodifying/find_first_of.cc (test for excess errors)
UNRESOLVED: 25_algorithms/pstl/alg_nonmodifying/find_first_of.cc compilation failed to produce executable
FAIL: 25_algorithms/pstl/alg_nonmodifying/find_if.cc (test for excess errors)
UNRESOLVED: 25_algorithms/pstl/alg_nonmodifying/find_if.cc compilation failed to produce executable
FAIL: 25_algorithms/pstl/alg_nonmodifying/for_each.cc (test for excess errors)
UNRESOLVED: 25_algorithms/pstl/alg_nonmodifying/for_each.cc compilation failed to produce executable
FAIL: 25_algorithms/pstl/alg_nonmodifying/mismatch.cc (test for excess errors)
UNRESOLVED: 25_algorithms/pstl/alg_nonmodifying/mismatch.cc compilation failed to produce executable
FAIL: 25_algorithms/pstl/alg_nonmodifying/none_of.cc (test for excess errors)
UNRESOLVED: 25_algorithms/pstl/alg_nonmodifying/none_of.cc compilation failed to produce executable
FAIL: 25_algorithms/pstl/alg_nonmodifying/nth_element.cc (test for excess errors)
UNRESOLVED: 25_algorithms/pstl/alg_nonmodifying/nth_element.cc compilation failed to produce executable
FAIL: 25_algorithms/pstl/alg_nonmodifying/reverse.cc (test for excess errors)
UNRESOLVED: 25_algorithms/pstl/alg_nonmodifying/reverse.cc compilation failed to produce executable
FAIL: 25_algorithms/pstl/alg_nonmodifying/reverse_copy.cc (test for excess errors)
UNRESOLVED: 25_algorithms/pstl/alg_nonmodifying/reverse_copy.cc compilation failed to produce executable
FAIL: 25_algorithms/pstl/alg_nonmodifying/search_n.cc (test for excess errors)
UNRESOLVED: 25_algorithms/pstl/alg_nonmodifying/search_n.cc compilation failed to produce executable
FAIL: 25_algorithms/pstl/alg_sorting/includes.cc (test for excess errors)
UNRESOLVED: 25_algorithms/pstl/alg_sorting/includes.cc compilation failed to produce executable
FAIL: 25_algorithms/pstl/alg_sorting/is_heap.cc (test for excess errors)
UNRESOLVED: 25_algorithms/pstl/alg_sorting/is_heap.cc compilation failed to produce executable
FAIL: 25_algorithms/pstl/alg_sorting/is_sorted.cc (test for excess errors)
UNRESOLVED: 25_algorithms/pstl/alg_sorting/is_sorted.cc compilation failed to produce executable
FAIL: 25_algorithms/pstl/alg_sorting/lexicographical_compare.cc (test for excess errors)
UNRESOLVED: 25_algorithms/pstl/alg_sorting/lexicographical_compare.cc compilation failed to produce executable
FAIL: 25_algorithms/pstl/alg_sorting/minmax_element.cc (test for excess errors)
UNRESOLVED: 25_algorithms/pstl/alg_sorting/minmax_element.cc compilation failed to produce executable
FAIL: 25_algorithms/pstl/alg_sorting/partial_sort.cc (test for excess errors)
UNRESOLVED: 25_algorithms/pstl/alg_sorting/partial_sort.cc compilation failed to produce executable
FAIL: 25_algorithms/pstl/alg_sorting/partial_sort_copy.cc (test for excess errors)
UNRESOLVED: 25_algorithms/pstl/alg_sorting/partial_sort_copy.cc compilation failed to produce executable
FAIL: 25_algorithms/pstl/alg_sorting/set.cc (test for excess errors)
UNRESOLVED: 25_algorithms/pstl/alg_sorting/set.cc compilation failed to produce executable
FAIL: 25_algorithms/pstl/alg_sorting/sort.cc (test for excess errors)
UNRESOLVED: 25_algorithms/pstl/alg_sorting/sort.cc compilation failed to produce executable
FAIL: 26_numerics/pstl/numeric_ops/adjacent_difference.cc (test for excess errors)
UNRESOLVED: 26_numerics/pstl/numeric_ops/adjacent_difference.cc compilation failed to produce executable
FAIL: 26_numerics/pstl/numeric_ops/reduce.cc (test for excess errors)
UNRESOLVED: 26_numerics/pstl/numeric_ops/reduce.cc compilation failed to produce executable
FAIL: 26_numerics/pstl/numeric_ops/scan.cc (test for excess errors)
UNRESOLVED: 26_numerics/pstl/numeric_ops/scan.cc compilation failed to produce executable
FAIL: 26_numerics/pstl/numeric_ops/transform_reduce.cc (test for excess errors)
UNRESOLVED: 26_numerics/pstl/numeric_ops/transform_reduce.cc compilation failed to produce executable
FAIL: 26_numerics/pstl/numeric_ops/transform_scan.cc (test for excess errors)
UNRESOLVED: 26_numerics/pstl/numeric_ops/transform_scan.cc compilation failed to produce executable
FAIL: 27_io/filesystem/operations/copy.cc execution test
FAIL: 27_io/filesystem/operations/copy_file.cc execution test
FAIL: 27_io/filesystem/operations/equivalent.cc execution test
FAIL: 27_io/filesystem/operations/permissions.cc execution test
FAIL: 27_io/filesystem/operations/relative.cc execution test
FAIL: 27_io/filesystem/operations/remove.cc execution test
FAIL: 27_io/filesystem/operations/remove_all.cc execution test
FAIL: 27_io/filesystem/operations/rename.cc execution test
FAIL: 27_io/filesystem/operations/symlink_status.cc execution test
WARNING: 30_threads/condition_variable/54185.cc execution test program timed out.
FAIL: 30_threads/condition_variable/54185.cc execution test
WARNING: 30_threads/future/members/poll.cc execution test program timed out.
FAIL: 30_threads/future/members/poll.cc execution test
FAIL: 30_threads/jthread/95989.cc execution test
FAIL: experimental/filesystem/operations/copy.cc execution test
FAIL: experimental/filesystem/operations/copy_file.cc execution test
FAIL: experimental/filesystem/operations/equivalent.cc execution test
FAIL: experimental/filesystem/operations/remove.cc execution test
FAIL: experimental/filesystem/operations/remove_all.cc execution test
FAIL: experimental/filesystem/operations/rename.cc execution test
WARNING: ext/rope/pthread7-rope.cc execution test program timed out.
FAIL: ext/rope/pthread7-rope.cc execution test
=== libstdc++ Summary ===
# of expected passes 14622
# of unexpected failures 79
# of expected failures 95
# of unresolved testcases 53
# of unsupported tests 330
Compiler version: 12.0.0 20210705 (experimental) [master revision c4a6b2dadcd:b9a7bc9531b:b5f24739632389d50903bfde6d1bfc06d522c56b] (GCC)
Platform: hppa-unknown-linux-gnu
configure flags: --with-gnu-as --with-gnu-ld --enable-shared --enable-multiarch --enable-linker-build-id --build=hppa-linux-gnu --host=hppa-linux-gnu --target=hppa-linux-gnu --prefix=/home/dave/opt/gnu/gcc/gcc-11 --with-local-prefix=/home/dave/opt/gnu --enable-threads=posix --enable-__cxa_atexit --build=hppa-linux-gnu --enable-clocale=gnu --enable-checking=release --enable-languages=c,c++,d,objc,fortran,obj-c++,ada,lto
More information about the Gcc-testresults
mailing list