Results for 10.3.1 (DEFMODE=default DEFCPU=default DEFFPU=default TESTFLAGS=-mthumb/-mcpu=cortex-m33/-mfloat-abi=hard/-march=armv8-m.m ain+fp+dsp) [r10-9970] (GCC) testsuite on arm-none-eabi
Christophe LYON
christophe.lyon@foss.st.com
Wed Jul 7 02:26:49 GMT 2021
LAST_UPDATED: Wed Jul 7 00:40:43 UTC 2021 (revision r10-9970-g048117e16c77f82598fca9af585500572d46ad73) TARGET=arm-none-eabi CPU=default FPU=default MODE=default
Target is arm-none-eabi
Host is arm-none-eabi
=== libstdc++ tests ===
Running target myarm-sim/-mthumb/-mcpu=cortex-m33/-mfloat-abi=hard/-march=armv8-m.main+fp+dsp
FAIL: 27_io/basic_filebuf/underflow/wchar_t/11603.cc execution test
FAIL: 27_io/basic_fstream/53984.cc execution test
FAIL: abi/header_cxxabi.c (test for excess errors)
XPASS: ext/stdio_filebuf/char/10063-2.cc execution test
XPASS: ext/stdio_filebuf/char/10063-3.cc execution test
=== libstdc++ Summary ===
# of expected passes 12346
# of unexpected failures 3
# of unexpected successes 2
# of expected failures 101
# of unsupported tests 911
Host is x86_64-pc-linux-gnu
=== gcc tests ===
Running target myarm-sim/-mthumb/-mcpu=cortex-m33/-mfloat-abi=hard/-march=armv8-m.main+fp+dsp
FAIL: gcc.dg/debug/dwarf2/pr97060.c scan-assembler-times DW_AT_declaration 2
FAIL: gcc.dg/pr41574.c (test for excess errors)
FAIL: gcc.dg/pr59418.c (test for excess errors)
FAIL: gcc.dg/lto/20081224 c_lto_20081224_0.o-c_lto_20081224_1.o link, -flto -flto-partition=1to1 -r -nostdlib -fPIC
FAIL: gcc.dg/torture/stackalign/builtin-apply-4.c -O2 -flto -fuse-linker-plugin -fno-fat-lto-objects execution test
FAIL: gcc.dg/torture/stackalign/builtin-apply-4.c -O2 -flto -fuse-linker-plugin -fno-fat-lto-objects -fpic execution test
FAIL: gcc.dg/tree-ssa/gen-vect-26.c scan-tree-dump-times vect "Alignment of access forced using peeling" 1
FAIL: gcc.dg/tree-ssa/gen-vect-26.c scan-tree-dump-times vect "Vectorizing an unaligned access" 0
FAIL: gcc.dg/tree-ssa/gen-vect-28.c scan-tree-dump-times vect "Alignment of access forced using peeling" 1
FAIL: gcc.dg/tree-ssa/gen-vect-28.c scan-tree-dump-times vect "Vectorizing an unaligned access" 0
FAIL: gcc.dg/tree-ssa/pr87022.c (test for excess errors)
FAIL: gcc.target/arm/aapcs/vfp18.c execution test
FAIL: gcc.target/arm/aapcs/vfp19.c execution test
FAIL: gcc.target/arm/aapcs/vfp22.c execution test
FAIL: gcc.target/arm/aapcs/vfp23.c execution test
FAIL: gcc.target/arm/acle/crc_hf_1.c -O0 (test for excess errors)
FAIL: gcc.target/arm/acle/crc_hf_1.c -O1 (test for excess errors)
FAIL: gcc.target/arm/acle/crc_hf_1.c -O2 (test for excess errors)
FAIL: gcc.target/arm/acle/crc_hf_1.c -O3 -g (test for excess errors)
FAIL: gcc.target/arm/acle/crc_hf_1.c -Os (test for excess errors)
FAIL: gcc.target/arm/acle/crc_hf_1.c -O2 -flto -fno-use-linker-plugin -flto-partition=none -ffat-lto-objects (test for excess errors)
FAIL: gcc.target/arm/acle/crc_hf_1.c -O2 -flto -fuse-linker-plugin -fno-fat-lto-objects -ffat-lto-objects (test for excess errors)
FAIL: gcc.target/arm/attr-crypto.c (test for excess errors)
UNRESOLVED: gcc.target/arm/attr-crypto.c scan-assembler sha256su0.32\\tq[0-9]+, q[0-9]+
FAIL: gcc.target/arm/its.c scan-assembler-not \\\\sit[te]{2}
UNRESOLVED: gcc.target/arm/lp1243022.c scan-rtl-dump subreg2 "REG_INC"
FAIL: gcc.target/arm/pr43920-2.c scan-assembler-times pop 2
FAIL: gcc.target/arm/pr45701-2.c scan-assembler push\\t{r3
FAIL: gcc.target/arm/pr45701-3.c scan-assembler push\\t.*r8
FAIL: gcc.target/arm/pr59575.c (test for excess errors)
FAIL: gcc.target/arm/pr60650-2.c (test for excess errors)
FAIL: gcc.target/arm/pr60657.c (test for excess errors)
FAIL: gcc.target/arm/pr60663.c (test for excess errors)
FAIL: gcc.target/arm/pr81863.c (test for excess errors)
UNRESOLVED: gcc.target/arm/pr81863.c scan-assembler-not [\\\\t ]+movw
FAIL: gcc.target/arm/reg_equal_test.c scan-rtl-dump expand "expr_list:REG_EQUAL \\\\(const_int -942519458"
FAIL: gcc.target/arm/thumb2-cond-cmp-1.c scan-assembler cmpne
FAIL: gcc.target/arm/thumb2-cond-cmp-2.c scan-assembler cmpeq
FAIL: gcc.target/arm/thumb2-cond-cmp-3.c scan-assembler cmpgt
FAIL: gcc.target/arm/thumb2-cond-cmp-4.c scan-assembler cmpgt
FAIL: gcc.target/arm/unsigned-float.c (test for excess errors)
UNRESOLVED: gcc.target/arm/unsigned-float.c scan-assembler-not vcvt.(f32.f64|f64.f32)
FAIL: gcc.target/arm/cmse/bitfield-1.c -O0 execution test
FAIL: gcc.target/arm/cmse/bitfield-1.c -O1 execution test
FAIL: gcc.target/arm/cmse/bitfield-1.c -O2 execution test
FAIL: gcc.target/arm/cmse/bitfield-1.c -O3 -g execution test
FAIL: gcc.target/arm/cmse/bitfield-1.c -Os execution test
FAIL: gcc.target/arm/cmse/bitfield-2.c -O0 execution test
FAIL: gcc.target/arm/cmse/bitfield-2.c -O1 execution test
FAIL: gcc.target/arm/cmse/bitfield-2.c -O2 execution test
FAIL: gcc.target/arm/cmse/bitfield-2.c -O3 -g execution test
FAIL: gcc.target/arm/cmse/bitfield-2.c -Os execution test
FAIL: gcc.target/arm/cmse/bitfield-3.c -O0 execution test
FAIL: gcc.target/arm/cmse/bitfield-3.c -O1 execution test
FAIL: gcc.target/arm/cmse/bitfield-3.c -O2 execution test
FAIL: gcc.target/arm/cmse/bitfield-3.c -O3 -g execution test
FAIL: gcc.target/arm/cmse/bitfield-3.c -Os execution test
FAIL: gcc.target/arm/cmse/struct-1.c -O0 execution test
FAIL: gcc.target/arm/cmse/struct-1.c -O1 execution test
FAIL: gcc.target/arm/cmse/struct-1.c -O2 execution test
FAIL: gcc.target/arm/cmse/struct-1.c -O3 -g execution test
FAIL: gcc.target/arm/cmse/struct-1.c -Os execution test
=== gcc Summary ===
# of expected passes 109849
# of unexpected failures 58
# of expected failures 512
# of unresolved testcases 4
# of unsupported tests 5957
/tmp/5053575_36.tmpdir/aci-gcc-fsf/builds/gcc-fsf-gccsrc/obj-arm-none-eabi/gcc3/gcc/xgcc version 10.3.1 (DEFMODE=default DEFCPU=default DEFFPU=default TESTFLAGS=-mthumb/-mcpu=cortex-m33/-mfloat-abi=hard/-march=armv8-m.main+fp+dsp) [r10-9970] (GCC)
Host is x86_64-pc-linux-gnu
=== g++ tests ===
Running target myarm-sim/-mthumb/-mcpu=cortex-m33/-mfloat-abi=hard/-march=armv8-m.main+fp+dsp
FAIL: g++.dg/eh/arm-vfp-unwind.C -std=c++14 (test for excess errors)
UNRESOLVED: g++.dg/eh/arm-vfp-unwind.C -std=c++14 compilation failed to produce executable
FAIL: g++.dg/eh/arm-vfp-unwind.C -std=c++17 (test for excess errors)
UNRESOLVED: g++.dg/eh/arm-vfp-unwind.C -std=c++17 compilation failed to produce executable
FAIL: g++.dg/eh/arm-vfp-unwind.C -std=c++2a (test for excess errors)
UNRESOLVED: g++.dg/eh/arm-vfp-unwind.C -std=c++2a compilation failed to produce executable
FAIL: g++.dg/eh/arm-vfp-unwind.C -std=c++98 (test for excess errors)
UNRESOLVED: g++.dg/eh/arm-vfp-unwind.C -std=c++98 compilation failed to produce executable
FAIL: g++.dg/ipa/pr94856.C -std=gnu++14 (test for excess errors)
FAIL: g++.dg/ipa/pr94856.C -std=gnu++17 (test for excess errors)
FAIL: g++.dg/ipa/pr94856.C -std=gnu++2a (test for excess errors)
FAIL: g++.dg/ipa/pr94856.C -std=gnu++98 (test for excess errors)
FAIL: g++.dg/opt/pr69175.C -std=gnu++14 (test for excess errors)
FAIL: g++.dg/opt/pr69175.C -std=gnu++17 (test for excess errors)
FAIL: g++.dg/opt/pr69175.C -std=gnu++2a (test for excess errors)
FAIL: g++.dg/opt/pr69175.C -std=gnu++98 (test for excess errors)
FAIL: g++.dg/opt/store-merging-2.C -std=gnu++14 scan-tree-dump store-merging "New sequence of 2 stores to replace old one of 3 stores"
FAIL: g++.dg/opt/store-merging-2.C -std=gnu++17 scan-tree-dump store-merging "New sequence of 2 stores to replace old one of 3 stores"
FAIL: g++.dg/opt/store-merging-2.C -std=gnu++2a scan-tree-dump store-merging "New sequence of 2 stores to replace old one of 3 stores"
FAIL: g++.dg/opt/store-merging-2.C -std=gnu++98 scan-tree-dump store-merging "New sequence of 2 stores to replace old one of 3 stores"
FAIL: g++.dg/other/pr56184.C -std=gnu++14 (test for excess errors)
FAIL: g++.dg/other/pr56184.C -std=gnu++17 (test for excess errors)
FAIL: g++.dg/other/pr56184.C -std=gnu++2a (test for excess errors)
FAIL: g++.dg/other/pr56184.C -std=gnu++98 (test for excess errors)
FAIL: g++.dg/other/pr59985.C -std=gnu++14 (test for excess errors)
FAIL: g++.dg/other/pr59985.C -std=gnu++17 (test for excess errors)
FAIL: g++.dg/other/pr59985.C -std=gnu++2a (test for excess errors)
FAIL: g++.dg/other/pr59985.C -std=gnu++98 (test for excess errors)
XPASS: g++.dg/warn/pr33738.C -std=gnu++14 (test for warnings, line 18)
XPASS: g++.dg/warn/pr33738.C -std=gnu++14 (test for warnings, line 22)
XPASS: g++.dg/warn/pr33738.C -std=gnu++17 (test for warnings, line 18)
XPASS: g++.dg/warn/pr33738.C -std=gnu++17 (test for warnings, line 22)
XPASS: g++.dg/warn/pr33738.C -std=gnu++2a (test for warnings, line 18)
XPASS: g++.dg/warn/pr33738.C -std=gnu++2a (test for warnings, line 22)
XPASS: g++.dg/warn/pr33738.C -std=gnu++98 (test for warnings, line 18)
XPASS: g++.dg/warn/pr33738.C -std=gnu++98 (test for warnings, line 22)
FAIL: g++.dg/lto/20090302 cp_lto_20090302_0.o-cp_lto_20090302_1.o link, -fPIC -flto -flto-partition=1to1 -r
FAIL: g++.dg/lto/pr65276 cp_lto_pr65276_0.o-cp_lto_pr65276_1.o link, -flto -O0 -std=c++11
FAIL: g++.dg/lto/pr65475 cp_lto_pr65475_0.o-cp_lto_pr65475_1.o link, -O2
FAIL: g++.dg/lto/pr65475 cp_lto_pr65475_0.o-cp_lto_pr65475_1.o link, -Wno-odr
FAIL: g++.dg/lto/pr65475b cp_lto_pr65475b_0.o-cp_lto_pr65475b_1.o link, -O2
FAIL: g++.dg/lto/pr65475b cp_lto_pr65475b_0.o-cp_lto_pr65475b_1.o link, -Wno-odr
=== g++ Summary ===
# of expected passes 158132
# of unexpected failures 30
# of unexpected successes 8
# of expected failures 576
# of unresolved testcases 4
# of unsupported tests 11210
/tmp/5053575_36.tmpdir/aci-gcc-fsf/builds/gcc-fsf-gccsrc/obj-arm-none-eabi/gcc3/gcc/xg++ version 10.3.1 (DEFMODE=default DEFCPU=default DEFFPU=default TESTFLAGS=-mthumb/-mcpu=cortex-m33/-mfloat-abi=hard/-march=armv8-m.main+fp+dsp) [r10-9970] (GCC)
Compiler version: 10.3.1 (DEFMODE=default DEFCPU=default DEFFPU=default TESTFLAGS=-mthumb/-mcpu=cortex-m33/-mfloat-abi=hard/-march=armv8-m.main+fp+dsp) [r10-9970] (GCC)
Platform: arm-none-eabi
configure flags: --target=arm-none-eabi --prefix=/tmp/5053575_36.tmpdir/aci-gcc-fsf/builds/gcc-fsf-gccsrc/tools --with-sysroot=/tmp/5053575_36.tmpdir/aci-gcc-fsf/builds/gcc-fsf-gccsrc/sysroot-arm-none-eabi --disable-nls --disable-libgomp --disable-libmudflap --disable-libcilkrts --enable-checking --enable-languages=c,c++ --with-newlib --disable-tls --enable-multilib --with-multilib-list=rmprofile
More information about the Gcc-testresults
mailing list