Results for 12.0.0 20210703 (experimental) [master revision r12-1994-g7a60a6e8b36d] (GCC) testsuite on x86_64-apple-darwin14
Iain Sandoe
iains.gcc@gmail.com
Sun Jul 4 22:51:02 GMT 2021
LAST_UPDATED: Sat Jul 3 07:24:07 UTC 2021 (revision r12-1994-g7a60a6e8b36d)
=== acats tests ===
=== acats Summary ===
# of expected passes 2328
# of unexpected failures 0
Native configuration is x86_64-apple-darwin14
=== g++ tests ===
Running target unix/-m32
FAIL: c-c++-common/asan/alloca_big_alignment.c -Os output pattern test
FAIL: c-c++-common/asan/alloca_detect_custom_size.c -Os output pattern test
FAIL: c-c++-common/asan/alloca_overflow_partial.c -Os output pattern test
FAIL: c-c++-common/asan/alloca_overflow_right.c -Os output pattern test
FAIL: c-c++-common/asan/alloca_underflow_left.c -Os output pattern test
FAIL: g++.dg/asan/pr69276.C -O0 output pattern test
WARNING: g++.dg/cpp0x/constexpr-70204a.C -std=c++2a (test for errors, line 10) program timed out.
FAIL: g++.dg/ext/pr84828.C -std=gnu++14 (internal compiler error)
FAIL: g++.dg/ext/pr84828.C -std=gnu++14 (test for excess errors)
FAIL: g++.dg/ext/pr84828.C -std=gnu++17 (internal compiler error)
FAIL: g++.dg/ext/pr84828.C -std=gnu++17 (test for excess errors)
FAIL: g++.dg/ext/pr84828.C -std=gnu++2a (internal compiler error)
FAIL: g++.dg/ext/pr84828.C -std=gnu++2a (test for excess errors)
FAIL: g++.dg/ext/pr84828.C -std=gnu++98 (internal compiler error)
FAIL: g++.dg/ext/pr84828.C -std=gnu++98 (test for excess errors)
FAIL: g++.dg/ipa/pr67056.C scan-ipa-dump cp "Speculative outer type:struct CompositeClass"
XPASS: g++.dg/warn/Warray-bounds-20.C -std=gnu++14 assign (test for warnings, line 30)
XPASS: g++.dg/warn/Warray-bounds-20.C -std=gnu++17 assign (test for warnings, line 30)
XPASS: g++.dg/warn/Warray-bounds-20.C -std=gnu++2a assign (test for warnings, line 30)
XPASS: g++.dg/warn/Warray-bounds-20.C -std=gnu++98 assign (test for warnings, line 30)
FAIL: g++.dg/lto/pr65276 cp_lto_pr65276_0.o-cp_lto_pr65276_1.o link, -flto -O0 -std=c++11
FAIL: g++.dg/modules/bad-mapper-2.C -std=c++17 (test for errors, line )
FAIL: g++.dg/modules/bad-mapper-2.C -std=c++17 (internal compiler error)
FAIL: g++.dg/modules/bad-mapper-2.C -std=c++17 (test for excess errors)
FAIL: g++.dg/modules/bad-mapper-2.C -std=c++2a (test for errors, line )
FAIL: g++.dg/modules/bad-mapper-2.C -std=c++2a (internal compiler error)
FAIL: g++.dg/modules/bad-mapper-2.C -std=c++2a (test for excess errors)
FAIL: g++.dg/modules/bad-mapper-2.C -std=c++2b (test for errors, line )
FAIL: g++.dg/modules/bad-mapper-2.C -std=c++2b (internal compiler error)
FAIL: g++.dg/modules/bad-mapper-2.C -std=c++2b (test for excess errors)
FAIL: g++.dg/modules/xtreme-header-2_b.C -std=c++2a (test for excess errors)
FAIL: g++.dg/modules/xtreme-header-2_b.C -std=c++2b (test for excess errors)
FAIL: g++.dg/modules/xtreme-header-5_a.H -std=c++17 (internal compiler error)
FAIL: g++.dg/modules/xtreme-header-5_a.H -std=c++17 (test for excess errors)
FAIL: g++.dg/modules/xtreme-header-5_a.H -std=c++2a (internal compiler error)
FAIL: g++.dg/modules/xtreme-header-5_a.H -std=c++2a (test for excess errors)
FAIL: g++.dg/modules/xtreme-header-5_a.H -std=c++2b (internal compiler error)
FAIL: g++.dg/modules/xtreme-header-5_a.H -std=c++2b (test for excess errors)
FAIL: g++.dg/modules/xtreme-header-5_a.H module-cmi (gcm.cache/\$srcdir/g++.dg/modules/xtreme-header-5_a.H.gcm)
FAIL: g++.dg/modules/xtreme-header-5_a.H module-cmi (gcm.cache/\$srcdir/g++.dg/modules/xtreme-header-5_a.H.gcm)
FAIL: g++.dg/modules/xtreme-header-5_a.H module-cmi (gcm.cache/\$srcdir/g++.dg/modules/xtreme-header-5_a.H.gcm)
FAIL: g++.dg/modules/xtreme-header-5_b.C -std=c++17 (test for excess errors)
FAIL: g++.dg/modules/xtreme-header-5_b.C -std=c++2a (test for excess errors)
FAIL: g++.dg/modules/xtreme-header-5_b.C -std=c++2b (test for excess errors)
FAIL: g++.dg/modules/xtreme-header-5_c.C -std=c++17 (test for excess errors)
FAIL: g++.dg/modules/xtreme-header-5_c.C -std=c++2a (test for excess errors)
FAIL: g++.dg/modules/xtreme-header-5_c.C -std=c++2b (test for excess errors)
FAIL: g++.dg/modules/xtreme-header_a.H -std=c++17 (internal compiler error)
FAIL: g++.dg/modules/xtreme-header_a.H -std=c++17 (test for excess errors)
FAIL: g++.dg/modules/xtreme-header_a.H -std=c++2a (internal compiler error)
FAIL: g++.dg/modules/xtreme-header_a.H -std=c++2a (test for excess errors)
FAIL: g++.dg/modules/xtreme-header_a.H -std=c++2b (internal compiler error)
FAIL: g++.dg/modules/xtreme-header_a.H -std=c++2b (test for excess errors)
FAIL: g++.dg/modules/xtreme-header_a.H module-cmi (gcm.cache/\$srcdir/g++.dg/modules/xtreme-header_a.H.gcm)
FAIL: g++.dg/modules/xtreme-header_a.H module-cmi (gcm.cache/\$srcdir/g++.dg/modules/xtreme-header_a.H.gcm)
FAIL: g++.dg/modules/xtreme-header_a.H module-cmi (gcm.cache/\$srcdir/g++.dg/modules/xtreme-header_a.H.gcm)
FAIL: g++.dg/modules/xtreme-header_b.C -std=c++17 (test for excess errors)
FAIL: g++.dg/modules/xtreme-header_b.C -std=c++2a (test for excess errors)
FAIL: g++.dg/modules/xtreme-header_b.C -std=c++2b (test for excess errors)
FAIL: g++.dg/modules/xtreme-tr1_b.C -std=c++2a (test for excess errors)
FAIL: g++.dg/modules/xtreme-tr1_b.C -std=c++2b (test for excess errors)
WARNING: g++.dg/pch/local-1.C -O2 -I. -Dwithout_PCH (test for excess errors) program timed out.
FAIL: g++.dg/pch/local-1.C -O2 -I. -Dwithout_PCH (test for excess errors)
FAIL: g++.dg/torture/pr31863.C -O2 -flto (test for excess errors)
WARNING: c-c++-common/ubsan/bounds-12.c -std=gnu++17 (test for excess errors) program timed out.
FAIL: c-c++-common/ubsan/bounds-12.c -std=gnu++17 (test for excess errors)
WARNING: c-c++-common/ubsan/null-12.c -std=gnu++98 (test for excess errors) program timed out.
FAIL: c-c++-common/ubsan/null-12.c -std=gnu++98 (test for excess errors)
WARNING: g++.dg/ubsan/return-2.C -std=gnu++2a (test for excess errors) program timed out.
FAIL: g++.dg/ubsan/return-2.C -std=gnu++2a (test for excess errors)
WARNING: g++.old-deja/g++.jason/lineno3.C -std=gnu++17 (test for errors, line 200) program timed out.
WARNING: g++.old-deja/g++.law/arm10.C -std=c++17 (test for excess errors) program timed out.
FAIL: g++.old-deja/g++.law/arm10.C -std=c++17 (test for excess errors)
WARNING: g++.old-deja/g++.law/visibility16.C -std=c++98 (test for warnings, line 10) program timed out.
=== g++ Summary for unix/-m32 ===
# of expected passes 206669
# of unexpected failures 62
# of unexpected successes 4
# of expected failures 1303
# of unsupported tests 9706
Running target unix/-m64
FAIL: c-c++-common/asan/alloca_big_alignment.c -Os output pattern test
FAIL: c-c++-common/asan/alloca_detect_custom_size.c -Os output pattern test
FAIL: c-c++-common/asan/alloca_overflow_partial.c -Os output pattern test
FAIL: c-c++-common/asan/alloca_overflow_right.c -Os output pattern test
FAIL: c-c++-common/asan/alloca_underflow_left.c -Os output pattern test
FAIL: g++.dg/asan/pr69276.C -O0 output pattern test
WARNING: g++.dg/cpp0x/bracket1.C -std=c++17 (test for excess errors) program timed out.
FAIL: g++.dg/cpp0x/bracket1.C -std=c++17 (test for excess errors)
WARNING: g++.dg/cpp0x/udlit-string-length.C -std=c++2a (test for excess errors) program timed out.
FAIL: g++.dg/cpp0x/udlit-string-length.C -std=c++2a (test for excess errors)
WARNING: g++.dg/cpp2a/array-conv9.C -std=c++2a (test for errors, line 11) program timed out.
WARNING: g++.dg/cpp2a/paren-init35.C -std=c++2a (test for excess errors) program timed out.
FAIL: g++.dg/cpp2a/paren-init35.C -std=c++2a (test for excess errors)
FAIL: g++.dg/ipa/pr67056.C scan-ipa-dump cp "Speculative outer type:struct CompositeClass"
WARNING: c-c++-common/gomp/atomic-22.c -std=c++17 (test for errors, line 13) program timed out.
FAIL: g++.dg/lto/pr65276 cp_lto_pr65276_0.o-cp_lto_pr65276_1.o link, -flto -O0 -std=c++11
FAIL: g++.dg/modules/bad-mapper-2.C -std=c++17 (test for errors, line )
FAIL: g++.dg/modules/bad-mapper-2.C -std=c++17 (internal compiler error)
FAIL: g++.dg/modules/bad-mapper-2.C -std=c++17 (test for excess errors)
FAIL: g++.dg/modules/bad-mapper-2.C -std=c++2a (test for errors, line )
FAIL: g++.dg/modules/bad-mapper-2.C -std=c++2a (internal compiler error)
FAIL: g++.dg/modules/bad-mapper-2.C -std=c++2a (test for excess errors)
FAIL: g++.dg/modules/bad-mapper-2.C -std=c++2b (test for errors, line )
FAIL: g++.dg/modules/bad-mapper-2.C -std=c++2b (internal compiler error)
FAIL: g++.dg/modules/bad-mapper-2.C -std=c++2b (test for excess errors)
FAIL: g++.dg/modules/xtreme-header-2_b.C -std=c++2a (test for excess errors)
FAIL: g++.dg/modules/xtreme-header-2_b.C -std=c++2b (test for excess errors)
FAIL: g++.dg/modules/xtreme-header-5_a.H -std=c++17 (internal compiler error)
FAIL: g++.dg/modules/xtreme-header-5_a.H -std=c++17 (test for excess errors)
FAIL: g++.dg/modules/xtreme-header-5_a.H -std=c++2a (internal compiler error)
FAIL: g++.dg/modules/xtreme-header-5_a.H -std=c++2a (test for excess errors)
FAIL: g++.dg/modules/xtreme-header-5_a.H -std=c++2b (internal compiler error)
FAIL: g++.dg/modules/xtreme-header-5_a.H -std=c++2b (test for excess errors)
FAIL: g++.dg/modules/xtreme-header-5_a.H module-cmi (gcm.cache/\$srcdir/g++.dg/modules/xtreme-header-5_a.H.gcm)
FAIL: g++.dg/modules/xtreme-header-5_a.H module-cmi (gcm.cache/\$srcdir/g++.dg/modules/xtreme-header-5_a.H.gcm)
FAIL: g++.dg/modules/xtreme-header-5_a.H module-cmi (gcm.cache/\$srcdir/g++.dg/modules/xtreme-header-5_a.H.gcm)
FAIL: g++.dg/modules/xtreme-header-5_b.C -std=c++17 (test for excess errors)
FAIL: g++.dg/modules/xtreme-header-5_b.C -std=c++2a (test for excess errors)
FAIL: g++.dg/modules/xtreme-header-5_b.C -std=c++2b (test for excess errors)
FAIL: g++.dg/modules/xtreme-header-5_c.C -std=c++17 (test for excess errors)
FAIL: g++.dg/modules/xtreme-header-5_c.C -std=c++2a (test for excess errors)
FAIL: g++.dg/modules/xtreme-header-5_c.C -std=c++2b (test for excess errors)
FAIL: g++.dg/modules/xtreme-header_a.H -std=c++17 (internal compiler error)
FAIL: g++.dg/modules/xtreme-header_a.H -std=c++17 (test for excess errors)
FAIL: g++.dg/modules/xtreme-header_a.H -std=c++2a (internal compiler error)
FAIL: g++.dg/modules/xtreme-header_a.H -std=c++2a (test for excess errors)
FAIL: g++.dg/modules/xtreme-header_a.H -std=c++2b (internal compiler error)
FAIL: g++.dg/modules/xtreme-header_a.H -std=c++2b (test for excess errors)
FAIL: g++.dg/modules/xtreme-header_a.H module-cmi (gcm.cache/\$srcdir/g++.dg/modules/xtreme-header_a.H.gcm)
FAIL: g++.dg/modules/xtreme-header_a.H module-cmi (gcm.cache/\$srcdir/g++.dg/modules/xtreme-header_a.H.gcm)
FAIL: g++.dg/modules/xtreme-header_a.H module-cmi (gcm.cache/\$srcdir/g++.dg/modules/xtreme-header_a.H.gcm)
FAIL: g++.dg/modules/xtreme-header_b.C -std=c++17 (test for excess errors)
FAIL: g++.dg/modules/xtreme-header_b.C -std=c++2a (test for excess errors)
FAIL: g++.dg/modules/xtreme-header_b.C -std=c++2b (test for excess errors)
FAIL: g++.dg/modules/xtreme-tr1_b.C -std=c++2a (test for excess errors)
FAIL: g++.dg/modules/xtreme-tr1_b.C -std=c++2b (test for excess errors)
WARNING: c-c++-common/torture/vshuf-v2sf.c -O2 -flto -flto-partition=none (test for excess errors) program timed out.
FAIL: c-c++-common/torture/vshuf-v2sf.c -O2 -flto -flto-partition=none (test for excess errors)
FAIL: g++.dg/torture/pr31863.C -O2 -flto (test for excess errors)
WARNING: g++.dg/torture/pr94216.C -O1 (test for excess errors) program timed out.
FAIL: g++.dg/torture/pr94216.C -O1 (test for excess errors)
=== g++ Summary for unix/-m64 ===
# of expected passes 208996
# of unexpected failures 54
# of expected failures 1311
# of unsupported tests 9856
=== g++ Summary ===
# of expected passes 415665
# of unexpected failures 116
# of unexpected successes 4
# of expected failures 2614
# of unsupported tests 19562
/scratch/10-10-yos/gcc-master/gcc/xg++ version 12.0.0 20210703 (experimental) [master revision r12-1994-g7a60a6e8b36d] (GCC)
=== gcc tests ===
Running target unix/-m32
FAIL: gcc.c-torture/execute/ieee/cdivchkf.c execution, -O0
FAIL: gcc.c-torture/execute/ieee/cdivchkf.c execution, -O1
FAIL: gcc.c-torture/execute/ieee/cdivchkf.c execution, -O2
FAIL: gcc.c-torture/execute/ieee/cdivchkf.c execution, -O2 -flto
FAIL: gcc.c-torture/execute/ieee/cdivchkf.c execution, -O2 -flto -flto-partition=none
FAIL: gcc.c-torture/execute/ieee/cdivchkf.c execution, -O3 -fomit-frame-pointer -funroll-loops -fpeel-loops -ftracer -finline-functions
FAIL: gcc.c-torture/execute/ieee/cdivchkf.c execution, -O3 -g
FAIL: gcc.c-torture/execute/ieee/cdivchkf.c execution, -Og -g
FAIL: gcc.c-torture/execute/ieee/cdivchkf.c execution, -Os
FAIL: gcc.c-torture/execute/ieee/cdivchkld.c execution, -O0
FAIL: gcc.c-torture/execute/ieee/cdivchkld.c execution, -O1
FAIL: gcc.c-torture/execute/ieee/cdivchkld.c execution, -O2
FAIL: gcc.c-torture/execute/ieee/cdivchkld.c execution, -O2 -flto
FAIL: gcc.c-torture/execute/ieee/cdivchkld.c execution, -O2 -flto -flto-partition=none
FAIL: gcc.c-torture/execute/ieee/cdivchkld.c execution, -O3 -fomit-frame-pointer -funroll-loops -fpeel-loops -ftracer -finline-functions
FAIL: gcc.c-torture/execute/ieee/cdivchkld.c execution, -O3 -g
FAIL: gcc.c-torture/execute/ieee/cdivchkld.c execution, -Og -g
FAIL: gcc.c-torture/execute/ieee/cdivchkld.c execution, -Os
FAIL: gcc.dg/analyzer/data-model-1.c (test for warnings, line 523)
FAIL: gcc.dg/analyzer/data-model-1.c (test for warnings, line 524)
FAIL: gcc.dg/analyzer/data-model-1.c (test for warnings, line 526)
FAIL: gcc.dg/analyzer/data-model-1.c (test for warnings, line 527)
FAIL: gcc.dg/analyzer/data-model-1.c (test for excess errors)
FAIL: gcc.dg/analyzer/write-to-string-literal-1.c (test for warnings, line 15)
FAIL: c-c++-common/asan/alloca_big_alignment.c -Os output pattern test
FAIL: c-c++-common/asan/alloca_detect_custom_size.c -Os output pattern test
FAIL: c-c++-common/asan/alloca_overflow_partial.c -Os output pattern test
FAIL: c-c++-common/asan/alloca_overflow_right.c -Os output pattern test
FAIL: c-c++-common/asan/alloca_underflow_left.c -Os output pattern test
FAIL: gcc.dg/debug/btf/btf-bitfields-1.c scan-assembler-times [\\t ]0x13000040[\\t ]+[^\\n]*btm_offset 1
FAIL: gcc.dg/debug/btf/btf-bitfields-1.c scan-assembler-times [\\t ]0x700002a[\\t ]+[^\\n]*btm_offset 1
FAIL: gcc.dg/debug/btf/btf-bitfields-1.c scan-assembler-times [\\t ]0xa000020[\\t ]+[^\\n]*btm_offset 1
FAIL: gcc.dg/debug/btf/btf-bitfields-2.c scan-assembler-times [\\t ]0x20000020[\\t ]+[^\\n]*btm_offset 1
FAIL: gcc.dg/debug/btf/btf-bitfields-3.c scan-assembler-times [\\t ]0x2[\\t ]+[^\\n]*btm_type 1
FAIL: gcc.dg/debug/btf/btf-bitfields-4.c scan-assembler-times [\\t ]0x4000003[\\t ]+[^\\n]*btt_info 1
FAIL: gcc.dg/debug/btf/btf-cvr-quals-1.c scan-assembler-times [\\t ]0xb000000[\\t ]+[^\\n]*btt_info 2
FAIL: gcc.dg/debug/ctf/ctf-attr-mode-1.c scan-assembler-times [\\t ]0x3[\\t ]+[^\\n]*ctv_typeidx 1
FAIL: gcc.dg/debug/ctf/ctf-cvr-quals-1.c scan-assembler-times [\\t ]0[\\t ]+[^\\n]*ctt_name 7
FAIL: gcc.dg/debug/ctf/ctf-cvr-quals-1.c scan-assembler-times [\\t ]0x36000000[\\t ]+[^\\n]*ctt_info 2
FAIL: gcc.dg/debug/dwarf2/inline4.c scan-assembler DW_TAG_inlined_subroutine[^\\\\(]*\\\\([^\\\\)]*\\\\)[^\\\\(]*\\\\(DIE \\\\(0x[0-9a-f]*\\\\) DW_TAG_formal_parameter[^\\\\(]*\\\\(DIE \\\\(0x[0-9a-f]*\\\\) DW_TAG_variable
XPASS: gcc.dg/Wstringop-overflow-43.c pr????? (test for warnings, line 172)
FAIL: gcc.dg/pr100509.c (test for excess errors)
WARNING: gcc.dg/pr100788.c (test for warnings, line 5) program timed out.
WARNING: gcc.dg/pr45733.c (test for excess errors) program timed out.
FAIL: gcc.dg/pr45733.c (test for excess errors)
WARNING: gcc.dg/pr63626.c (test for bogus messages, line 7) program timed out.
FAIL: gcc.dg/stack-layout-dynamic-1.c (test for excess errors)
UNRESOLVED: gcc.dg/stack-layout-dynamic-1.c scan-assembler-not cfi_def_cfa_register
FAIL: c-c++-common/goacc/firstprivate-mappings-1.c scan-tree-dump omplower "(?n)#pragma omp target oacc_parallel map\\\\(from:array_so \\\\[len: 4\\\\]\\\\) firstprivate\\\\(array_li.[0-9]+\\\\) map\\\\(tofrom:\\\\(\\\\*array.[0-9]+\\\\) \\\\[len: D\\\\.[0-9]+\\\\]\\\\) map\\\\(firstprivate:array \\\\[pointer assign, bias: 0\\\\]\\\\) \\\\["
FAIL: gcc.dg/graphite/scop-19.c scan-tree-dump-times graphite "number of SCoPs: 0" 1
FAIL: gcc.dg/ipa/ipa-icf-38.c scan-ltrans-tree-dump-not optimized "Function bar"
FAIL: gcc-dg-lto-modref-3-01.exe scan-wpa-ipa-dump modref "parm 1 flags: nodirectescape"
FAIL: gcc-dg-lto-modref-4-01.exe scan-wpa-ipa-dump modref "parm 1 flags: nodirectescape"
FAIL: gcc.dg/lto/modref-3 c_lto_modref-3_0.o-c_lto_modref-3_1.o execute -O2 -flto-partition=max -fdump-ipa-modref -fno-ipa-sra -fno-ipa-cp -flto
FAIL: gcc.dg/lto/modref-4 c_lto_modref-4_0.o-c_lto_modref-4_1.o execute -O2 -flto-partition=max -fdump-ipa-modref -fno-ipa-sra -flto
WARNING: gcc.dg/pch/cpp-3.c -O3 -g -I. -Dwithout_PCH (test for warnings, line ) program timed out.
WARNING: gcc.dg/tls/opt-1.c (test for excess errors) program timed out.
FAIL: gcc.dg/tls/opt-1.c (test for excess errors)
FAIL: gcc.dg/torture/builtin-self.c -O0 scan-assembler-not \\tcall
FAIL: gcc.dg/torture/ftrapv-1.c -O0 execution test
FAIL: gcc.dg/torture/ftrapv-1.c -O1 execution test
FAIL: gcc.dg/torture/ftrapv-1.c -O2 execution test
FAIL: gcc.dg/torture/ftrapv-1.c -O2 -flto execution test
FAIL: gcc.dg/torture/ftrapv-1.c -O2 -flto -flto-partition=none execution test
FAIL: gcc.dg/torture/ftrapv-1.c -O3 -fomit-frame-pointer -funroll-loops -fpeel-loops -ftracer -finline-functions execution test
FAIL: gcc.dg/torture/ftrapv-1.c -O3 -g execution test
FAIL: gcc.dg/torture/ftrapv-1.c -Os execution test
FAIL: gcc.dg/torture/ftrapv-2.c -O0 execution test
FAIL: gcc.dg/torture/ftrapv-2.c -O1 execution test
FAIL: gcc.dg/torture/ftrapv-2.c -O2 execution test
FAIL: gcc.dg/torture/ftrapv-2.c -O3 -fomit-frame-pointer -funroll-loops -fpeel-loops -ftracer -finline-functions execution test
FAIL: gcc.dg/torture/ftrapv-2.c -O3 -g execution test
FAIL: gcc.dg/torture/ftrapv-2.c -Os execution test
WARNING: gcc.dg/torture/pr48124-1.c -O2 -flto -flto-partition=none (test for excess errors) program timed out.
FAIL: gcc.dg/torture/pr48124-1.c -O2 -flto -flto-partition=none (test for excess errors)
FAIL: gcc.dg/torture/pr71522.c -O1 execution test
FAIL: gcc.dg/torture/pr71522.c -O2 execution test
FAIL: gcc.dg/torture/pr71522.c -O2 -flto execution test
FAIL: gcc.dg/torture/pr71522.c -O2 -flto -flto-partition=none execution test
FAIL: gcc.dg/torture/pr71522.c -O3 -g execution test
FAIL: gcc.dg/torture/pr71522.c -Os execution test
FAIL: gcc.dg/tree-ssa/scev-3.c scan-tree-dump-times ivopts "&a" 1
FAIL: gcc.dg/tree-ssa/scev-5.c scan-tree-dump-times ivopts "&a" 1
XPASS: gcc.dg/vect/vect-reduc-in-order-1.c -flto -ffat-lto-objects execution test
XPASS: gcc.dg/vect/vect-reduc-in-order-1.c execution test
XPASS: gcc.dg/vect/vect-reduc-in-order-2.c -flto -ffat-lto-objects execution test
XPASS: gcc.dg/vect/vect-reduc-in-order-2.c execution test
XPASS: gcc.dg/vect/vect-reduc-in-order-3.c -flto -ffat-lto-objects execution test
XPASS: gcc.dg/vect/vect-reduc-in-order-3.c execution test
XPASS: gcc.dg/vect/vect-reduc-in-order-4.c -flto -ffat-lto-objects execution test
XPASS: gcc.dg/vect/vect-reduc-in-order-4.c execution test
FAIL: outputs-25 exe savetmp named2-4: outputs.args.3
FAIL: outputs-25 exe savetmp named2-4: std out
FAIL: gcc.target/i386/avx2-shiftqihi-constant-2.c (test for excess errors)
UNRESOLVED: gcc.target/i386/avx2-shiftqihi-constant-2.c compilation failed to produce executable
XPASS: gcc.target/i386/bitwise_mask_op-3.c scan-assembler-times kmovb[\\t ] 4
XPASS: gcc.target/i386/bitwise_mask_op-3.c scan-assembler-times korb[\\t ] 1
XPASS: gcc.target/i386/bitwise_mask_op-3.c scan-assembler-times kxorb[\\t ] 1
FAIL: gcc.target/i386/memcpy-strategy-10.c scan-assembler call\\tmemcpy
FAIL: gcc.target/i386/memcpy-strategy-5.c scan-assembler call\\tmemcpy
FAIL: gcc.target/i386/memset-strategy-5.c scan-assembler call\\tmemset
FAIL: gcc.target/i386/memset-strategy-7.c scan-assembler call\\tmemset
FAIL: gcc.target/i386/pad-3.c scan-assembler-not nop
FAIL: gcc.target/i386/pr100704-3.c scan-assembler push[lq]\\tfoooo+
FAIL: gcc.target/i386/pr100865-5a.c scan-assembler-not vmovdqa
FAIL: gcc.target/i386/pr100865-5a.c scan-assembler-times vpbroadcastw[\\\\t ]+%xmm[0-9]+, %ymm[0-9]+ 1
FAIL: gcc.target/i386/pr100865-5b.c scan-assembler-not vmovdqa
FAIL: gcc.target/i386/pr100865-5b.c scan-assembler-times vpbroadcastw[\\\\t ]+%(?:r|e)[^\\n]*, %ymm[0-9]+ 1
FAIL: gcc.target/i386/pr100865-6a.c scan-assembler-not vmovdqa
FAIL: gcc.target/i386/pr100865-6a.c scan-assembler-times vpbroadcastd[\\\\t ]+%xmm[0-9]+, %ymm[0-9]+ 1
FAIL: gcc.target/i386/pr100865-6b.c scan-assembler-not vmovdqa
FAIL: gcc.target/i386/pr100865-6b.c scan-assembler-times vpbroadcastd[\\\\t ]+%(?:r|e)[^\\n]*, %ymm[0-9]+ 1
FAIL: gcc.target/i386/pr100865-6c.c scan-assembler-not vmovdqa
FAIL: gcc.target/i386/pr100865-6c.c scan-assembler-times vbroadcastss 1
FAIL: gcc.target/i386/pr100865-7b.c scan-assembler-not vmovdqa
FAIL: gcc.target/i386/pr100865-7b.c scan-assembler-times vpbroadcastq[\\\\t ]+[^\\n]*, %ymm[0-9]+ 1
FAIL: gcc.target/i386/pr11877-2.c scan-assembler-not \\\\\$0,
FAIL: gcc.target/i386/pr11877.c scan-assembler-not \\\\\$0,
FAIL: gcc.target/i386/pr15184-1.c scan-assembler-times movb[ \\\\t]+%al 4
FAIL: gcc.target/i386/pr15184-2.c scan-assembler-times movb[ \\\\t]+%al 2
FAIL: gcc.target/i386/pr36502.c scan-assembler-not esp
FAIL: gcc.target/i386/pr54855-3.c scan-assembler-not movsd
FAIL: gcc.target/i386/pr54855-7.c scan-assembler-not movss
FAIL: gcc.target/i386/pr66334.c scan-assembler movl[ \\\\t].+, %ebx
FAIL: gcc.target/i386/pr71321.c scan-assembler-not lea.*0
FAIL: gcc.target/i386/pr78035.c scan-assembler-times cmp 2
FAIL: gcc.target/i386/pr80569.c (test for excess errors)
FAIL: gcc.target/i386/pr81736-5.c scan-assembler-not %[re]bp
XPASS: gcc.target/i386/pr84101.c scan-tree-dump-not slp2 "optimized: basic block"
FAIL: gcc.target/i386/pr84278.c scan-assembler-not \\\\(%.sp\\\\)
FAIL: gcc.target/i386/pr85667-6.c scan-assembler-times flds[^\\n\\r]* 1
FAIL: gcc.target/i386/pr90773-1.c scan-assembler-times movl[\\\\t ]+\\\\(%[^,]+\\\\), 1
FAIL: gcc.target/i386/pr90773-2.c scan-assembler-times movl[\\\\t ]+\\\\(%[^,]+\\\\), 1
FAIL: gcc.target/i386/pr90773-3.c scan-assembler-times movl[\\\\t ]+\\\\(%[^,]+\\\\), 1
FAIL: gcc.target/i386/pr92651.c scan-assembler-times sub 2
FAIL: gcc.target/i386/pr92658-avx512vl.c scan-assembler-times vpmovdw 1
XPASS: gcc.target/i386/pr92658-avx512vl.c scan-assembler-times vpmovdw 2
XPASS: gcc.target/i386/pr92658-avx512vl.c scan-assembler-times vpmovqw 2
FAIL: gcc.target/i386/pr97873-1.c scan-assembler pabsq
FAIL: gcc.target/i386/pr98060.c scan-assembler-not set
FAIL: gcc.target/i386/ret-thunk-22.c scan-assembler call[ \\\\t]*___x86.get_pc_thunk.cx
FAIL: gcc.target/i386/ret-thunk-23.c scan-assembler call[ \\\\t]*___x86.get_pc_thunk.cx
FAIL: gcc.target/i386/ret-thunk-24.c scan-assembler call[ \\\\t]*___x86.get_pc_thunk.cx
FAIL: gcc.target/i386/sse2-pr94680.c scan-assembler-not pxor
FAIL: gcc.target/i386/vect8-ret.c scan-assembler-times movq 1
=== gcc Summary for unix/-m32 ===
# of expected passes 152588
# of unexpected failures 122
# of unexpected successes 15
# of expected failures 886
# of unresolved testcases 2
# of unsupported tests 5022
Running target unix/-m64
WARNING: gcc.c-torture/execute/memset-2.c -O3 -g (test for excess errors) program timed out.
FAIL: gcc.c-torture/execute/memset-2.c -O3 -g (test for excess errors)
WARNING: gcc.c-torture/execute/postmod-1.c -O2 (test for excess errors) program timed out.
FAIL: gcc.c-torture/execute/postmod-1.c -O2 (test for excess errors)
WARNING: gcc.c-torture/execute/pr69097-2.c -O1 (test for excess errors) program timed out.
FAIL: gcc.c-torture/execute/pr69097-2.c -O1 (test for excess errors)
FAIL: gcc.c-torture/execute/ieee/cdivchkf.c execution, -O0
FAIL: gcc.c-torture/execute/ieee/cdivchkf.c execution, -O1
FAIL: gcc.c-torture/execute/ieee/cdivchkf.c execution, -O2
FAIL: gcc.c-torture/execute/ieee/cdivchkf.c execution, -O2 -flto
FAIL: gcc.c-torture/execute/ieee/cdivchkf.c execution, -O2 -flto -flto-partition=none
FAIL: gcc.c-torture/execute/ieee/cdivchkf.c execution, -O3 -fomit-frame-pointer -funroll-loops -fpeel-loops -ftracer -finline-functions
FAIL: gcc.c-torture/execute/ieee/cdivchkf.c execution, -O3 -g
FAIL: gcc.c-torture/execute/ieee/cdivchkf.c execution, -Og -g
FAIL: gcc.c-torture/execute/ieee/cdivchkf.c execution, -Os
FAIL: gcc.c-torture/execute/ieee/cdivchkld.c execution, -O0
FAIL: gcc.c-torture/execute/ieee/cdivchkld.c execution, -O1
FAIL: gcc.c-torture/execute/ieee/cdivchkld.c execution, -O2
FAIL: gcc.c-torture/execute/ieee/cdivchkld.c execution, -O2 -flto
FAIL: gcc.c-torture/execute/ieee/cdivchkld.c execution, -O2 -flto -flto-partition=none
FAIL: gcc.c-torture/execute/ieee/cdivchkld.c execution, -O3 -fomit-frame-pointer -funroll-loops -fpeel-loops -ftracer -finline-functions
FAIL: gcc.c-torture/execute/ieee/cdivchkld.c execution, -O3 -g
FAIL: gcc.c-torture/execute/ieee/cdivchkld.c execution, -Og -g
FAIL: gcc.c-torture/execute/ieee/cdivchkld.c execution, -Os
FAIL: gcc.dg/analyzer/data-model-1.c (test for warnings, line 523)
FAIL: gcc.dg/analyzer/data-model-1.c (test for warnings, line 524)
FAIL: gcc.dg/analyzer/data-model-1.c (test for warnings, line 526)
FAIL: gcc.dg/analyzer/data-model-1.c (test for warnings, line 527)
FAIL: gcc.dg/analyzer/data-model-1.c (test for excess errors)
FAIL: gcc.dg/analyzer/write-to-string-literal-1.c (test for warnings, line 15)
FAIL: c-c++-common/asan/alloca_big_alignment.c -Os output pattern test
FAIL: c-c++-common/asan/alloca_detect_custom_size.c -Os output pattern test
FAIL: c-c++-common/asan/alloca_overflow_partial.c -Os output pattern test
FAIL: c-c++-common/asan/alloca_overflow_right.c -Os output pattern test
FAIL: c-c++-common/asan/alloca_underflow_left.c -Os output pattern test
FAIL: gcc.dg/debug/btf/btf-bitfields-1.c scan-assembler-times [\\t ]0x13000040[\\t ]+[^\\n]*btm_offset 1
FAIL: gcc.dg/debug/btf/btf-bitfields-1.c scan-assembler-times [\\t ]0x700002a[\\t ]+[^\\n]*btm_offset 1
FAIL: gcc.dg/debug/btf/btf-bitfields-1.c scan-assembler-times [\\t ]0xa000020[\\t ]+[^\\n]*btm_offset 1
FAIL: gcc.dg/debug/btf/btf-bitfields-2.c scan-assembler-times [\\t ]0x20000020[\\t ]+[^\\n]*btm_offset 1
FAIL: gcc.dg/debug/btf/btf-bitfields-3.c scan-assembler-times [\\t ]0x2[\\t ]+[^\\n]*btm_type 1
FAIL: gcc.dg/debug/btf/btf-bitfields-4.c scan-assembler-times [\\t ]0x4000003[\\t ]+[^\\n]*btt_info 1
FAIL: gcc.dg/debug/btf/btf-cvr-quals-1.c scan-assembler-times [\\t ]0xb000000[\\t ]+[^\\n]*btt_info 2
FAIL: gcc.dg/debug/ctf/ctf-attr-mode-1.c scan-assembler-times [\\t ]0x3[\\t ]+[^\\n]*ctv_typeidx 1
FAIL: gcc.dg/debug/ctf/ctf-cvr-quals-1.c scan-assembler-times [\\t ]0[\\t ]+[^\\n]*ctt_name 7
FAIL: gcc.dg/debug/ctf/ctf-cvr-quals-1.c scan-assembler-times [\\t ]0x36000000[\\t ]+[^\\n]*ctt_info 2
FAIL: gcc.dg/debug/dwarf2/inline4.c scan-assembler DW_TAG_inlined_subroutine[^\\\\(]*\\\\([^\\\\)]*\\\\)[^\\\\(]*\\\\(DIE \\\\(0x[0-9a-f]*\\\\) DW_TAG_formal_parameter[^\\\\(]*\\\\(DIE \\\\(0x[0-9a-f]*\\\\) DW_TAG_variable
FAIL: gcc.dg/pr100509.c (test for excess errors)
FAIL: gcc.dg/stack-layout-dynamic-1.c (test for excess errors)
UNRESOLVED: gcc.dg/stack-layout-dynamic-1.c scan-assembler-not cfi_def_cfa_register
FAIL: gcc.dg/graphite/scop-19.c scan-tree-dump-times graphite "number of SCoPs: 0" 1
FAIL: gcc.dg/ipa/ipa-icf-38.c scan-ltrans-tree-dump-not optimized "Function bar"
FAIL: gcc-dg-lto-modref-3-01.exe scan-wpa-ipa-dump modref "parm 1 flags: nodirectescape"
FAIL: gcc-dg-lto-modref-4-01.exe scan-wpa-ipa-dump modref "parm 1 flags: nodirectescape"
FAIL: gcc.dg/lto/modref-3 c_lto_modref-3_0.o-c_lto_modref-3_1.o execute -O2 -flto-partition=max -fdump-ipa-modref -fno-ipa-sra -fno-ipa-cp -flto
FAIL: gcc.dg/lto/modref-4 c_lto_modref-4_0.o-c_lto_modref-4_1.o execute -O2 -flto-partition=max -fdump-ipa-modref -fno-ipa-sra -flto
WARNING: gcc.dg/noncompile/20050120-1.c -O2 (test for errors, line 8) program timed out.
WARNING: ./pr66343-2.h -O2 (test for excess errors) program timed out.
FAIL: ./pr66343-2.h -O2 (test for excess errors)
FAIL: gcc.dg/torture/ftrapv-1.c -O0 execution test
FAIL: gcc.dg/torture/ftrapv-1.c -O1 execution test
FAIL: gcc.dg/torture/ftrapv-1.c -O2 execution test
FAIL: gcc.dg/torture/ftrapv-1.c -O2 -flto execution test
FAIL: gcc.dg/torture/ftrapv-1.c -O2 -flto -flto-partition=none execution test
FAIL: gcc.dg/torture/ftrapv-1.c -O3 -fomit-frame-pointer -funroll-loops -fpeel-loops -ftracer -finline-functions execution test
FAIL: gcc.dg/torture/ftrapv-1.c -O3 -g execution test
FAIL: gcc.dg/torture/ftrapv-1.c -Os execution test
FAIL: gcc.dg/torture/ftrapv-2.c -O0 execution test
FAIL: gcc.dg/torture/ftrapv-2.c -O1 execution test
FAIL: gcc.dg/torture/ftrapv-2.c -O2 execution test
FAIL: gcc.dg/torture/ftrapv-2.c -O3 -fomit-frame-pointer -funroll-loops -fpeel-loops -ftracer -finline-functions execution test
FAIL: gcc.dg/torture/ftrapv-2.c -O3 -g execution test
FAIL: gcc.dg/torture/ftrapv-2.c -Os execution test
XPASS: gcc.dg/tree-ssa/pr91091-2.c scan-tree-dump-times fre1 " = [^;]*x;" 1
XPASS: gcc.dg/tree-ssa/pr91091-2.c scan-tree-dump-times fre1 "x = " 1
XPASS: gcc.dg/tree-ssa/ssa-fre-77.c scan-tree-dump fre1 "return 1;"
WARNING: c-c++-common/ubsan/pr71403-2.c -O1 (test for excess errors) program timed out.
FAIL: c-c++-common/ubsan/pr71403-2.c -O1 (test for excess errors)
FAIL: outputs-25 exe savetmp named2-4: outputs.args.3
FAIL: outputs-25 exe savetmp named2-4: std out
FAIL: gcc.target/i386/avx2-shiftqihi-constant-2.c (test for excess errors)
UNRESOLVED: gcc.target/i386/avx2-shiftqihi-constant-2.c compilation failed to produce executable
FAIL: gcc.target/i386/avx512bw-pr88465.c scan-assembler-times kxnor[dq][ \\t] 2
FAIL: gcc.target/i386/avx512dq-pr88465.c scan-assembler-times kxnorb[ \\t] 1
FAIL: gcc.target/i386/avx512f-pr88465.c scan-assembler-times kxnorw[ \\t] 1
XPASS: gcc.target/i386/bitwise_mask_op-3.c scan-assembler-times kmovb[\\t ] 4
XPASS: gcc.target/i386/bitwise_mask_op-3.c scan-assembler-times korb[\\t ] 1
XPASS: gcc.target/i386/bitwise_mask_op-3.c scan-assembler-times kxorb[\\t ] 1
FAIL: gcc.target/i386/memcpy-strategy-10.c scan-assembler jmp\\tmemcpy
FAIL: gcc.target/i386/memcpy-strategy-5.c scan-assembler jmp\\tmemcpy
FAIL: gcc.target/i386/memset-strategy-5.c scan-assembler jmp\\tmemset
FAIL: gcc.target/i386/memset-strategy-7.c scan-assembler jmp\\tmemset
FAIL: gcc.target/i386/pr100704-3.c scan-assembler push[lq]\\tfoooo+
FAIL: gcc.target/i386/pr100936.c (test for excess errors)
FAIL: gcc.target/i386/pr11877-2.c scan-assembler-not \\\\\$0,
FAIL: gcc.target/i386/pr11877.c scan-assembler-not \\\\\$0,
FAIL: gcc.target/i386/pr34256.c scan-assembler-times mov 5
FAIL: gcc.target/i386/pr71321.c scan-assembler-not lea.*0
FAIL: gcc.target/i386/pr78035.c scan-assembler-times cmp 2
FAIL: gcc.target/i386/pr80569.c (test for excess errors)
FAIL: gcc.target/i386/pr90773-1.c scan-assembler-times movq[\\\\t ]+\\\\(%[^,]+\\\\), 1
FAIL: gcc.target/i386/pr92651.c scan-assembler-times sub 2
FAIL: gcc.target/i386/pr92658-avx512vl.c scan-assembler-times vpmovdw 1
XPASS: gcc.target/i386/pr92658-avx512vl.c scan-assembler-times vpmovdw 2
XPASS: gcc.target/i386/pr92658-avx512vl.c scan-assembler-times vpmovqw 2
FAIL: gcc.target/i386/pr98060.c scan-assembler-not set
=== gcc Summary for unix/-m64 ===
# of expected passes 155305
# of unexpected failures 89
# of unexpected successes 8
# of expected failures 900
# of unresolved testcases 2
# of unsupported tests 4536
=== gcc Summary ===
# of expected passes 307893
# of unexpected failures 211
# of unexpected successes 23
# of expected failures 1786
# of unresolved testcases 4
# of unsupported tests 9558
/scratch/10-10-yos/gcc-master/gcc/xgcc version 12.0.0 20210703 (experimental) [master revision r12-1994-g7a60a6e8b36d] (GCC)
=== gdc tests ===
Running target unix/-m32
=== gdc Summary for unix/-m32 ===
# of expected passes 3946
# of unsupported tests 1078
Running target unix/-m64
WARNING: gdc.test/fail_compilation/fix21585.d (test for excess errors) program timed out.
=== gdc Summary for unix/-m64 ===
# of expected passes 3946
# of unsupported tests 1078
=== gdc Summary ===
# of expected passes 7892
# of unsupported tests 2156
/scratch/10-10-yos/gcc-master/gcc/gdc version 12.0.0 20210703 (experimental) [master revision r12-1994-g7a60a6e8b36d] (GCC)
=== gfortran tests ===
Running target unix/-m32
WARNING: gfortran.dg/character_array_constructor_1.f90 -O3 -fomit-frame-pointer -funroll-loops -fpeel-loops -ftracer -finline-functions (test for excess errors) program timed out.
FAIL: gfortran.dg/character_array_constructor_1.f90 -O3 -fomit-frame-pointer -funroll-loops -fpeel-loops -ftracer -finline-functions (test for excess errors)
WARNING: gfortran.dg/namelist_47.f90 -O1 (test for excess errors) program timed out.
FAIL: gfortran.dg/namelist_47.f90 -O1 (test for excess errors)
=== gfortran Summary for unix/-m32 ===
# of expected passes 57565
# of unexpected failures 2
# of expected failures 255
# of unsupported tests 198
Running target unix/-m64
WARNING: gfortran.dg/coarray/event_3.f08 -fcoarray=single -O2 -latomic (test for excess errors) program timed out.
FAIL: gfortran.dg/coarray/event_3.f08 -fcoarray=single -O2 -latomic (test for excess errors)
WARNING: gfortran.dg/lto/bind_c-1 f_lto_bind_c-1_0.o-f_lto_bind_c-1_1.o link, -O3 -flto program timed out.
FAIL: gfortran.dg/lto/bind_c-1 f_lto_bind_c-1_0.o-f_lto_bind_c-1_1.o link, -O3 -flto
=== gfortran Summary for unix/-m64 ===
# of expected passes 57813
# of unexpected failures 2
# of expected failures 253
# of unsupported tests 83
=== gfortran Summary ===
# of expected passes 115378
# of unexpected failures 4
# of expected failures 508
# of unsupported tests 281
/scratch/10-10-yos/gcc-master/gcc/gfortran version 12.0.0 20210703 (experimental) [master revision r12-1994-g7a60a6e8b36d] (GCC)
=== gnat tests ===
Running target unix/-m32
FAIL: gnat.dg/bias1.adb scan-assembler DW_AT_GNU_bias
FAIL: gnat.dg/debug18.adb scan-assembler-not DW_AT_lower_bound
=== gnat Summary for unix/-m32 ===
# of expected passes 3348
# of unexpected failures 2
# of expected failures 23
# of unsupported tests 15
Running target unix/-m64
FAIL: gnat.dg/bias1.adb scan-assembler DW_AT_GNU_bias
FAIL: gnat.dg/debug18.adb scan-assembler-not DW_AT_lower_bound
WARNING: gnat.dg/sso/p1.adb -O0 (test for excess errors) program timed out.
FAIL: gnat.dg/sso/p1.adb -O0 (test for excess errors)
WARNING: gnat.dg/sso/q7.adb -O1 -fno-inline (test for excess errors) program timed out.
FAIL: gnat.dg/sso/q7.adb -O1 -fno-inline (test for excess errors)
=== gnat Summary for unix/-m64 ===
# of expected passes 3347
# of unexpected failures 4
# of expected failures 23
# of unsupported tests 13
=== gnat Summary ===
# of expected passes 6695
# of unexpected failures 6
# of expected failures 46
# of unsupported tests 28
/scratch/10-10-yos/gcc-master/gcc/gnatmake version 12.0.0 20210703 (experimental) [master revision r12-1994-g7a60a6e8b36d]
=== obj-c++ tests ===
Running target unix/-m64
=== obj-c++ Summary for unix/-m64 ===
# of expected passes 3155
# of expected failures 22
# of unsupported tests 68
Running target unix/-m32
WARNING: program timed out
FAIL: obj-c++.dg/torture/tls/diag-1.mm -O2 -flto -fnext-runtime (test for excess errors)
=== obj-c++ Summary for unix/-m32 ===
# of expected passes 3192
# of unexpected failures 1
# of expected failures 4
# of unsupported tests 64
=== obj-c++ Summary ===
# of expected passes 6347
# of unexpected failures 1
# of expected failures 26
# of unsupported tests 132
/scratch/10-10-yos/gcc-master/gcc/xg++ version 12.0.0 20210703 (experimental) [master revision r12-1994-g7a60a6e8b36d] (GCC)
=== objc tests ===
Running target unix/-m32
=== objc Summary for unix/-m32 ===
# of expected passes 5731
# of expected failures 7
# of unsupported tests 81
Running target unix/-m64
=== objc Summary for unix/-m64 ===
# of expected passes 5703
# of expected failures 13
# of unsupported tests 86
=== objc Summary ===
# of expected passes 11434
# of expected failures 20
# of unsupported tests 167
/scratch/10-10-yos/gcc-master/gcc/xgcc version 12.0.0 20210703 (experimental) [master revision r12-1994-g7a60a6e8b36d] (GCC)
=== libatomic tests ===
Running target unix/-m64
=== libatomic Summary for unix/-m64 ===
# of expected passes 54
Running target unix/-m32
=== libatomic Summary for unix/-m32 ===
# of expected passes 44
# of unsupported tests 5
=== libatomic Summary ===
# of expected passes 98
# of unsupported tests 5
=== libgomp tests ===
Running target unix/-m64
WARNING: program timed out
FAIL: libgomp.c/../libgomp.c-c++-common/task-reduction-5.c (test for excess errors)
WARNING: program timed out
FAIL: libgomp.c/lock-2.c (test for excess errors)
WARNING: program timed out
FAIL: libgomp.c++/target-10.C (test for excess errors)
WARNING: program timed out
FAIL: libgomp.fortran/allocatable9.f90 -O2 (test for excess errors)
WARNING: program timed out
FAIL: libgomp.fortran/pr27395-2.f90 -Os (test for excess errors)
WARNING: program timed out
FAIL: libgomp.oacc-c/../libgomp.oacc-c-c++-common/f-asyncwait-2.c -DACC_DEVICE_TYPE_host=1 -DACC_MEM_SHARED=1 -foffload=disable -O2 (test for excess errors)
FAIL: libgomp.oacc-c/../libgomp.oacc-c-c++-common/host_data-7.c -DACC_DEVICE_TYPE_host=1 -DACC_MEM_SHARED=1 -foffload=disable -O2 (test for excess errors)
WARNING: program timed out
FAIL: libgomp.oacc-c/../libgomp.oacc-c-c++-common/lib-4.c -DACC_DEVICE_TYPE_host=1 -DACC_MEM_SHARED=1 -foffload=disable -O2 (test for excess errors)
WARNING: program timed out
FAIL: libgomp.oacc-c/../libgomp.oacc-c-c++-common/pr92726-1.c -DACC_DEVICE_TYPE_host=1 -DACC_MEM_SHARED=1 -foffload=disable -O2 (test for excess errors)
FAIL: libgomp.oacc-c++/../libgomp.oacc-c-c++-common/host_data-7.c -DACC_DEVICE_TYPE_host=1 -DACC_MEM_SHARED=1 -foffload=disable -O2 (test for excess errors)
WARNING: program timed out
FAIL: libgomp.oacc-fortran/deep-copy-6.f90 -DACC_DEVICE_TYPE_host=1 -DACC_MEM_SHARED=1 -foffload=disable -O2 (test for excess errors)
WARNING: program timed out
FAIL: libgomp.oacc-fortran/pointer-align-1.f90 -DACC_DEVICE_TYPE_host=1 -DACC_MEM_SHARED=1 -foffload=disable -Os (test for excess errors)
=== libgomp Summary for unix/-m64 ===
# of expected passes 11401
# of unexpected failures 12
# of expected failures 104
# of unsupported tests 610
Running target unix/-m32
WARNING: program timed out
FAIL: libgomp.c/../libgomp.c-c++-common/for-9.c (test for excess errors)
WARNING: program timed out
FAIL: libgomp.c++/../libgomp.c-c++-common/simd-17.c (test for excess errors)
WARNING: program timed out
FAIL: libgomp.c++/loop-7.C (test for excess errors)
WARNING: program timed out
FAIL: libgomp.fortran/async_io_3.f90 -O1 (test for excess errors)
WARNING: program timed out
FAIL: libgomp.fortran/lock-1.f90 -O2 (test for excess errors)
WARNING: program timed out
FAIL: libgomp.fortran/parloops-exit-first-loop-alt.f95 -Os (test for excess errors)
WARNING: program timed out
FAIL: libgomp.fortran/vla3.f90 -Os (test for excess errors)
FAIL: libgomp.oacc-c/../libgomp.oacc-c-c++-common/host_data-7.c -DACC_DEVICE_TYPE_host=1 -DACC_MEM_SHARED=1 -foffload=disable -O2 (test for excess errors)
FAIL: libgomp.oacc-c++/../libgomp.oacc-c-c++-common/host_data-7.c -DACC_DEVICE_TYPE_host=1 -DACC_MEM_SHARED=1 -foffload=disable -O2 (test for excess errors)
WARNING: program timed out
FAIL: libgomp.oacc-fortran/gemm-2.f90 -DACC_DEVICE_TYPE_host=1 -DACC_MEM_SHARED=1 -foffload=disable -O1 (test for excess errors)
WARNING: program timed out
FAIL: libgomp.oacc-fortran/lib-32-1.f -DACC_DEVICE_TYPE_host=1 -DACC_MEM_SHARED=1 -foffload=disable -O0 (test for excess errors)
WARNING: program timed out
=== libgomp Summary for unix/-m32 ===
# of expected passes 11401
# of unexpected failures 11
# of expected failures 104
# of unsupported tests 611
=== libgomp Summary ===
# of expected passes 22802
# of unexpected failures 23
# of expected failures 208
# of unsupported tests 1221
=== libitm tests ===
Running target unix/-m64
=== libitm Summary for unix/-m64 ===
# of expected passes 42
# of expected failures 3
# of unsupported tests 2
Running target unix/-m32
=== libitm Summary for unix/-m32 ===
# of expected passes 42
# of expected failures 3
# of unsupported tests 2
=== libitm Summary ===
# of expected passes 84
# of expected failures 6
# of unsupported tests 4
=== libstdc++ tests ===
Running target unix/-m32
WARNING: 22_locale/codecvt/in/wchar_t/5.cc (test for excess errors) program timed out.
FAIL: 22_locale/codecvt/in/wchar_t/5.cc (test for excess errors)
WARNING: 23_containers/forward_list/range_access.cc (test for excess errors) program timed out.
FAIL: 23_containers/forward_list/range_access.cc (test for excess errors)
WARNING: 23_containers/map/modifiers/insert/83226.cc (test for excess errors) program timed out.
FAIL: 23_containers/map/modifiers/insert/83226.cc (test for excess errors)
WARNING: 27_io/basic_ostream/inserters_other/wchar_t/6.cc (test for excess errors) program timed out.
FAIL: 27_io/basic_ostream/inserters_other/wchar_t/6.cc (test for excess errors)
WARNING: 30_threads/condition_variable/54185.cc execution test program timed out.
FAIL: 30_threads/condition_variable/54185.cc execution test
WARNING: 30_threads/future/members/93456.cc execution test program timed out.
FAIL: 30_threads/future/members/93456.cc execution test
FAIL: 30_threads/future/members/poll.cc execution test
FAIL: std/ranges/access/ssize.cc (test for excess errors)
UNRESOLVED: std/ranges/access/ssize.cc compilation failed to produce executable
=== libstdc++ Summary for unix/-m32 ===
# of expected passes 13887
# of unexpected failures 8
# of expected failures 96
# of unresolved testcases 1
# of unsupported tests 759
Running target unix/-m64
WARNING: 20_util/is_integral/requirements/explicit_instantiation.cc (test for excess errors) program timed out.
FAIL: 20_util/is_integral/requirements/explicit_instantiation.cc (test for excess errors)
WARNING: 30_threads/condition_variable/54185.cc execution test program timed out.
FAIL: 30_threads/condition_variable/54185.cc execution test
FAIL: 30_threads/future/members/poll.cc execution test
=== libstdc++ Summary for unix/-m64 ===
# of expected passes 13887
# of unexpected failures 3
# of expected failures 96
# of unsupported tests 762
=== libstdc++ Summary ===
# of expected passes 27774
# of unexpected failures 11
# of expected failures 192
# of unresolved testcases 1
# of unsupported tests 1521
Compiler version: 12.0.0 20210703 (experimental) [master revision r12-1994-g7a60a6e8b36d] (GCC)
Platform: x86_64-apple-darwin14
configure flags: --prefix=/opt/iains/x86_64-apple-darwin14/gcc-12-0-0 --build=x86_64-apple-darwin14 --with-sysroot=/Library/Developer/CommandLineTools/SDKs/MacOSX.sdk --enable-languages=all --with-cpu=westmere CC=x86_64-apple-darwin14-gcc CXX=x86_64-apple-darwin14-g++
More information about the Gcc-testresults
mailing list