Results for 12.0.0 20210704 (experimental) [master revision e6f3adc899a] (GCC) testsuite on aarch64-suse-linux-gnu
Andreas Schwab
schwab@suse.de
Sun Jul 4 08:29:54 GMT 2021
LAST_UPDATED: Sun Jul 4 02:01:17 UTC 2021 (revision e6f3adc899a)
Native configuration is aarch64-suse-linux-gnu
=== libatomic tests ===
Running target unix/-mabi=lp64
=== libatomic Summary for unix/-mabi=lp64 ===
# of expected passes 54
Running target unix/-mabi=ilp32
=== libatomic Summary for unix/-mabi=ilp32 ===
# of expected passes 54
=== libatomic Summary ===
# of expected passes 108
=== libffi tests ===
Running target unix/-mabi=lp64
FAIL: libffi.call/nested_struct12.c -W -Wall -Wno-psabi -O0 execution test
FAIL: libffi.call/nested_struct12.c -W -Wall -Wno-psabi -O2 execution test
FAIL: libffi.call/nested_struct12.c -W -Wall -Wno-psabi -O3 execution test
FAIL: libffi.call/nested_struct12.c -W -Wall -Wno-psabi -Os execution test
FAIL: libffi.call/nested_struct12.c -W -Wall -Wno-psabi -O2 -fomit-frame-pointer execution test
=== libffi Summary for unix/-mabi=lp64 ===
# of expected passes 2219
# of unexpected failures 5
Running target unix/-mabi=ilp32
FAIL: libffi.call/nested_struct12.c -W -Wall -Wno-psabi -O0 execution test
FAIL: libffi.call/nested_struct12.c -W -Wall -Wno-psabi -O2 execution test
FAIL: libffi.call/nested_struct12.c -W -Wall -Wno-psabi -O3 execution test
FAIL: libffi.call/nested_struct12.c -W -Wall -Wno-psabi -Os execution test
FAIL: libffi.call/nested_struct12.c -W -Wall -Wno-psabi -O2 -fomit-frame-pointer execution test
=== libffi Summary for unix/-mabi=ilp32 ===
# of expected passes 2219
# of unexpected failures 5
=== libffi Summary ===
# of expected passes 4438
# of unexpected failures 10
=== libgo tests ===
Running target unix
FAIL: net
=== libgo Summary for unix ===
# of expected passes 183
# of unexpected failures 1
Running target unix/-mabi=ilp32
FAIL: encoding/gob
FAIL: go/build
FAIL: net
FAIL: runtime
=== libgo Summary for unix/-mabi=ilp32 ===
# of expected passes 180
# of unexpected failures 4
=== libgo Summary ===
# of expected passes 363
# of unexpected failures 5
/opt/gcc/gcc-20210704/Build/./gcc/gccgo version 12.0.0 20210704 (experimental) [master revision e6f3adc899a] (GCC)
=== libgomp tests ===
Running target unix/-mabi=lp64
=== libgomp Summary for unix/-mabi=lp64 ===
# of expected passes 11405
# of expected failures 104
# of unsupported tests 607
Running target unix/-mabi=ilp32
=== libgomp Summary for unix/-mabi=ilp32 ===
# of expected passes 11405
# of expected failures 104
# of unsupported tests 607
=== libgomp Summary ===
# of expected passes 22810
# of expected failures 208
# of unsupported tests 1214
=== libitm tests ===
Running target unix/-mabi=lp64
=== libitm Summary for unix/-mabi=lp64 ===
# of expected passes 44
# of expected failures 3
# of unsupported tests 1
Running target unix/-mabi=ilp32
=== libitm Summary for unix/-mabi=ilp32 ===
# of expected passes 44
# of expected failures 3
# of unsupported tests 1
=== libitm Summary ===
# of expected passes 88
# of expected failures 6
# of unsupported tests 2
=== libphobos tests ===
Running target unix/-mabi=ilp32
FAIL: libphobos.druntime/core/thread/fiber.d execution test
FAIL: libphobos.druntime_shared/core/thread/fiber.d execution test
FAIL: libphobos.phobos/std/concurrency.d execution test
WARNING: libphobos.phobos/std/datetime/date.d (test for excess errors) program timed out.
FAIL: libphobos.phobos/std/datetime/date.d (test for excess errors)
UNRESOLVED: libphobos.phobos/std/datetime/date.d compilation failed to produce executable
FAIL: libphobos.phobos/std/file.d execution test
FAIL: libphobos.phobos/std/internal/math/errorfunction.d execution test
FAIL: libphobos.phobos/std/internal/math/gammafunction.d execution test
FAIL: libphobos.phobos/std/math.d execution test
FAIL: libphobos.phobos/std/numeric.d execution test
WARNING: libphobos.phobos/std/range/package.d (test for excess errors) program timed out.
FAIL: libphobos.phobos/std/range/package.d (test for excess errors)
UNRESOLVED: libphobos.phobos/std/range/package.d compilation failed to produce executable
WARNING: libphobos.phobos/std/regex/internal/tests.d (test for excess errors) program timed out.
FAIL: libphobos.phobos/std/regex/internal/tests.d (test for excess errors)
UNRESOLVED: libphobos.phobos/std/regex/internal/tests.d compilation failed to produce executable
WARNING: libphobos.phobos/std/regex/internal/tests2.d (test for excess errors) program timed out.
FAIL: libphobos.phobos/std/regex/internal/tests2.d (test for excess errors)
UNRESOLVED: libphobos.phobos/std/regex/internal/tests2.d compilation failed to produce executable
WARNING: libphobos.phobos/std/regex/package.d (test for excess errors) program timed out.
FAIL: libphobos.phobos/std/regex/package.d (test for excess errors)
UNRESOLVED: libphobos.phobos/std/regex/package.d compilation failed to produce executable
FAIL: libphobos.phobos/std/stdio.d execution test
WARNING: libphobos.phobos/std/string.d (test for excess errors) program timed out.
FAIL: libphobos.phobos/std/string.d (test for excess errors)
UNRESOLVED: libphobos.phobos/std/string.d compilation failed to produce executable
FAIL: libphobos.phobos_shared/std/concurrency.d execution test
WARNING: libphobos.phobos_shared/std/datetime/date.d (test for excess errors) program timed out.
FAIL: libphobos.phobos_shared/std/datetime/date.d (test for excess errors)
UNRESOLVED: libphobos.phobos_shared/std/datetime/date.d compilation failed to produce executable
FAIL: libphobos.phobos_shared/std/file.d execution test
FAIL: libphobos.phobos_shared/std/internal/math/errorfunction.d execution test
FAIL: libphobos.phobos_shared/std/internal/math/gammafunction.d execution test
FAIL: libphobos.phobos_shared/std/math.d execution test
FAIL: libphobos.phobos_shared/std/numeric.d execution test
WARNING: libphobos.phobos_shared/std/range/package.d (test for excess errors) program timed out.
FAIL: libphobos.phobos_shared/std/range/package.d (test for excess errors)
UNRESOLVED: libphobos.phobos_shared/std/range/package.d compilation failed to produce executable
WARNING: libphobos.phobos_shared/std/regex/internal/tests.d (test for excess errors) program timed out.
FAIL: libphobos.phobos_shared/std/regex/internal/tests.d (test for excess errors)
UNRESOLVED: libphobos.phobos_shared/std/regex/internal/tests.d compilation failed to produce executable
WARNING: libphobos.phobos_shared/std/regex/internal/tests2.d (test for excess errors) program timed out.
FAIL: libphobos.phobos_shared/std/regex/internal/tests2.d (test for excess errors)
UNRESOLVED: libphobos.phobos_shared/std/regex/internal/tests2.d compilation failed to produce executable
WARNING: libphobos.phobos_shared/std/regex/package.d (test for excess errors) program timed out.
FAIL: libphobos.phobos_shared/std/regex/package.d (test for excess errors)
UNRESOLVED: libphobos.phobos_shared/std/regex/package.d compilation failed to produce executable
FAIL: libphobos.phobos_shared/std/stdio.d execution test
WARNING: libphobos.phobos_shared/std/string.d (test for excess errors) program timed out.
FAIL: libphobos.phobos_shared/std/string.d (test for excess errors)
UNRESOLVED: libphobos.phobos_shared/std/string.d compilation failed to produce executable
FAIL: libphobos.shared/host.c -ldl -pthread execution test
FAIL: libphobos.shared/loadDR.c -ldl -pthread -g execution test
=== libphobos Summary for unix/-mabi=ilp32 ===
# of expected passes 742
# of unexpected failures 30
# of unresolved testcases 12
# of unsupported tests 2
Running target unix/-mabi=lp64
WARNING: libphobos.phobos/std/datetime/date.d (test for excess errors) program timed out.
FAIL: libphobos.phobos/std/datetime/date.d (test for excess errors)
UNRESOLVED: libphobos.phobos/std/datetime/date.d compilation failed to produce executable
FAIL: libphobos.phobos/std/datetime/systime.d execution test
FAIL: libphobos.phobos/std/internal/math/errorfunction.d execution test
FAIL: libphobos.phobos/std/internal/math/gammafunction.d execution test
FAIL: libphobos.phobos/std/math.d execution test
FAIL: libphobos.phobos/std/numeric.d execution test
WARNING: libphobos.phobos/std/range/package.d (test for excess errors) program timed out.
FAIL: libphobos.phobos/std/range/package.d (test for excess errors)
UNRESOLVED: libphobos.phobos/std/range/package.d compilation failed to produce executable
WARNING: libphobos.phobos/std/string.d (test for excess errors) program timed out.
FAIL: libphobos.phobos/std/string.d (test for excess errors)
UNRESOLVED: libphobos.phobos/std/string.d compilation failed to produce executable
WARNING: libphobos.phobos_shared/std/datetime/date.d (test for excess errors) program timed out.
FAIL: libphobos.phobos_shared/std/datetime/date.d (test for excess errors)
UNRESOLVED: libphobos.phobos_shared/std/datetime/date.d compilation failed to produce executable
FAIL: libphobos.phobos_shared/std/datetime/systime.d execution test
FAIL: libphobos.phobos_shared/std/internal/math/errorfunction.d execution test
FAIL: libphobos.phobos_shared/std/internal/math/gammafunction.d execution test
FAIL: libphobos.phobos_shared/std/math.d execution test
FAIL: libphobos.phobos_shared/std/numeric.d execution test
WARNING: libphobos.phobos_shared/std/range/package.d (test for excess errors) program timed out.
FAIL: libphobos.phobos_shared/std/range/package.d (test for excess errors)
UNRESOLVED: libphobos.phobos_shared/std/range/package.d compilation failed to produce executable
WARNING: libphobos.phobos_shared/std/string.d (test for excess errors) program timed out.
FAIL: libphobos.phobos_shared/std/string.d (test for excess errors)
UNRESOLVED: libphobos.phobos_shared/std/string.d compilation failed to produce executable
=== libphobos Summary for unix/-mabi=lp64 ===
# of expected passes 762
# of unexpected failures 16
# of unresolved testcases 6
# of unsupported tests 2
=== libphobos Summary ===
# of expected passes 1504
# of unexpected failures 46
# of unresolved testcases 18
# of unsupported tests 4
=== libstdc++ tests ===
Running target unix/-mabi=ilp32
FAIL: libstdc++-abi/abi_check
FAIL: 22_locale/codecvt/in/wchar_t/3.cc execution test
FAIL: 22_locale/codecvt/out/wchar_t/3.cc execution test
FAIL: 30_threads/jthread/95989.cc execution test
=== libstdc++ Summary for unix/-mabi=ilp32 ===
# of expected passes 14894
# of unexpected failures 4
# of expected failures 95
# of unsupported tests 667
Running target unix/-mabi=lp64
FAIL: 22_locale/numpunct/members/char/3.cc execution test
FAIL: 22_locale/time_get/get_time/char/2.cc execution test
FAIL: 22_locale/time_get/get_time/char/wrapped_env.cc execution test
FAIL: 22_locale/time_get/get_time/char/wrapped_locale.cc execution test
FAIL: 22_locale/time_get/get_time/wchar_t/2.cc execution test
FAIL: 22_locale/time_get/get_time/wchar_t/wrapped_env.cc execution test
FAIL: 22_locale/time_get/get_time/wchar_t/wrapped_locale.cc execution test
FAIL: 30_threads/jthread/95989.cc execution test
=== libstdc++ Summary for unix/-mabi=lp64 ===
# of expected passes 15468
# of unexpected failures 8
# of expected failures 95
# of unsupported tests 378
=== libstdc++ Summary ===
# of expected passes 30362
# of unexpected failures 12
# of expected failures 190
# of unsupported tests 1045
=== acats tests ===
=== acats Summary ===
# of expected passes 2328
# of unexpected failures 0
=== g++ tests ===
Running target unix/-mabi=ilp32
XPASS: g++.dg/warn/Warray-bounds-20.C -std=gnu++98 assign (test for warnings, line 30)
XPASS: g++.dg/warn/Warray-bounds-20.C -std=gnu++14 assign (test for warnings, line 30)
XPASS: g++.dg/warn/Warray-bounds-20.C -std=gnu++17 assign (test for warnings, line 30)
XPASS: g++.dg/warn/Warray-bounds-20.C -std=gnu++2a assign (test for warnings, line 30)
FAIL: g++.dg/gomp/declare-simd-1.C -std=gnu++98 (test for warnings, line 12)
FAIL: g++.dg/gomp/declare-simd-1.C -std=gnu++98 (test for warnings, line 192)
FAIL: g++.dg/gomp/declare-simd-1.C -std=gnu++98 (test for warnings, line 210)
FAIL: g++.dg/gomp/declare-simd-1.C -std=gnu++98 (test for warnings, line 287)
FAIL: g++.dg/gomp/declare-simd-1.C -std=gnu++98 (test for excess errors)
FAIL: g++.dg/gomp/declare-simd-1.C -std=gnu++98 scan-assembler-times _ZGVnM2va16__ZN2N12N23f10EPx: 1
FAIL: g++.dg/gomp/declare-simd-1.C -std=gnu++98 scan-assembler-times _ZGVnN2va16__ZN2N12N23f10EPx: 1
FAIL: g++.dg/gomp/declare-simd-1.C -std=gnu++14 (test for warnings, line 12)
FAIL: g++.dg/gomp/declare-simd-1.C -std=gnu++14 (test for warnings, line 192)
FAIL: g++.dg/gomp/declare-simd-1.C -std=gnu++14 (test for warnings, line 210)
FAIL: g++.dg/gomp/declare-simd-1.C -std=gnu++14 (test for warnings, line 287)
FAIL: g++.dg/gomp/declare-simd-1.C -std=gnu++14 (test for excess errors)
FAIL: g++.dg/gomp/declare-simd-1.C -std=gnu++14 scan-assembler-times _ZGVnM2va16__ZN2N12N23f10EPx: 1
FAIL: g++.dg/gomp/declare-simd-1.C -std=gnu++14 scan-assembler-times _ZGVnN2va16__ZN2N12N23f10EPx: 1
FAIL: g++.dg/gomp/declare-simd-1.C -std=gnu++17 (test for warnings, line 12)
FAIL: g++.dg/gomp/declare-simd-1.C -std=gnu++17 (test for warnings, line 192)
FAIL: g++.dg/gomp/declare-simd-1.C -std=gnu++17 (test for warnings, line 210)
FAIL: g++.dg/gomp/declare-simd-1.C -std=gnu++17 (test for warnings, line 287)
FAIL: g++.dg/gomp/declare-simd-1.C -std=gnu++17 (test for excess errors)
FAIL: g++.dg/gomp/declare-simd-1.C -std=gnu++17 scan-assembler-times _ZGVnM2va16__ZN2N12N23f10EPx: 1
FAIL: g++.dg/gomp/declare-simd-1.C -std=gnu++17 scan-assembler-times _ZGVnN2va16__ZN2N12N23f10EPx: 1
FAIL: g++.dg/gomp/declare-simd-1.C -std=gnu++2a (test for warnings, line 12)
FAIL: g++.dg/gomp/declare-simd-1.C -std=gnu++2a (test for warnings, line 192)
FAIL: g++.dg/gomp/declare-simd-1.C -std=gnu++2a (test for warnings, line 210)
FAIL: g++.dg/gomp/declare-simd-1.C -std=gnu++2a (test for warnings, line 287)
FAIL: g++.dg/gomp/declare-simd-1.C -std=gnu++2a (test for excess errors)
FAIL: g++.dg/gomp/declare-simd-1.C -std=gnu++2a scan-assembler-times _ZGVnM2va16__ZN2N12N23f10EPx: 1
FAIL: g++.dg/gomp/declare-simd-1.C -std=gnu++2a scan-assembler-times _ZGVnN2va16__ZN2N12N23f10EPx: 1
FAIL: g++.dg/gomp/declare-simd-3.C -std=gnu++98 (test for warnings, line 5)
FAIL: g++.dg/gomp/declare-simd-3.C -std=gnu++98 (test for warnings, line 28)
FAIL: g++.dg/gomp/declare-simd-3.C -std=gnu++98 (test for warnings, line 56)
FAIL: g++.dg/gomp/declare-simd-3.C -std=gnu++98 (test for warnings, line 72)
FAIL: g++.dg/gomp/declare-simd-3.C -std=gnu++14 (test for warnings, line 5)
FAIL: g++.dg/gomp/declare-simd-3.C -std=gnu++14 (test for warnings, line 28)
FAIL: g++.dg/gomp/declare-simd-3.C -std=gnu++14 (test for warnings, line 56)
FAIL: g++.dg/gomp/declare-simd-3.C -std=gnu++14 (test for warnings, line 72)
FAIL: g++.dg/gomp/declare-simd-3.C -std=gnu++17 (test for warnings, line 5)
FAIL: g++.dg/gomp/declare-simd-3.C -std=gnu++17 (test for warnings, line 28)
FAIL: g++.dg/gomp/declare-simd-3.C -std=gnu++17 (test for warnings, line 56)
FAIL: g++.dg/gomp/declare-simd-3.C -std=gnu++17 (test for warnings, line 72)
FAIL: g++.dg/gomp/declare-simd-3.C -std=gnu++2a (test for warnings, line 5)
FAIL: g++.dg/gomp/declare-simd-3.C -std=gnu++2a (test for warnings, line 28)
FAIL: g++.dg/gomp/declare-simd-3.C -std=gnu++2a (test for warnings, line 56)
FAIL: g++.dg/gomp/declare-simd-3.C -std=gnu++2a (test for warnings, line 72)
FAIL: g++.dg/gomp/declare-simd-4.C -std=c++98 (test for warnings, line 3)
FAIL: g++.dg/gomp/declare-simd-4.C -std=c++98 (test for warnings, line 20)
FAIL: g++.dg/gomp/declare-simd-4.C -std=c++98 (test for warnings, line 33)
FAIL: g++.dg/gomp/declare-simd-4.C -std=c++98 (test for excess errors)
FAIL: g++.dg/gomp/declare-simd-4.C -std=c++14 (test for warnings, line 3)
FAIL: g++.dg/gomp/declare-simd-4.C -std=c++14 (test for warnings, line 20)
FAIL: g++.dg/gomp/declare-simd-4.C -std=c++14 (test for warnings, line 33)
FAIL: g++.dg/gomp/declare-simd-4.C -std=c++14 (test for excess errors)
FAIL: g++.dg/gomp/declare-simd-4.C -std=c++17 (test for warnings, line 3)
FAIL: g++.dg/gomp/declare-simd-4.C -std=c++17 (test for warnings, line 20)
FAIL: g++.dg/gomp/declare-simd-4.C -std=c++17 (test for warnings, line 33)
FAIL: g++.dg/gomp/declare-simd-4.C -std=c++17 (test for excess errors)
FAIL: g++.dg/gomp/declare-simd-4.C -std=c++2a (test for warnings, line 3)
FAIL: g++.dg/gomp/declare-simd-4.C -std=c++2a (test for warnings, line 20)
FAIL: g++.dg/gomp/declare-simd-4.C -std=c++2a (test for warnings, line 33)
FAIL: g++.dg/gomp/declare-simd-4.C -std=c++2a (test for excess errors)
FAIL: g++.dg/gomp/declare-simd-7.C -std=c++98 (test for warnings, line 17)
FAIL: g++.dg/gomp/declare-simd-7.C -std=c++98 (test for warnings, line 28)
FAIL: g++.dg/gomp/declare-simd-7.C -std=c++98 (test for warnings, line 39)
FAIL: g++.dg/gomp/declare-simd-7.C -std=c++98 (test for warnings, line 50)
FAIL: g++.dg/gomp/declare-simd-7.C -std=c++14 (test for warnings, line 17)
FAIL: g++.dg/gomp/declare-simd-7.C -std=c++14 (test for warnings, line 28)
FAIL: g++.dg/gomp/declare-simd-7.C -std=c++14 (test for warnings, line 39)
FAIL: g++.dg/gomp/declare-simd-7.C -std=c++14 (test for warnings, line 50)
FAIL: g++.dg/gomp/declare-simd-7.C -std=c++17 (test for warnings, line 17)
FAIL: g++.dg/gomp/declare-simd-7.C -std=c++17 (test for warnings, line 28)
FAIL: g++.dg/gomp/declare-simd-7.C -std=c++17 (test for warnings, line 39)
FAIL: g++.dg/gomp/declare-simd-7.C -std=c++17 (test for warnings, line 50)
FAIL: g++.dg/gomp/declare-simd-7.C -std=c++2a (test for warnings, line 17)
FAIL: g++.dg/gomp/declare-simd-7.C -std=c++2a (test for warnings, line 28)
FAIL: g++.dg/gomp/declare-simd-7.C -std=c++2a (test for warnings, line 39)
FAIL: g++.dg/gomp/declare-simd-7.C -std=c++2a (test for warnings, line 50)
FAIL: g++.dg/modules/xtreme-header-2_b.C -std=c++2a (test for excess errors)
FAIL: g++.dg/modules/xtreme-header-2_b.C -std=c++2b (test for excess errors)
FAIL: g++.dg/modules/xtreme-tr1_b.C -std=c++2a (test for excess errors)
FAIL: g++.dg/modules/xtreme-tr1_b.C -std=c++2b (test for excess errors)
FAIL: g++.target/aarch64/return_address_sign_ab_exception.C execution test
FAIL: g++.target/aarch64/return_address_sign_b_exception.C (test for excess errors)
UNRESOLVED: g++.target/aarch64/return_address_sign_b_exception.C compilation failed to produce executable
UNRESOLVED: g++.target/aarch64/return_address_sign_b_exception.C scan-assembler-times .cfi_b_key_frame 2
=== g++ Summary for unix/-mabi=ilp32 ===
# of expected passes 309719
# of unexpected failures 82
# of unexpected successes 4
# of expected failures 2494
# of unresolved testcases 2
# of unsupported tests 9805
Running target unix/-mabi=lp64
FAIL: g++.dg/gomp/declare-simd-8.C -std=c++98 (test for excess errors)
FAIL: g++.dg/gomp/declare-simd-8.C -std=c++14 (test for excess errors)
FAIL: g++.dg/gomp/declare-simd-8.C -std=c++17 (test for excess errors)
FAIL: g++.dg/gomp/declare-simd-8.C -std=c++2a (test for excess errors)
FAIL: c-c++-common/hwasan/alloca-gets-different-tag.c -O2 -flto -fuse-linker-plugin -fno-fat-lto-objects execution test
FAIL: c-c++-common/hwasan/alloca-outside-caught.c -O2 -flto -fuse-linker-plugin -fno-fat-lto-objects output pattern test
FAIL: g++.dg/modules/xtreme-header-2_b.C -std=c++2a (test for excess errors)
FAIL: g++.dg/modules/xtreme-header-2_b.C -std=c++2b (test for excess errors)
FAIL: g++.dg/modules/xtreme-tr1_b.C -std=c++2a (test for excess errors)
FAIL: g++.dg/modules/xtreme-tr1_b.C -std=c++2b (test for excess errors)
FAIL: c-c++-common/tsan/tls_race.c -O0 output pattern test
FAIL: c-c++-common/tsan/tls_race.c -O2 output pattern test
=== g++ Summary for unix/-mabi=lp64 ===
# of expected passes 325548
# of unexpected failures 12
# of expected failures 2502
# of unsupported tests 9759
=== g++ Summary ===
# of expected passes 635267
# of unexpected failures 94
# of unexpected successes 4
# of expected failures 4996
# of unresolved testcases 2
# of unsupported tests 19564
/opt/gcc/gcc-20210704/Build/gcc/xg++ version 12.0.0 20210704 (experimental) [master revision e6f3adc899a] (GCC)
=== gcc tests ===
Running target unix/-mabi=ilp32
XPASS: gcc.dg/Wstringop-overflow-43.c pr????? (test for warnings, line 172)
FAIL: gcc.dg/pr90838.c scan-tree-dump-times forwprop2 "= \\\\.CTZ" 4
FAIL: gcc.dg/sms-compare-debug-1.c (test for excess errors)
FAIL: gcc.dg/store_merging_5.c scan-tree-dump-times store-merging "MEM <unsigned int> \\\\[.*\\\\]" 1
FAIL: c-c++-common/goacc/firstprivate-mappings-1.c scan-tree-dump omplower "(?n)#pragma omp target oacc_parallel map\\\\(from:array_so \\\\[len: 4\\\\]\\\\) firstprivate\\\\(array_li.[0-9]+\\\\) map\\\\(tofrom:\\\\(\\\\*array.[0-9]+\\\\) \\\\[len: D\\\\.[0-9]+\\\\]\\\\) map\\\\(firstprivate:array \\\\[pointer assign, bias: 0\\\\]\\\\) \\\\["
FAIL: gcc.dg/gomp/declare-simd-1.c (test for warnings, line 11)
FAIL: gcc.dg/gomp/declare-simd-1.c (test for warnings, line 68)
FAIL: gcc.dg/gomp/declare-simd-1.c (test for warnings, line 85)
FAIL: gcc.dg/gomp/declare-simd-1.c (test for warnings, line 104)
FAIL: gcc.dg/gomp/declare-simd-1.c (test for warnings, line 126)
FAIL: gcc.dg/gomp/declare-simd-1.c (test for warnings, line 151)
FAIL: gcc.dg/gomp/declare-simd-1.c (test for excess errors)
FAIL: gcc.dg/gomp/declare-simd-3.c (test for warnings, line 3)
FAIL: gcc.dg/gomp/declare-simd-3.c (test for warnings, line 20)
FAIL: gcc.dg/gomp/declare-simd-3.c (test for excess errors)
FAIL: gcc.dg/gomp/pr87895-1.c (test for warnings, line 15)
XPASS: gcc.dg/gomp/pr87895-2.c (test for excess errors)
FAIL: gcc.dg/gomp/simd-clones-2.c (test for warnings, line 5)
FAIL: gcc.dg/guality/example.c -O1 -DPREVENT_OPTIMIZATION execution test
FAIL: gcc.dg/guality/example.c -Og -DPREVENT_OPTIMIZATION execution test
FAIL: gcc.dg/guality/inline-params.c -O1 -DPREVENT_OPTIMIZATION execution test
FAIL: gcc.dg/guality/inline-params.c -O2 -DPREVENT_OPTIMIZATION execution test
FAIL: gcc.dg/guality/inline-params.c -O3 -g -DPREVENT_OPTIMIZATION execution test
FAIL: gcc.dg/guality/inline-params.c -Os -DPREVENT_OPTIMIZATION execution test
FAIL: gcc.dg/guality/inline-params.c -Og -DPREVENT_OPTIMIZATION execution test
FAIL: gcc.dg/guality/inline-params.c -O2 -flto -fno-use-linker-plugin -flto-partition=none -DPREVENT_OPTIMIZATION execution test
FAIL: gcc.dg/guality/inline-params.c -O2 -flto -fuse-linker-plugin -fno-fat-lto-objects -DPREVENT_OPTIMIZATION execution test
FAIL: gcc.dg/guality/pr36728-1.c -O2 -DPREVENT_OPTIMIZATION line 16 y == 2
FAIL: gcc.dg/guality/pr36728-1.c -O3 -g -DPREVENT_OPTIMIZATION line 16 y == 2
FAIL: gcc.dg/guality/pr36728-1.c -O2 -flto -fno-use-linker-plugin -flto-partition=none -DPREVENT_OPTIMIZATION line 16 y == 2
XPASS: gcc.dg/guality/pr36728-1.c -O2 -flto -fuse-linker-plugin -fno-fat-lto-objects -DPREVENT_OPTIMIZATION line 16 y == 2
XPASS: gcc.dg/guality/pr68860-2.c -O3 -g -DPREVENT_OPTIMIZATION line 14 y == 2
FAIL: gcc.dg/lto/pr88077 c_lto_pr88077_0.o-c_lto_pr88077_1.o link, -O0 -flto -flto-partition=1to1 -fno-use-linker-plugin
FAIL: gcc.dg/lto/pr88077 c_lto_pr88077_0.o-c_lto_pr88077_1.o link, -O2 -flto -flto-partition=1to1 -fno-use-linker-plugin
FAIL: gcc.dg/tls/pr78796.c (test for excess errors)
UNRESOLVED: gcc.dg/tls/pr78796.c compilation failed to produce executable
FAIL: gcc.dg/tree-prof/pr77698.c scan-rtl-dump-times alignments "internal loop alignment added" 1
FAIL: gcc.dg/tree-ssa/dump-6.c scan-tree-dump store-merging "MEM <unsigned int> \\\\[\\\\(char \\\\*\\\\)\\\\&a8] = "
FAIL: gcc.dg/tree-ssa/popcount4ll.c scan-tree-dump-times optimized ".POPCOUNT" 2
FAIL: gcc.dg/tree-ssa/popcount5ll.c scan-tree-dump-times optimized ".POPCOUNT" 2
FAIL: gcc.dg/tree-ssa/sra-17.c scan-tree-dump-times esra "Removing load: a = \\\\*.?L.?C.?.?.?0;" 1
FAIL: gcc.dg/tree-ssa/sra-17.c scan-tree-dump-times esra "SR[.\$][0-9_]+ = \\\\*.?L.?C.?.?.?0\\\\[" 4
FAIL: gcc.dg/tree-ssa/sra-18.c scan-tree-dump-times esra "Removing load: a = \\\\*.?L.?C.?.?.?0;" 1
FAIL: gcc.dg/tree-ssa/sra-18.c scan-tree-dump-times esra "SR[.\$][0-9_]+ = \\\\*.?L.?C.?.?.?0\\\\.b\\\\[0\\\\]\\\\.f\\\\[0\\\\]\\\\.x" 1
FAIL: gcc.dg/tree-ssa/sra-18.c scan-tree-dump-times esra "SR[.\$][0-9_]+ = \\\\*.?L.?C.?.?.?0\\\\.b\\\\[0\\\\]\\\\.f\\\\[1\\\\]\\\\.x" 1
FAIL: gcc.dg/tree-ssa/sra-18.c scan-tree-dump-times esra "SR[.\$][0-9_]+ = \\\\*.?L.?C.?.?.?0\\\\.b\\\\[1\\\\]\\\\.f\\\\[0\\\\]\\\\.x" 1
FAIL: gcc.dg/tree-ssa/sra-18.c scan-tree-dump-times esra "SR[.\$][0-9_]+ = \\\\*.?L.?C.?.?.?0\\\\.b\\\\[1\\\\]\\\\.f\\\\[1\\\\]\\\\.x" 1
FAIL: gcc.dg/vect/vect-rounding-lceil.c scan-tree-dump-times vect "vectorized 1 loops" 1
FAIL: gcc.dg/vect/vect-rounding-lceil.c -flto -ffat-lto-objects scan-tree-dump-times vect "vectorized 1 loops" 1
FAIL: gcc.dg/vect/vect-rounding-lfloor.c scan-tree-dump-times vect "vectorized 1 loops" 1
FAIL: gcc.dg/vect/vect-rounding-lfloor.c -flto -ffat-lto-objects scan-tree-dump-times vect "vectorized 1 loops" 1
FAIL: gcc.target/aarch64/asm-2.c (test for excess errors)
FAIL: gcc.target/aarch64/bfloat16_scalar_1.c check-function-bodies bfloat_mov_rm
FAIL: gcc.target/aarch64/bfloat16_scalar_1.c check-function-bodies bfloat_mov_mr
FAIL: gcc.target/aarch64/bfloat16_scalar_2.c check-function-bodies bfloat_mov_rm
FAIL: gcc.target/aarch64/bfloat16_scalar_2.c check-function-bodies bfloat_mov_mr
FAIL: gcc.target/aarch64/bfloat16_scalar_3.c check-function-bodies bfloat_mov_rm
FAIL: gcc.target/aarch64/bfloat16_scalar_3.c check-function-bodies bfloat_mov_mr
FAIL: gcc.target/aarch64/bfloat16_simd_1.c (test for excess errors)
FAIL: gcc.target/aarch64/bfloat16_simd_1.c check-function-bodies stacktest1
FAIL: gcc.target/aarch64/bfloat16_simd_1.c check-function-bodies stacktest2
FAIL: gcc.target/aarch64/bfloat16_simd_1.c check-function-bodies stacktest3
FAIL: gcc.target/aarch64/bfloat16_simd_2.c (test for excess errors)
FAIL: gcc.target/aarch64/bfloat16_simd_2.c check-function-bodies stacktest1
FAIL: gcc.target/aarch64/bfloat16_simd_2.c check-function-bodies stacktest2
FAIL: gcc.target/aarch64/bfloat16_simd_2.c check-function-bodies stacktest3
FAIL: gcc.target/aarch64/bfloat16_simd_3.c (test for excess errors)
FAIL: gcc.target/aarch64/bfloat16_simd_3.c check-function-bodies stacktest1
FAIL: gcc.target/aarch64/bfloat16_simd_3.c check-function-bodies stacktest2
FAIL: gcc.target/aarch64/bfloat16_simd_3.c check-function-bodies stacktest3
FAIL: gcc.target/aarch64/bfloat16_vector_typecheck_2.c (test for errors, line 27)
FAIL: gcc.target/aarch64/bfloat16_vector_typecheck_2.c (test for errors, line 120)
FAIL: gcc.target/aarch64/bfloat16_vector_typecheck_2.c (test for excess errors)
FAIL: gcc.target/aarch64/extend.c scan-assembler ldr\\tw[0-9]+,.*uxtw #?2]
FAIL: gcc.target/aarch64/extend.c scan-assembler ldr\\tw[0-9]+,.*uxtw]
FAIL: gcc.target/aarch64/extend.c scan-assembler ldr\\tw[0-9]+,.*sxtw #?2]
FAIL: gcc.target/aarch64/extend.c scan-assembler ldr\\tw[0-9]+,.*sxtw]
FAIL: gcc.target/aarch64/fix_trunc1.c scan-assembler fcvtzs\\\\td[0-9]+, d[0-9]+
FAIL: gcc.target/aarch64/fix_trunc1.c scan-assembler scvtf\\\\td[0-9]+, d[0-9]+
FAIL: gcc.target/aarch64/fmul_fcvt_1.c scan-assembler-times fcvtzs\\tx[0-9], s[0-9]*.*#2 1
FAIL: gcc.target/aarch64/fmul_fcvt_1.c scan-assembler-times fcvtzu\\tx[0-9], s[0-9]*.*#2 1
FAIL: gcc.target/aarch64/fmul_fcvt_1.c scan-assembler-times fcvtzs\\tx[0-9], s[0-9]*.*#3 1
FAIL: gcc.target/aarch64/fmul_fcvt_1.c scan-assembler-times fcvtzu\\tx[0-9], s[0-9]*.*#3 1
FAIL: gcc.target/aarch64/fmul_fcvt_1.c scan-assembler-times fcvtzs\\tx[0-9], s[0-9]*.*#4 1
FAIL: gcc.target/aarch64/fmul_fcvt_1.c scan-assembler-times fcvtzu\\tx[0-9], s[0-9]*.*#4 1
FAIL: gcc.target/aarch64/fmul_fcvt_1.c scan-assembler-times fcvtzs\\tx[0-9], s[0-9]*.*#5 1
FAIL: gcc.target/aarch64/fmul_fcvt_1.c scan-assembler-times fcvtzu\\tx[0-9], s[0-9]*.*#5 1
FAIL: gcc.target/aarch64/fmul_scvtf_1.c (test for excess errors)
FAIL: gcc.target/aarch64/fmul_scvtf_1.c execution test
FAIL: gcc.target/aarch64/fmul_scvtf_1.c scan-assembler-times scvtf\\ts[0-9], w[0-9]*.*#32 1
FAIL: gcc.target/aarch64/fmul_scvtf_1.c scan-assembler-times ucvtf\\ts[0-9], w[0-9]*.*#32 1
FAIL: gcc.target/aarch64/fmul_scvtf_1.c scan-assembler-times scvtf\\ts[0-9], x[0-9]*.*#32 1
FAIL: gcc.target/aarch64/fmul_scvtf_1.c scan-assembler-times ucvtf\\ts[0-9], x[0-9]*.*#32 1
FAIL: gcc.target/aarch64/fmul_scvtf_1.c scan-assembler-times scvtf\\td[0-9], w[0-9]*.*#32 1
FAIL: gcc.target/aarch64/fmul_scvtf_1.c scan-assembler-times ucvtf\\td[0-9], w[0-9]*.*#32 1
FAIL: gcc.target/aarch64/fmul_scvtf_1.c scan-assembler-times scvtf\\td[0-9], x[0-9]*.*#32 1
FAIL: gcc.target/aarch64/fmul_scvtf_1.c scan-assembler-times ucvtf\\td[0-9], x[0-9]*.*#32 1
XPASS: gcc.target/aarch64/ldp_vec_64_1.c scan-assembler ldp\\td[0-9]+, d[0-9]
FAIL: gcc.target/aarch64/pr62178.c scan-assembler ldr\\\\tq[0-9]+, \\\\[x[0-9]+\\\\], [0-9]+
FAIL: gcc.target/aarch64/pr66912.c scan-assembler :got(page_lo15)?:n_common
FAIL: gcc.target/aarch64/pr66912.c scan-assembler :got(page_lo15)?:n_weak_common
FAIL: gcc.target/aarch64/pr66912.c scan-assembler :got(page_lo15)?:n_init
FAIL: gcc.target/aarch64/pr66912.c scan-assembler :got(page_lo15)?:n_weak_init
FAIL: gcc.target/aarch64/pr90838.c scan-assembler-times clz\\t 4
FAIL: gcc.target/aarch64/prfm_imm_offset_1.c scan-assembler-times prfm.*\\\\[x[0-9]+, 8\\\\] 1
FAIL: gcc.target/aarch64/return_address_sign_builtin.c (test for excess errors)
UNRESOLVED: gcc.target/aarch64/return_address_sign_builtin.c scan-assembler-times pacia1716 1
UNRESOLVED: gcc.target/aarch64/return_address_sign_builtin.c scan-assembler-times pacib1716 1
UNRESOLVED: gcc.target/aarch64/return_address_sign_builtin.c scan-assembler-times autia1716 1
UNRESOLVED: gcc.target/aarch64/return_address_sign_builtin.c scan-assembler-times autib1716 1
FAIL: gcc.target/aarch64/subs_compare_2.c scan-assembler-times subs\\\\tw[0-9]+, w[0-9]+, [#]?4 1
FAIL: gcc.target/aarch64/subs_compare_2.c scan-assembler-not cmp\\\\tw[0-9]+, w[0-9]+
FAIL: gcc.target/aarch64/symbol-range.c (test for excess errors)
FAIL: gcc.target/aarch64/vect-vaddv.c scan-assembler addv\\\\tb[0-9]+, v[0-9]+.16b
FAIL: gcc.target/aarch64/vect-vmaxv.c scan-assembler umaxv\\\\tb[0-9]+, v[0-9]+.16b
FAIL: gcc.target/aarch64/vect-vmaxv.c scan-assembler uminv\\\\tb[0-9]+, v[0-9]+.16b
FAIL: gcc.target/aarch64/vect_mixed_sizes_14.c check-function-bodies foo
=== gcc Summary for unix/-mabi=ilp32 ===
# of expected passes 243088
# of unexpected failures 107
# of unexpected successes 5
# of expected failures 2203
# of unresolved testcases 5
# of unsupported tests 4405
Running target unix/-mabi=lp64
FAIL: c-c++-common/hwasan/alloca-gets-different-tag.c -O2 -flto -fuse-linker-plugin -fno-fat-lto-objects execution test
FAIL: c-c++-common/hwasan/alloca-outside-caught.c -O2 -flto -fuse-linker-plugin -fno-fat-lto-objects output pattern test
FAIL: c-c++-common/tsan/tls_race.c -O0 output pattern test
FAIL: c-c++-common/tsan/tls_race.c -O2 output pattern test
FAIL: gcc.target/aarch64/subs_compare_2.c scan-assembler-times subs\\\\tw[0-9]+, w[0-9]+, [#]?4 1
FAIL: gcc.target/aarch64/subs_compare_2.c scan-assembler-not cmp\\\\tw[0-9]+, w[0-9]+
FAIL: gcc.target/aarch64/vect-vaddv.c scan-assembler addv\\\\tb[0-9]+, v[0-9]+.16b
FAIL: gcc.target/aarch64/vect-vmaxv.c scan-assembler umaxv\\\\tb[0-9]+, v[0-9]+.16b
FAIL: gcc.target/aarch64/vect-vmaxv.c scan-assembler uminv\\\\tb[0-9]+, v[0-9]+.16b
=== gcc Summary for unix/-mabi=lp64 ===
# of expected passes 267310
# of unexpected failures 9
# of expected failures 2244
# of unsupported tests 4203
=== gcc Summary ===
# of expected passes 510398
# of unexpected failures 116
# of unexpected successes 5
# of expected failures 4447
# of unresolved testcases 5
# of unsupported tests 8608
/opt/gcc/gcc-20210704/Build/gcc/xgcc version 12.0.0 20210704 (experimental) [master revision e6f3adc899a] (GCC)
=== gdc tests ===
Running target unix/-mabi=ilp32
UNRESOLVED: gdc.test/runnable_cxx/cppa.d compilation failed to produce executable
UNRESOLVED: gdc.test/runnable_cxx/cppa.d -g compilation failed to produce executable
UNRESOLVED: gdc.test/runnable_cxx/cppa.d -shared-libphobos compilation failed to produce executable
UNRESOLVED: gdc.test/runnable_cxx/cppa.d -g -shared-libphobos compilation failed to produce executable
=== gdc Summary for unix/-mabi=ilp32 ===
# of expected passes 10771
# of unresolved testcases 4
# of unsupported tests 26
Running target unix/-mabi=lp64
=== gdc Summary for unix/-mabi=lp64 ===
# of expected passes 10775
# of unsupported tests 26
=== gdc Summary ===
# of expected passes 21546
# of unresolved testcases 4
# of unsupported tests 52
/opt/gcc/gcc-20210704/Build/gcc/gdc version 12.0.0 20210704 (experimental) [master revision e6f3adc899a] (GCC)
=== gfortran tests ===
Running target unix/-mabi=ilp32
FAIL: gfortran.dg/gomp/declare-simd-2.f90 -O (test for warnings, line 3)
FAIL: gfortran.dg/gomp/declare-simd-2.f90 -O (test for warnings, line 15)
FAIL: gfortran.dg/gomp/declare-simd-coarray-lib.f90 -O (test for warnings, line 8)
FAIL: gfortran.dg/gomp/pr79154-1.f90 -O (test for warnings, line 4)
FAIL: gfortran.dg/gomp/pr79154-1.f90 -O (test for warnings, line 23)
FAIL: gfortran.dg/gomp/pr83977.f90 -O (test for warnings, line 4)
=== gfortran Summary for unix/-mabi=ilp32 ===
# of expected passes 57201
# of unexpected failures 6
# of expected failures 255
# of unsupported tests 148
Running target unix/-mabi=lp64
=== gfortran Summary for unix/-mabi=lp64 ===
# of expected passes 57209
# of expected failures 253
# of unsupported tests 148
=== gfortran Summary ===
# of expected passes 114410
# of unexpected failures 6
# of expected failures 508
# of unsupported tests 296
/opt/gcc/gcc-20210704/Build/gcc/gfortran version 12.0.0 20210704 (experimental) [master revision e6f3adc899a] (GCC)
=== gnat tests ===
Running target unix/-mabi=ilp32
FAIL: gnat.dg/abstract_with_anonymous_result.adb 3 blank line(s) in output
FAIL: gnat.dg/abstract_with_anonymous_result.adb (test for excess errors)
UNRESOLVED: gnat.dg/abstract_with_anonymous_result.adb compilation failed to produce executable
FAIL: gnat.dg/access1.adb 3 blank line(s) in output
FAIL: gnat.dg/access1.adb (test for excess errors)
FAIL: gnat.dg/access9.adb 3 blank line(s) in output
FAIL: gnat.dg/access9.adb (test for excess errors)
UNRESOLVED: gnat.dg/access9.adb compilation failed to produce executable
FAIL: gnat.dg/access_discr.adb 3 blank line(s) in output
FAIL: gnat.dg/access_discr.adb (test for excess errors)
FAIL: gnat.dg/access_discr2.adb 3 blank line(s) in output
FAIL: gnat.dg/access_discr2.adb (test for excess errors)
UNRESOLVED: gnat.dg/access_discr2.adb compilation failed to produce executable
FAIL: gnat.dg/access_test.adb 3 blank line(s) in output
FAIL: gnat.dg/access_test.adb (test for excess errors)
UNRESOLVED: gnat.dg/access_test.adb compilation failed to produce executable
FAIL: gnat.dg/aggr2.adb 3 blank line(s) in output
FAIL: gnat.dg/aggr2.adb (test for excess errors)
FAIL: gnat.dg/aggr3.adb 3 blank line(s) in output
FAIL: gnat.dg/aggr3.adb (test for excess errors)
UNRESOLVED: gnat.dg/aggr3.adb compilation failed to produce executable
FAIL: gnat.dg/aggr7.adb 3 blank line(s) in output
FAIL: gnat.dg/aggr7.adb (test for excess errors)
FAIL: gnat.dg/array3.adb 3 blank line(s) in output
FAIL: gnat.dg/array3.adb (test for excess errors)
UNRESOLVED: gnat.dg/array3.adb compilation failed to produce executable
FAIL: gnat.dg/array30.adb 3 blank line(s) in output
FAIL: gnat.dg/array30.adb (test for excess errors)
UNRESOLVED: gnat.dg/array30.adb compilation failed to produce executable
FAIL: gnat.dg/atomic8.adb 3 blank line(s) in output
FAIL: gnat.dg/atomic8.adb (test for excess errors)
UNRESOLVED: gnat.dg/atomic8.adb compilation failed to produce executable
FAIL: gnat.dg/bip_aggregate_bug.adb 3 blank line(s) in output
FAIL: gnat.dg/bip_aggregate_bug.adb (test for excess errors)
UNRESOLVED: gnat.dg/bip_aggregate_bug.adb compilation failed to produce executable
FAIL: gnat.dg/check_displace_generation.adb 3 blank line(s) in output
FAIL: gnat.dg/check_displace_generation.adb (test for excess errors)
UNRESOLVED: gnat.dg/check_displace_generation.adb compilation failed to produce executable
FAIL: gnat.dg/class_wide1.adb 3 blank line(s) in output
FAIL: gnat.dg/class_wide1.adb (test for excess errors)
FAIL: gnat.dg/class_wide5.adb 3 blank line(s) in output
FAIL: gnat.dg/class_wide5.adb (test for excess errors)
FAIL: gnat.dg/containers2.adb 3 blank line(s) in output
FAIL: gnat.dg/containers2.adb (test for excess errors)
UNRESOLVED: gnat.dg/containers2.adb compilation failed to produce executable
FAIL: gnat.dg/controlled6.adb 3 blank line(s) in output
FAIL: gnat.dg/controlled6.adb (test for excess errors)
FAIL: gnat.dg/controlled8.adb 3 blank line(s) in output
FAIL: gnat.dg/controlled8.adb (test for excess errors)
FAIL: gnat.dg/curr_task.adb 3 blank line(s) in output
FAIL: gnat.dg/curr_task.adb (test for excess errors)
UNRESOLVED: gnat.dg/curr_task.adb compilation failed to produce executable
FAIL: gnat.dg/debug4.adb 3 blank line(s) in output
FAIL: gnat.dg/debug4.adb (test for excess errors)
FAIL: gnat.dg/default_variants.adb 3 blank line(s) in output
FAIL: gnat.dg/default_variants.adb (test for excess errors)
FAIL: gnat.dg/delta_aggr.adb 3 blank line(s) in output
FAIL: gnat.dg/delta_aggr.adb (test for excess errors)
FAIL: gnat.dg/derived_type1.adb 3 blank line(s) in output
FAIL: gnat.dg/derived_type1.adb (test for excess errors)
FAIL: gnat.dg/discr13.adb 3 blank line(s) in output
FAIL: gnat.dg/discr13.adb (test for excess errors)
FAIL: gnat.dg/discr17.adb 3 blank line(s) in output
FAIL: gnat.dg/discr17.adb (test for excess errors)
FAIL: gnat.dg/discr19.adb 3 blank line(s) in output
FAIL: gnat.dg/discr19.adb (test for excess errors)
FAIL: gnat.dg/discr30.adb 3 blank line(s) in output
FAIL: gnat.dg/discr30.adb (test for excess errors)
FAIL: gnat.dg/discr4.adb 3 blank line(s) in output
FAIL: gnat.dg/discr4.adb (test for excess errors)
UNRESOLVED: gnat.dg/discr4.adb compilation failed to produce executable
FAIL: gnat.dg/discr51.adb 3 blank line(s) in output
FAIL: gnat.dg/discr51.adb (test for excess errors)
FAIL: gnat.dg/discr57.adb 3 blank line(s) in output
FAIL: gnat.dg/discr57.adb (test for excess errors)
FAIL: gnat.dg/discr_range_check.adb 3 blank line(s) in output
FAIL: gnat.dg/discr_range_check.adb (test for excess errors)
FAIL: gnat.dg/discr_test.adb 3 blank line(s) in output
FAIL: gnat.dg/discr_test.adb (test for excess errors)
FAIL: gnat.dg/entry_family.adb 3 blank line(s) in output
FAIL: gnat.dg/entry_family.adb (test for excess errors)
FAIL: gnat.dg/entry_queues.adb 3 blank line(s) in output
FAIL: gnat.dg/entry_queues.adb (test for excess errors)
UNRESOLVED: gnat.dg/entry_queues.adb compilation failed to produce executable
FAIL: gnat.dg/entry_queues2.adb 3 blank line(s) in output
FAIL: gnat.dg/entry_queues2.adb (test for excess errors)
FAIL: gnat.dg/entry_queues3.adb 3 blank line(s) in output
FAIL: gnat.dg/entry_queues3.adb (test for excess errors)
FAIL: gnat.dg/equal2.adb 3 blank line(s) in output
FAIL: gnat.dg/equal2.adb (test for excess errors)
UNRESOLVED: gnat.dg/equal2.adb compilation failed to produce executable
FAIL: gnat.dg/expr_func9.adb 3 blank line(s) in output
FAIL: gnat.dg/expr_func9.adb (test for excess errors)
FAIL: gnat.dg/finalized.adb 3 blank line(s) in output
FAIL: gnat.dg/finalized.adb (test for excess errors)
FAIL: gnat.dg/formal_containers.adb 3 blank line(s) in output
FAIL: gnat.dg/formal_containers.adb (test for excess errors)
FAIL: gnat.dg/frame_overflow.adb (test for errors, line 5)
FAIL: gnat.dg/frame_overflow.adb (test for errors, line 14)
FAIL: gnat.dg/frame_overflow.adb (test for excess errors)
FAIL: gnat.dg/frame_overflow2.adb (test for errors, line 5)
FAIL: gnat.dg/frame_overflow2.adb (test for excess errors)
FAIL: gnat.dg/gen_disp.adb 3 blank line(s) in output
FAIL: gnat.dg/gen_disp.adb (test for excess errors)
FAIL: gnat.dg/generic_call_cw.adb 3 blank line(s) in output
FAIL: gnat.dg/generic_call_cw.adb (test for excess errors)
FAIL: gnat.dg/generic_call_iface.adb 3 blank line(s) in output
FAIL: gnat.dg/generic_call_iface.adb (test for excess errors)
FAIL: gnat.dg/inline10_pkg.adb 3 blank line(s) in output
FAIL: gnat.dg/inline10_pkg.adb (test for excess errors)
FAIL: gnat.dg/inline9_pkg.adb 3 blank line(s) in output
FAIL: gnat.dg/inline9_pkg.adb (test for excess errors)
FAIL: gnat.dg/inline_tagged.adb 3 blank line(s) in output
FAIL: gnat.dg/inline_tagged.adb (test for excess errors)
UNRESOLVED: gnat.dg/inline_tagged.adb compilation failed to produce executable
FAIL: gnat.dg/interface1.adb 3 blank line(s) in output
FAIL: gnat.dg/interface1.adb (test for excess errors)
UNRESOLVED: gnat.dg/interface1.adb compilation failed to produce executable
FAIL: gnat.dg/interface10.adb 3 blank line(s) in output
FAIL: gnat.dg/interface10.adb (test for excess errors)
UNRESOLVED: gnat.dg/interface10.adb compilation failed to produce executable
FAIL: gnat.dg/interface2.adb 3 blank line(s) in output
FAIL: gnat.dg/interface2.adb (test for excess errors)
UNRESOLVED: gnat.dg/interface2.adb compilation failed to produce executable
FAIL: gnat.dg/interface3.adb 3 blank line(s) in output
FAIL: gnat.dg/interface3.adb (test for excess errors)
UNRESOLVED: gnat.dg/interface3.adb compilation failed to produce executable
FAIL: gnat.dg/interface7.adb 3 blank line(s) in output
FAIL: gnat.dg/interface7.adb (test for excess errors)
FAIL: gnat.dg/interface9.adb 3 blank line(s) in output
FAIL: gnat.dg/interface9.adb (test for excess errors)
FAIL: gnat.dg/interface_conv.adb 3 blank line(s) in output
FAIL: gnat.dg/interface_conv.adb (test for excess errors)
UNRESOLVED: gnat.dg/interface_conv.adb compilation failed to produce executable
FAIL: gnat.dg/iprot_test.adb 3 blank line(s) in output
FAIL: gnat.dg/iprot_test.adb (test for excess errors)
UNRESOLVED: gnat.dg/iprot_test.adb compilation failed to produce executable
FAIL: gnat.dg/late_overriding.adb 3 blank line(s) in output
FAIL: gnat.dg/late_overriding.adb (test for excess errors)
FAIL: gnat.dg/lhs_view_convert.adb 3 blank line(s) in output
FAIL: gnat.dg/lhs_view_convert.adb (test for excess errors)
UNRESOLVED: gnat.dg/lhs_view_convert.adb compilation failed to produce executable
FAIL: gnat.dg/limited4.adb 3 blank line(s) in output
FAIL: gnat.dg/limited4.adb (test for excess errors)
FAIL: gnat.dg/limited_with3.adb 3 blank line(s) in output
FAIL: gnat.dg/limited_with3.adb (test for excess errors)
FAIL: gnat.dg/lto21.adb (internal compiler error)
FAIL: gnat.dg/lto21.adb (test for excess errors)
UNRESOLVED: gnat.dg/lto21.adb compilation failed to produce executable
FAIL: gnat.dg/lto21_pkg2.adb 3 blank line(s) in output
FAIL: gnat.dg/lto21_pkg2.adb (test for excess errors)
FAIL: gnat.dg/lto8.adb (internal compiler error)
FAIL: gnat.dg/lto8.adb (test for excess errors)
UNRESOLVED: gnat.dg/lto8.adb compilation failed to produce executable
FAIL: gnat.dg/named_test.adb 3 blank line(s) in output
FAIL: gnat.dg/named_test.adb (test for excess errors)
UNRESOLVED: gnat.dg/named_test.adb compilation failed to produce executable
FAIL: gnat.dg/nested_controlled_alloc.adb 3 blank line(s) in output
FAIL: gnat.dg/nested_controlled_alloc.adb (test for excess errors)
UNRESOLVED: gnat.dg/nested_controlled_alloc.adb compilation failed to produce executable
FAIL: gnat.dg/nested_proc1.adb 3 blank line(s) in output
FAIL: gnat.dg/nested_proc1.adb (test for excess errors)
UNRESOLVED: gnat.dg/nested_proc1.adb compilation failed to produce executable
FAIL: gnat.dg/no_final.adb 3 blank line(s) in output
FAIL: gnat.dg/no_final.adb (test for excess errors)
UNRESOLVED: gnat.dg/no_final.adb compilation failed to produce executable
FAIL: gnat.dg/null_pointer_deref2.adb 3 blank line(s) in output
FAIL: gnat.dg/null_pointer_deref2.adb (test for excess errors)
UNRESOLVED: gnat.dg/null_pointer_deref2.adb compilation failed to produce executable
FAIL: gnat.dg/opt32.adb 3 blank line(s) in output
FAIL: gnat.dg/opt32.adb (test for excess errors)
FAIL: gnat.dg/opt33.adb 3 blank line(s) in output
FAIL: gnat.dg/opt33.adb (test for excess errors)
FAIL: gnat.dg/opt50.adb 3 blank line(s) in output
FAIL: gnat.dg/opt50.adb (test for excess errors)
UNRESOLVED: gnat.dg/opt50.adb compilation failed to produce executable
FAIL: gnat.dg/opt50_pkg.adb 3 blank line(s) in output
FAIL: gnat.dg/opt50_pkg.adb (test for excess errors)
FAIL: gnat.dg/opt83.adb 3 blank line(s) in output
FAIL: gnat.dg/opt83.adb (test for excess errors)
FAIL: gnat.dg/private_overriding.adb 3 blank line(s) in output
FAIL: gnat.dg/private_overriding.adb (test for excess errors)
FAIL: gnat.dg/prot1.adb 3 blank line(s) in output
FAIL: gnat.dg/prot1.adb (test for excess errors)
FAIL: gnat.dg/prot4.adb 3 blank line(s) in output
FAIL: gnat.dg/prot4.adb (test for excess errors)
FAIL: gnat.dg/raise_expr.adb 3 blank line(s) in output
FAIL: gnat.dg/raise_expr.adb (test for excess errors)
FAIL: gnat.dg/rep_clause7.adb 3 blank line(s) in output
FAIL: gnat.dg/rep_clause7.adb (test for excess errors)
FAIL: gnat.dg/requeue1.adb 3 blank line(s) in output
FAIL: gnat.dg/requeue1.adb (test for excess errors)
UNRESOLVED: gnat.dg/requeue1.adb compilation failed to produce executable
FAIL: gnat.dg/rt_signals.adb 3 blank line(s) in output
FAIL: gnat.dg/rt_signals.adb (test for excess errors)
UNRESOLVED: gnat.dg/rt_signals.adb compilation failed to produce executable
FAIL: gnat.dg/size_clause1.adb (test for warnings, line 7)
FAIL: gnat.dg/sso12.adb 3 blank line(s) in output
FAIL: gnat.dg/sso12.adb (test for excess errors)
FAIL: gnat.dg/sso13.adb 3 blank line(s) in output
FAIL: gnat.dg/sso13.adb (test for excess errors)
FAIL: gnat.dg/sso16.adb 3 blank line(s) in output
FAIL: gnat.dg/sso16.adb (test for excess errors)
UNRESOLVED: gnat.dg/sso16.adb compilation failed to produce executable
FAIL: gnat.dg/stack_check1.adb 3 blank line(s) in output
FAIL: gnat.dg/stack_check1.adb (test for excess errors)
UNRESOLVED: gnat.dg/stack_check1.adb compilation failed to produce executable
FAIL: gnat.dg/stack_check2.adb 3 blank line(s) in output
FAIL: gnat.dg/stack_check2.adb (test for excess errors)
UNRESOLVED: gnat.dg/stack_check2.adb compilation failed to produce executable
FAIL: gnat.dg/subpools1.adb 3 blank line(s) in output
FAIL: gnat.dg/subpools1.adb (test for excess errors)
FAIL: gnat.dg/taft_type3.adb 3 blank line(s) in output
FAIL: gnat.dg/taft_type3.adb (test for excess errors)
FAIL: gnat.dg/tag1.adb 3 blank line(s) in output
FAIL: gnat.dg/tag1.adb (test for excess errors)
UNRESOLVED: gnat.dg/tag1.adb compilation failed to produce executable
FAIL: gnat.dg/tagged3.adb 3 blank line(s) in output
FAIL: gnat.dg/tagged3.adb (test for excess errors)
UNRESOLVED: gnat.dg/tagged3.adb compilation failed to produce executable
FAIL: gnat.dg/tagged_alloc_free.adb 3 blank line(s) in output
FAIL: gnat.dg/tagged_alloc_free.adb (test for excess errors)
UNRESOLVED: gnat.dg/tagged_alloc_free.adb compilation failed to produce executable
FAIL: gnat.dg/tagged_prefix_call.adb 3 blank line(s) in output
FAIL: gnat.dg/tagged_prefix_call.adb (test for excess errors)
FAIL: gnat.dg/task4.adb 3 blank line(s) in output
FAIL: gnat.dg/task4.adb (test for excess errors)
FAIL: gnat.dg/task_stack_align.adb 3 blank line(s) in output
FAIL: gnat.dg/task_stack_align.adb (test for excess errors)
UNRESOLVED: gnat.dg/task_stack_align.adb compilation failed to produce executable
FAIL: gnat.dg/test_iface_aggr.adb 3 blank line(s) in output
FAIL: gnat.dg/test_iface_aggr.adb (test for excess errors)
UNRESOLVED: gnat.dg/test_iface_aggr.adb compilation failed to produce executable
FAIL: gnat.dg/test_prio.adb 3 blank line(s) in output
FAIL: gnat.dg/test_prio.adb (test for excess errors)
UNRESOLVED: gnat.dg/test_prio.adb compilation failed to produce executable
FAIL: gnat.dg/timer_cancel.adb 3 blank line(s) in output
FAIL: gnat.dg/timer_cancel.adb (test for excess errors)
UNRESOLVED: gnat.dg/timer_cancel.adb compilation failed to produce executable
FAIL: gnat.dg/tls1.adb 3 blank line(s) in output
FAIL: gnat.dg/tls1.adb (test for excess errors)
UNRESOLVED: gnat.dg/tls1.adb compilation failed to produce executable
FAIL: gnat.dg/trampoline2.adb 3 blank line(s) in output
FAIL: gnat.dg/trampoline2.adb (test for excess errors)
UNRESOLVED: gnat.dg/trampoline2.adb compilation failed to produce executable
FAIL: gnat.dg/trampoline3.adb 3 blank line(s) in output
FAIL: gnat.dg/trampoline3.adb (test for excess errors)
UNRESOLVED: gnat.dg/trampoline3.adb scan-assembler-not GNU-stack.*x
FAIL: gnat.dg/unroll4.adb scan-rtl-dump-times loop2_unroll "optimized: loop unrolled 7 times" 2
FAIL: gnat.dg/warn11.adb (test for warnings, line 8)
FAIL: gnat.dg/warn14.adb 3 blank line(s) in output
FAIL: gnat.dg/warn14.adb (test for excess errors)
FAIL: gnat.dg/warn17.adb 3 blank line(s) in output
FAIL: gnat.dg/warn17.adb (test for excess errors)
FAIL: gnat.dg/warn3.adb 3 blank line(s) in output
FAIL: gnat.dg/warn3.adb (test for excess errors)
FAIL: gnat.dg/warn32.adb 3 blank line(s) in output
FAIL: gnat.dg/warn32.adb (test for excess errors)
FAIL: gnat.dg/specs/atomic1.ads (test for errors, line 9)
FAIL: gnat.dg/specs/atomic1.ads (test for errors, line 13)
FAIL: gnat.dg/specs/no_streams.ads 3 blank line(s) in output
FAIL: gnat.dg/specs/no_streams.ads (test for excess errors)
=== gnat Summary for unix/-mabi=ilp32 ===
# of expected passes 3172
# of unexpected failures 216
# of expected failures 23
# of unresolved testcases 46
# of unsupported tests 25
Running target unix/-mabi=lp64
=== gnat Summary for unix/-mabi=lp64 ===
# of expected passes 3332
# of expected failures 23
# of unsupported tests 23
=== gnat Summary ===
# of expected passes 6504
# of unexpected failures 216
# of expected failures 46
# of unresolved testcases 46
# of unsupported tests 48
/opt/gcc/gcc-20210704/Build/gcc/gnatmake version 12.0.0 20210704 (experimental) [master revision e6f3adc899a]
=== go tests ===
Running target unix/-mabi=ilp32
FAIL: ./index0-out.go execution, -O0 -g -fno-var-tracking-assignments
WARNING: ./issue9604b-out.go compilation, -O0 -g -fno-var-tracking-assignments program timed out.
FAIL: ./issue9604b-out.go compilation, -O0 -g -fno-var-tracking-assignments
WARNING: go.test/test/cmplxdivide.go program timed out.
FAIL: go.test/test/cmplxdivide.go
FAIL: go.test/test/env.go execution, -O2 -g
FAIL: go.test/test/fixedbugs/issue10441.go -O (test for excess errors)
FAIL: go.test/test/fixedbugs/issue16016.go execution, -O2 -g
WARNING: go.test/test/fixedbugs/issue19182.go execution, -O2 -g program timed out.
FAIL: go.test/test/fixedbugs/issue19182.go execution, -O2 -g
FAIL: go.test/test/fixedbugs/issue27836.dir/Äfoo.go -O -I. (test for excess errors)
FAIL: go.test/test/fixedbugs/issue27836.dir/Ämain.go -O -I. (test for excess errors)
=== go Summary for unix/-mabi=ilp32 ===
# of expected passes 8991
# of unexpected failures 9
# of untested testcases 11
# of unsupported tests 32
Running target unix/-mabi=lp64
FAIL: ./index0-out.go execution, -O0 -g -fno-var-tracking-assignments
WARNING: ./issue9604b-out.go compilation, -O0 -g -fno-var-tracking-assignments program timed out.
FAIL: ./issue9604b-out.go compilation, -O0 -g -fno-var-tracking-assignments
WARNING: go.test/test/cmplxdivide.go program timed out.
FAIL: go.test/test/cmplxdivide.go
FAIL: go.test/test/fixedbugs/issue10441.go -O (test for excess errors)
FAIL: go.test/test/fixedbugs/issue27836.dir/Äfoo.go -O -I. (test for excess errors)
FAIL: go.test/test/fixedbugs/issue27836.dir/Ämain.go -O -I. (test for excess errors)
=== go Summary for unix/-mabi=lp64 ===
# of expected passes 8873
# of unexpected failures 6
# of untested testcases 11
# of unsupported tests 32
=== go Summary ===
# of expected passes 17864
# of unexpected failures 15
# of untested testcases 22
# of unsupported tests 64
/opt/gcc/gcc-20210704/Build/gcc/gccgo version 12.0.0 20210704 (experimental) [master revision e6f3adc899a] (GCC)
=== obj-c++ tests ===
Running target unix/-mabi=lp64
=== obj-c++ Summary for unix/-mabi=lp64 ===
# of expected passes 1482
# of expected failures 10
# of unsupported tests 77
Running target unix/-mabi=ilp32
=== obj-c++ Summary for unix/-mabi=ilp32 ===
# of expected passes 1490
# of expected failures 2
# of unsupported tests 77
=== obj-c++ Summary ===
# of expected passes 2972
# of expected failures 12
# of unsupported tests 154
/opt/gcc/gcc-20210704/Build/gcc/xg++ version 12.0.0 20210704 (experimental) [master revision e6f3adc899a] (GCC)
=== objc tests ===
Running target unix/-mabi=ilp32
=== objc Summary for unix/-mabi=ilp32 ===
# of expected passes 2824
# of unsupported tests 69
Running target unix/-mabi=lp64
=== objc Summary for unix/-mabi=lp64 ===
# of expected passes 2824
# of unsupported tests 69
=== objc Summary ===
# of expected passes 5648
# of unsupported tests 138
/opt/gcc/gcc-20210704/Build/gcc/xgcc version 12.0.0 20210704 (experimental) [master revision e6f3adc899a] (GCC)
=== gotools tests ===
FAIL: TestSpuriousWakeupsNeverHangSemasleep
FAIL: go test runtime
=== gotools Summary ===
# of expected passes 394
# of unexpected failures 2
# of untested testcases 124
/opt/gcc/gcc-20210704/Build/./gcc/gccgo version 12.0.0 20210704 (experimental) [master revision e6f3adc899a] (GCC)
Compiler version: 12.0.0 20210704 (experimental) [master revision e6f3adc899a] (GCC)
Platform: aarch64-suse-linux-gnu
configure flags: --prefix=/usr --build=aarch64-suse-linux --enable-shared --with-system-zlib CFLAGS='-O2 -g' CXXFLAGS='-O2 -g' --with-multilib-list=lp64,ilp32
More information about the Gcc-testresults
mailing list