Results for 10.3.1 20210702 [releases/gcc-10 revision 8ce35e4c066b68d0cbc656b000ece84f7ea7741a] (GCC) testsuite on i386-pc-solaris2.11
Rainer Orth
ro@CeBiTec.Uni-Bielefeld.DE
Sat Jul 3 05:42:02 GMT 2021
LAST_UPDATED: Fri Jul 2 09:18:08 UTC 2021 (revision 8ce35e4c066b68d0cbc656b000ece84f7ea7741a)
=== acats tests ===
=== acats Summary ===
# of expected passes 2320
# of unexpected failures 0
Native configuration is i386-pc-solaris2.11
=== g++ tests ===
Running target unix
FAIL: c-c++-common/asan/swapcontext-test-1.c -O0 execution test
FAIL: c-c++-common/asan/swapcontext-test-1.c -O1 execution test
FAIL: c-c++-common/asan/swapcontext-test-1.c -O2 execution test
FAIL: c-c++-common/asan/swapcontext-test-1.c -O2 -flto execution test
FAIL: c-c++-common/asan/swapcontext-test-1.c -O2 -flto -flto-partition=none execution test
FAIL: c-c++-common/asan/swapcontext-test-1.c -O3 -fomit-frame-pointer -funroll-loops -fpeel-loops -ftracer -finline-functions execution test
FAIL: c-c++-common/asan/swapcontext-test-1.c -O3 -g execution test
FAIL: c-c++-common/asan/swapcontext-test-1.c -Os execution test
FAIL: g++.dg/asan/default-options-1.C -O0 execution test
FAIL: g++.dg/asan/default-options-1.C -O1 execution test
FAIL: g++.dg/asan/default-options-1.C -O2 execution test
FAIL: g++.dg/asan/default-options-1.C -O2 -flto execution test
FAIL: g++.dg/asan/default-options-1.C -O2 -flto -flto-partition=none execution test
FAIL: g++.dg/asan/default-options-1.C -O3 -g execution test
FAIL: g++.dg/asan/default-options-1.C -Os execution test
FAIL: g++.dg/gcov/pr16855-priority.C -std=gnu++14 gcov: 1 failures in line counts, 0 in branch percentages, 0 in return percentages, 0 in intermediate format
FAIL: g++.dg/gcov/pr16855-priority.C -std=gnu++14 line 22: is #####:should be 1
FAIL: g++.dg/gcov/pr16855-priority.C -std=gnu++17 gcov: 1 failures in line counts, 0 in branch percentages, 0 in return percentages, 0 in intermediate format
FAIL: g++.dg/gcov/pr16855-priority.C -std=gnu++17 line 22: is #####:should be 1
FAIL: g++.dg/gcov/pr16855-priority.C -std=gnu++2a gcov: 1 failures in line counts, 0 in branch percentages, 0 in return percentages, 0 in intermediate format
FAIL: g++.dg/gcov/pr16855-priority.C -std=gnu++2a line 22: is #####:should be 1
FAIL: g++.dg/gcov/pr16855-priority.C -std=gnu++98 gcov: 1 failures in line counts, 0 in branch percentages, 0 in return percentages, 0 in intermediate format
FAIL: g++.dg/gcov/pr16855-priority.C -std=gnu++98 line 22: is #####:should be 1
FAIL: g++.dg/gcov/pr16855.C -std=gnu++14 gcov: 1 failures in line counts, 0 in branch percentages, 0 in return percentages, 0 in intermediate format
FAIL: g++.dg/gcov/pr16855.C -std=gnu++14 line 24: is #####:should be 1
FAIL: g++.dg/gcov/pr16855.C -std=gnu++17 gcov: 1 failures in line counts, 0 in branch percentages, 0 in return percentages, 0 in intermediate format
FAIL: g++.dg/gcov/pr16855.C -std=gnu++17 line 24: is #####:should be 1
FAIL: g++.dg/gcov/pr16855.C -std=gnu++2a gcov: 1 failures in line counts, 0 in branch percentages, 0 in return percentages, 0 in intermediate format
FAIL: g++.dg/gcov/pr16855.C -std=gnu++2a line 24: is #####:should be 1
FAIL: g++.dg/gcov/pr16855.C -std=gnu++98 gcov: 1 failures in line counts, 0 in branch percentages, 0 in return percentages, 0 in intermediate format
FAIL: g++.dg/gcov/pr16855.C -std=gnu++98 line 24: is #####:should be 1
FAIL: g++.dg/lto/pr89335 cp_lto_pr89335_0.o assemble, -O2 -flto -Wsuggest-final-methods
WARNING: c-c++-common/torture/builtin-arith-overflow-12.c -O2 -flto (test for excess errors) program timed out.
FAIL: c-c++-common/torture/builtin-arith-overflow-12.c -O2 -flto (test for excess errors)
WARNING: c-c++-common/torture/builtin-arith-overflow-14.c -O2 -flto (test for excess errors) program timed out.
FAIL: c-c++-common/torture/builtin-arith-overflow-14.c -O2 -flto (test for excess errors)
WARNING: c-c++-common/torture/builtin-arith-overflow-14.c -O2 -flto -flto-partition=none (test for excess errors) program timed out.
FAIL: c-c++-common/torture/builtin-arith-overflow-14.c -O2 -flto -flto-partition=none (test for excess errors)
WARNING: c-c++-common/torture/builtin-arith-overflow-p-13.c -O2 -flto -flto-partition=none (test for excess errors) program timed out.
FAIL: c-c++-common/torture/builtin-arith-overflow-p-13.c -O2 -flto -flto-partition=none (test for excess errors)
WARNING: c-c++-common/torture/builtin-arith-overflow-p-16.c -O2 -flto (test for excess errors) program timed out.
FAIL: c-c++-common/torture/builtin-arith-overflow-p-16.c -O2 -flto (test for excess errors)
WARNING: c-c++-common/ubsan/float-cast-overflow-7.c -O2 -flto -flto-partition=none (test for excess errors) program timed out.
FAIL: c-c++-common/ubsan/float-cast-overflow-7.c -O2 -flto -flto-partition=none (test for excess errors)
=== g++ Summary for unix ===
# of expected passes 189520
# of unexpected failures 38
# of expected failures 897
# of unsupported tests 8509
Running target unix/-m64
FAIL: g++.dg/pr80481.C -std=gnu++14 scan-assembler-not vmovaps[^\\n\\r]*zmm[0-9]+,[^\\n\\r]*zmm[0-9]+
FAIL: g++.dg/pr80481.C -std=gnu++17 scan-assembler-not vmovaps[^\\n\\r]*zmm[0-9]+,[^\\n\\r]*zmm[0-9]+
FAIL: g++.dg/pr80481.C -std=gnu++2a scan-assembler-not vmovaps[^\\n\\r]*zmm[0-9]+,[^\\n\\r]*zmm[0-9]+
FAIL: g++.dg/pr80481.C -std=gnu++98 scan-assembler-not vmovaps[^\\n\\r]*zmm[0-9]+,[^\\n\\r]*zmm[0-9]+
FAIL: g++.dg/gcov/pr16855-priority.C -std=gnu++14 gcov: 1 failures in line counts, 0 in branch percentages, 0 in return percentages, 0 in intermediate format
FAIL: g++.dg/gcov/pr16855-priority.C -std=gnu++14 line 22: is #####:should be 1
FAIL: g++.dg/gcov/pr16855-priority.C -std=gnu++17 gcov: 1 failures in line counts, 0 in branch percentages, 0 in return percentages, 0 in intermediate format
FAIL: g++.dg/gcov/pr16855-priority.C -std=gnu++17 line 22: is #####:should be 1
FAIL: g++.dg/gcov/pr16855-priority.C -std=gnu++2a gcov: 1 failures in line counts, 0 in branch percentages, 0 in return percentages, 0 in intermediate format
FAIL: g++.dg/gcov/pr16855-priority.C -std=gnu++2a line 22: is #####:should be 1
FAIL: g++.dg/gcov/pr16855-priority.C -std=gnu++98 gcov: 1 failures in line counts, 0 in branch percentages, 0 in return percentages, 0 in intermediate format
FAIL: g++.dg/gcov/pr16855-priority.C -std=gnu++98 line 22: is #####:should be 1
FAIL: g++.dg/gcov/pr16855.C -std=gnu++14 gcov: 1 failures in line counts, 0 in branch percentages, 0 in return percentages, 0 in intermediate format
FAIL: g++.dg/gcov/pr16855.C -std=gnu++14 line 24: is #####:should be 1
FAIL: g++.dg/gcov/pr16855.C -std=gnu++17 gcov: 1 failures in line counts, 0 in branch percentages, 0 in return percentages, 0 in intermediate format
FAIL: g++.dg/gcov/pr16855.C -std=gnu++17 line 24: is #####:should be 1
FAIL: g++.dg/gcov/pr16855.C -std=gnu++2a gcov: 1 failures in line counts, 0 in branch percentages, 0 in return percentages, 0 in intermediate format
FAIL: g++.dg/gcov/pr16855.C -std=gnu++2a line 24: is #####:should be 1
FAIL: g++.dg/gcov/pr16855.C -std=gnu++98 gcov: 1 failures in line counts, 0 in branch percentages, 0 in return percentages, 0 in intermediate format
FAIL: g++.dg/gcov/pr16855.C -std=gnu++98 line 24: is #####:should be 1
FAIL: g++.dg/lto/pr89335 cp_lto_pr89335_0.o assemble, -O2 -flto -Wsuggest-final-methods
FAIL: g++.target/i386/pr97054.C -std=gnu++14 (test for excess errors)
UNRESOLVED: g++.target/i386/pr97054.C -std=gnu++14 compilation failed to produce executable
FAIL: g++.target/i386/pr97054.C -std=gnu++17 (test for excess errors)
UNRESOLVED: g++.target/i386/pr97054.C -std=gnu++17 compilation failed to produce executable
FAIL: g++.target/i386/pr97054.C -std=gnu++2a (test for excess errors)
UNRESOLVED: g++.target/i386/pr97054.C -std=gnu++2a compilation failed to produce executable
FAIL: g++.target/i386/pr97054.C -std=gnu++98 (test for excess errors)
UNRESOLVED: g++.target/i386/pr97054.C -std=gnu++98 compilation failed to produce executable
=== g++ Summary for unix/-m64 ===
# of expected passes 189963
# of unexpected failures 25
# of expected failures 901
# of unresolved testcases 4
# of unsupported tests 8445
=== g++ Summary ===
# of expected passes 379483
# of unexpected failures 63
# of expected failures 1798
# of unresolved testcases 4
# of unsupported tests 16954
/var/gcc/regression/gcc-10-branch/11.4-gcc-gas/build/gcc/xg++ version 10.3.1 20210702 [releases/gcc-10 revision 8ce35e4c066b68d0cbc656b000ece84f7ea7741a] (GCC)
=== gcc tests ===
Running target unix
FAIL: c-c++-common/asan/swapcontext-test-1.c -O0 execution test
FAIL: c-c++-common/asan/swapcontext-test-1.c -O1 execution test
FAIL: c-c++-common/asan/swapcontext-test-1.c -O2 execution test
FAIL: c-c++-common/asan/swapcontext-test-1.c -O2 -flto execution test
FAIL: c-c++-common/asan/swapcontext-test-1.c -O2 -flto -flto-partition=none execution test
FAIL: c-c++-common/asan/swapcontext-test-1.c -O3 -fomit-frame-pointer -funroll-loops -fpeel-loops -ftracer -finline-functions execution test
FAIL: c-c++-common/asan/swapcontext-test-1.c -O3 -g execution test
FAIL: c-c++-common/asan/swapcontext-test-1.c -Os execution test
FAIL: gcc.dg/debug/dwarf2/pr97060.c scan-assembler-times DW_AT_declaration 2
FAIL: gcc.dg/ipa/iinline-attr.c scan-ipa-dump inline "hooray[^\\\\n]*inline copy in test"
FAIL: gcc.dg/ipa/ipa-icf-38.c scan-ltrans-tree-dump-not optimized "Function bar"
=== gcc Summary for unix ===
# of expected passes 145883
# of unexpected failures 11
# of expected failures 757
# of unsupported tests 3068
Running target unix/-m64
FAIL: gcc.dg/debug/dwarf2/pr97060.c scan-assembler-times DW_AT_declaration 2
FAIL: gcc.dg/ipa/iinline-attr.c scan-ipa-dump inline "hooray[^\\\\n]*inline copy in test"
FAIL: gcc.dg/ipa/ipa-icf-38.c scan-ltrans-tree-dump-not optimized "Function bar"
XPASS: gcc.dg/tree-ssa/builtin-snprintf-6.c scan-tree-dump-times optimized "Function test_assign_aggregate" 1
=== gcc Summary for unix/-m64 ===
# of expected passes 146502
# of unexpected failures 3
# of unexpected successes 1
# of expected failures 744
# of unsupported tests 2448
=== gcc Summary ===
# of expected passes 292385
# of unexpected failures 14
# of unexpected successes 1
# of expected failures 1501
# of unsupported tests 5516
/var/gcc/regression/gcc-10-branch/11.4-gcc-gas/build/gcc/xgcc version 10.3.1 20210702 [releases/gcc-10 revision 8ce35e4c066b68d0cbc656b000ece84f7ea7741a] (GCC)
=== gdc tests ===
Running target unix
UNRESOLVED: gdc.test/runnable/dhry.d compilation failed to produce executable
UNRESOLVED: gdc.test/runnable/dhry.d -shared-libphobos compilation failed to produce executable
=== gdc Summary for unix ===
# of expected passes 31657
# of unresolved testcases 2
Running target unix/-m64
UNRESOLVED: gdc.test/runnable/dhry.d compilation failed to produce executable
UNRESOLVED: gdc.test/runnable/dhry.d -shared-libphobos compilation failed to produce executable
=== gdc Summary for unix/-m64 ===
# of expected passes 31656
# of unresolved testcases 2
=== gdc Summary ===
# of expected passes 63313
# of unresolved testcases 4
/var/gcc/regression/gcc-10-branch/11.4-gcc-gas/build/gcc/gdc version 10.3.1 20210702 [releases/gcc-10 revision 8ce35e4c066b68d0cbc656b000ece84f7ea7741a] (GCC)
=== gfortran tests ===
Running target unix
FAIL: gfortran.dg/analyzer/pr93993.f90 -O (test for excess errors)
FAIL: gfortran.dg/default_format_1.f90 -O0 execution test
FAIL: gfortran.dg/default_format_1.f90 -O1 execution test
FAIL: gfortran.dg/default_format_1.f90 -O2 execution test
FAIL: gfortran.dg/default_format_1.f90 -O3 -fomit-frame-pointer -funroll-loops -fpeel-loops -ftracer -finline-functions execution test
FAIL: gfortran.dg/default_format_1.f90 -O3 -g execution test
FAIL: gfortran.dg/default_format_1.f90 -Os execution test
FAIL: gfortran.dg/fmt_g0_1.f08 -O0 execution test
FAIL: gfortran.dg/fmt_g0_1.f08 -O1 execution test
FAIL: gfortran.dg/fmt_g0_1.f08 -O2 execution test
FAIL: gfortran.dg/fmt_g0_1.f08 -O3 -fomit-frame-pointer -funroll-loops -fpeel-loops -ftracer -finline-functions execution test
FAIL: gfortran.dg/fmt_g0_1.f08 -O3 -g execution test
FAIL: gfortran.dg/fmt_g0_1.f08 -Os execution test
FAIL: gfortran.dg/round_4.f90 -O0 execution test
FAIL: gfortran.dg/round_4.f90 -O1 execution test
FAIL: gfortran.dg/round_4.f90 -O2 execution test
FAIL: gfortran.dg/round_4.f90 -O3 -fomit-frame-pointer -funroll-loops -fpeel-loops -ftracer -finline-functions execution test
FAIL: gfortran.dg/round_4.f90 -O3 -g execution test
FAIL: gfortran.dg/round_4.f90 -Os execution test
=== gfortran Summary for unix ===
# of expected passes 54480
# of unexpected failures 19
# of expected failures 232
# of unsupported tests 207
Running target unix/-m64
FAIL: gfortran.dg/analyzer/pr93993.f90 -O (test for excess errors)
FAIL: gfortran.dg/class_assign_4.f90 -O0 execution test
FAIL: gfortran.dg/class_assign_4.f90 -O1 execution test
FAIL: gfortran.dg/class_assign_4.f90 -O2 execution test
FAIL: gfortran.dg/class_assign_4.f90 -O3 -fomit-frame-pointer -funroll-loops -fpeel-loops -ftracer -finline-functions execution test
FAIL: gfortran.dg/class_assign_4.f90 -O3 -g execution test
FAIL: gfortran.dg/class_assign_4.f90 -Os execution test
=== gfortran Summary for unix/-m64 ===
# of expected passes 54723
# of unexpected failures 7
# of expected failures 230
# of unsupported tests 98
=== gfortran Summary ===
# of expected passes 109203
# of unexpected failures 26
# of expected failures 462
# of unsupported tests 305
/var/gcc/regression/gcc-10-branch/11.4-gcc-gas/build/gcc/gfortran version 10.3.1 20210702 [releases/gcc-10 revision 8ce35e4c066b68d0cbc656b000ece84f7ea7741a] (GCC)
=== gnat tests ===
Running target unix
=== gnat Summary for unix ===
# of expected passes 3300
# of expected failures 23
# of unsupported tests 10
Running target unix/-m64
=== gnat Summary for unix/-m64 ===
# of expected passes 3301
# of expected failures 23
# of unsupported tests 9
=== gnat Summary ===
# of expected passes 6601
# of expected failures 46
# of unsupported tests 19
/var/gcc/regression/gcc-10-branch/11.4-gcc-gas/build/gcc/gnatmake version 10.3.1 20210702 [releases/gcc-10 revision 8ce35e4c066b68d0cbc656b000ece84f7ea7741a]
=== go tests ===
Running target unix
FAIL: ./index0-out.go execution, -O0 -g -fno-var-tracking-assignments
FAIL: go.test/test/fixedbugs/issue4085b.go execution, -O2 -g
=== go Summary for unix ===
# of expected passes 7469
# of unexpected failures 2
# of expected failures 1
# of untested testcases 10
# of unsupported tests 2
Running target unix/-m64
FAIL: ./index0-out.go execution, -O0 -g -fno-var-tracking-assignments
=== go Summary for unix/-m64 ===
# of expected passes 7351
# of unexpected failures 1
# of expected failures 1
# of untested testcases 10
# of unsupported tests 1
=== go Summary ===
# of expected passes 14820
# of unexpected failures 3
# of expected failures 2
# of untested testcases 20
# of unsupported tests 3
=== obj-c++ tests ===
Running target unix
=== obj-c++ Summary for unix ===
# of expected passes 1457
# of expected failures 2
# of unsupported tests 77
Running target unix/-m64
=== obj-c++ Summary for unix/-m64 ===
# of expected passes 1449
# of expected failures 10
# of unsupported tests 77
=== obj-c++ Summary ===
# of expected passes 2906
# of expected failures 12
# of unsupported tests 154
/var/gcc/regression/gcc-10-branch/11.4-gcc-gas/build/gcc/xg++ version 10.3.1 20210702 [releases/gcc-10 revision 8ce35e4c066b68d0cbc656b000ece84f7ea7741a] (GCC)
=== objc tests ===
Running target unix
=== objc Summary for unix ===
# of expected passes 2786
# of expected failures 6
# of unsupported tests 68
Running target unix/-m64
=== objc Summary for unix/-m64 ===
# of expected passes 2786
# of expected failures 6
# of unsupported tests 68
=== objc Summary ===
# of expected passes 5572
# of expected failures 12
# of unsupported tests 136
/var/gcc/regression/gcc-10-branch/11.4-gcc-gas/build/gcc/xgcc version 10.3.1 20210702 [releases/gcc-10 revision 8ce35e4c066b68d0cbc656b000ece84f7ea7741a] (GCC)
=== gotools tests ===
FAIL: TestAbort
FAIL: TestG0StackOverflow
FAIL: TestMemmoveAtomicity
FAIL: TestSelectStackAdjust
FAIL: go test runtime
=== gotools Summary ===
# of expected passes 432
# of unexpected failures 5
# of untested testcases 189
/var/gcc/regression/gcc-10-branch/11.4-gcc-gas/build/./gcc/gccgo version 10.3.1 20210702 [releases/gcc-10 revision 8ce35e4c066b68d0cbc656b000ece84f7ea7741a] (GCC)
=== libatomic tests ===
Running target unix
=== libatomic Summary for unix ===
# of expected passes 44
# of unsupported tests 5
Running target unix/-m64
=== libatomic Summary for unix/-m64 ===
# of expected passes 54
=== libatomic Summary ===
# of expected passes 98
# of unsupported tests 5
=== libffi tests ===
Running target unix
=== libffi Summary for unix ===
# of expected passes 2799
Running target unix/-m64
=== libffi Summary for unix/-m64 ===
# of expected passes 2214
=== libffi Summary ===
# of expected passes 5013
=== libgo tests ===
Running target unix
FAIL: go/build
FAIL: runtime
=== libgo Summary for unix ===
# of expected passes 171
# of unexpected failures 2
Running target unix/-m64
FAIL: go/build
FAIL: runtime
=== libgo Summary for unix/-m64 ===
# of expected passes 171
# of unexpected failures 2
=== libgo Summary ===
# of expected passes 342
# of unexpected failures 4
/var/gcc/regression/gcc-10-branch/11.4-gcc-gas/build/./gcc/gccgo version 10.3.1 20210702 [releases/gcc-10 revision 8ce35e4c066b68d0cbc656b000ece84f7ea7741a] (GCC)
=== libgomp tests ===
Running target unix
WARNING: libgomp.c++/task-reduction-13.C execution test program timed out.
FAIL: libgomp.c++/task-reduction-13.C execution test
=== libgomp Summary for unix ===
# of expected passes 7809
# of unexpected failures 1
# of expected failures 4
# of unsupported tests 541
Running target unix/-m64
=== libgomp Summary for unix/-m64 ===
# of expected passes 7810
# of expected failures 4
# of unsupported tests 541
=== libgomp Summary ===
# of expected passes 15619
# of unexpected failures 1
# of expected failures 8
# of unsupported tests 1082
=== libitm tests ===
Running target unix
=== libitm Summary for unix ===
# of expected passes 44
# of expected failures 3
# of unsupported tests 1
Running target unix/-m64
=== libitm Summary for unix/-m64 ===
# of expected passes 44
# of expected failures 3
# of unsupported tests 1
=== libitm Summary ===
# of expected passes 88
# of expected failures 6
# of unsupported tests 2
=== libphobos tests ===
Running target unix
FAIL: libphobos.druntime_shared/core/thread.d execution test
FAIL: libphobos.phobos_shared/std/datetime/systime.d execution test
FAIL: libphobos.phobos_shared/std/datetime/timezone.d execution test
FAIL: libphobos.phobos_shared/std/format.d execution test
FAIL: libphobos.phobos_shared/std/math.d execution test
FAIL: libphobos.phobos_shared/std/parallelism.d execution test
WARNING: libphobos.phobos_shared/std/range/package.d (test for excess errors) program timed out.
FAIL: libphobos.phobos_shared/std/range/package.d (test for excess errors)
UNRESOLVED: libphobos.phobos_shared/std/range/package.d compilation failed to produce executable
WARNING: libphobos.phobos_shared/std/regex/internal/tests.d (test for excess errors) program timed out.
FAIL: libphobos.phobos_shared/std/regex/internal/tests.d (test for excess errors)
UNRESOLVED: libphobos.phobos_shared/std/regex/internal/tests.d compilation failed to produce executable
WARNING: libphobos.phobos_shared/std/string.d (test for excess errors) program timed out.
FAIL: libphobos.phobos_shared/std/string.d (test for excess errors)
UNRESOLVED: libphobos.phobos_shared/std/string.d compilation failed to produce executable
FAIL: libphobos.shared/finalize.d -shared-libphobos -ldl execution test
FAIL: libphobos.shared/load.d -shared-libphobos -ldl execution test
FAIL: libphobos.shared/load_13414.d -shared-libphobos -ldl execution test
=== libphobos Summary for unix ===
# of expected passes 409
# of unexpected failures 12
# of unresolved testcases 3
Running target unix/-m64
FAIL: libphobos.druntime_shared/core/thread.d execution test
FAIL: libphobos.phobos_shared/std/datetime/systime.d execution test
FAIL: libphobos.phobos_shared/std/datetime/timezone.d execution test
FAIL: libphobos.phobos_shared/std/format.d execution test
FAIL: libphobos.phobos_shared/std/math.d execution test
FAIL: libphobos.phobos_shared/std/parallelism.d execution test
WARNING: libphobos.phobos_shared/std/range/package.d (test for excess errors) program timed out.
FAIL: libphobos.phobos_shared/std/range/package.d (test for excess errors)
UNRESOLVED: libphobos.phobos_shared/std/range/package.d compilation failed to produce executable
WARNING: libphobos.phobos_shared/std/regex/internal/tests.d (test for excess errors) program timed out.
FAIL: libphobos.phobos_shared/std/regex/internal/tests.d (test for excess errors)
UNRESOLVED: libphobos.phobos_shared/std/regex/internal/tests.d compilation failed to produce executable
WARNING: libphobos.phobos_shared/std/string.d (test for excess errors) program timed out.
FAIL: libphobos.phobos_shared/std/string.d (test for excess errors)
UNRESOLVED: libphobos.phobos_shared/std/string.d compilation failed to produce executable
FAIL: libphobos.shared/finalize.d -shared-libphobos -ldl execution test
FAIL: libphobos.shared/load.d -shared-libphobos -ldl execution test
FAIL: libphobos.shared/load_13414.d -shared-libphobos -ldl execution test
=== libphobos Summary for unix/-m64 ===
# of expected passes 409
# of unexpected failures 12
# of unresolved testcases 3
=== libphobos Summary ===
# of expected passes 818
# of unexpected failures 24
# of unresolved testcases 6
=== libstdc++ tests ===
Running target unix
FAIL: 30_threads/future/members/poll.cc execution test
FAIL: ext/random/k_distribution/operators/serialize.cc execution test
=== libstdc++ Summary for unix ===
# of expected passes 14161
# of unexpected failures 2
# of expected failures 95
# of unsupported tests 719
Running target unix/-m64
FAIL: 30_threads/future/members/poll.cc execution test
=== libstdc++ Summary for unix/-m64 ===
# of expected passes 14154
# of unexpected failures 1
# of expected failures 95
# of unsupported tests 723
=== libstdc++ Summary ===
# of expected passes 28315
# of unexpected failures 3
# of expected failures 190
# of unsupported tests 1442
Compiler version: 10.3.1 20210702 [releases/gcc-10 revision 8ce35e4c066b68d0cbc656b000ece84f7ea7741a] (GCC)
Platform: i386-pc-solaris2.11
configure flags: --prefix=/vol/gcc --target=i386-pc-solaris2.11 --enable-objc-gc --with-target-bdw-gc-include=/vol/gcc/include --with-target-bdw-gc-lib=/vol/gcc/lib,amd64=/vol/gcc/lib/amd64 --with-as=/vol/gcc/bin/gas-2.36 --with-gnu-as --with-gmp-include=/vol/gcc/include --with-gmp-lib=/vol/gcc/lib --with-mpfr-include=/vol/gcc/include --with-mpfr-lib=/vol/gcc/lib --with-mpc-include=/vol/gcc/include --with-mpc-lib=/vol/gcc/lib --enable-languages=all,ada,obj-c++,go --with-isl-include=/vol/gcc/include --with-isl-lib=/vol/gcc/lib --with-zstd-include=/vol/gcc/include --with-zstd-lib=/vol/gcc/lib --build=i386-pc-solaris2.11 --host=i386-pc-solaris2.11
BOOT_CFLAGS=-g -O2
More information about the Gcc-testresults
mailing list