Results for 12.0.0 20210702 (experimental) [master revision 7aa5fb17a30ff0ce9928e5eac35b892d95e7eba5] (GCC) testsuite on aarch64-unknown-linux-gnu
LINARO TCWG
tcwg@tcwg.validation.linaro.org
Sat Jul 3 01:23:22 GMT 2021
LAST_UPDATED: Fri Jul 2 17:49:36 UTC 2021 (revision 7aa5fb17a30ff0ce9928e5eac35b892d95e7eba5)
Native configuration is aarch64-unknown-linux-gnu
=== libatomic tests ===
Running target tcwg-local
=== libatomic Summary ===
# of expected passes 54
=== libgomp tests ===
Running target tcwg-local
=== libgomp Summary ===
# of expected passes 11360
# of expected failures 102
# of unsupported tests 607
=== libitm tests ===
Running target tcwg-local
=== libitm Summary ===
# of expected passes 44
# of expected failures 3
# of unsupported tests 1
=== libstdc++ tests ===
Running target tcwg-local
FAIL: 30_threads/jthread/95989.cc execution test
=== libstdc++ Summary ===
# of expected passes 14843
# of unexpected failures 1
# of expected failures 95
# of unsupported tests 694
=== gcc tests ===
Running target tcwg-local
FAIL: c-c++-common/tsan/tls_race.c -O0 output pattern test
FAIL: c-c++-common/tsan/tls_race.c -O2 output pattern test
FAIL: gcc.target/aarch64/subs_compare_2.c scan-assembler-times subs\\\\tw[0-9]+, w[0-9]+, [#]?4 1
FAIL: gcc.target/aarch64/subs_compare_2.c scan-assembler-not cmp\\\\tw[0-9]+, w[0-9]+
FAIL: gcc.target/aarch64/vect-vaddv.c scan-assembler addv\\\\tb[0-9]+, v[0-9]+.16b
FAIL: gcc.target/aarch64/vect-vmaxv.c scan-assembler umaxv\\\\tb[0-9]+, v[0-9]+.16b
FAIL: gcc.target/aarch64/vect-vmaxv.c scan-assembler uminv\\\\tb[0-9]+, v[0-9]+.16b
=== gcc Summary ===
# of expected passes 265814
# of unexpected failures 7
# of expected failures 2236
# of unsupported tests 4546
/home/tcwg-buildslave/workspace/tcwg-buildfarm__0/_build/builds/aarch64-unknown-linux-gnu/aarch64-unknown-linux-gnu/gcc-gcc.git~master_rev_7aa5fb17a30ff0ce9928e5eac35b892d95e7eba5-stage2/gcc/xgcc version 12.0.0 20210702 (experimental) [master revision 7aa5fb17a30ff0ce9928e5eac35b892d95e7eba5] (GCC)
=== gfortran tests ===
Running target tcwg-local
FAIL: gfortran.dg/index_2.f90 -O1 execution test
=== gfortran Summary ===
# of expected passes 57061
# of unexpected failures 1
# of expected failures 243
# of unsupported tests 143
/home/tcwg-buildslave/workspace/tcwg-buildfarm__0/_build/builds/aarch64-unknown-linux-gnu/aarch64-unknown-linux-gnu/gcc-gcc.git~master_rev_7aa5fb17a30ff0ce9928e5eac35b892d95e7eba5-stage2/gcc/gfortran version 12.0.0 20210702 (experimental) [master revision 7aa5fb17a30ff0ce9928e5eac35b892d95e7eba5] (GCC)
=== g++ tests ===
Running target tcwg-local
FAIL: g++.dg/gomp/declare-simd-8.C -std=c++98 (test for excess errors)
FAIL: g++.dg/gomp/declare-simd-8.C -std=c++14 (test for excess errors)
FAIL: g++.dg/gomp/declare-simd-8.C -std=c++17 (test for excess errors)
FAIL: g++.dg/gomp/declare-simd-8.C -std=c++2a (test for excess errors)
FAIL: g++.dg/modules/xtreme-header-2_b.C -std=c++2a (test for excess errors)
FAIL: g++.dg/modules/xtreme-header-2_b.C -std=c++2b (test for excess errors)
FAIL: g++.dg/modules/xtreme-tr1_b.C -std=c++2a (test for excess errors)
FAIL: g++.dg/modules/xtreme-tr1_b.C -std=c++2b (test for excess errors)
FAIL: c-c++-common/tsan/tls_race.c -O0 output pattern test
FAIL: c-c++-common/tsan/tls_race.c -O2 output pattern test
FAIL: g++.dg/tsan/pthread_cond_clockwait.C -O0 (test for excess errors)
UNRESOLVED: g++.dg/tsan/pthread_cond_clockwait.C -O0 compilation failed to produce executable
FAIL: g++.dg/tsan/pthread_cond_clockwait.C -O2 (test for excess errors)
UNRESOLVED: g++.dg/tsan/pthread_cond_clockwait.C -O2 compilation failed to produce executable
=== g++ Summary ===
# of expected passes 324497
# of unexpected failures 12
# of expected failures 2502
# of unresolved testcases 2
# of unsupported tests 10051
/home/tcwg-buildslave/workspace/tcwg-buildfarm__0/_build/builds/aarch64-unknown-linux-gnu/aarch64-unknown-linux-gnu/gcc-gcc.git~master_rev_7aa5fb17a30ff0ce9928e5eac35b892d95e7eba5-stage2/gcc/xg++ version 12.0.0 20210702 (experimental) [master revision 7aa5fb17a30ff0ce9928e5eac35b892d95e7eba5] (GCC)
=== obj-c++ tests ===
Running target tcwg-local
=== obj-c++ Summary ===
# of expected passes 1482
# of expected failures 10
# of unsupported tests 77
/home/tcwg-buildslave/workspace/tcwg-buildfarm__0/_build/builds/aarch64-unknown-linux-gnu/aarch64-unknown-linux-gnu/gcc-gcc.git~master_rev_7aa5fb17a30ff0ce9928e5eac35b892d95e7eba5-stage2/gcc/xg++ version 12.0.0 20210702 (experimental) [master revision 7aa5fb17a30ff0ce9928e5eac35b892d95e7eba5] (GCC)
=== objc tests ===
Running target tcwg-local
=== objc Summary ===
# of expected passes 2824
# of unsupported tests 69
/home/tcwg-buildslave/workspace/tcwg-buildfarm__0/_build/builds/aarch64-unknown-linux-gnu/aarch64-unknown-linux-gnu/gcc-gcc.git~master_rev_7aa5fb17a30ff0ce9928e5eac35b892d95e7eba5-stage2/gcc/xgcc version 12.0.0 20210702 (experimental) [master revision 7aa5fb17a30ff0ce9928e5eac35b892d95e7eba5] (GCC)
Compiler version: 12.0.0 20210702 (experimental) [master revision 7aa5fb17a30ff0ce9928e5eac35b892d95e7eba5] (GCC)
Platform: aarch64-unknown-linux-gnu
configure flags: SHELL=/bin/bash --with-mpc=/home/tcwg-buildslave/workspace/tcwg-buildfarm__0/_build/builds/destdir/aarch64-unknown-linux-gnu --with-mpfr=/home/tcwg-buildslave/workspace/tcwg-buildfarm__0/_build/builds/destdir/aarch64-unknown-linux-gnu --with-gmp=/home/tcwg-buildslave/workspace/tcwg-buildfarm__0/_build/builds/destdir/aarch64-unknown-linux-gnu --with-gnu-as --with-gnu-ld --disable-libmudflap --enable-lto --enable-shared --without-included-gettext --enable-nls --with-system-zlib --disable-sjlj-exceptions --enable-gnu-unique-object --enable-linker-build-id --disable-libstdcxx-pch --enable-c99 --enable-clocale=gnu --enable-libstdcxx-debug --enable-long-long --with-cloog=no --with-ppl=no --with-isl=no --disable-multilib --enable-fix-cortex-a53-835769 --enable-fix-cortex-a53-843419 --with-arch=armv8-a --enable-threads=posix --enable-multiarch --enable-libstdcxx-time=yes --enable-gnu-indirect-function --enable-checking=yes --enable-bootstrap --enable-languages=c,c++,fortran,
lto,objc,obj-c++ --prefix=/home/tcwg-buildslave/workspace/tcwg-buildfarm__0/_build/builds/destdir/aarch64-unknown-linux-gnu
More information about the Gcc-testresults
mailing list