Results for 12.0.0 20210702 (experimental) [master revision 496e1d6a1f973b3952a37163441f9149501dfb26] (GCC) testsuite on i386-pc-solaris2.11
Rainer Orth
ro@CeBiTec.Uni-Bielefeld.DE
Fri Jul 2 12:42:27 GMT 2021
LAST_UPDATED: Fri Jul 2 09:04:29 UTC 2021 (revision 496e1d6a1f973b3952a37163441f9149501dfb26)
=== acats tests ===
=== acats Summary ===
# of expected passes 2328
# of unexpected failures 0
Native configuration is i386-pc-solaris2.11
=== g++ tests ===
Running target unix
FAIL: c-c++-common/asan/swapcontext-test-1.c -O0 execution test
FAIL: c-c++-common/asan/swapcontext-test-1.c -O1 execution test
FAIL: c-c++-common/asan/swapcontext-test-1.c -O2 execution test
FAIL: c-c++-common/asan/swapcontext-test-1.c -O2 -flto execution test
FAIL: c-c++-common/asan/swapcontext-test-1.c -O2 -flto -flto-partition=none execution test
FAIL: c-c++-common/asan/swapcontext-test-1.c -O3 -fomit-frame-pointer -funroll-loops -fpeel-loops -ftracer -finline-functions execution test
FAIL: c-c++-common/asan/swapcontext-test-1.c -O3 -g execution test
FAIL: c-c++-common/asan/swapcontext-test-1.c -Os execution test
FAIL: g++.dg/asan/default-options-1.C -O0 execution test
FAIL: g++.dg/asan/default-options-1.C -O1 execution test
FAIL: g++.dg/asan/default-options-1.C -O2 execution test
FAIL: g++.dg/asan/default-options-1.C -O2 -flto execution test
FAIL: g++.dg/asan/default-options-1.C -O2 -flto -flto-partition=none execution test
FAIL: g++.dg/asan/default-options-1.C -O3 -g execution test
FAIL: g++.dg/asan/default-options-1.C -Os execution test
XPASS: g++.dg/warn/Warray-bounds-20.C -std=gnu++14 assign (test for warnings, line 30)
XPASS: g++.dg/warn/Warray-bounds-20.C -std=gnu++17 assign (test for warnings, line 30)
XPASS: g++.dg/warn/Warray-bounds-20.C -std=gnu++2a assign (test for warnings, line 30)
XPASS: g++.dg/warn/Warray-bounds-20.C -std=gnu++98 assign (test for warnings, line 30)
FAIL: g++.dg/gcov/pr16855-priority.C -std=gnu++14 gcov: 1 failures in line counts, 0 in branch percentages, 0 in return percentages, 0 in intermediate format
FAIL: g++.dg/gcov/pr16855-priority.C -std=gnu++14 line 22: is #####:should be 1
FAIL: g++.dg/gcov/pr16855-priority.C -std=gnu++17 gcov: 1 failures in line counts, 0 in branch percentages, 0 in return percentages, 0 in intermediate format
FAIL: g++.dg/gcov/pr16855-priority.C -std=gnu++17 line 22: is #####:should be 1
FAIL: g++.dg/gcov/pr16855-priority.C -std=gnu++2a gcov: 1 failures in line counts, 0 in branch percentages, 0 in return percentages, 0 in intermediate format
FAIL: g++.dg/gcov/pr16855-priority.C -std=gnu++2a line 22: is #####:should be 1
FAIL: g++.dg/gcov/pr16855-priority.C -std=gnu++98 gcov: 1 failures in line counts, 0 in branch percentages, 0 in return percentages, 0 in intermediate format
FAIL: g++.dg/gcov/pr16855-priority.C -std=gnu++98 line 22: is #####:should be 1
FAIL: g++.dg/gcov/pr16855.C -std=gnu++14 gcov: 1 failures in line counts, 0 in branch percentages, 0 in return percentages, 0 in intermediate format
FAIL: g++.dg/gcov/pr16855.C -std=gnu++14 line 24: is #####:should be 1
FAIL: g++.dg/gcov/pr16855.C -std=gnu++17 gcov: 1 failures in line counts, 0 in branch percentages, 0 in return percentages, 0 in intermediate format
FAIL: g++.dg/gcov/pr16855.C -std=gnu++17 line 24: is #####:should be 1
FAIL: g++.dg/gcov/pr16855.C -std=gnu++2a gcov: 1 failures in line counts, 0 in branch percentages, 0 in return percentages, 0 in intermediate format
FAIL: g++.dg/gcov/pr16855.C -std=gnu++2a line 24: is #####:should be 1
FAIL: g++.dg/gcov/pr16855.C -std=gnu++98 gcov: 1 failures in line counts, 0 in branch percentages, 0 in return percentages, 0 in intermediate format
FAIL: g++.dg/gcov/pr16855.C -std=gnu++98 line 24: is #####:should be 1
FAIL: g++.dg/modules/stdio-1_a.H -std=c++17 scan-lang-dump module "Depset:0 decl entity:[0-9]* function_decl:'::printf'"
FAIL: g++.dg/modules/stdio-1_a.H -std=c++2a scan-lang-dump module "Depset:0 decl entity:[0-9]* function_decl:'::printf'"
FAIL: g++.dg/modules/stdio-1_a.H -std=c++2b scan-lang-dump module "Depset:0 decl entity:[0-9]* function_decl:'::printf'"
FAIL: g++.dg/modules/xtreme-header-2_b.C -std=c++2a (test for excess errors)
FAIL: g++.dg/modules/xtreme-header-2_b.C -std=c++2b (test for excess errors)
FAIL: g++.dg/modules/xtreme-tr1_b.C -std=c++2a (test for excess errors)
FAIL: g++.dg/modules/xtreme-tr1_b.C -std=c++2b (test for excess errors)
=== g++ Summary for unix ===
# of expected passes 208979
# of unexpected failures 38
# of unexpected successes 4
# of expected failures 1290
# of unsupported tests 9495
Running target unix/-m64
UNRESOLVED: tmpdir-g++.dg-struct-layout-1/t036 cp_compat_x_tst.o-cp_compat_y_tst.o execute
UNRESOLVED: tmpdir-g++.dg-struct-layout-1/t036 cp_compat_x_tst.o-cp_compat_y_tst.o link
FAIL: tmpdir-g++.dg-struct-layout-1/t036 cp_compat_y_tst.o compile
FAIL: g++.dg/gcov/pr16855-priority.C -std=gnu++14 gcov: 1 failures in line counts, 0 in branch percentages, 0 in return percentages, 0 in intermediate format
FAIL: g++.dg/gcov/pr16855-priority.C -std=gnu++14 line 22: is #####:should be 1
FAIL: g++.dg/gcov/pr16855-priority.C -std=gnu++17 gcov: 1 failures in line counts, 0 in branch percentages, 0 in return percentages, 0 in intermediate format
FAIL: g++.dg/gcov/pr16855-priority.C -std=gnu++17 line 22: is #####:should be 1
FAIL: g++.dg/gcov/pr16855-priority.C -std=gnu++2a gcov: 1 failures in line counts, 0 in branch percentages, 0 in return percentages, 0 in intermediate format
FAIL: g++.dg/gcov/pr16855-priority.C -std=gnu++2a line 22: is #####:should be 1
FAIL: g++.dg/gcov/pr16855-priority.C -std=gnu++98 gcov: 1 failures in line counts, 0 in branch percentages, 0 in return percentages, 0 in intermediate format
FAIL: g++.dg/gcov/pr16855-priority.C -std=gnu++98 line 22: is #####:should be 1
FAIL: g++.dg/gcov/pr16855.C -std=gnu++14 gcov: 1 failures in line counts, 0 in branch percentages, 0 in return percentages, 0 in intermediate format
FAIL: g++.dg/gcov/pr16855.C -std=gnu++14 line 24: is #####:should be 1
FAIL: g++.dg/gcov/pr16855.C -std=gnu++17 gcov: 1 failures in line counts, 0 in branch percentages, 0 in return percentages, 0 in intermediate format
FAIL: g++.dg/gcov/pr16855.C -std=gnu++17 line 24: is #####:should be 1
FAIL: g++.dg/gcov/pr16855.C -std=gnu++2a gcov: 1 failures in line counts, 0 in branch percentages, 0 in return percentages, 0 in intermediate format
FAIL: g++.dg/gcov/pr16855.C -std=gnu++2a line 24: is #####:should be 1
FAIL: g++.dg/gcov/pr16855.C -std=gnu++98 gcov: 1 failures in line counts, 0 in branch percentages, 0 in return percentages, 0 in intermediate format
FAIL: g++.dg/gcov/pr16855.C -std=gnu++98 line 24: is #####:should be 1
FAIL: g++.dg/modules/stdio-1_a.H -std=c++17 scan-lang-dump module "Depset:0 decl entity:[0-9]* function_decl:'::printf'"
FAIL: g++.dg/modules/stdio-1_a.H -std=c++2a scan-lang-dump module "Depset:0 decl entity:[0-9]* function_decl:'::printf'"
FAIL: g++.dg/modules/stdio-1_a.H -std=c++2b scan-lang-dump module "Depset:0 decl entity:[0-9]* function_decl:'::printf'"
FAIL: g++.dg/modules/xtreme-header-2_b.C -std=c++2a (test for excess errors)
FAIL: g++.dg/modules/xtreme-header-2_b.C -std=c++2b (test for excess errors)
FAIL: g++.dg/modules/xtreme-tr1_b.C -std=c++2a (test for excess errors)
FAIL: g++.dg/modules/xtreme-tr1_b.C -std=c++2b (test for excess errors)
FAIL: g++.target/i386/pr97054.C -std=gnu++14 (test for excess errors)
UNRESOLVED: g++.target/i386/pr97054.C -std=gnu++14 compilation failed to produce executable
FAIL: g++.target/i386/pr97054.C -std=gnu++17 (test for excess errors)
UNRESOLVED: g++.target/i386/pr97054.C -std=gnu++17 compilation failed to produce executable
FAIL: g++.target/i386/pr97054.C -std=gnu++2a (test for excess errors)
UNRESOLVED: g++.target/i386/pr97054.C -std=gnu++2a compilation failed to produce executable
FAIL: g++.target/i386/pr97054.C -std=gnu++98 (test for excess errors)
UNRESOLVED: g++.target/i386/pr97054.C -std=gnu++98 compilation failed to produce executable
=== g++ Summary for unix/-m64 ===
# of expected passes 209328
# of unexpected failures 28
# of expected failures 1298
# of unresolved testcases 6
# of unsupported tests 9445
=== g++ Summary ===
# of expected passes 418307
# of unexpected failures 66
# of unexpected successes 4
# of expected failures 2588
# of unresolved testcases 6
# of unsupported tests 18940
/var/gcc/regression/master/11.4-gcc/build/gcc/xg++ version 12.0.0 20210702 (experimental) [master revision 496e1d6a1f973b3952a37163441f9149501dfb26] (GCC)
=== gcc tests ===
Running target unix
FAIL: gcc.c-torture/compile/pr61159.c -O0 (test for excess errors)
FAIL: gcc.c-torture/compile/pr61159.c -O1 (test for excess errors)
FAIL: gcc.c-torture/compile/pr61159.c -O2 (test for excess errors)
FAIL: gcc.c-torture/compile/pr61159.c -O2 -flto (test for excess errors)
FAIL: gcc.c-torture/compile/pr61159.c -O2 -flto -flto-partition=none (test for excess errors)
FAIL: gcc.c-torture/compile/pr61159.c -O3 -g (test for excess errors)
FAIL: gcc.c-torture/compile/pr61159.c -Os (test for excess errors)
FAIL: gcc.dg/analyzer/capacity-1.c (test for excess errors)
FAIL: gcc.dg/analyzer/capacity-3.c (test for excess errors)
FAIL: c-c++-common/asan/swapcontext-test-1.c -O0 execution test
FAIL: c-c++-common/asan/swapcontext-test-1.c -O1 execution test
FAIL: c-c++-common/asan/swapcontext-test-1.c -O2 execution test
FAIL: c-c++-common/asan/swapcontext-test-1.c -O2 -flto execution test
FAIL: c-c++-common/asan/swapcontext-test-1.c -O2 -flto -flto-partition=none execution test
FAIL: c-c++-common/asan/swapcontext-test-1.c -O3 -fomit-frame-pointer -funroll-loops -fpeel-loops -ftracer -finline-functions execution test
FAIL: c-c++-common/asan/swapcontext-test-1.c -O3 -g execution test
FAIL: c-c++-common/asan/swapcontext-test-1.c -Os execution test
XPASS: gcc.dg/debug/dwarf2/inline5.c scan-assembler-not \\\\(DIE \\\\(0x([0-9a-f]*)\\\\) DW_TAG_lexical_block\\\\)[^#/!@;\\\\|]*[#/!@;\\\\|]+ +DW_AT.*DW_TAG_lexical_block\\\\)[^#/!@;\\\\|x]*x\\\\1[^#/!@;\\\\|]*[#/!@;\\\\|] +DW_AT_abstract_origin
XPASS: gcc.dg/Wstringop-overflow-43.c pr????? (test for warnings, line 172)
FAIL: gcc.dg/attr-weakref-1.c (test for excess errors)
UNRESOLVED: gcc.dg/attr-weakref-1.c compilation failed to produce executable
FAIL: gcc.dg/ipa/iinline-attr.c scan-ipa-dump inline "hooray[^\\\\n]*inline copy in test"
FAIL: gcc.dg/ipa/ipa-icf-38.c scan-ltrans-tree-dump-not optimized "Function bar"
FAIL: gcc-dg-lto-modref-3-01.exe scan-wpa-ipa-dump modref "parm 1 flags: nodirectescape"
FAIL: gcc-dg-lto-modref-4-01.exe scan-wpa-ipa-dump modref "parm 1 flags: nodirectescape"
FAIL: gcc.dg/lto/modref-3 c_lto_modref-3_0.o-c_lto_modref-3_1.o execute -O2 -flto-partition=max -fdump-ipa-modref -fno-ipa-sra -fno-ipa-cp -flto
FAIL: gcc.dg/lto/modref-4 c_lto_modref-4_0.o-c_lto_modref-4_1.o execute -O2 -flto-partition=max -fdump-ipa-modref -fno-ipa-sra -flto
FAIL: gcc.dg/tree-ssa/scev-3.c scan-tree-dump-times ivopts "&a" 1
FAIL: gcc.dg/tree-ssa/scev-4.c scan-tree-dump-times ivopts "&a" 1
FAIL: gcc.dg/tree-ssa/scev-5.c scan-tree-dump-times ivopts "&a" 1
FAIL: gcc.target/i386/avx512f-pr96891-3.c scan-assembler-times (?n)vpcmp[bwdq][ \\\\t]*\\\\\$7 4
FAIL: gcc.target/i386/pr80569.c (test for excess errors)
FAIL: gcc.target/i386/pr92658-avx512vl.c scan-assembler-times vpmovdw 1
XPASS: gcc.target/i386/pr92658-avx512vl.c scan-assembler-times vpmovdw 2
XPASS: gcc.target/i386/pr92658-avx512vl.c scan-assembler-times vpmovqw 2
=== gcc Summary for unix ===
# of expected passes 155832
# of unexpected failures 30
# of unexpected successes 4
# of expected failures 902
# of unresolved testcases 1
# of unsupported tests 4458
Running target unix/-m64
FAIL: gcc.c-torture/compile/pr61159.c -O0 (test for excess errors)
FAIL: gcc.c-torture/compile/pr61159.c -O1 (test for excess errors)
FAIL: gcc.c-torture/compile/pr61159.c -O2 (test for excess errors)
FAIL: gcc.c-torture/compile/pr61159.c -O2 -flto (test for excess errors)
FAIL: gcc.c-torture/compile/pr61159.c -O2 -flto -flto-partition=none (test for excess errors)
FAIL: gcc.c-torture/compile/pr61159.c -O3 -g (test for excess errors)
FAIL: gcc.c-torture/compile/pr61159.c -Os (test for excess errors)
FAIL: gcc.dg/analyzer/capacity-1.c (test for excess errors)
FAIL: gcc.dg/analyzer/capacity-3.c (test for excess errors)
XPASS: gcc.dg/debug/dwarf2/inline5.c scan-assembler-not \\\\(DIE \\\\(0x([0-9a-f]*)\\\\) DW_TAG_lexical_block\\\\)[^#/!@;\\\\|]*[#/!@;\\\\|]+ +DW_AT.*DW_TAG_lexical_block\\\\)[^#/!@;\\\\|x]*x\\\\1[^#/!@;\\\\|]*[#/!@;\\\\|] +DW_AT_abstract_origin
FAIL: gcc.dg/attr-weakref-1.c (test for excess errors)
UNRESOLVED: gcc.dg/attr-weakref-1.c compilation failed to produce executable
FAIL: gcc.dg/ipa/iinline-attr.c scan-ipa-dump inline "hooray[^\\\\n]*inline copy in test"
FAIL: gcc.dg/ipa/ipa-icf-38.c scan-ltrans-tree-dump-not optimized "Function bar"
FAIL: gcc-dg-lto-modref-3-01.exe scan-wpa-ipa-dump modref "parm 1 flags: nodirectescape"
FAIL: gcc-dg-lto-modref-4-01.exe scan-wpa-ipa-dump modref "parm 1 flags: nodirectescape"
FAIL: gcc.dg/lto/modref-3 c_lto_modref-3_0.o-c_lto_modref-3_1.o execute -O2 -flto-partition=max -fdump-ipa-modref -fno-ipa-sra -fno-ipa-cp -flto
FAIL: gcc.dg/lto/modref-4 c_lto_modref-4_0.o-c_lto_modref-4_1.o execute -O2 -flto-partition=max -fdump-ipa-modref -fno-ipa-sra -flto
XPASS: gcc.dg/tree-ssa/builtin-snprintf-6.c scan-tree-dump-times optimized "Function test_assign_aggregate" 1
FAIL: gcc.target/i386/pr100704-1.c scan-assembler-not pushq
FAIL: gcc.target/i386/pr100704-2.c scan-assembler-not pushq
FAIL: gcc.target/i386/pr61599-1.c (test for excess errors)
UNRESOLVED: gcc.target/i386/pr61599-1.c compilation failed to produce executable
FAIL: gcc.target/i386/pr71321.c scan-assembler-not lea.*0
FAIL: gcc.target/i386/pr80569.c (test for excess errors)
FAIL: gcc.target/i386/pr92658-avx512vl.c scan-assembler-times vpmovdw 1
XPASS: gcc.target/i386/pr92658-avx512vl.c scan-assembler-times vpmovdw 2
XPASS: gcc.target/i386/pr92658-avx512vl.c scan-assembler-times vpmovqw 2
=== gcc Summary for unix/-m64 ===
# of expected passes 156634
# of unexpected failures 22
# of unexpected successes 4
# of expected failures 890
# of unresolved testcases 2
# of unsupported tests 3745
=== gcc Summary ===
# of expected passes 312466
# of unexpected failures 52
# of unexpected successes 8
# of expected failures 1792
# of unresolved testcases 3
# of unsupported tests 8203
/var/gcc/regression/master/11.4-gcc/build/gcc/xgcc version 12.0.0 20210702 (experimental) [master revision 496e1d6a1f973b3952a37163441f9149501dfb26] (GCC)
=== gdc tests ===
Running target unix
=== gdc Summary for unix ===
# of expected passes 3947
# of unsupported tests 1078
Running target unix/-m64
=== gdc Summary for unix/-m64 ===
# of expected passes 3947
# of unsupported tests 1078
=== gdc Summary ===
# of expected passes 7894
# of unsupported tests 2156
/var/gcc/regression/master/11.4-gcc/build/gcc/gdc version 12.0.0 20210702 (experimental) [master revision 496e1d6a1f973b3952a37163441f9149501dfb26] (GCC)
=== gfortran tests ===
Running target unix
FAIL: gfortran.dg/default_format_1.f90 -O0 execution test
FAIL: gfortran.dg/default_format_1.f90 -O1 execution test
FAIL: gfortran.dg/default_format_1.f90 -O2 execution test
FAIL: gfortran.dg/default_format_1.f90 -O3 -fomit-frame-pointer -funroll-loops -fpeel-loops -ftracer -finline-functions execution test
FAIL: gfortran.dg/default_format_1.f90 -O3 -g execution test
FAIL: gfortran.dg/default_format_1.f90 -Os execution test
FAIL: gfortran.dg/fmt_g0_1.f08 -O0 execution test
FAIL: gfortran.dg/fmt_g0_1.f08 -O1 execution test
FAIL: gfortran.dg/fmt_g0_1.f08 -O2 execution test
FAIL: gfortran.dg/fmt_g0_1.f08 -O3 -fomit-frame-pointer -funroll-loops -fpeel-loops -ftracer -finline-functions execution test
FAIL: gfortran.dg/fmt_g0_1.f08 -O3 -g execution test
FAIL: gfortran.dg/fmt_g0_1.f08 -Os execution test
FAIL: gfortran.dg/round_4.f90 -O0 execution test
FAIL: gfortran.dg/round_4.f90 -O1 execution test
FAIL: gfortran.dg/round_4.f90 -O2 execution test
FAIL: gfortran.dg/round_4.f90 -O3 -fomit-frame-pointer -funroll-loops -fpeel-loops -ftracer -finline-functions execution test
FAIL: gfortran.dg/round_4.f90 -O3 -g execution test
FAIL: gfortran.dg/round_4.f90 -Os execution test
=== gfortran Summary for unix ===
# of expected passes 57618
# of unexpected failures 18
# of expected failures 255
# of unsupported tests 214
Running target unix/-m64
=== gfortran Summary for unix/-m64 ===
# of expected passes 57873
# of expected failures 253
# of unsupported tests 99
=== gfortran Summary ===
# of expected passes 115491
# of unexpected failures 18
# of expected failures 508
# of unsupported tests 313
/var/gcc/regression/master/11.4-gcc/build/gcc/gfortran version 12.0.0 20210702 (experimental) [master revision 496e1d6a1f973b3952a37163441f9149501dfb26] (GCC)
=== gnat tests ===
Running target unix
=== gnat Summary for unix ===
# of expected passes 3358
# of expected failures 23
# of unsupported tests 11
Running target unix/-m64
=== gnat Summary for unix/-m64 ===
# of expected passes 3359
# of expected failures 23
# of unsupported tests 9
=== gnat Summary ===
# of expected passes 6717
# of expected failures 46
# of unsupported tests 20
/var/gcc/regression/master/11.4-gcc/build/gcc/gnatmake version 12.0.0 20210702 (experimental) [master revision 496e1d6a1f973b3952a37163441f9149501dfb26]
=== go tests ===
Running target unix
FAIL: ./index0-out.go execution, -O0 -g -fno-var-tracking-assignments
FAIL: go.test/test/fixedbugs/issue10441.go -O (test for excess errors)
WARNING: go.test/test/fixedbugs/issue19182.go execution, -O2 -g program timed out.
FAIL: go.test/test/fixedbugs/issue19182.go execution, -O2 -g
FAIL: go.test/test/fixedbugs/issue27836.dir/Ãfoo.go -O -I. (test for excess errors)
FAIL: go.test/test/fixedbugs/issue27836.dir/Ãmain.go -O -I. (test for excess errors)
FAIL: issue4458.go -O (test for errors, line 19)
FAIL: issue4458.go -O (test for excess errors)
=== go Summary for unix ===
# of expected passes 8990
# of unexpected failures 7
# of untested testcases 10
# of unsupported tests 34
Running target unix/-m64
FAIL: ./index0-out.go execution, -O0 -g -fno-var-tracking-assignments
FAIL: go.test/test/fixedbugs/issue10441.go -O (test for excess errors)
FAIL: go.test/test/fixedbugs/issue23781.go -O (test for excess errors)
FAIL: go.test/test/fixedbugs/issue27836.dir/Ãfoo.go -O -I. (test for excess errors)
FAIL: go.test/test/fixedbugs/issue27836.dir/Ãmain.go -O -I. (test for excess errors)
FAIL: issue4458.go -O (test for errors, line 19)
FAIL: issue4458.go -O (test for excess errors)
=== go Summary for unix/-m64 ===
# of expected passes 8878
# of unexpected failures 7
# of untested testcases 10
# of unsupported tests 28
=== go Summary ===
# of expected passes 17868
# of unexpected failures 14
# of untested testcases 20
# of unsupported tests 62
=== obj-c++ tests ===
Running target unix
=== obj-c++ Summary for unix ===
# of expected passes 1490
# of expected failures 2
# of unsupported tests 77
Running target unix/-m64
=== obj-c++ Summary for unix/-m64 ===
# of expected passes 1482
# of expected failures 10
# of unsupported tests 77
=== obj-c++ Summary ===
# of expected passes 2972
# of expected failures 12
# of unsupported tests 154
/var/gcc/regression/master/11.4-gcc/build/gcc/xg++ version 12.0.0 20210702 (experimental) [master revision 496e1d6a1f973b3952a37163441f9149501dfb26] (GCC)
=== objc tests ===
Running target unix
=== objc Summary for unix ===
# of expected passes 2820
# of expected failures 6
# of unsupported tests 68
Running target unix/-m64
=== objc Summary for unix/-m64 ===
# of expected passes 2820
# of expected failures 6
# of unsupported tests 68
=== objc Summary ===
# of expected passes 5640
# of expected failures 12
# of unsupported tests 136
/var/gcc/regression/master/11.4-gcc/build/gcc/xgcc version 12.0.0 20210702 (experimental) [master revision 496e1d6a1f973b3952a37163441f9149501dfb26] (GCC)
=== gotools tests ===
FAIL: TestScript
FAIL: go test cmd/go
FAIL: TestAbort
FAIL: TestGccgoCrashTracebackNodebug
FAIL: TestMemmoveAtomicity
FAIL: TestSelectStackAdjust
FAIL: TestSpuriousWakeupsNeverHangSemasleep
FAIL: go test runtime
=== gotools Summary ===
# of expected passes 385
# of unexpected failures 8
# of untested testcases 123
/var/gcc/regression/master/11.4-gcc/build/./gcc/gccgo version 12.0.0 20210702 (experimental) [master revision 496e1d6a1f973b3952a37163441f9149501dfb26] (GCC)
=== libatomic tests ===
Running target unix
=== libatomic Summary for unix ===
# of expected passes 44
# of unsupported tests 5
Running target unix/-m64
=== libatomic Summary for unix/-m64 ===
# of expected passes 54
=== libatomic Summary ===
# of expected passes 98
# of unsupported tests 5
=== libffi tests ===
Running target unix
=== libffi Summary for unix ===
# of expected passes 2814
Running target unix/-m64
=== libffi Summary for unix/-m64 ===
# of expected passes 2229
=== libffi Summary ===
# of expected passes 5043
=== libgo tests ===
Running target unix
FAIL: runtime
FAIL: time
=== libgo Summary for unix ===
# of expected passes 182
# of unexpected failures 2
Running target unix/-m64
=== libgo Summary for unix/-m64 ===
# of expected passes 184
=== libgo Summary ===
# of expected passes 366
# of unexpected failures 2
/var/gcc/regression/master/11.4-gcc/build/./gcc/gccgo version 12.0.0 20210702 (experimental) [master revision 496e1d6a1f973b3952a37163441f9149501dfb26] (GCC)
=== libgomp tests ===
Running target unix
WARNING: libgomp.c++/task-reduction-10.C execution test program timed out.
FAIL: libgomp.c++/task-reduction-10.C execution test
FAIL: libgomp.oacc-c++/../libgomp.oacc-c-c++-common/host_data-7.c -DACC_DEVICE_TYPE_host=1 -DACC_MEM_SHARED=1 -foffload=disable -O2 (test for excess errors)
FAIL: libgomp.oacc-c/../libgomp.oacc-c-c++-common/host_data-7.c -DACC_DEVICE_TYPE_host=1 -DACC_MEM_SHARED=1 -foffload=disable -O2 (test for excess errors)
=== libgomp Summary for unix ===
# of expected passes 11415
# of unexpected failures 3
# of expected failures 104
# of unsupported tests 609
Running target unix/-m64
WARNING: libgomp.c++/task-reduction-10.C execution test program timed out.
FAIL: libgomp.c++/task-reduction-10.C execution test
WARNING: libgomp.c++/task-reduction-13.C execution test program timed out.
FAIL: libgomp.c++/task-reduction-13.C execution test
WARNING: libgomp.c++/task-reduction-8.C execution test program timed out.
FAIL: libgomp.c++/task-reduction-8.C execution test
FAIL: libgomp.oacc-c++/../libgomp.oacc-c-c++-common/host_data-7.c -DACC_DEVICE_TYPE_host=1 -DACC_MEM_SHARED=1 -foffload=disable -O2 (test for excess errors)
FAIL: libgomp.oacc-c/../libgomp.oacc-c-c++-common/host_data-7.c -DACC_DEVICE_TYPE_host=1 -DACC_MEM_SHARED=1 -foffload=disable -O2 (test for excess errors)
=== libgomp Summary for unix/-m64 ===
# of expected passes 11414
# of unexpected failures 5
# of expected failures 104
# of unsupported tests 608
=== libgomp Summary ===
# of expected passes 22829
# of unexpected failures 8
# of expected failures 208
# of unsupported tests 1217
=== libitm tests ===
Running target unix
=== libitm Summary for unix ===
# of expected passes 44
# of expected failures 3
# of unsupported tests 1
Running target unix/-m64
=== libitm Summary for unix/-m64 ===
# of expected passes 44
# of expected failures 3
# of unsupported tests 1
=== libitm Summary ===
# of expected passes 88
# of expected failures 6
# of unsupported tests 2
=== libstdc++ tests ===
Running target unix
FAIL: 17_intro/names.cc (test for excess errors)
WARNING: 29_atomics/atomic_integral/wait_notify.cc execution test program timed out.
FAIL: 29_atomics/atomic_integral/wait_notify.cc execution test
FAIL: 30_threads/future/members/poll.cc execution test
WARNING: 30_threads/semaphore/try_acquire_posix.cc execution test program timed out.
FAIL: 30_threads/semaphore/try_acquire_posix.cc execution test
FAIL: experimental/names.cc (test for excess errors)
FAIL: ext/random/k_distribution/operators/serialize.cc execution test
=== libstdc++ Summary for unix ===
# of expected passes 14783
# of unexpected failures 6
# of expected failures 96
# of unsupported tests 717
Running target unix/-m64
FAIL: 17_intro/names.cc (test for excess errors)
WARNING: 29_atomics/atomic_integral/wait_notify.cc execution test program timed out.
FAIL: 29_atomics/atomic_integral/wait_notify.cc execution test
WARNING: 29_atomics/atomic_ref/wait_notify.cc execution test program timed out.
FAIL: 29_atomics/atomic_ref/wait_notify.cc execution test
FAIL: 30_threads/future/members/poll.cc execution test
WARNING: 30_threads/semaphore/try_acquire_until.cc execution test program timed out.
FAIL: 30_threads/semaphore/try_acquire_until.cc execution test
FAIL: experimental/names.cc (test for excess errors)
=== libstdc++ Summary for unix/-m64 ===
# of expected passes 14771
# of unexpected failures 6
# of expected failures 96
# of unsupported tests 723
=== libstdc++ Summary ===
# of expected passes 29554
# of unexpected failures 12
# of expected failures 192
# of unsupported tests 1440
Compiler version: 12.0.0 20210702 (experimental) [master revision 496e1d6a1f973b3952a37163441f9149501dfb26] (GCC)
Platform: i386-pc-solaris2.11
configure flags: --prefix=/vol/gcc --target=i386-pc-solaris2.11 --enable-objc-gc --with-target-bdw-gc-include=/vol/gcc/include --with-target-bdw-gc-lib=/vol/gcc/lib,amd64=/vol/gcc/lib/amd64 --with-as=/usr/ccs/bin/as --without-gnu-as --with-gmp-include=/vol/gcc/include --with-gmp-lib=/vol/gcc/lib --with-mpfr-include=/vol/gcc/include --with-mpfr-lib=/vol/gcc/lib --with-mpc-include=/vol/gcc/include --with-mpc-lib=/vol/gcc/lib --enable-languages=all,ada,obj-c++,go --with-isl-include=/vol/gcc/include --with-isl-lib=/vol/gcc/lib --with-zstd-include=/vol/gcc/include --with-zstd-lib=/vol/gcc/lib --build=i386-pc-solaris2.11 --host=i386-pc-solaris2.11
BOOT_CFLAGS=-g -O2
More information about the Gcc-testresults
mailing list