Results for 12.0.0 (DEFMODE=default DEFCPU=default DEFFPU=default TESTFLAGS=-mthumb/-mfloat-abi=hard/-march=armv8-m.main+fp+dsp) [r12-1969] (GCC) testsuite on arm-none-eabi
Christophe LYON
christophe.lyon@foss.st.com
Fri Jul 2 02:50:11 GMT 2021
LAST_UPDATED: Fri Jul 2 00:32:00 UTC 2021 (revision r12-1969-gbea7c16a467cd1278375df261e4bc1d2d6e48d3b) TARGET=arm-none-eabi CPU=default FPU=default MODE=default
Target is arm-none-eabi
Host is arm-none-eabi
=== libstdc++ tests ===
Running target myarm-sim/-mthumb/-mfloat-abi=hard/-march=armv8-m.main+fp+dsp
FAIL: 27_io/basic_filebuf/underflow/wchar_t/11603.cc execution test
FAIL: 27_io/basic_fstream/53984.cc execution test
FAIL: abi/header_cxxabi.c (test for excess errors)
FAIL: experimental/net/headers.cc (test for excess errors)
FAIL: experimental/net/socket/basic_socket.cc (test for excess errors)
FAIL: experimental/net/socket/socket_base.cc (test for excess errors)
UNRESOLVED: experimental/net/socket/socket_base.cc compilation failed to produce executable
XPASS: ext/stdio_filebuf/char/10063-2.cc execution test
XPASS: ext/stdio_filebuf/char/10063-3.cc execution test
=== libstdc++ Summary ===
# of expected passes 12848
# of unexpected failures 6
# of unexpected successes 2
# of expected failures 101
# of unresolved testcases 1
# of unsupported tests 914
Host is x86_64-pc-linux-gnu
=== gcc tests ===
Running target myarm-sim/-mthumb/-mfloat-abi=hard/-march=armv8-m.main+fp+dsp
FAIL: gcc.dg/debug/btf/btf-bitfields-3.c scan-assembler-times [\\t ]0x2[\\t ]+[^\\n]*btm_type 1
XPASS: gcc.dg/Wstringop-overflow-43.c pr????? (test for warnings, line 172)
FAIL: gcc.dg/fixed-point/composite-type.c (test for excess errors)
FAIL: gcc.dg/lto/20081224 c_lto_20081224_0.o-c_lto_20081224_1.o link, -flto -flto-partition=1to1 -r -nostdlib -fPIC
FAIL: gcc.dg/torture/stackalign/builtin-apply-4.c -O2 -flto -fuse-linker-plugin -fno-fat-lto-objects execution test
FAIL: gcc.dg/torture/stackalign/builtin-apply-4.c -O2 -flto -fuse-linker-plugin -fno-fat-lto-objects -fpic execution test
FAIL: gcc.dg/tree-ssa/gen-vect-26.c scan-tree-dump-times vect "Alignment of access forced using peeling" 1
FAIL: gcc.dg/tree-ssa/gen-vect-26.c scan-tree-dump-times vect "Vectorizing an unaligned access" 0
FAIL: gcc.dg/tree-ssa/gen-vect-28.c scan-tree-dump-times vect "Alignment of access forced using peeling" 1
FAIL: gcc.dg/tree-ssa/gen-vect-28.c scan-tree-dump-times vect "Vectorizing an unaligned access" 0
FAIL: gcc.dg/tree-ssa/scev-3.c scan-tree-dump-times ivopts "&a" 1
FAIL: gcc.dg/tree-ssa/scev-5.c scan-tree-dump-times ivopts "&a" 1
FAIL: gcc.dg/vect/complex/bb-slp-complex-add-pattern-long.c -flto -ffat-lto-objects scan-tree-dump-times slp1 "stmt.*COMPLEX_ADD_ROT270" 1
FAIL: gcc.dg/vect/complex/bb-slp-complex-add-pattern-long.c -flto -ffat-lto-objects scan-tree-dump-times slp1 "stmt.*COMPLEX_ADD_ROT90" 1
FAIL: gcc.dg/vect/complex/bb-slp-complex-add-pattern-long.c scan-tree-dump-times slp1 "stmt.*COMPLEX_ADD_ROT270" 1
FAIL: gcc.dg/vect/complex/bb-slp-complex-add-pattern-long.c scan-tree-dump-times slp1 "stmt.*COMPLEX_ADD_ROT90" 1
FAIL: gcc.dg/vect/complex/vect-complex-add-pattern-long.c -flto -ffat-lto-objects scan-tree-dump-times vect "stmt.*COMPLEX_ADD_ROT270" 1
FAIL: gcc.dg/vect/complex/vect-complex-add-pattern-long.c -flto -ffat-lto-objects scan-tree-dump-times vect "stmt.*COMPLEX_ADD_ROT90" 1
FAIL: gcc.dg/vect/complex/vect-complex-add-pattern-long.c scan-tree-dump-times vect "stmt.*COMPLEX_ADD_ROT270" 1
FAIL: gcc.dg/vect/complex/vect-complex-add-pattern-long.c scan-tree-dump-times vect "stmt.*COMPLEX_ADD_ROT90" 1
FAIL: gcc.dg/vect/complex/vect-complex-add-pattern-unsigned-long.c -flto -ffat-lto-objects scan-tree-dump-times vect "stmt.*COMPLEX_ADD_ROT270" 1
FAIL: gcc.dg/vect/complex/vect-complex-add-pattern-unsigned-long.c -flto -ffat-lto-objects scan-tree-dump-times vect "stmt.*COMPLEX_ADD_ROT90" 1
FAIL: gcc.dg/vect/complex/vect-complex-add-pattern-unsigned-long.c scan-tree-dump-times vect "stmt.*COMPLEX_ADD_ROT270" 1
FAIL: gcc.dg/vect/complex/vect-complex-add-pattern-unsigned-long.c scan-tree-dump-times vect "stmt.*COMPLEX_ADD_ROT90" 1
FAIL: gcc.dg/vect/bb-slp-44.c -flto -ffat-lto-objects execution test
FAIL: gcc.dg/vect/bb-slp-44.c execution test
FAIL: gcc.dg/vect/bb-slp-71.c -flto -ffat-lto-objects execution test
FAIL: gcc.dg/vect/bb-slp-71.c execution test
FAIL: gcc.dg/vect/bb-slp-72.c -flto -ffat-lto-objects execution test
FAIL: gcc.dg/vect/bb-slp-72.c execution test
FAIL: gcc.dg/vect/bb-slp-73.c -flto -ffat-lto-objects execution test
FAIL: gcc.dg/vect/bb-slp-73.c execution test
FAIL: gcc.dg/vect/bb-slp-74.c -flto -ffat-lto-objects scan-tree-dump-times slp2 " [^ ]+ = VEC_PERM_EXPR" 1
FAIL: gcc.dg/vect/bb-slp-74.c -flto -ffat-lto-objects execution test
FAIL: gcc.dg/vect/bb-slp-74.c execution test
FAIL: gcc.dg/vect/bb-slp-74.c scan-tree-dump-times slp2 " [^ ]+ = VEC_PERM_EXPR" 1
FAIL: gcc.dg/vect/bb-slp-pr101207.c -flto -ffat-lto-objects execution test
FAIL: gcc.dg/vect/bb-slp-pr101207.c execution test
FAIL: gcc.dg/vect/bb-slp-pr54400.c -flto -ffat-lto-objects execution test
FAIL: gcc.dg/vect/bb-slp-pr54400.c execution test
FAIL: gcc.dg/vect/bb-slp-pr98516-1.c -flto -ffat-lto-objects execution test
FAIL: gcc.dg/vect/bb-slp-pr98516-1.c execution test
FAIL: gcc.dg/vect/bb-slp-pr98516-2.c -flto -ffat-lto-objects execution test
FAIL: gcc.dg/vect/bb-slp-pr98516-2.c execution test
FAIL: gcc.dg/vect/bb-slp-pr98544.c -flto -ffat-lto-objects execution test
FAIL: gcc.dg/vect/bb-slp-pr98544.c execution test
FAIL: gcc.dg/vect/pr96783-1.c -flto -ffat-lto-objects execution test
FAIL: gcc.dg/vect/pr96783-1.c execution test
FAIL: gcc.dg/vect/pr96783-2.c -flto -ffat-lto-objects execution test
FAIL: gcc.dg/vect/pr96783-2.c execution test
FAIL: gcc.dg/vect/pr97428.c -flto -ffat-lto-objects scan-tree-dump vect "Detected interleaving load of size 8"
FAIL: gcc.dg/vect/pr97428.c -flto -ffat-lto-objects scan-tree-dump vect "Detected interleaving store of size 16"
FAIL: gcc.dg/vect/pr97428.c -flto -ffat-lto-objects scan-tree-dump-times vect "vectorizing stmts using SLP" 2
FAIL: gcc.dg/vect/pr97428.c scan-tree-dump vect "Detected interleaving load of size 8"
FAIL: gcc.dg/vect/pr97428.c scan-tree-dump vect "Detected interleaving store of size 16"
FAIL: gcc.dg/vect/pr97428.c scan-tree-dump-times vect "vectorizing stmts using SLP" 2
FAIL: gcc.dg/vect/pr97558-2.c -flto -ffat-lto-objects execution test
FAIL: gcc.dg/vect/pr97558-2.c execution test
FAIL: gcc.dg/vect/pr99253.c -flto -ffat-lto-objects execution test
FAIL: gcc.dg/vect/pr99253.c execution test
FAIL: gcc.dg/vect/vect-cond-13.c -flto -ffat-lto-objects execution test
FAIL: gcc.dg/vect/vect-cond-13.c execution test
FAIL: outputs-22 exe savetmp namedb-2: outputs.ld1_args
FAIL: outputs-23 exe savetmp named2-2: outputs.ld1_args
FAIL: outputs-24 exe savetmp named2-3: outputs.ld1_args
FAIL: outputs-25 exe savetmp named2-4: outputs.ld1_args
FAIL: outputs-294 lto sing unnamed-3: a.ld1_args
FAIL: outputs-294 lto sing unnamed-3: a.ld_args
UNRESOLVED: gcc.target/aarch64/advsimd-intrinsics/vld1x2.c -O0 compilation failed to produce executable
UNRESOLVED: gcc.target/aarch64/advsimd-intrinsics/vld1x2.c -O1 compilation failed to produce executable
UNRESOLVED: gcc.target/aarch64/advsimd-intrinsics/vld1x2.c -O2 compilation failed to produce executable
UNRESOLVED: gcc.target/aarch64/advsimd-intrinsics/vld1x2.c -O2 -flto -fno-use-linker-plugin -flto-partition=none compilation failed to produce executable
UNRESOLVED: gcc.target/aarch64/advsimd-intrinsics/vld1x2.c -O2 -flto -fuse-linker-plugin -fno-fat-lto-objects compilation failed to produce executable
UNRESOLVED: gcc.target/aarch64/advsimd-intrinsics/vld1x2.c -O3 -fomit-frame-pointer -funroll-loops -fpeel-loops -ftracer -finline-functions compilation failed to produce executable
UNRESOLVED: gcc.target/aarch64/advsimd-intrinsics/vld1x2.c -O3 -g compilation failed to produce executable
UNRESOLVED: gcc.target/aarch64/advsimd-intrinsics/vld1x2.c -Og -g compilation failed to produce executable
UNRESOLVED: gcc.target/aarch64/advsimd-intrinsics/vld1x2.c -Os compilation failed to produce executable
UNRESOLVED: gcc.target/aarch64/advsimd-intrinsics/vld1x3.c -O0 compilation failed to produce executable
UNRESOLVED: gcc.target/aarch64/advsimd-intrinsics/vld1x3.c -O1 compilation failed to produce executable
UNRESOLVED: gcc.target/aarch64/advsimd-intrinsics/vld1x3.c -O2 compilation failed to produce executable
UNRESOLVED: gcc.target/aarch64/advsimd-intrinsics/vld1x3.c -O2 -flto -fno-use-linker-plugin -flto-partition=none compilation failed to produce executable
UNRESOLVED: gcc.target/aarch64/advsimd-intrinsics/vld1x3.c -O2 -flto -fuse-linker-plugin -fno-fat-lto-objects compilation failed to produce executable
UNRESOLVED: gcc.target/aarch64/advsimd-intrinsics/vld1x3.c -O3 -fomit-frame-pointer -funroll-loops -fpeel-loops -ftracer -finline-functions compilation failed to produce executable
UNRESOLVED: gcc.target/aarch64/advsimd-intrinsics/vld1x3.c -O3 -g compilation failed to produce executable
UNRESOLVED: gcc.target/aarch64/advsimd-intrinsics/vld1x3.c -Og -g compilation failed to produce executable
UNRESOLVED: gcc.target/aarch64/advsimd-intrinsics/vld1x3.c -Os compilation failed to produce executable
UNRESOLVED: gcc.target/aarch64/advsimd-intrinsics/vld1x4.c -O0 compilation failed to produce executable
UNRESOLVED: gcc.target/aarch64/advsimd-intrinsics/vld1x4.c -O1 compilation failed to produce executable
UNRESOLVED: gcc.target/aarch64/advsimd-intrinsics/vld1x4.c -O2 compilation failed to produce executable
UNRESOLVED: gcc.target/aarch64/advsimd-intrinsics/vld1x4.c -O2 -flto -fno-use-linker-plugin -flto-partition=none compilation failed to produce executable
UNRESOLVED: gcc.target/aarch64/advsimd-intrinsics/vld1x4.c -O2 -flto -fuse-linker-plugin -fno-fat-lto-objects compilation failed to produce executable
UNRESOLVED: gcc.target/aarch64/advsimd-intrinsics/vld1x4.c -O3 -fomit-frame-pointer -funroll-loops -fpeel-loops -ftracer -finline-functions compilation failed to produce executable
UNRESOLVED: gcc.target/aarch64/advsimd-intrinsics/vld1x4.c -O3 -g compilation failed to produce executable
UNRESOLVED: gcc.target/aarch64/advsimd-intrinsics/vld1x4.c -Og -g compilation failed to produce executable
UNRESOLVED: gcc.target/aarch64/advsimd-intrinsics/vld1x4.c -Os compilation failed to produce executable
FAIL: gcc.target/aarch64/advsimd-intrinsics/vld2q_lane_bf16_indices_1.c -O0 (test for excess errors)
FAIL: gcc.target/aarch64/advsimd-intrinsics/vld2q_lane_bf16_indices_1.c -O1 (test for excess errors)
FAIL: gcc.target/aarch64/advsimd-intrinsics/vld2q_lane_bf16_indices_1.c -O2 (test for excess errors)
FAIL: gcc.target/aarch64/advsimd-intrinsics/vld2q_lane_bf16_indices_1.c -O2 -flto -fno-use-linker-plugin -flto-partition=none (test for excess errors)
FAIL: gcc.target/aarch64/advsimd-intrinsics/vld2q_lane_bf16_indices_1.c -O3 -g (test for excess errors)
FAIL: gcc.target/aarch64/advsimd-intrinsics/vld2q_lane_bf16_indices_1.c -Og -g (test for excess errors)
FAIL: gcc.target/aarch64/advsimd-intrinsics/vld2q_lane_bf16_indices_1.c -Os (test for excess errors)
FAIL: gcc.target/aarch64/advsimd-intrinsics/vld3q_lane_bf16_indices_1.c -O0 (test for excess errors)
FAIL: gcc.target/aarch64/advsimd-intrinsics/vld3q_lane_bf16_indices_1.c -O1 (test for excess errors)
FAIL: gcc.target/aarch64/advsimd-intrinsics/vld3q_lane_bf16_indices_1.c -O2 (test for excess errors)
FAIL: gcc.target/aarch64/advsimd-intrinsics/vld3q_lane_bf16_indices_1.c -O2 -flto -fno-use-linker-plugin -flto-partition=none (test for excess errors)
FAIL: gcc.target/aarch64/advsimd-intrinsics/vld3q_lane_bf16_indices_1.c -O3 -g (test for excess errors)
FAIL: gcc.target/aarch64/advsimd-intrinsics/vld3q_lane_bf16_indices_1.c -Og -g (test for excess errors)
FAIL: gcc.target/aarch64/advsimd-intrinsics/vld3q_lane_bf16_indices_1.c -Os (test for excess errors)
FAIL: gcc.target/aarch64/advsimd-intrinsics/vld4q_lane_bf16_indices_1.c -O0 (test for excess errors)
FAIL: gcc.target/aarch64/advsimd-intrinsics/vld4q_lane_bf16_indices_1.c -O1 (test for excess errors)
FAIL: gcc.target/aarch64/advsimd-intrinsics/vld4q_lane_bf16_indices_1.c -O2 (test for excess errors)
FAIL: gcc.target/aarch64/advsimd-intrinsics/vld4q_lane_bf16_indices_1.c -O2 -flto -fno-use-linker-plugin -flto-partition=none (test for excess errors)
FAIL: gcc.target/aarch64/advsimd-intrinsics/vld4q_lane_bf16_indices_1.c -O3 -g (test for excess errors)
FAIL: gcc.target/aarch64/advsimd-intrinsics/vld4q_lane_bf16_indices_1.c -Og -g (test for excess errors)
FAIL: gcc.target/aarch64/advsimd-intrinsics/vld4q_lane_bf16_indices_1.c -Os (test for excess errors)
UNRESOLVED: gcc.target/aarch64/advsimd-intrinsics/vst1x2.c -O0 compilation failed to produce executable
UNRESOLVED: gcc.target/aarch64/advsimd-intrinsics/vst1x2.c -O1 compilation failed to produce executable
UNRESOLVED: gcc.target/aarch64/advsimd-intrinsics/vst1x2.c -O2 compilation failed to produce executable
UNRESOLVED: gcc.target/aarch64/advsimd-intrinsics/vst1x2.c -O2 -flto -fno-use-linker-plugin -flto-partition=none compilation failed to produce executable
UNRESOLVED: gcc.target/aarch64/advsimd-intrinsics/vst1x2.c -O2 -flto -fuse-linker-plugin -fno-fat-lto-objects compilation failed to produce executable
UNRESOLVED: gcc.target/aarch64/advsimd-intrinsics/vst1x2.c -O3 -fomit-frame-pointer -funroll-loops -fpeel-loops -ftracer -finline-functions compilation failed to produce executable
UNRESOLVED: gcc.target/aarch64/advsimd-intrinsics/vst1x2.c -O3 -g compilation failed to produce executable
UNRESOLVED: gcc.target/aarch64/advsimd-intrinsics/vst1x2.c -Og -g compilation failed to produce executable
UNRESOLVED: gcc.target/aarch64/advsimd-intrinsics/vst1x2.c -Os compilation failed to produce executable
UNRESOLVED: gcc.target/aarch64/advsimd-intrinsics/vst1x3.c -O0 compilation failed to produce executable
UNRESOLVED: gcc.target/aarch64/advsimd-intrinsics/vst1x3.c -O1 compilation failed to produce executable
UNRESOLVED: gcc.target/aarch64/advsimd-intrinsics/vst1x3.c -O2 compilation failed to produce executable
UNRESOLVED: gcc.target/aarch64/advsimd-intrinsics/vst1x3.c -O2 -flto -fno-use-linker-plugin -flto-partition=none compilation failed to produce executable
UNRESOLVED: gcc.target/aarch64/advsimd-intrinsics/vst1x3.c -O2 -flto -fuse-linker-plugin -fno-fat-lto-objects compilation failed to produce executable
UNRESOLVED: gcc.target/aarch64/advsimd-intrinsics/vst1x3.c -O3 -fomit-frame-pointer -funroll-loops -fpeel-loops -ftracer -finline-functions compilation failed to produce executable
UNRESOLVED: gcc.target/aarch64/advsimd-intrinsics/vst1x3.c -O3 -g compilation failed to produce executable
UNRESOLVED: gcc.target/aarch64/advsimd-intrinsics/vst1x3.c -Og -g compilation failed to produce executable
UNRESOLVED: gcc.target/aarch64/advsimd-intrinsics/vst1x3.c -Os compilation failed to produce executable
UNRESOLVED: gcc.target/aarch64/advsimd-intrinsics/vst1x4.c -O0 compilation failed to produce executable
UNRESOLVED: gcc.target/aarch64/advsimd-intrinsics/vst1x4.c -O1 compilation failed to produce executable
UNRESOLVED: gcc.target/aarch64/advsimd-intrinsics/vst1x4.c -O2 compilation failed to produce executable
UNRESOLVED: gcc.target/aarch64/advsimd-intrinsics/vst1x4.c -O2 -flto -fno-use-linker-plugin -flto-partition=none compilation failed to produce executable
UNRESOLVED: gcc.target/aarch64/advsimd-intrinsics/vst1x4.c -O2 -flto -fuse-linker-plugin -fno-fat-lto-objects compilation failed to produce executable
UNRESOLVED: gcc.target/aarch64/advsimd-intrinsics/vst1x4.c -O3 -fomit-frame-pointer -funroll-loops -fpeel-loops -ftracer -finline-functions compilation failed to produce executable
UNRESOLVED: gcc.target/aarch64/advsimd-intrinsics/vst1x4.c -O3 -g compilation failed to produce executable
UNRESOLVED: gcc.target/aarch64/advsimd-intrinsics/vst1x4.c -Og -g compilation failed to produce executable
UNRESOLVED: gcc.target/aarch64/advsimd-intrinsics/vst1x4.c -Os compilation failed to produce executable
FAIL: gcc.target/aarch64/advsimd-intrinsics/vst2q_lane_bf16_indices_1.c -O0 (test for excess errors)
FAIL: gcc.target/aarch64/advsimd-intrinsics/vst2q_lane_bf16_indices_1.c -O1 (test for excess errors)
FAIL: gcc.target/aarch64/advsimd-intrinsics/vst2q_lane_bf16_indices_1.c -O2 (test for excess errors)
FAIL: gcc.target/aarch64/advsimd-intrinsics/vst2q_lane_bf16_indices_1.c -O2 -flto -fno-use-linker-plugin -flto-partition=none (test for excess errors)
FAIL: gcc.target/aarch64/advsimd-intrinsics/vst2q_lane_bf16_indices_1.c -O3 -g (test for excess errors)
FAIL: gcc.target/aarch64/advsimd-intrinsics/vst2q_lane_bf16_indices_1.c -Og -g (test for excess errors)
FAIL: gcc.target/aarch64/advsimd-intrinsics/vst2q_lane_bf16_indices_1.c -Os (test for excess errors)
FAIL: gcc.target/aarch64/advsimd-intrinsics/vst3q_lane_bf16_indices_1.c -O0 (test for excess errors)
FAIL: gcc.target/aarch64/advsimd-intrinsics/vst3q_lane_bf16_indices_1.c -O1 (test for excess errors)
FAIL: gcc.target/aarch64/advsimd-intrinsics/vst3q_lane_bf16_indices_1.c -O2 (test for excess errors)
FAIL: gcc.target/aarch64/advsimd-intrinsics/vst3q_lane_bf16_indices_1.c -O2 -flto -fno-use-linker-plugin -flto-partition=none (test for excess errors)
FAIL: gcc.target/aarch64/advsimd-intrinsics/vst3q_lane_bf16_indices_1.c -O3 -g (test for excess errors)
FAIL: gcc.target/aarch64/advsimd-intrinsics/vst3q_lane_bf16_indices_1.c -Og -g (test for excess errors)
FAIL: gcc.target/aarch64/advsimd-intrinsics/vst3q_lane_bf16_indices_1.c -Os (test for excess errors)
FAIL: gcc.target/aarch64/advsimd-intrinsics/vst4q_lane_bf16_indices_1.c -O0 (test for excess errors)
FAIL: gcc.target/aarch64/advsimd-intrinsics/vst4q_lane_bf16_indices_1.c -O1 (test for excess errors)
FAIL: gcc.target/aarch64/advsimd-intrinsics/vst4q_lane_bf16_indices_1.c -O2 (test for excess errors)
FAIL: gcc.target/aarch64/advsimd-intrinsics/vst4q_lane_bf16_indices_1.c -O2 -flto -fno-use-linker-plugin -flto-partition=none (test for excess errors)
FAIL: gcc.target/aarch64/advsimd-intrinsics/vst4q_lane_bf16_indices_1.c -O3 -g (test for excess errors)
FAIL: gcc.target/aarch64/advsimd-intrinsics/vst4q_lane_bf16_indices_1.c -Og -g (test for excess errors)
FAIL: gcc.target/aarch64/advsimd-intrinsics/vst4q_lane_bf16_indices_1.c -Os (test for excess errors)
FAIL: gcc.target/arm/aapcs/vfp18.c execution test
FAIL: gcc.target/arm/aapcs/vfp19.c execution test
FAIL: gcc.target/arm/aapcs/vfp22.c execution test
FAIL: gcc.target/arm/aapcs/vfp23.c execution test
FAIL: gcc.target/arm/acle/pr100856.c -O0 execution test
FAIL: gcc.target/arm/acle/pr100856.c -O1 execution test
FAIL: gcc.target/arm/acle/pr100856.c -O2 execution test
FAIL: gcc.target/arm/acle/pr100856.c -O3 -g execution test
FAIL: gcc.target/arm/acle/pr100856.c -Os execution test
FAIL: gcc.target/arm/acle/pr100856.c -O2 -flto -fno-use-linker-plugin -flto-partition=none -ffat-lto-objects execution test
FAIL: gcc.target/arm/acle/pr100856.c -O2 -flto -fuse-linker-plugin -fno-fat-lto-objects -ffat-lto-objects execution test
FAIL: gcc.target/arm/addr-modes-float.c scan-assembler vst3.8\\t{d[02468], d[02468], d[02468]}, \\\\[r[0-9]+\\\\]!
FAIL: gcc.target/arm/attr-crypto.c (test for excess errors)
UNRESOLVED: gcc.target/arm/attr-crypto.c scan-assembler sha256su0.32\\tq[0-9]+, q[0-9]+
FAIL: gcc.target/arm/cortex-m55-nodsp-flag-hard.c scan-assembler .arch_extension fp
FAIL: gcc.target/arm/cortex-m55-nodsp-flag-hard.c scan-assembler .arch_extension fp.dp
FAIL: gcc.target/arm/cortex-m55-nodsp-flag-hard.c scan-assembler .fpu fpv5-d16
FAIL: gcc.target/arm/cortex-m55-nodsp-flag-hard.c scan-assembler-not .arch_extension dsp
FAIL: gcc.target/arm/cortex-m55-nodsp-flag-softfp.c scan-assembler .arch_extension fp
FAIL: gcc.target/arm/cortex-m55-nodsp-flag-softfp.c scan-assembler .arch_extension fp.dp
FAIL: gcc.target/arm/cortex-m55-nodsp-flag-softfp.c scan-assembler .fpu fpv5-d16
FAIL: gcc.target/arm/cortex-m55-nodsp-flag-softfp.c scan-assembler-not .arch_extension dsp
FAIL: gcc.target/arm/cortex-m55-nodsp-nofp-flag-softfp.c scan-assembler .fpu softvfp
FAIL: gcc.target/arm/cortex-m55-nodsp-nofp-flag-softfp.c scan-assembler-not .arch_extension dsp
FAIL: gcc.target/arm/cortex-m55-nofp-flag-hard.c scan-assembler .arch_extension mve
FAIL: gcc.target/arm/cortex-m55-nofp-flag-hard.c scan-assembler-not .fpu
FAIL: gcc.target/arm/cortex-m55-nofp-flag-softfp.c scan-assembler .arch_extension mve
FAIL: gcc.target/arm/cortex-m55-nofp-flag-softfp.c scan-assembler-not .fpu
FAIL: gcc.target/arm/cortex-m55-nofp-nomve-flag-softfp.c scan-assembler-not .fpu
FAIL: gcc.target/arm/cortex-m55-nomve-flag-hard.c scan-assembler .arch_extension fp
FAIL: gcc.target/arm/cortex-m55-nomve-flag-hard.c scan-assembler .arch_extension fp.dp
FAIL: gcc.target/arm/cortex-m55-nomve-flag-hard.c scan-assembler .fpu fpv5-d16
FAIL: gcc.target/arm/cortex-m55-nomve-flag-softfp.c scan-assembler .arch_extension fp
FAIL: gcc.target/arm/cortex-m55-nomve-flag-softfp.c scan-assembler .arch_extension fp.dp
FAIL: gcc.target/arm/cortex-m55-nomve-flag-softfp.c scan-assembler .fpu fpv5-d16
FAIL: gcc.target/arm/cortex-m55-nomve.fp-flag-hard.c scan-assembler .arch_extension fp
FAIL: gcc.target/arm/cortex-m55-nomve.fp-flag-hard.c scan-assembler .arch_extension fp.dp
FAIL: gcc.target/arm/cortex-m55-nomve.fp-flag-hard.c scan-assembler .arch_extension mve
FAIL: gcc.target/arm/cortex-m55-nomve.fp-flag-hard.c scan-assembler .fpu fpv5-d16
FAIL: gcc.target/arm/cortex-m55-nomve.fp-flag-softfp.c scan-assembler .arch_extension fp
FAIL: gcc.target/arm/cortex-m55-nomve.fp-flag-softfp.c scan-assembler .arch_extension fp.dp
FAIL: gcc.target/arm/cortex-m55-nomve.fp-flag-softfp.c scan-assembler .arch_extension mve
FAIL: gcc.target/arm/cortex-m55-nomve.fp-flag-softfp.c scan-assembler .fpu fpv5-d16
UNRESOLVED: gcc.target/arm/lp1243022.c scan-rtl-dump subreg2 "REG_INC"
FAIL: gcc.target/arm/pr43920-2.c scan-assembler-times pop 2
FAIL: gcc.target/arm/pr45701-2.c scan-assembler push\\t{r3
FAIL: gcc.target/arm/pr45701-3.c scan-assembler push\\t.*r8
FAIL: gcc.target/arm/pr59575.c (test for excess errors)
FAIL: gcc.target/arm/pr60650-2.c (test for excess errors)
FAIL: gcc.target/arm/pr60657.c (test for excess errors)
FAIL: gcc.target/arm/pr60663.c (test for excess errors)
FAIL: gcc.target/arm/pr81863.c (test for excess errors)
UNRESOLVED: gcc.target/arm/pr81863.c scan-assembler-not [\\\\t ]+movw
FAIL: gcc.target/arm/pr98931.c (test for excess errors)
UNRESOLVED: gcc.target/arm/pr98931.c scan-assembler-not le\\\\slr,\\\\s\\\\S*
FAIL: gcc.target/arm/reg_equal_test.c scan-rtl-dump expand "expr_list:REG_EQUAL \\\\(const_int -942519458"
FAIL: gcc.target/arm/thumb-ifcvt.c scan-assembler asrne
FAIL: gcc.target/arm/thumb-ifcvt.c scan-assembler lslne
FAIL: gcc.target/arm/thumb2-replicated-constant2.c scan-assembler add.*#-2004318072
FAIL: gcc.target/arm/thumb2-replicated-constant2.c scan-assembler add.*#-33489408
FAIL: gcc.target/arm/thumb2-replicated-constant2.c scan-assembler add.*#-572662307
FAIL: gcc.target/arm/thumb2-replicated-constant2.c scan-assembler add.*#-587145984
FAIL: gcc.target/arm/thumb2-replicated-constant2.c scan-assembler add.*#1
FAIL: gcc.target/arm/thumb2-replicated-constant2.c scan-assembler add.*#13056
FAIL: gcc.target/arm/thumb2-replicated-constant2.c scan-assembler add.*#17
FAIL: gcc.target/arm/thumb2-replicated-constant2.c scan-assembler add.*#1717986918
FAIL: gcc.target/arm/thumb2-replicated-constant2.c scan-assembler add.*#1996488704
FAIL: gcc.target/arm/thumb2-replicated-constant2.c scan-assembler add.*#2228258
FAIL: gcc.target/arm/thumb2-replicated-constant2.c scan-assembler add.*#285212672
FAIL: gcc.target/arm/thumb2-replicated-constant2.c scan-assembler add.*#285217024
FAIL: gcc.target/arm/thumb2-replicated-constant2.c scan-assembler add.*#3342387
FAIL: gcc.target/arm/thumb2-replicated-constant2.c scan-assembler add.*#4456516
FAIL: gcc.target/arm/thumb2-replicated-constant2.c scan-assembler add.*#65536
FAIL: gcc.target/arm/thumb2-replicated-constant2.c scan-assembler addw.*#546
FAIL: gcc.target/arm/thumb2-replicated-constant3.c scan-assembler and.*#-1431655766
FAIL: gcc.target/arm/thumb2-replicated-constant3.c scan-assembler bic.*#170
FAIL: gcc.target/arm/thumb2-replicated-constant4.c scan-assembler add.*#252706816
FAIL: gcc.target/arm/thumb2-replicated-constant4.c scan-assembler add.*#32505856
FAIL: gcc.target/arm/thumb2-replicated-constant4.c scan-assembler add.*#3600
FAIL: gcc.target/arm/thumb2-replicated-constant4.c scan-assembler add.*#480
FAIL: gcc.target/arm/cmse/cmse-15.c -Os check-function-bodies secure3
=== gcc Summary ===
# of expected passes 139623
# of unexpected failures 186
# of unexpected successes 1
# of expected failures 683
# of unresolved testcases 58
# of unsupported tests 7368
/tmp/3710640_37.tmpdir/aci-gcc-fsf/builds/gcc-fsf-gccsrc/obj-arm-none-eabi/gcc3/gcc/xgcc version 12.0.0 (DEFMODE=default DEFCPU=default DEFFPU=default TESTFLAGS=-mthumb/-mfloat-abi=hard/-march=armv8-m.main+fp+dsp) [r12-1969] (GCC)
Host is x86_64-pc-linux-gnu
=== g++ tests ===
Running target myarm-sim/-mthumb/-mfloat-abi=hard/-march=armv8-m.main+fp+dsp
FAIL: g++.dg/cpp2a/constexpr-dtor3.C -std=c++2a (test for warnings, line 154)
FAIL: g++.dg/eh/arm-vfp-unwind.C -std=c++14 (test for excess errors)
UNRESOLVED: g++.dg/eh/arm-vfp-unwind.C -std=c++14 compilation failed to produce executable
FAIL: g++.dg/eh/arm-vfp-unwind.C -std=c++17 (test for excess errors)
UNRESOLVED: g++.dg/eh/arm-vfp-unwind.C -std=c++17 compilation failed to produce executable
FAIL: g++.dg/eh/arm-vfp-unwind.C -std=c++2a (test for excess errors)
UNRESOLVED: g++.dg/eh/arm-vfp-unwind.C -std=c++2a compilation failed to produce executable
FAIL: g++.dg/eh/arm-vfp-unwind.C -std=c++98 (test for excess errors)
UNRESOLVED: g++.dg/eh/arm-vfp-unwind.C -std=c++98 compilation failed to produce executable
FAIL: g++.dg/opt/pr97315-1.C -std=gnu++14 (test for excess errors)
FAIL: g++.dg/opt/pr97315-1.C -std=gnu++17 (test for excess errors)
FAIL: g++.dg/opt/pr97315-1.C -std=gnu++2a (test for excess errors)
FAIL: g++.dg/opt/pr97315-1.C -std=gnu++98 (test for excess errors)
XPASS: g++.dg/warn/Warray-bounds-20.C -std=gnu++14 assign (test for warnings, line 30)
XPASS: g++.dg/warn/Warray-bounds-20.C -std=gnu++17 assign (test for warnings, line 30)
XPASS: g++.dg/warn/Warray-bounds-20.C -std=gnu++2a assign (test for warnings, line 30)
XPASS: g++.dg/warn/Warray-bounds-20.C -std=gnu++98 assign (test for warnings, line 30)
FAIL: g++.dg/warn/Wstringop-overflow-6.C -std=gnu++14 (test for excess errors)
FAIL: g++.dg/warn/Wstringop-overflow-6.C -std=gnu++17 (test for excess errors)
FAIL: g++.dg/warn/Wstringop-overflow-6.C -std=gnu++2a (test for excess errors)
XPASS: g++.dg/warn/pr33738.C -std=gnu++14 (test for warnings, line 18)
XPASS: g++.dg/warn/pr33738.C -std=gnu++14 (test for warnings, line 22)
XPASS: g++.dg/warn/pr33738.C -std=gnu++17 (test for warnings, line 18)
XPASS: g++.dg/warn/pr33738.C -std=gnu++17 (test for warnings, line 22)
XPASS: g++.dg/warn/pr33738.C -std=gnu++2a (test for warnings, line 18)
XPASS: g++.dg/warn/pr33738.C -std=gnu++2a (test for warnings, line 22)
XPASS: g++.dg/warn/pr33738.C -std=gnu++98 (test for warnings, line 18)
XPASS: g++.dg/warn/pr33738.C -std=gnu++98 (test for warnings, line 22)
FAIL: g++.dg/lto/20090302 cp_lto_20090302_0.o-cp_lto_20090302_1.o link, -fPIC -flto -flto-partition=1to1 -r
FAIL: g++.dg/lto/pr65276 cp_lto_pr65276_0.o-cp_lto_pr65276_1.o link, -flto -O0 -std=c++11
FAIL: g++.dg/lto/pr65475 cp_lto_pr65475_0.o-cp_lto_pr65475_1.o link, -O2
FAIL: g++.dg/lto/pr65475 cp_lto_pr65475_0.o-cp_lto_pr65475_1.o link, -Wno-odr
FAIL: g++.dg/lto/pr65475b cp_lto_pr65475b_0.o-cp_lto_pr65475b_1.o link, -O2
FAIL: g++.dg/lto/pr65475b cp_lto_pr65475b_0.o-cp_lto_pr65475b_1.o link, -Wno-odr
FAIL: g++.dg/modules/bad-mapper-3.C -std=c++17 (test for errors, line )
FAIL: g++.dg/modules/bad-mapper-3.C -std=c++17 (test for excess errors)
FAIL: g++.dg/modules/bad-mapper-3.C -std=c++2a (test for errors, line )
FAIL: g++.dg/modules/bad-mapper-3.C -std=c++2a (test for excess errors)
FAIL: g++.dg/modules/bad-mapper-3.C -std=c++2b (test for errors, line )
FAIL: g++.dg/modules/bad-mapper-3.C -std=c++2b (test for excess errors)
FAIL: g++.dg/modules/virt-2_a.C -std=c++17 scan-assembler _ZTI7Visitor:
FAIL: g++.dg/modules/virt-2_a.C -std=c++17 scan-assembler _ZTS7Visitor:
FAIL: g++.dg/modules/virt-2_a.C -std=c++17 scan-assembler _ZTV7Visitor:
FAIL: g++.dg/modules/virt-2_a.C -std=c++2a scan-assembler _ZTI7Visitor:
FAIL: g++.dg/modules/virt-2_a.C -std=c++2a scan-assembler _ZTS7Visitor:
FAIL: g++.dg/modules/virt-2_a.C -std=c++2a scan-assembler _ZTV7Visitor:
FAIL: g++.dg/modules/virt-2_a.C -std=c++2b scan-assembler _ZTI7Visitor:
FAIL: g++.dg/modules/virt-2_a.C -std=c++2b scan-assembler _ZTS7Visitor:
FAIL: g++.dg/modules/virt-2_a.C -std=c++2b scan-assembler _ZTV7Visitor:
FAIL: g++.dg/modules/xtreme-header-2_b.C -std=c++2a (test for excess errors)
FAIL: g++.dg/modules/xtreme-header-2_b.C -std=c++2b (test for excess errors)
FAIL: g++.dg/modules/xtreme-tr1_b.C -std=c++2a (test for excess errors)
FAIL: g++.dg/modules/xtreme-tr1_b.C -std=c++2b (test for excess errors)
FAIL: g++.dg/vect/pr95401.cc -std=c++14 (test for excess errors)
FAIL: g++.dg/vect/pr95401.cc -std=c++17 (test for excess errors)
FAIL: g++.dg/vect/pr95401.cc -std=c++2a (test for excess errors)
FAIL: g++.dg/vect/pr95401.cc -std=c++98 (test for excess errors)
XPASS: g++.target/arm/bfloat_cpp_typecheck.C (test for bogus messages, line 10)
XPASS: g++.target/arm/bfloat_cpp_typecheck.C (test for bogus messages, line 11)
=== g++ Summary ===
# of expected passes 183641
# of unexpected failures 41
# of unexpected successes 14
# of expected failures 737
# of unresolved testcases 4
# of unsupported tests 9758
/tmp/3710640_37.tmpdir/aci-gcc-fsf/builds/gcc-fsf-gccsrc/obj-arm-none-eabi/gcc3/gcc/xg++ version 12.0.0 (DEFMODE=default DEFCPU=default DEFFPU=default TESTFLAGS=-mthumb/-mfloat-abi=hard/-march=armv8-m.main+fp+dsp) [r12-1969] (GCC)
Compiler version: 12.0.0 (DEFMODE=default DEFCPU=default DEFFPU=default TESTFLAGS=-mthumb/-mfloat-abi=hard/-march=armv8-m.main+fp+dsp) [r12-1969] (GCC)
Platform: arm-none-eabi
configure flags: --target=arm-none-eabi --prefix=/tmp/3710640_37.tmpdir/aci-gcc-fsf/builds/gcc-fsf-gccsrc/tools --with-sysroot=/tmp/3710640_37.tmpdir/aci-gcc-fsf/builds/gcc-fsf-gccsrc/sysroot-arm-none-eabi --disable-nls --disable-libgomp --disable-libmudflap --disable-libcilkrts --enable-checking --enable-languages=c,c++ --with-newlib --disable-tls --enable-multilib --with-multilib-list=rmprofile
More information about the Gcc-testresults
mailing list