Results for 12.0.0 20210630 (experimental) [master revision 6bf383c37e6:93c270320bb:35da8a98026849bd20d16bbf9210ac1d0b44ea6a] (Debian 20210630-1) testsuite on i686-pc-linux-gnu
Matthias Klose
doko@debian.org
Thu Jul 1 17:59:38 GMT 2021
LAST_UPDATED: Wed Jun 30 07:16:06 UTC 2021 (revision 6bf383c37e6:93c270320bb:35da8a98026849bd20d16bbf9210ac1d0b44ea6a)
=== acats tests ===
FAIL: cxa5a01
FAIL: cxa5a02
FAIL: cxg2004
=== acats Summary ===
# of expected passes 2325
# of unexpected failures 3
Native configuration is i686-pc-linux-gnu
=== g++ tests ===
Running target unix
FAIL: g++.dg/cpp0x/constexpr-52830.C -std=c++14 (test for excess errors)
FAIL: g++.dg/cpp0x/constexpr-52830.C -std=c++17 (test for excess errors)
FAIL: g++.dg/cpp0x/constexpr-52830.C -std=c++2a (test for excess errors)
FAIL: g++.dg/cpp0x/constexpr-52830.C -std=c++14 (test for excess errors)
FAIL: g++.dg/cpp0x/constexpr-52830.C -std=c++17 (test for excess errors)
FAIL: g++.dg/cpp0x/constexpr-52830.C -std=c++2a (test for excess errors)
FAIL: g++.dg/cpp0x/vt-88982.C -std=c++14 (test for excess errors)
FAIL: g++.dg/cpp0x/vt-88982.C -std=c++17 (test for excess errors)
FAIL: g++.dg/cpp0x/vt-88982.C -std=c++2a (test for excess errors)
FAIL: g++.dg/cpp0x/vt-88982.C -std=c++14 (test for excess errors)
FAIL: g++.dg/cpp0x/vt-88982.C -std=c++17 (test for excess errors)
FAIL: g++.dg/cpp0x/vt-88982.C -std=c++2a (test for excess errors)
FAIL: g++.dg/cpp1y/auto-fn61.C -std=c++14 (test for excess errors)
FAIL: g++.dg/cpp1y/auto-fn61.C -std=c++17 (test for excess errors)
FAIL: g++.dg/cpp1y/auto-fn61.C -std=c++2a (test for excess errors)
FAIL: g++.dg/cpp1y/auto-fn61.C -std=c++14 (test for excess errors)
FAIL: g++.dg/cpp1y/auto-fn61.C -std=c++17 (test for excess errors)
FAIL: g++.dg/cpp1y/auto-fn61.C -std=c++2a (test for excess errors)
FAIL: g++.dg/cpp1z/constexpr-lambda26.C -std=c++17 (test for excess errors)
FAIL: g++.dg/cpp1z/constexpr-lambda26.C -std=c++2a (test for excess errors)
FAIL: g++.dg/cpp1z/constexpr-lambda26.C -std=c++17 (test for excess errors)
FAIL: g++.dg/cpp1z/constexpr-lambda26.C -std=c++2a (test for excess errors)
XPASS: g++.dg/warn/Warray-bounds-20.C -std=gnu++98 assign (test for warnings, line 30)
XPASS: g++.dg/warn/Warray-bounds-20.C -std=gnu++14 assign (test for warnings, line 30)
XPASS: g++.dg/warn/Warray-bounds-20.C -std=gnu++17 assign (test for warnings, line 30)
XPASS: g++.dg/warn/Warray-bounds-20.C -std=gnu++2a assign (test for warnings, line 30)
XPASS: g++.dg/warn/Warray-bounds-20.C -std=gnu++98 assign (test for warnings, line 30)
XPASS: g++.dg/warn/Warray-bounds-20.C -std=gnu++14 assign (test for warnings, line 30)
XPASS: g++.dg/warn/Warray-bounds-20.C -std=gnu++17 assign (test for warnings, line 30)
XPASS: g++.dg/warn/Warray-bounds-20.C -std=gnu++2a assign (test for warnings, line 30)
FAIL: c-c++-common/goacc/kernels-decompose-ice-1.c -std=c++98 (test for excess errors)
FAIL: c-c++-common/goacc/kernels-decompose-ice-1.c -std=c++14 (test for excess errors)
FAIL: c-c++-common/goacc/kernels-decompose-ice-1.c -std=c++17 (test for excess errors)
FAIL: c-c++-common/goacc/kernels-decompose-ice-1.c -std=c++2a (test for excess errors)
FAIL: c-c++-common/goacc/kernels-decompose-ice-1.c -std=c++98 (test for excess errors)
FAIL: c-c++-common/goacc/kernels-decompose-ice-1.c -std=c++14 (test for excess errors)
FAIL: c-c++-common/goacc/kernels-decompose-ice-1.c -std=c++17 (test for excess errors)
FAIL: c-c++-common/goacc/kernels-decompose-ice-1.c -std=c++2a (test for excess errors)
FAIL: c-c++-common/goacc/kernels-decompose-ice-2.c -std=c++98 (test for excess errors)
FAIL: c-c++-common/goacc/kernels-decompose-ice-2.c -std=c++14 (test for excess errors)
FAIL: c-c++-common/goacc/kernels-decompose-ice-2.c -std=c++17 (test for excess errors)
FAIL: c-c++-common/goacc/kernels-decompose-ice-2.c -std=c++2a (test for excess errors)
FAIL: c-c++-common/goacc/kernels-decompose-ice-2.c -std=c++98 (test for excess errors)
FAIL: c-c++-common/goacc/kernels-decompose-ice-2.c -std=c++14 (test for excess errors)
FAIL: c-c++-common/goacc/kernels-decompose-ice-2.c -std=c++17 (test for excess errors)
FAIL: c-c++-common/goacc/kernels-decompose-ice-2.c -std=c++2a (test for excess errors)
FAIL: g++.dg/guality/pr55665.C -O2 -flto -fno-use-linker-plugin -flto-partition=none line 23 p == 40
FAIL: g++.dg/guality/pr55665.C -O2 -flto -fno-use-linker-plugin -flto-partition=none line 23 p == 40
FAIL: g++.dg/modules/xtreme-header-2_b.C -std=c++2a (test for excess errors)
FAIL: g++.dg/modules/xtreme-header-2_b.C -std=c++2b (test for excess errors)
FAIL: g++.dg/modules/xtreme-header-2_b.C -std=c++2a (test for excess errors)
FAIL: g++.dg/modules/xtreme-header-2_b.C -std=c++2b (test for excess errors)
FAIL: g++.dg/modules/xtreme-tr1_b.C -std=c++2a (test for excess errors)
FAIL: g++.dg/modules/xtreme-tr1_b.C -std=c++2b (test for excess errors)
FAIL: g++.dg/modules/xtreme-tr1_b.C -std=c++2a (test for excess errors)
FAIL: g++.dg/modules/xtreme-tr1_b.C -std=c++2b (test for excess errors)
=== g++ Summary ===
# of expected passes 212424
# of unexpected failures 24
# of unexpected successes 4
# of expected failures 1283
# of unsupported tests 9064
/build/gcc-snapshot-ELSb2X/gcc-snapshot-20210630/build/gcc/xg++ version 12.0.0 20210630 (experimental) [master revision 6bf383c37e6:93c270320bb:35da8a98026849bd20d16bbf9210ac1d0b44ea6a] (Debian 20210630-1)
=== gcc tests ===
Running target unix
FAIL: gcc.dg/analyzer/pr96713.c (test for excess errors)
FAIL: gcc.dg/analyzer/pr96713.c (test for excess errors)
XPASS: gcc.dg/Wstringop-overflow-43.c pr????? (test for warnings, line 172)
XPASS: gcc.dg/Wstringop-overflow-43.c pr????? (test for warnings, line 172)
FAIL: c-c++-common/goacc/kernels-decompose-ice-1.c (test for excess errors)
FAIL: c-c++-common/goacc/kernels-decompose-ice-1.c (test for excess errors)
FAIL: c-c++-common/goacc/kernels-decompose-ice-2.c (test for excess errors)
FAIL: c-c++-common/goacc/kernels-decompose-ice-2.c (test for excess errors)
XPASS: gcc.dg/guality/example.c -O0 execution test
XPASS: gcc.dg/guality/example.c -O1 -DPREVENT_OPTIMIZATION execution test
XPASS: gcc.dg/guality/example.c -Og -DPREVENT_OPTIMIZATION execution test
XPASS: gcc.dg/guality/example.c -O0 execution test
XPASS: gcc.dg/guality/example.c -O1 -DPREVENT_OPTIMIZATION execution test
XPASS: gcc.dg/guality/example.c -Og -DPREVENT_OPTIMIZATION execution test
XPASS: gcc.dg/guality/guality.c -O0 execution test
XPASS: gcc.dg/guality/guality.c -O1 -DPREVENT_OPTIMIZATION execution test
XPASS: gcc.dg/guality/guality.c -O2 -DPREVENT_OPTIMIZATION execution test
XPASS: gcc.dg/guality/guality.c -O3 -g -DPREVENT_OPTIMIZATION execution test
XPASS: gcc.dg/guality/guality.c -Os -DPREVENT_OPTIMIZATION execution test
XPASS: gcc.dg/guality/guality.c -Og -DPREVENT_OPTIMIZATION execution test
XPASS: gcc.dg/guality/guality.c -O2 -flto -fno-use-linker-plugin -flto-partition=none -DPREVENT_OPTIMIZATION execution test
XPASS: gcc.dg/guality/guality.c -O2 -flto -fuse-linker-plugin -fno-fat-lto-objects -DPREVENT_OPTIMIZATION execution test
XPASS: gcc.dg/guality/guality.c -O0 execution test
XPASS: gcc.dg/guality/guality.c -O1 -DPREVENT_OPTIMIZATION execution test
XPASS: gcc.dg/guality/guality.c -O2 -DPREVENT_OPTIMIZATION execution test
XPASS: gcc.dg/guality/guality.c -O3 -g -DPREVENT_OPTIMIZATION execution test
XPASS: gcc.dg/guality/guality.c -Os -DPREVENT_OPTIMIZATION execution test
XPASS: gcc.dg/guality/guality.c -Og -DPREVENT_OPTIMIZATION execution test
XPASS: gcc.dg/guality/guality.c -O2 -flto -fno-use-linker-plugin -flto-partition=none -DPREVENT_OPTIMIZATION execution test
XPASS: gcc.dg/guality/guality.c -O2 -flto -fuse-linker-plugin -fno-fat-lto-objects -DPREVENT_OPTIMIZATION execution test
XPASS: gcc.dg/guality/inline-params.c -O2 -DPREVENT_OPTIMIZATION execution test
XPASS: gcc.dg/guality/inline-params.c -O3 -g -DPREVENT_OPTIMIZATION execution test
XPASS: gcc.dg/guality/inline-params.c -Os -DPREVENT_OPTIMIZATION execution test
XPASS: gcc.dg/guality/inline-params.c -O2 -flto -fno-use-linker-plugin -flto-partition=none -DPREVENT_OPTIMIZATION execution test
XPASS: gcc.dg/guality/inline-params.c -O2 -flto -fuse-linker-plugin -fno-fat-lto-objects -DPREVENT_OPTIMIZATION execution test
XPASS: gcc.dg/guality/inline-params.c -O2 -DPREVENT_OPTIMIZATION execution test
XPASS: gcc.dg/guality/inline-params.c -O3 -g -DPREVENT_OPTIMIZATION execution test
XPASS: gcc.dg/guality/inline-params.c -Os -DPREVENT_OPTIMIZATION execution test
XPASS: gcc.dg/guality/inline-params.c -O2 -flto -fno-use-linker-plugin -flto-partition=none -DPREVENT_OPTIMIZATION execution test
XPASS: gcc.dg/guality/inline-params.c -O2 -flto -fuse-linker-plugin -fno-fat-lto-objects -DPREVENT_OPTIMIZATION execution test
FAIL: gcc.dg/guality/loop-1.c -O3 -fomit-frame-pointer -funroll-loops -fpeel-loops -ftracer -finline-functions -DPREVENT_OPTIMIZATION line 20 i == 1
FAIL: gcc.dg/guality/loop-1.c -O3 -fomit-frame-pointer -funroll-loops -fpeel-loops -ftracer -finline-functions -DPREVENT_OPTIMIZATION line 20 i == 1
FAIL: gcc.dg/guality/pr36728-4.c -O3 -g -DPREVENT_OPTIMIZATION line 14 y == 2
FAIL: gcc.dg/guality/pr36728-4.c -O3 -g -DPREVENT_OPTIMIZATION line 16 y == 2
FAIL: gcc.dg/guality/pr36728-4.c -O2 -flto -fuse-linker-plugin -fno-fat-lto-objects -DPREVENT_OPTIMIZATION line 14 y == 2
FAIL: gcc.dg/guality/pr36728-4.c -O2 -flto -fuse-linker-plugin -fno-fat-lto-objects -DPREVENT_OPTIMIZATION line 16 y == 2
FAIL: gcc.dg/guality/pr36728-4.c -O3 -g -DPREVENT_OPTIMIZATION line 14 y == 2
FAIL: gcc.dg/guality/pr36728-4.c -O3 -g -DPREVENT_OPTIMIZATION line 16 y == 2
FAIL: gcc.dg/guality/pr36728-4.c -O2 -flto -fuse-linker-plugin -fno-fat-lto-objects -DPREVENT_OPTIMIZATION line 14 y == 2
FAIL: gcc.dg/guality/pr36728-4.c -O2 -flto -fuse-linker-plugin -fno-fat-lto-objects -DPREVENT_OPTIMIZATION line 16 y == 2
XPASS: gcc.dg/guality/pr41353-1.c -Os -DPREVENT_OPTIMIZATION line 28 j == 28 + 37
XPASS: gcc.dg/guality/pr41353-1.c -Og -DPREVENT_OPTIMIZATION line 28 j == 28 + 37
XPASS: gcc.dg/guality/pr41353-1.c -Os -DPREVENT_OPTIMIZATION line 28 j == 28 + 37
XPASS: gcc.dg/guality/pr41353-1.c -Og -DPREVENT_OPTIMIZATION line 28 j == 28 + 37
FAIL: gcc.dg/guality/pr41447-1.c -O2 -DPREVENT_OPTIMIZATION execution test
FAIL: gcc.dg/guality/pr41447-1.c -O3 -g -DPREVENT_OPTIMIZATION execution test
FAIL: gcc.dg/guality/pr41447-1.c -O2 -flto -fno-use-linker-plugin -flto-partition=none -DPREVENT_OPTIMIZATION execution test
FAIL: gcc.dg/guality/pr41447-1.c -O2 -DPREVENT_OPTIMIZATION execution test
FAIL: gcc.dg/guality/pr41447-1.c -O3 -g -DPREVENT_OPTIMIZATION execution test
FAIL: gcc.dg/guality/pr41447-1.c -O2 -flto -fno-use-linker-plugin -flto-partition=none -DPREVENT_OPTIMIZATION execution test
FAIL: gcc.dg/guality/pr54519-1.c -O2 -flto -fno-use-linker-plugin -flto-partition=none -DPREVENT_OPTIMIZATION line 20 y == 25
FAIL: gcc.dg/guality/pr54519-1.c -O2 -flto -fno-use-linker-plugin -flto-partition=none -DPREVENT_OPTIMIZATION line 20 z == 6
FAIL: gcc.dg/guality/pr54519-1.c -O2 -flto -fno-use-linker-plugin -flto-partition=none -DPREVENT_OPTIMIZATION line 23 y == 117
FAIL: gcc.dg/guality/pr54519-1.c -O2 -flto -fno-use-linker-plugin -flto-partition=none -DPREVENT_OPTIMIZATION line 23 z == 8
FAIL: gcc.dg/guality/pr54519-1.c -O2 -flto -fuse-linker-plugin -fno-fat-lto-objects -DPREVENT_OPTIMIZATION line 20 y == 25
FAIL: gcc.dg/guality/pr54519-1.c -O2 -flto -fuse-linker-plugin -fno-fat-lto-objects -DPREVENT_OPTIMIZATION line 20 z == 6
FAIL: gcc.dg/guality/pr54519-1.c -O2 -flto -fuse-linker-plugin -fno-fat-lto-objects -DPREVENT_OPTIMIZATION line 23 y == 117
FAIL: gcc.dg/guality/pr54519-1.c -O2 -flto -fuse-linker-plugin -fno-fat-lto-objects -DPREVENT_OPTIMIZATION line 23 z == 8
FAIL: gcc.dg/guality/pr54519-1.c -O2 -flto -fno-use-linker-plugin -flto-partition=none -DPREVENT_OPTIMIZATION line 20 y == 25
FAIL: gcc.dg/guality/pr54519-1.c -O2 -flto -fno-use-linker-plugin -flto-partition=none -DPREVENT_OPTIMIZATION line 20 z == 6
FAIL: gcc.dg/guality/pr54519-1.c -O2 -flto -fno-use-linker-plugin -flto-partition=none -DPREVENT_OPTIMIZATION line 23 y == 117
FAIL: gcc.dg/guality/pr54519-1.c -O2 -flto -fno-use-linker-plugin -flto-partition=none -DPREVENT_OPTIMIZATION line 23 z == 8
FAIL: gcc.dg/guality/pr54519-1.c -O2 -flto -fuse-linker-plugin -fno-fat-lto-objects -DPREVENT_OPTIMIZATION line 20 y == 25
FAIL: gcc.dg/guality/pr54519-1.c -O2 -flto -fuse-linker-plugin -fno-fat-lto-objects -DPREVENT_OPTIMIZATION line 20 z == 6
FAIL: gcc.dg/guality/pr54519-1.c -O2 -flto -fuse-linker-plugin -fno-fat-lto-objects -DPREVENT_OPTIMIZATION line 23 y == 117
FAIL: gcc.dg/guality/pr54519-1.c -O2 -flto -fuse-linker-plugin -fno-fat-lto-objects -DPREVENT_OPTIMIZATION line 23 z == 8
FAIL: gcc.dg/guality/pr54519-2.c -O2 -flto -fno-use-linker-plugin -flto-partition=none -DPREVENT_OPTIMIZATION line 17 y == 25
FAIL: gcc.dg/guality/pr54519-2.c -O2 -flto -fuse-linker-plugin -fno-fat-lto-objects -DPREVENT_OPTIMIZATION line 17 y == 25
FAIL: gcc.dg/guality/pr54519-2.c -O2 -flto -fno-use-linker-plugin -flto-partition=none -DPREVENT_OPTIMIZATION line 17 y == 25
FAIL: gcc.dg/guality/pr54519-2.c -O2 -flto -fuse-linker-plugin -fno-fat-lto-objects -DPREVENT_OPTIMIZATION line 17 y == 25
FAIL: gcc.dg/guality/pr54519-3.c -O2 -flto -fno-use-linker-plugin -flto-partition=none -DPREVENT_OPTIMIZATION line 20 y == 25
FAIL: gcc.dg/guality/pr54519-3.c -O2 -flto -fno-use-linker-plugin -flto-partition=none -DPREVENT_OPTIMIZATION line 20 z == 6
FAIL: gcc.dg/guality/pr54519-3.c -O2 -flto -fno-use-linker-plugin -flto-partition=none -DPREVENT_OPTIMIZATION line 23 y == 117
FAIL: gcc.dg/guality/pr54519-3.c -O2 -flto -fno-use-linker-plugin -flto-partition=none -DPREVENT_OPTIMIZATION line 23 z == 8
FAIL: gcc.dg/guality/pr54519-3.c -O2 -flto -fuse-linker-plugin -fno-fat-lto-objects -DPREVENT_OPTIMIZATION line 20 y == 25
FAIL: gcc.dg/guality/pr54519-3.c -O2 -flto -fuse-linker-plugin -fno-fat-lto-objects -DPREVENT_OPTIMIZATION line 20 z == 6
FAIL: gcc.dg/guality/pr54519-3.c -O2 -flto -fuse-linker-plugin -fno-fat-lto-objects -DPREVENT_OPTIMIZATION line 23 y == 117
FAIL: gcc.dg/guality/pr54519-3.c -O2 -flto -fuse-linker-plugin -fno-fat-lto-objects -DPREVENT_OPTIMIZATION line 23 z == 8
FAIL: gcc.dg/guality/pr54519-3.c -O2 -flto -fno-use-linker-plugin -flto-partition=none -DPREVENT_OPTIMIZATION line 20 y == 25
FAIL: gcc.dg/guality/pr54519-3.c -O2 -flto -fno-use-linker-plugin -flto-partition=none -DPREVENT_OPTIMIZATION line 20 z == 6
FAIL: gcc.dg/guality/pr54519-3.c -O2 -flto -fno-use-linker-plugin -flto-partition=none -DPREVENT_OPTIMIZATION line 23 y == 117
FAIL: gcc.dg/guality/pr54519-3.c -O2 -flto -fno-use-linker-plugin -flto-partition=none -DPREVENT_OPTIMIZATION line 23 z == 8
FAIL: gcc.dg/guality/pr54519-3.c -O2 -flto -fuse-linker-plugin -fno-fat-lto-objects -DPREVENT_OPTIMIZATION line 20 y == 25
FAIL: gcc.dg/guality/pr54519-3.c -O2 -flto -fuse-linker-plugin -fno-fat-lto-objects -DPREVENT_OPTIMIZATION line 20 z == 6
FAIL: gcc.dg/guality/pr54519-3.c -O2 -flto -fuse-linker-plugin -fno-fat-lto-objects -DPREVENT_OPTIMIZATION line 23 y == 117
FAIL: gcc.dg/guality/pr54519-3.c -O2 -flto -fuse-linker-plugin -fno-fat-lto-objects -DPREVENT_OPTIMIZATION line 23 z == 8
FAIL: gcc.dg/guality/pr54519-4.c -O2 -flto -fno-use-linker-plugin -flto-partition=none -DPREVENT_OPTIMIZATION line 17 y == 25
FAIL: gcc.dg/guality/pr54519-4.c -O2 -flto -fuse-linker-plugin -fno-fat-lto-objects -DPREVENT_OPTIMIZATION line 17 y == 25
FAIL: gcc.dg/guality/pr54519-4.c -O2 -flto -fno-use-linker-plugin -flto-partition=none -DPREVENT_OPTIMIZATION line 17 y == 25
FAIL: gcc.dg/guality/pr54519-4.c -O2 -flto -fuse-linker-plugin -fno-fat-lto-objects -DPREVENT_OPTIMIZATION line 17 y == 25
FAIL: gcc.dg/guality/pr54519-5.c -O2 -flto -fno-use-linker-plugin -flto-partition=none -DPREVENT_OPTIMIZATION line 17 y == 25
FAIL: gcc.dg/guality/pr54519-5.c -O2 -flto -fuse-linker-plugin -fno-fat-lto-objects -DPREVENT_OPTIMIZATION line 17 y == 25
FAIL: gcc.dg/guality/pr54519-5.c -O2 -flto -fno-use-linker-plugin -flto-partition=none -DPREVENT_OPTIMIZATION line 17 y == 25
FAIL: gcc.dg/guality/pr54519-5.c -O2 -flto -fuse-linker-plugin -fno-fat-lto-objects -DPREVENT_OPTIMIZATION line 17 y == 25
FAIL: gcc.dg/guality/pr54519-6.c -Os -DPREVENT_OPTIMIZATION line 11 x == 2
FAIL: gcc.dg/guality/pr54519-6.c -Os -DPREVENT_OPTIMIZATION line 11 x == 2
FAIL: gcc.dg/guality/pr56154-1.c -Og -DPREVENT_OPTIMIZATION line pr56154-1.c:20 x.a == 6
FAIL: gcc.dg/guality/pr56154-1.c -Og -DPREVENT_OPTIMIZATION line pr56154-1.c:20 x.a == 6
FAIL: gcc.dg/guality/pr59776.c -Og -DPREVENT_OPTIMIZATION line pr59776.c:17 s1.f == 5.0
FAIL: gcc.dg/guality/pr59776.c -Og -DPREVENT_OPTIMIZATION line pr59776.c:17 s1.g == 6.0
FAIL: gcc.dg/guality/pr59776.c -Og -DPREVENT_OPTIMIZATION line pr59776.c:17 s2.f == 0.0
FAIL: gcc.dg/guality/pr59776.c -Og -DPREVENT_OPTIMIZATION line pr59776.c:20 s1.f == 5.0
FAIL: gcc.dg/guality/pr59776.c -Og -DPREVENT_OPTIMIZATION line pr59776.c:20 s1.g == 6.0
FAIL: gcc.dg/guality/pr59776.c -Og -DPREVENT_OPTIMIZATION line pr59776.c:20 s2.f == 5.0
FAIL: gcc.dg/guality/pr59776.c -Og -DPREVENT_OPTIMIZATION line pr59776.c:17 s1.f == 5.0
FAIL: gcc.dg/guality/pr59776.c -Og -DPREVENT_OPTIMIZATION line pr59776.c:17 s1.g == 6.0
FAIL: gcc.dg/guality/pr59776.c -Og -DPREVENT_OPTIMIZATION line pr59776.c:17 s2.f == 0.0
FAIL: gcc.dg/guality/pr59776.c -Og -DPREVENT_OPTIMIZATION line pr59776.c:20 s1.f == 5.0
FAIL: gcc.dg/guality/pr59776.c -Og -DPREVENT_OPTIMIZATION line pr59776.c:20 s1.g == 6.0
FAIL: gcc.dg/guality/pr59776.c -Og -DPREVENT_OPTIMIZATION line pr59776.c:20 s2.f == 5.0
FAIL: gcc.dg/guality/pr90074.c -O2 -flto -fuse-linker-plugin -fno-fat-lto-objects -DPREVENT_OPTIMIZATION line 28 i + 1 == 8
FAIL: gcc.dg/guality/pr90074.c -O2 -flto -fuse-linker-plugin -fno-fat-lto-objects -DPREVENT_OPTIMIZATION line 28 c + 1 == 2
FAIL: gcc.dg/guality/pr90074.c -O2 -flto -fuse-linker-plugin -fno-fat-lto-objects -DPREVENT_OPTIMIZATION line 28 i + 1 == 8
FAIL: gcc.dg/guality/pr90074.c -O2 -flto -fuse-linker-plugin -fno-fat-lto-objects -DPREVENT_OPTIMIZATION line 28 c + 1 == 2
FAIL: gcc.dg/guality/pr90716.c -O2 -flto -fuse-linker-plugin -fno-fat-lto-objects -DPREVENT_OPTIMIZATION line 23 j + 1 == 9
FAIL: gcc.dg/guality/pr90716.c -O2 -flto -fuse-linker-plugin -fno-fat-lto-objects -DPREVENT_OPTIMIZATION line 23 j + 1 == 9
FAIL: gcc.dg/guality/sra-1.c -Og -DPREVENT_OPTIMIZATION line 21 a.i == 4
FAIL: gcc.dg/guality/sra-1.c -Og -DPREVENT_OPTIMIZATION line 21 a.j == 14
FAIL: gcc.dg/guality/sra-1.c -Og -DPREVENT_OPTIMIZATION line 32 a[0] == 4
FAIL: gcc.dg/guality/sra-1.c -Og -DPREVENT_OPTIMIZATION line 32 a[1] == 14
FAIL: gcc.dg/guality/sra-1.c -Og -DPREVENT_OPTIMIZATION line 43 a.i == 4
FAIL: gcc.dg/guality/sra-1.c -Og -DPREVENT_OPTIMIZATION line 43 a.j == 14
FAIL: gcc.dg/guality/sra-1.c -O2 -flto -fuse-linker-plugin -fno-fat-lto-objects -DPREVENT_OPTIMIZATION line 21 a.i == 4
FAIL: gcc.dg/guality/sra-1.c -O2 -flto -fuse-linker-plugin -fno-fat-lto-objects -DPREVENT_OPTIMIZATION line 21 a.j == 14
FAIL: gcc.dg/guality/sra-1.c -O2 -flto -fuse-linker-plugin -fno-fat-lto-objects -DPREVENT_OPTIMIZATION line 32 a[0] == 4
FAIL: gcc.dg/guality/sra-1.c -O2 -flto -fuse-linker-plugin -fno-fat-lto-objects -DPREVENT_OPTIMIZATION line 32 a[1] == 14
FAIL: gcc.dg/guality/sra-1.c -O2 -flto -fuse-linker-plugin -fno-fat-lto-objects -DPREVENT_OPTIMIZATION line 43 a.i == 4
FAIL: gcc.dg/guality/sra-1.c -O2 -flto -fuse-linker-plugin -fno-fat-lto-objects -DPREVENT_OPTIMIZATION line 43 a.j == 14
FAIL: gcc.dg/guality/sra-1.c -Og -DPREVENT_OPTIMIZATION line 21 a.i == 4
FAIL: gcc.dg/guality/sra-1.c -Og -DPREVENT_OPTIMIZATION line 21 a.j == 14
FAIL: gcc.dg/guality/sra-1.c -Og -DPREVENT_OPTIMIZATION line 32 a[0] == 4
FAIL: gcc.dg/guality/sra-1.c -Og -DPREVENT_OPTIMIZATION line 32 a[1] == 14
FAIL: gcc.dg/guality/sra-1.c -Og -DPREVENT_OPTIMIZATION line 43 a.i == 4
FAIL: gcc.dg/guality/sra-1.c -Og -DPREVENT_OPTIMIZATION line 43 a.j == 14
FAIL: gcc.dg/guality/sra-1.c -O2 -flto -fuse-linker-plugin -fno-fat-lto-objects -DPREVENT_OPTIMIZATION line 21 a.i == 4
FAIL: gcc.dg/guality/sra-1.c -O2 -flto -fuse-linker-plugin -fno-fat-lto-objects -DPREVENT_OPTIMIZATION line 21 a.j == 14
FAIL: gcc.dg/guality/sra-1.c -O2 -flto -fuse-linker-plugin -fno-fat-lto-objects -DPREVENT_OPTIMIZATION line 32 a[0] == 4
FAIL: gcc.dg/guality/sra-1.c -O2 -flto -fuse-linker-plugin -fno-fat-lto-objects -DPREVENT_OPTIMIZATION line 32 a[1] == 14
FAIL: gcc.dg/guality/sra-1.c -O2 -flto -fuse-linker-plugin -fno-fat-lto-objects -DPREVENT_OPTIMIZATION line 43 a.i == 4
FAIL: gcc.dg/guality/sra-1.c -O2 -flto -fuse-linker-plugin -fno-fat-lto-objects -DPREVENT_OPTIMIZATION line 43 a.j == 14
FAIL: gcc.dg/guality/vla-1.c -O2 -flto -fuse-linker-plugin -fno-fat-lto-objects -DPREVENT_OPTIMIZATION line 24 i == 5
FAIL: gcc.dg/guality/vla-1.c -O2 -flto -fuse-linker-plugin -fno-fat-lto-objects -DPREVENT_OPTIMIZATION line 24 sizeof (a) == 17 * sizeof (short)
FAIL: gcc.dg/guality/vla-1.c -O2 -flto -fuse-linker-plugin -fno-fat-lto-objects -DPREVENT_OPTIMIZATION line 24 i == 5
FAIL: gcc.dg/guality/vla-1.c -O2 -flto -fuse-linker-plugin -fno-fat-lto-objects -DPREVENT_OPTIMIZATION line 24 sizeof (a) == 17 * sizeof (short)
FAIL: gcc.dg/tree-ssa/scev-3.c scan-tree-dump-times ivopts "&a" 1
FAIL: gcc.dg/tree-ssa/scev-3.c scan-tree-dump-times ivopts "&a" 1
FAIL: gcc.dg/tree-ssa/scev-4.c scan-tree-dump-times ivopts "&a" 1
FAIL: gcc.dg/tree-ssa/scev-4.c scan-tree-dump-times ivopts "&a" 1
FAIL: gcc.dg/tree-ssa/scev-5.c scan-tree-dump-times ivopts "&a" 1
FAIL: gcc.dg/tree-ssa/scev-5.c scan-tree-dump-times ivopts "&a" 1
XPASS: gcc.target/i386/pr84101.c scan-tree-dump-not slp2 "optimized: basic block"
XPASS: gcc.target/i386/pr84101.c scan-tree-dump-not slp2 "optimized: basic block"
FAIL: gcc.target/i386/pr95483-1.c (test for excess errors)
UNRESOLVED: gcc.target/i386/pr95483-1.c scan-assembler-times pxor[ \\\\t]+[^\\n]*%xmm[0-9]+[^\\n]*%xmm[0-9]+(?:\\n|[ \\\\t]+#) 1
UNRESOLVED: gcc.target/i386/pr95483-1.c scan-assembler-times pinsrw[ \\\\t]+[^\\n]*%xmm[0-9]+(?:\\n|[ \\\\t]+#) 1
UNRESOLVED: gcc.target/i386/pr95483-1.c scan-assembler-times pextrw[ \\\\t]+[^\\n]*%xmm[0-9]+[^\\n]*(?:\\n|[ \\\\t]+#) 1
FAIL: gcc.target/i386/pr95483-1.c (test for excess errors)
UNRESOLVED: gcc.target/i386/pr95483-1.c scan-assembler-times pxor[ \\\\t]+[^\\n]*%xmm[0-9]+[^\\n]*%xmm[0-9]+(?:\\n|[ \\\\t]+#) 1
UNRESOLVED: gcc.target/i386/pr95483-1.c scan-assembler-times pinsrw[ \\\\t]+[^\\n]*%xmm[0-9]+(?:\\n|[ \\\\t]+#) 1
UNRESOLVED: gcc.target/i386/pr95483-1.c scan-assembler-times pextrw[ \\\\t]+[^\\n]*%xmm[0-9]+[^\\n]*(?:\\n|[ \\\\t]+#) 1
FAIL: gcc.target/i386/pr97521.c (test for excess errors)
FAIL: gcc.target/i386/pr97521.c (test for excess errors)
=== gcc Summary ===
# of expected passes 164191
# of unexpected failures 64
# of unexpected successes 20
# of expected failures 988
# of unresolved testcases 3
# of unsupported tests 3234
/build/gcc-snapshot-ELSb2X/gcc-snapshot-20210630/build/gcc/xgcc version 12.0.0 20210630 (experimental) [master revision 6bf383c37e6:93c270320bb:35da8a98026849bd20d16bbf9210ac1d0b44ea6a] (Debian 20210630-1)
=== gdc tests ===
Running target unix
FAIL: gdc.dg/ubsan/pr88957.d (test for excess errors)
FAIL: gdc.dg/ubsan/pr88957.d (test for excess errors)
=== gdc Summary ===
# of expected passes 10779
# of unexpected failures 1
# of unsupported tests 2
/build/gcc-snapshot-ELSb2X/gcc-snapshot-20210630/build/gcc/gdc version 12.0.0 20210630 (experimental) [master revision 6bf383c37e6:93c270320bb:35da8a98026849bd20d16bbf9210ac1d0b44ea6a] (Debian 20210630-1)
=== gfortran tests ===
Running target unix
FAIL: gfortran.dg/vect/fast-math-mgrid-resid.f -O scan-tree-dump pcom "vectp_u.*__lsm.* = PHI <.*vectp_u.*__lsm"
FAIL: gfortran.dg/vect/fast-math-mgrid-resid.f -O scan-tree-dump pcom "vectp_u.*__lsm.* = PHI <.*vectp_u.*__lsm"
=== gfortran Summary ===
# of expected passes 63855
# of unexpected failures 2
# of expected failures 286
# of unsupported tests 206
/build/gcc-snapshot-ELSb2X/gcc-snapshot-20210630/build/gcc/gfortran version 12.0.0 20210630 (experimental) [master revision 6bf383c37e6:93c270320bb:35da8a98026849bd20d16bbf9210ac1d0b44ea6a] (Debian 20210630-1)
=== gnat tests ===
Running target unix
=== gnat Summary ===
# of expected passes 4510
# of expected failures 32
# of unsupported tests 6
/build/gcc-snapshot-ELSb2X/gcc-snapshot-20210630/build/gcc/gnatmake version 12.0.0 20210630 (experimental) [master revision 6bf383c37e6:93c270320bb:35da8a98026849bd20d16bbf9210ac1d0b44ea6a]
=== go tests ===
Running target unix
FAIL: ./index0-out.go execution, -O0 -g -fno-var-tracking-assignments
FAIL: ./index0-out.go execution, -O0 -g -fno-var-tracking-assignments
FAIL: go.test/test/fixedbugs/issue10441.go -O (test for excess errors)
FAIL: go.test/test/fixedbugs/issue10441.go -O (test for excess errors)
FAIL: go.test/test/fixedbugs/issue16016.go execution, -O2 -g
FAIL: go.test/test/fixedbugs/issue16016.go execution, -O2 -g
FAIL: go.test/test/fixedbugs/issue27836.dir/Ãfoo.go -O -I. (test for excess errors)
FAIL: go.test/test/fixedbugs/issue27836.dir/Ãfoo.go -O -I. (test for excess errors)
FAIL: go.test/test/fixedbugs/issue27836.dir/Ãmain.go -O -I. (test for excess errors)
FAIL: go.test/test/fixedbugs/issue27836.dir/Ãmain.go -O -I. (test for excess errors)
FAIL: issue4458.go -O (test for errors, line 19)
FAIL: issue4458.go -O (test for excess errors)
FAIL: issue4458.go -O (test for errors, line 19)
FAIL: issue4458.go -O (test for excess errors)
=== go Summary ===
# of expected passes 8998
# of unexpected failures 7
# of untested testcases 6
# of unsupported tests 34
/build/gcc-snapshot-ELSb2X/gcc-snapshot-20210630/build/gcc/gccgo version 12.0.0 20210630 (experimental) [master revision 6bf383c37e6:93c270320bb:35da8a98026849bd20d16bbf9210ac1d0b44ea6a] (Debian 20210630-1)
=== jit tests ===
Running target unix
=== jit Summary ===
# of expected passes 10949
# of unsupported tests 2
=== obj-c++ tests ===
Running target unix
=== obj-c++ Summary for unix ===
# of expected passes 1490
# of expected failures 2
# of unsupported tests 77
Running target unix
=== obj-c++ Summary for unix ===
# of expected passes 1490
# of expected failures 2
# of unsupported tests 77
=== obj-c++ Summary ===
# of expected passes 2980
# of expected failures 4
# of unsupported tests 154
/build/gcc-snapshot-ELSb2X/gcc-snapshot-20210630/build/gcc/xg++ version 12.0.0 20210630 (experimental) [master revision 6bf383c37e6:93c270320bb:35da8a98026849bd20d16bbf9210ac1d0b44ea6a] (Debian 20210630-1)
=== objc tests ===
Running target unix
=== objc Summary ===
# of expected passes 2820
# of expected failures 6
# of unsupported tests 68
/build/gcc-snapshot-ELSb2X/gcc-snapshot-20210630/build/gcc/xgcc version 12.0.0 20210630 (experimental) [master revision 6bf383c37e6:93c270320bb:35da8a98026849bd20d16bbf9210ac1d0b44ea6a] (Debian 20210630-1)
=== gotools tests ===
FAIL: TestManyCalls
FAIL: go test misc/cgo/testcarchive
=== gotools Summary ===
# of expected passes 393
# of unexpected failures 2
# of untested testcases 125
/build/gcc-snapshot-ELSb2X/gcc-snapshot-20210630/build/./gcc/gccgo version 12.0.0 20210630 (experimental) [master revision 6bf383c37e6:93c270320bb:35da8a98026849bd20d16bbf9210ac1d0b44ea6a] (Debian 20210630-1)
=== libatomic tests ===
Running target unix
=== libatomic Summary for unix ===
# of expected passes 44
# of unsupported tests 5
Running target unix
=== libatomic Summary for unix ===
# of expected passes 44
# of unsupported tests 5
=== libatomic Summary ===
# of expected passes 88
# of unsupported tests 10
=== libffi tests ===
Running target unix
=== libffi Summary for unix ===
# of expected passes 2814
Running target unix
=== libffi Summary for unix ===
# of expected passes 2814
=== libffi Summary ===
# of expected passes 5628
=== libgo tests ===
Running target unix
FAIL: os
=== libgo Summary for unix ===
# of expected passes 183
# of unexpected failures 1
Running target unix/-m64
FAIL: os
FAIL: runtime/pprof
=== libgo Summary for unix/-m64 ===
# of expected passes 182
# of unexpected failures 2
Running target unix/-mx32
FAIL: archive/tar
FAIL: archive/zip
FAIL: bufio
FAIL: bytes
FAIL: cmd/go/internal/cache
FAIL: cmd/go/internal/fsys
FAIL: cmd/go/internal/generate
FAIL: cmd/go/internal/get
FAIL: cmd/go/internal/imports
FAIL: cmd/go/internal/load
FAIL: cmd/go/internal/lockedfile
FAIL: cmd/go/internal/lockedfile/internal/filelock
FAIL: cmd/go/internal/modconv
FAIL: cmd/go/internal/modfetch
FAIL: cmd/go/internal/modfetch/codehost
FAIL: cmd/go/internal/modload
FAIL: cmd/go/internal/mvs
FAIL: cmd/go/internal/par
FAIL: cmd/go/internal/search
FAIL: cmd/go/internal/str
FAIL: cmd/go/internal/test
FAIL: cmd/go/internal/txtar
FAIL: cmd/go/internal/vcs
FAIL: cmd/go/internal/work
FAIL: cmd/internal/buildid
FAIL: cmd/internal/edit
FAIL: cmd/internal/objabi
FAIL: cmd/internal/pkgpath
FAIL: cmd/internal/test2json
FAIL: container/heap
FAIL: container/list
FAIL: container/ring
FAIL: context
FAIL: crypto
FAIL: crypto/aes
FAIL: crypto/cipher
FAIL: crypto/des
FAIL: crypto/dsa
FAIL: crypto/ecdsa
FAIL: crypto/ed25519
FAIL: crypto/elliptic
FAIL: crypto/hmac
FAIL: crypto/internal/subtle
FAIL: crypto/md5
FAIL: crypto/rand
FAIL: crypto/rc4
FAIL: crypto/rsa
FAIL: crypto/sha1
FAIL: crypto/sha256
FAIL: crypto/sha512
FAIL: crypto/subtle
FAIL: crypto/tls
FAIL: crypto/x509
FAIL: database/sql
FAIL: database/sql/driver
FAIL: debug/dwarf
FAIL: debug/elf
FAIL: debug/macho
FAIL: debug/pe
FAIL: debug/plan9obj
FAIL: encoding/ascii85
FAIL: encoding/asn1
FAIL: encoding/base32
FAIL: encoding/base64
FAIL: encoding/binary
FAIL: encoding/csv
FAIL: encoding/gob
FAIL: encoding/hex
FAIL: encoding/json
FAIL: encoding/pem
FAIL: encoding/xml
FAIL: errors
FAIL: expvar
FAIL: flag
FAIL: fmt
FAIL: go/ast
FAIL: go/build
FAIL: go/build/constraint
FAIL: go/constant
FAIL: go/doc
FAIL: go/format
FAIL: go/importer
FAIL: go/internal/gccgoimporter
FAIL: go/internal/gcimporter
FAIL: go/internal/srcimporter
FAIL: go/parser
FAIL: go/printer
FAIL: go/scanner
FAIL: go/token
FAIL: go/types
FAIL: hash
FAIL: hash/adler32
FAIL: hash/crc32
FAIL: hash/crc64
FAIL: hash/fnv
FAIL: hash/maphash
FAIL: html
FAIL: html/template
FAIL: image
FAIL: image/color
FAIL: image/draw
FAIL: image/jpeg
FAIL: image/png
FAIL: index/suffixarray
FAIL: internal/cpu
FAIL: internal/execabs
FAIL: internal/fmtsort
FAIL: internal/poll
FAIL: internal/profile
FAIL: internal/reflectlite
FAIL: internal/singleflight
FAIL: internal/trace
FAIL: internal/unsafeheader
FAIL: internal/xcoff
FAIL: io
FAIL: io/fs
FAIL: io/ioutil
FAIL: log
FAIL: log/syslog
FAIL: math
FAIL: math/big
FAIL: math/bits
FAIL: math/cmplx
FAIL: math/rand
FAIL: mime
FAIL: mime/multipart
FAIL: mime/quotedprintable
FAIL: net
FAIL: net/http
FAIL: net/http/cgi
FAIL: net/http/cookiejar
FAIL: net/http/fcgi
FAIL: net/http/httptest
FAIL: net/http/httptrace
FAIL: net/http/httputil
FAIL: net/http/internal
FAIL: net/http/pprof
FAIL: net/internal/socktest
FAIL: net/mail
FAIL: net/rpc
FAIL: net/rpc/jsonrpc
FAIL: net/smtp
FAIL: net/textproto
FAIL: net/url
FAIL: os
FAIL: os/exec
FAIL: os/signal
FAIL: os/user
FAIL: path
FAIL: path/filepath
FAIL: reflect
FAIL: regexp
FAIL: regexp/syntax
FAIL: runtime
FAIL: runtime/debug
FAIL: runtime/internal/atomic
FAIL: runtime/internal/math
FAIL: runtime/internal/sys
FAIL: runtime/metrics
FAIL: runtime/pprof
FAIL: runtime/trace
FAIL: sort
FAIL: strconv
FAIL: strings
FAIL: sync
FAIL: sync/atomic
FAIL: syscall
FAIL: testing
FAIL: testing/fstest
FAIL: testing/iotest
FAIL: testing/quick
FAIL: text/scanner
FAIL: text/tabwriter
FAIL: text/template
FAIL: text/template/parse
FAIL: time
FAIL: unicode
FAIL: unicode/utf16
FAIL: unicode/utf8
=== libgo Summary for unix/-mx32 ===
# of unexpected failures 184
=== libgo Summary ===
# of expected passes 365
# of unexpected failures 187
/build/gcc-snapshot-ELSb2X/gcc-snapshot-20210630/build/./gcc/gccgo version 12.0.0 20210630 (experimental) [master revision 6bf383c37e6:93c270320bb:35da8a98026849bd20d16bbf9210ac1d0b44ea6a] (Debian 20210630-1)
=== libgomp tests ===
Running target unix
FAIL: libgomp.oacc-c/../libgomp.oacc-c-c++-common/declare-vla-kernels-decompose-ice-1.c -DACC_DEVICE_TYPE_host=1 -DACC_MEM_SHARED=1 -foffload=disable -O2 (test for excess errors)
FAIL: libgomp.oacc-c++/../libgomp.oacc-c-c++-common/declare-vla-kernels-decompose-ice-1.c -DACC_DEVICE_TYPE_host=1 -DACC_MEM_SHARED=1 -foffload=disable -O2 (test for excess errors)
=== libgomp Summary for unix ===
# of expected passes 11579
# of unexpected failures 2
# of expected failures 104
# of unsupported tests 530
Running target unix
FAIL: libgomp.oacc-c/../libgomp.oacc-c-c++-common/declare-vla-kernels-decompose-ice-1.c -DACC_DEVICE_TYPE_host=1 -DACC_MEM_SHARED=1 -foffload=disable -O2 (test for excess errors)
FAIL: libgomp.oacc-c++/../libgomp.oacc-c-c++-common/declare-vla-kernels-decompose-ice-1.c -DACC_DEVICE_TYPE_host=1 -DACC_MEM_SHARED=1 -foffload=disable -O2 (test for excess errors)
=== libgomp Summary for unix ===
# of expected passes 11579
# of unexpected failures 2
# of expected failures 104
# of unsupported tests 530
=== libgomp Summary ===
# of expected passes 23158
# of unexpected failures 4
# of expected failures 208
# of unsupported tests 1060
=== libitm tests ===
Running target unix
=== libitm Summary for unix ===
# of expected passes 44
# of expected failures 3
# of unsupported tests 1
Running target unix
=== libitm Summary for unix ===
# of expected passes 44
# of expected failures 3
# of unsupported tests 1
=== libitm Summary ===
# of expected passes 88
# of expected failures 6
# of unsupported tests 2
=== libphobos tests ===
Running target unix
=== libphobos Summary ===
# of expected passes 804
# of unsupported tests 2
=== libstdc++ tests ===
Running target unix
FAIL: 22_locale/numpunct/members/char/3.cc execution test
FAIL: 22_locale/numpunct/members/char/3.cc execution test
FAIL: 22_locale/time_get/get_time/char/2.cc execution test
FAIL: 22_locale/time_get/get_time/char/2.cc execution test
FAIL: 22_locale/time_get/get_time/char/wrapped_env.cc execution test
FAIL: 22_locale/time_get/get_time/char/wrapped_env.cc execution test
FAIL: 22_locale/time_get/get_time/char/wrapped_locale.cc execution test
FAIL: 22_locale/time_get/get_time/char/wrapped_locale.cc execution test
FAIL: 22_locale/time_get/get_time/wchar_t/2.cc execution test
FAIL: 22_locale/time_get/get_time/wchar_t/2.cc execution test
FAIL: 22_locale/time_get/get_time/wchar_t/wrapped_env.cc execution test
FAIL: 22_locale/time_get/get_time/wchar_t/wrapped_env.cc execution test
FAIL: 22_locale/time_get/get_time/wchar_t/wrapped_locale.cc execution test
FAIL: 22_locale/time_get/get_time/wchar_t/wrapped_locale.cc execution test
FAIL: 30_threads/jthread/95989.cc execution test
FAIL: 30_threads/jthread/95989.cc execution test
=== libstdc++ Summary ===
# of expected passes 15729
# of unexpected failures 8
# of expected failures 95
# of unsupported tests 342
Compiler version: 12.0.0 20210630 (experimental) [master revision 6bf383c37e6:93c270320bb:35da8a98026849bd20d16bbf9210ac1d0b44ea6a] (Debian 20210630-1)
Platform: i686-pc-linux-gnu
configure flags: -v --with-pkgversion='Debian 20210630-1' --with-bugurl=file:///usr/share/doc/gcc-snapshot/README.Bugs --enable-languages=c,ada,c++,go,d,fortran,objc,obj-c++ --prefix=/usr/lib/gcc-snapshot --with-gcc-major-version-only --program-prefix= --enable-shared --enable-linker-build-id --disable-nls --enable-clocale=gnu --enable-libstdcxx-debug --enable-libstdcxx-time=yes --with-default-libstdcxx-abi=new --enable-gnu-unique-object --disable-vtable-verify --enable-plugin --with-system-zlib --enable-libphobos-checking=release --with-target-system-zlib=auto --enable-objc-gc=auto --enable-targets=all --enable-multiarch --disable-werror --enable-cet --with-arch-32=i686 --with-multilib-list=m32,m64,mx32 --enable-multilib --with-tune=generic --enable-checking=yes --build=i686-linux-gnu --host=i686-linux-gnu --target=i686-linux-gnu
BOOT_CFLAGS=
Build Dependencies:
Desired=Unknown/Install/Remove/Purge/Hold
| Status=Not/Inst/Conf-files/Unpacked/halF-conf/Half-inst/trig-aWait/Trig-pend
|/ Err?=(none)/Reinst-required (Status,Err: uppercase=bad)
||/ Name Version Architecture Description
+++-=========================-==============-============-===============================================================================
ii binutils 2.35.2-2 i386 GNU assembler, linker and binary utilities
ii binutils-common:i386 2.35.2-2 i386 Common files for the GNU assembler, linker and binary utilities
ii binutils-i686-linux-gnu 2.35.2-2 i386 GNU binary utilities, for i686-linux-gnu target
ii g++-10 10.2.1-6 i386 GNU C++ compiler
ii g++-10-multilib 10.2.1-6 i386 GNU C++ compiler (multilib support)
ii g++-multilib 4:10.2.1-1 i386 GNU C++ compiler (multilib files)
ii libc6:i386 2.31-12 i386 GNU C Library: Shared libraries
ii libgmp-dev:i386 2:6.2.1+dfsg-1 i386 Multiprecision arithmetic library developers tools
ii libisl-dev:i386 0.23-1 i386 manipulating sets and relations of integer points bounded by linear constraints
ii libmpc-dev:i386 1.2.0-1 i386 multiple precision complex floating-point library development package
ii libmpfr-dev:i386 4.1.0-3 i386 multiple precision floating-point computation developers tools
sys-auxv-header:
Check for the sys/auxv.h header file.
gdc-dynamic-link-phobos:
Dynamically link the phobos library.
ia64-disable-selective-scheduling:
libstdc++-pythondir:
format-diag:
gcc-verbose-lto-link:
Prefix LLINKER with /usr/bin/time -v
gcc-ice-dump:
For ICEs, dump the preprocessed source file to stderr
when in a distro build environment.
gcc-ice-apport:
Report an ICE to apport (if apport is available
and the environment variable GCC_NOAPPORT is not set)
skip-bootstrap-multilib:
Skip non-default multilib and libstdc++-v3 debug builds in bootstrap builds
libffi-ro-eh_frame_sect:
PR libffi/47248, force a read only eh frame section.
libffi-mips:
Backport Mips go closure support, taken from libffi issue #197.
gcc-multiarch:
- Remaining multiarch patches, not yet submitted upstream.
- Add MULTIARCH_DIRNAME definitions for multilib configurations,
which are used for the non-multilib builds.
config-ml:
- Disable some biarch libraries for biarch builds.
- Fix multilib builds on kernels which don't support all multilibs.
gcc-multilib-multiarch:
Don't auto-detect multilib osdirnames.
gm2:
gm2-bootstrap-compare:
ignore gm2version.o stage diff on some archtectures (m68k, riscv64)
libgomp-kfreebsd-testsuite:
Disable lock-2.c test on kfreebsd-*
go-testsuite:
Skip Go testcase on AArch64 which hangs on the buildds.
Counting all warnings,
there are 0 warnings in stage3 of this bootstrap.
Number of warnings per file:
Number of warning types:
More information about the Gcc-testresults
mailing list