Results for 11.0.0 20210108 (experimental) [master revision 01d92cfd79872e4cffc78bf233bb9b767336beb8] (GCC) testsuite on i386-pc-solaris2.11
Rainer Orth
ro@CeBiTec.Uni-Bielefeld.DE
Fri Jan 8 16:13:37 GMT 2021
LAST_UPDATED: Fri Jan 8 09:59:09 UTC 2021 (revision 01d92cfd79872e4cffc78bf233bb9b767336beb8)
=== acats tests ===
=== acats Summary ===
# of expected passes 2328
# of unexpected failures 0
Native configuration is i386-pc-solaris2.11
=== g++ tests ===
Running target unix
FAIL: c-c++-common/asan/swapcontext-test-1.c -O0 execution test
FAIL: c-c++-common/asan/swapcontext-test-1.c -O1 execution test
FAIL: c-c++-common/asan/swapcontext-test-1.c -O2 execution test
FAIL: c-c++-common/asan/swapcontext-test-1.c -O2 -flto execution test
FAIL: c-c++-common/asan/swapcontext-test-1.c -O2 -flto -flto-partition=none execution test
FAIL: c-c++-common/asan/swapcontext-test-1.c -O3 -fomit-frame-pointer -funroll-loops -fpeel-loops -ftracer -finline-functions execution test
FAIL: c-c++-common/asan/swapcontext-test-1.c -O3 -g execution test
FAIL: c-c++-common/asan/swapcontext-test-1.c -Os execution test
FAIL: g++.dg/warn/Wstringop-overflow-6.C -std=gnu++14 (test for excess errors)
FAIL: g++.dg/warn/Wstringop-overflow-6.C -std=gnu++17 (test for excess errors)
FAIL: g++.dg/warn/Wstringop-overflow-6.C -std=gnu++2a (test for excess errors)
FAIL: g++.dg/lto/pr89335 cp_lto_pr89335_0.o assemble, -O2 -flto -Wsuggest-final-methods
UNRESOLVED: g++.dg/modules/hello-1 execute
UNRESOLVED: g++.dg/modules/hello-1 execute
FAIL: g++.dg/modules/hello-1 link
FAIL: g++.dg/modules/hello-1 link
FAIL: g++.dg/modules/stdio-1_a.H -std=c++17 scan-lang-dump module "Depset:0 decl entity:[0-9]* function_decl:'::printf'"
FAIL: g++.dg/modules/stdio-1_a.H -std=c++2a scan-lang-dump module "Depset:0 decl entity:[0-9]* function_decl:'::printf'"
FAIL: g++.dg/modules/string-1_b.C -std=c++17 (test for excess errors)
FAIL: g++.dg/modules/string-1_b.C -std=c++2a (test for excess errors)
FAIL: g++.dg/modules/xtreme-header-1_b.C -std=c++17 (test for excess errors)
FAIL: g++.dg/modules/xtreme-header-1_b.C -std=c++2a (test for excess errors)
FAIL: g++.dg/modules/xtreme-header-2_a.H -std=c++2a (internal compiler error)
FAIL: g++.dg/modules/xtreme-header-2_a.H -std=c++2a (test for excess errors)
FAIL: g++.dg/modules/xtreme-header-2_a.H module-cmi (gcm.cache/vol/gcc/src/hg/master/local/gcc/testsuite/g++.dg/modules/xtreme-header-2_a.H.gcm)
FAIL: g++.dg/modules/xtreme-header-2_b.C -std=c++17 (test for excess errors)
FAIL: g++.dg/modules/xtreme-header-2_b.C -std=c++2a (test for excess errors)
FAIL: g++.dg/modules/xtreme-header-2_c.C -std=c++2a (test for excess errors)
FAIL: g++.dg/modules/xtreme-header-3_b.C -std=c++17 (test for excess errors)
FAIL: g++.dg/modules/xtreme-header-3_b.C -std=c++2a (test for excess errors)
FAIL: g++.dg/modules/xtreme-header-4_b.C -std=c++17 (test for excess errors)
FAIL: g++.dg/modules/xtreme-header-4_b.C -std=c++2a (test for excess errors)
FAIL: g++.dg/modules/xtreme-header-5_a.H -std=c++2a (internal compiler error)
FAIL: g++.dg/modules/xtreme-header-5_a.H -std=c++2a (test for excess errors)
FAIL: g++.dg/modules/xtreme-header-5_a.H module-cmi (gcm.cache/vol/gcc/src/hg/master/local/gcc/testsuite/g++.dg/modules/xtreme-header-5_a.H.gcm)
FAIL: g++.dg/modules/xtreme-header-5_b.C -std=c++17 (test for excess errors)
FAIL: g++.dg/modules/xtreme-header-5_b.C -std=c++2a (test for excess errors)
FAIL: g++.dg/modules/xtreme-header-5_c.C -std=c++2a (test for excess errors)
FAIL: g++.dg/modules/xtreme-header-6_a.H -std=c++2a (internal compiler error)
FAIL: g++.dg/modules/xtreme-header-6_a.H -std=c++2a (test for excess errors)
FAIL: g++.dg/modules/xtreme-header-6_a.H module-cmi (gcm.cache/vol/gcc/src/hg/master/local/gcc/testsuite/g++.dg/modules/xtreme-header-6_a.H.gcm)
FAIL: g++.dg/modules/xtreme-header-6_b.C -std=c++2a (test for excess errors)
FAIL: g++.dg/modules/xtreme-header-6_c.C -std=c++2a (test for excess errors)
FAIL: g++.dg/modules/xtreme-header_a.H -std=c++2a (internal compiler error)
FAIL: g++.dg/modules/xtreme-header_a.H -std=c++2a (test for excess errors)
FAIL: g++.dg/modules/xtreme-header_a.H module-cmi (gcm.cache/vol/gcc/src/hg/master/local/gcc/testsuite/g++.dg/modules/xtreme-header_a.H.gcm)
FAIL: g++.dg/modules/xtreme-header_b.C -std=c++17 (test for excess errors)
FAIL: g++.dg/modules/xtreme-header_b.C -std=c++2a (test for excess errors)
FAIL: g++.dg/modules/xtreme-tr1_a.H -std=c++2a (internal compiler error)
FAIL: g++.dg/modules/xtreme-tr1_a.H -std=c++2a (test for excess errors)
FAIL: g++.dg/modules/xtreme-tr1_a.H module-cmi (gcm.cache/vol/gcc/src/hg/master/local/gcc/testsuite/g++.dg/modules/xtreme-tr1_a.H.gcm)
FAIL: g++.dg/modules/xtreme-tr1_b.C -std=c++17 (test for excess errors)
FAIL: g++.dg/modules/xtreme-tr1_b.C -std=c++2a (test for excess errors)
=== g++ Summary for unix ===
# of expected passes 197081
# of unexpected failures 51
# of expected failures 993
# of unresolved testcases 2
# of unsupported tests 8972
Running target unix/-m64
FAIL: g++.dg/lto/pr89335 cp_lto_pr89335_0.o assemble, -O2 -flto -Wsuggest-final-methods
UNRESOLVED: g++.dg/modules/hello-1 execute
UNRESOLVED: g++.dg/modules/hello-1 execute
FAIL: g++.dg/modules/hello-1 link
FAIL: g++.dg/modules/hello-1 link
FAIL: g++.dg/modules/stdio-1_a.H -std=c++17 scan-lang-dump module "Depset:0 decl entity:[0-9]* function_decl:'::printf'"
FAIL: g++.dg/modules/stdio-1_a.H -std=c++2a scan-lang-dump module "Depset:0 decl entity:[0-9]* function_decl:'::printf'"
FAIL: g++.dg/modules/string-1_b.C -std=c++17 (test for excess errors)
FAIL: g++.dg/modules/string-1_b.C -std=c++2a (test for excess errors)
FAIL: g++.dg/modules/xtreme-header-1_b.C -std=c++17 (test for excess errors)
FAIL: g++.dg/modules/xtreme-header-1_b.C -std=c++2a (test for excess errors)
FAIL: g++.dg/modules/xtreme-header-2_a.H -std=c++2a (internal compiler error)
FAIL: g++.dg/modules/xtreme-header-2_a.H -std=c++2a (test for excess errors)
FAIL: g++.dg/modules/xtreme-header-2_a.H module-cmi (gcm.cache/vol/gcc/src/hg/master/local/gcc/testsuite/g++.dg/modules/xtreme-header-2_a.H.gcm)
FAIL: g++.dg/modules/xtreme-header-2_b.C -std=c++17 (test for excess errors)
FAIL: g++.dg/modules/xtreme-header-2_b.C -std=c++2a (test for excess errors)
FAIL: g++.dg/modules/xtreme-header-2_c.C -std=c++2a (test for excess errors)
FAIL: g++.dg/modules/xtreme-header-3_b.C -std=c++17 (test for excess errors)
FAIL: g++.dg/modules/xtreme-header-3_b.C -std=c++2a (test for excess errors)
FAIL: g++.dg/modules/xtreme-header-4_b.C -std=c++17 (test for excess errors)
FAIL: g++.dg/modules/xtreme-header-4_b.C -std=c++2a (test for excess errors)
FAIL: g++.dg/modules/xtreme-header-5_a.H -std=c++2a (internal compiler error)
FAIL: g++.dg/modules/xtreme-header-5_a.H -std=c++2a (test for excess errors)
FAIL: g++.dg/modules/xtreme-header-5_a.H module-cmi (gcm.cache/vol/gcc/src/hg/master/local/gcc/testsuite/g++.dg/modules/xtreme-header-5_a.H.gcm)
FAIL: g++.dg/modules/xtreme-header-5_b.C -std=c++17 (test for excess errors)
FAIL: g++.dg/modules/xtreme-header-5_b.C -std=c++2a (test for excess errors)
FAIL: g++.dg/modules/xtreme-header-5_c.C -std=c++2a (test for excess errors)
FAIL: g++.dg/modules/xtreme-header-6_a.H -std=c++2a (internal compiler error)
FAIL: g++.dg/modules/xtreme-header-6_a.H -std=c++2a (test for excess errors)
FAIL: g++.dg/modules/xtreme-header-6_a.H module-cmi (gcm.cache/vol/gcc/src/hg/master/local/gcc/testsuite/g++.dg/modules/xtreme-header-6_a.H.gcm)
FAIL: g++.dg/modules/xtreme-header-6_b.C -std=c++2a (test for excess errors)
FAIL: g++.dg/modules/xtreme-header-6_c.C -std=c++2a (test for excess errors)
FAIL: g++.dg/modules/xtreme-header_a.H -std=c++2a (internal compiler error)
FAIL: g++.dg/modules/xtreme-header_a.H -std=c++2a (test for excess errors)
FAIL: g++.dg/modules/xtreme-header_a.H module-cmi (gcm.cache/vol/gcc/src/hg/master/local/gcc/testsuite/g++.dg/modules/xtreme-header_a.H.gcm)
FAIL: g++.dg/modules/xtreme-header_b.C -std=c++17 (test for excess errors)
FAIL: g++.dg/modules/xtreme-header_b.C -std=c++2a (test for excess errors)
FAIL: g++.dg/modules/xtreme-tr1_a.H -std=c++2a (internal compiler error)
FAIL: g++.dg/modules/xtreme-tr1_a.H -std=c++2a (test for excess errors)
FAIL: g++.dg/modules/xtreme-tr1_a.H module-cmi (gcm.cache/vol/gcc/src/hg/master/local/gcc/testsuite/g++.dg/modules/xtreme-tr1_a.H.gcm)
FAIL: g++.dg/modules/xtreme-tr1_b.C -std=c++17 (test for excess errors)
FAIL: g++.dg/modules/xtreme-tr1_b.C -std=c++2a (test for excess errors)
FAIL: g++.target/i386/pr97054.C -std=gnu++14 (test for excess errors)
UNRESOLVED: g++.target/i386/pr97054.C -std=gnu++14 compilation failed to produce executable
FAIL: g++.target/i386/pr97054.C -std=gnu++17 (test for excess errors)
UNRESOLVED: g++.target/i386/pr97054.C -std=gnu++17 compilation failed to produce executable
FAIL: g++.target/i386/pr97054.C -std=gnu++2a (test for excess errors)
UNRESOLVED: g++.target/i386/pr97054.C -std=gnu++2a compilation failed to produce executable
FAIL: g++.target/i386/pr97054.C -std=gnu++98 (test for excess errors)
UNRESOLVED: g++.target/i386/pr97054.C -std=gnu++98 compilation failed to produce executable
=== g++ Summary for unix/-m64 ===
# of expected passes 197405
# of unexpected failures 44
# of expected failures 997
# of unresolved testcases 6
# of unsupported tests 8942
=== g++ Summary ===
# of expected passes 394486
# of unexpected failures 95
# of expected failures 1990
# of unresolved testcases 8
# of unsupported tests 17914
/var/gcc/regression/master/11.3-gcc/build/gcc/xg++ version 11.0.0 20210108 (experimental) [master revision 01d92cfd79872e4cffc78bf233bb9b767336beb8] (GCC)
=== gcc tests ===
Running target unix
FAIL: gcc.c-torture/compile/pr61159.c -O0 (test for excess errors)
FAIL: gcc.c-torture/compile/pr61159.c -O1 (test for excess errors)
FAIL: gcc.c-torture/compile/pr61159.c -O2 (test for excess errors)
FAIL: gcc.c-torture/compile/pr61159.c -O2 -flto (test for excess errors)
FAIL: gcc.c-torture/compile/pr61159.c -O2 -flto -flto-partition=none (test for excess errors)
FAIL: gcc.c-torture/compile/pr61159.c -O3 -g (test for excess errors)
FAIL: gcc.c-torture/compile/pr61159.c -Os (test for excess errors)
FAIL: gcc.dg/analyzer/getchar-1.c (test for excess errors)
FAIL: gcc.dg/analyzer/pr94851-1.c bogus leak (test for bogus messages, line 43)
FAIL: c-c++-common/asan/swapcontext-test-1.c -O0 execution test
FAIL: c-c++-common/asan/swapcontext-test-1.c -O1 execution test
FAIL: c-c++-common/asan/swapcontext-test-1.c -O2 execution test
FAIL: c-c++-common/asan/swapcontext-test-1.c -O2 -flto execution test
FAIL: c-c++-common/asan/swapcontext-test-1.c -O2 -flto -flto-partition=none execution test
FAIL: c-c++-common/asan/swapcontext-test-1.c -O3 -fomit-frame-pointer -funroll-loops -fpeel-loops -ftracer -finline-functions execution test
FAIL: c-c++-common/asan/swapcontext-test-1.c -O3 -g execution test
FAIL: c-c++-common/asan/swapcontext-test-1.c -Os execution test
FAIL: gcc.dg/atomic/pr65345-4.c -O2 -flto (internal compiler error)
FAIL: gcc.dg/atomic/pr65345-4.c -O2 -flto (test for excess errors)
FAIL: gcc.dg/atomic/pr65345-4.c -O2 -flto -flto-partition=none (internal compiler error)
FAIL: gcc.dg/atomic/pr65345-4.c -O2 -flto -flto-partition=none (test for excess errors)
XPASS: gcc.dg/Walloca-2.c (test for bogus messages, line 16)
FAIL: gcc.dg/attr-weakref-1.c (test for excess errors)
UNRESOLVED: gcc.dg/attr-weakref-1.c compilation failed to produce executable
XPASS: gcc.dg/pr78973.c pr79073 (test for warnings, line 12)
FAIL: gcc.dg/visibility-22.c execution test
FAIL: gcc.dg/ipa/iinline-attr.c scan-ipa-dump inline "hooray[^\\\\n]*inline copy in test"
FAIL: gcc.dg/ipa/ipa-icf-38.c scan-ltrans-tree-dump-not optimized "Function bar"
FAIL: gcc-dg-lto-modref-3-01.exe scan-wpa-ipa-dump modref "parm 1 flags: nodirectescape"
FAIL: gcc-dg-lto-modref-4-01.exe scan-wpa-ipa-dump modref "parm 1 flags: nodirectescape"
FAIL: gcc.dg/lto/modref-3 c_lto_modref-3_0.o-c_lto_modref-3_1.o execute -O2 -flto-partition=max -fdump-ipa-modref -fno-ipa-sra -fno-ipa-cp -flto
FAIL: gcc.dg/lto/modref-4 c_lto_modref-4_0.o-c_lto_modref-4_1.o execute -O2 -flto-partition=max -fdump-ipa-modref -fno-ipa-sra -flto
FAIL: gcc.dg/torture/pr60092.c -O0 execution test
FAIL: gcc.dg/tree-ssa/scev-3.c scan-tree-dump-times ivopts "&a" 1
FAIL: gcc.dg/tree-ssa/scev-4.c scan-tree-dump-times ivopts "&a" 1
FAIL: gcc.dg/tree-ssa/scev-5.c scan-tree-dump-times ivopts "&a" 1
FAIL: gcc.target/i386/pr80569.c (test for excess errors)
FAIL: gcc.target/i386/pr95021-1.c scan-assembler movq[ \\t]%xmm[0-9]+, \\\\(%esp\\\\)
FAIL: gcc.target/i386/pr95021-3.c scan-assembler movq[ \\t]+[^\\n]*, %xmm
=== gcc Summary for unix ===
# of expected passes 151278
# of unexpected failures 36
# of unexpected successes 2
# of expected failures 867
# of unresolved testcases 1
# of unsupported tests 4352
Running target unix/-m64
FAIL: gcc.c-torture/compile/pr61159.c -O0 (test for excess errors)
FAIL: gcc.c-torture/compile/pr61159.c -O1 (test for excess errors)
FAIL: gcc.c-torture/compile/pr61159.c -O2 (test for excess errors)
FAIL: gcc.c-torture/compile/pr61159.c -O2 -flto (test for excess errors)
FAIL: gcc.c-torture/compile/pr61159.c -O2 -flto -flto-partition=none (test for excess errors)
FAIL: gcc.c-torture/compile/pr61159.c -O3 -g (test for excess errors)
FAIL: gcc.c-torture/compile/pr61159.c -Os (test for excess errors)
FAIL: gcc.dg/atomic/pr65345-4.c -O2 -flto (internal compiler error)
FAIL: gcc.dg/atomic/pr65345-4.c -O2 -flto (test for excess errors)
FAIL: gcc.dg/atomic/pr65345-4.c -O2 -flto -flto-partition=none (internal compiler error)
FAIL: gcc.dg/atomic/pr65345-4.c -O2 -flto -flto-partition=none (test for excess errors)
FAIL: gcc.dg/attr-weakref-1.c (test for excess errors)
UNRESOLVED: gcc.dg/attr-weakref-1.c compilation failed to produce executable
FAIL: gcc.dg/strcmpopt_8.c scan-tree-dump-not forwprop1 "strncmp"
FAIL: gcc.dg/visibility-22.c execution test
FAIL: gcc.dg/ipa/iinline-attr.c scan-ipa-dump inline "hooray[^\\\\n]*inline copy in test"
FAIL: gcc.dg/ipa/ipa-icf-38.c scan-ltrans-tree-dump-not optimized "Function bar"
FAIL: gcc-dg-lto-modref-3-01.exe scan-wpa-ipa-dump modref "parm 1 flags: nodirectescape"
FAIL: gcc-dg-lto-modref-4-01.exe scan-wpa-ipa-dump modref "parm 1 flags: nodirectescape"
FAIL: gcc.dg/lto/modref-3 c_lto_modref-3_0.o-c_lto_modref-3_1.o execute -O2 -flto-partition=max -fdump-ipa-modref -fno-ipa-sra -fno-ipa-cp -flto
FAIL: gcc.dg/lto/modref-4 c_lto_modref-4_0.o-c_lto_modref-4_1.o execute -O2 -flto-partition=max -fdump-ipa-modref -fno-ipa-sra -flto
FAIL: gcc.dg/torture/pr60092.c -O0 execution test
XPASS: gcc.dg/tree-ssa/builtin-snprintf-6.c scan-tree-dump-times optimized "Function test_assign_aggregate" 1
FAIL: gcc.target/i386/pr61599-1.c (test for excess errors)
UNRESOLVED: gcc.target/i386/pr61599-1.c compilation failed to produce executable
FAIL: gcc.target/i386/pr71321.c scan-assembler-not lea.*0
FAIL: gcc.target/i386/pr80569.c (test for excess errors)
=== gcc Summary for unix/-m64 ===
# of expected passes 151929
# of unexpected failures 24
# of unexpected successes 1
# of expected failures 855
# of unresolved testcases 2
# of unsupported tests 3701
=== gcc Summary ===
# of expected passes 303207
# of unexpected failures 60
# of unexpected successes 3
# of expected failures 1722
# of unresolved testcases 3
# of unsupported tests 8053
/var/gcc/regression/master/11.3-gcc/build/gcc/xgcc version 11.0.0 20210108 (experimental) [master revision 01d92cfd79872e4cffc78bf233bb9b767336beb8] (GCC)
=== gdc tests ===
Running target unix
=== gdc Summary for unix ===
# of expected passes 3703
# of unsupported tests 1075
Running target unix/-m64
=== gdc Summary for unix/-m64 ===
# of expected passes 3703
# of unsupported tests 1075
=== gdc Summary ===
# of expected passes 7406
# of unsupported tests 2150
/var/gcc/regression/master/11.3-gcc/build/gcc/gdc version 11.0.0 20210108 (experimental) [master revision 01d92cfd79872e4cffc78bf233bb9b767336beb8] (GCC)
=== gfortran tests ===
Running target unix
=== gfortran Summary for unix ===
# of expected passes 55711
# of expected failures 234
# of unsupported tests 213
Running target unix/-m64
=== gfortran Summary for unix/-m64 ===
# of expected passes 55948
# of expected failures 232
# of unsupported tests 98
=== gfortran Summary ===
# of expected passes 111659
# of expected failures 466
# of unsupported tests 311
/var/gcc/regression/master/11.3-gcc/build/gcc/gfortran version 11.0.0 20210108 (experimental) [master revision 01d92cfd79872e4cffc78bf233bb9b767336beb8] (GCC)
=== gnat tests ===
Running target unix
=== gnat Summary for unix ===
# of expected passes 3335
# of expected failures 23
# of unsupported tests 11
Running target unix/-m64
=== gnat Summary for unix/-m64 ===
# of expected passes 3333
# of expected failures 23
# of unsupported tests 11
=== gnat Summary ===
# of expected passes 6668
# of expected failures 46
# of unsupported tests 22
/var/gcc/regression/master/11.3-gcc/build/gcc/gnatmake version 11.0.0 20210108 (experimental) [master revision 01d92cfd79872e4cffc78bf233bb9b767336beb8]
=== go tests ===
Running target unix
FAIL: ./index0-out.go execution, -O0 -g -fno-var-tracking-assignments
FAIL: go.test/test/fixedbugs/issue10441.go -O (test for excess errors)
FAIL: go.test/test/fixedbugs/issue16016.go execution, -O2 -g
FAIL: go.test/test/fixedbugs/issue27836.dir/Ãfoo.go -O -I. (test for excess errors)
FAIL: go.test/test/fixedbugs/issue27836.dir/Ãmain.go -O -I. (test for excess errors)
FAIL: issue4458.go -O (test for errors, line 19)
FAIL: issue4458.go -O (test for excess errors)
=== go Summary for unix ===
# of expected passes 8990
# of unexpected failures 7
# of untested testcases 10
# of unsupported tests 34
Running target unix/-m64
FAIL: ./index0-out.go execution, -O0 -g -fno-var-tracking-assignments
FAIL: go.test/test/fixedbugs/issue10441.go -O (test for excess errors)
FAIL: go.test/test/fixedbugs/issue11256.go execution, -O2 -g
FAIL: go.test/test/fixedbugs/issue16016.go execution, -O2 -g
FAIL: go.test/test/fixedbugs/issue23781.go -O (test for excess errors)
FAIL: go.test/test/fixedbugs/issue27695.go execution, -O2 -g
FAIL: go.test/test/fixedbugs/issue27836.dir/Ãfoo.go -O -I. (test for excess errors)
FAIL: go.test/test/fixedbugs/issue27836.dir/Ãmain.go -O -I. (test for excess errors)
FAIL: go.test/test/fixedbugs/issue9321.go execution, -O2 -g
FAIL: go.test/test/mallocfin.go execution, -O2 -g
FAIL: issue4458.go -O (test for errors, line 19)
FAIL: issue4458.go -O (test for excess errors)
=== go Summary for unix/-m64 ===
# of expected passes 8873
# of unexpected failures 12
# of untested testcases 10
# of unsupported tests 28
=== go Summary ===
# of expected passes 17863
# of unexpected failures 19
# of untested testcases 20
# of unsupported tests 62
=== obj-c++ tests ===
Running target unix
=== obj-c++ Summary for unix ===
# of expected passes 1489
# of expected failures 2
# of unsupported tests 77
Running target unix/-m64
=== obj-c++ Summary for unix/-m64 ===
# of expected passes 1481
# of expected failures 10
# of unsupported tests 77
=== obj-c++ Summary ===
# of expected passes 2970
# of expected failures 12
# of unsupported tests 154
/var/gcc/regression/master/11.3-gcc/build/gcc/xg++ version 11.0.0 20210108 (experimental) [master revision 01d92cfd79872e4cffc78bf233bb9b767336beb8] (GCC)
=== objc tests ===
Running target unix
=== objc Summary for unix ===
# of expected passes 2819
# of expected failures 6
# of unsupported tests 68
Running target unix/-m64
=== objc Summary for unix/-m64 ===
# of expected passes 2819
# of expected failures 6
# of unsupported tests 68
=== objc Summary ===
# of expected passes 5638
# of expected failures 12
# of unsupported tests 136
/var/gcc/regression/master/11.3-gcc/build/gcc/xgcc version 11.0.0 20210108 (experimental) [master revision 01d92cfd79872e4cffc78bf233bb9b767336beb8] (GCC)
=== gotools tests ===
FAIL: TestScript
FAIL: go test cmd/go
FAIL: TestAbort
FAIL: TestGccgoCrashTracebackNodebug
FAIL: TestNonblockingPipe
FAIL: TestSelectStackAdjust
FAIL: go test runtime
FAIL: TestEarlySignalHandler
FAIL: TestOsSignal
FAIL: TestPIE
FAIL: TestSigaltstack
FAIL: go test misc/cgo/testcarchive
=== gotools Summary ===
# of expected passes 374
# of unexpected failures 12
# of untested testcases 123
/var/gcc/regression/master/11.3-gcc/build/./gcc/gccgo version 11.0.0 20210108 (experimental) [master revision 01d92cfd79872e4cffc78bf233bb9b767336beb8] (GCC)
=== libatomic tests ===
Running target unix
=== libatomic Summary for unix ===
# of expected passes 44
# of unsupported tests 5
Running target unix/-m64
=== libatomic Summary for unix/-m64 ===
# of expected passes 54
=== libatomic Summary ===
# of expected passes 98
# of unsupported tests 5
=== libffi tests ===
Running target unix
=== libffi Summary for unix ===
# of expected passes 2799
Running target unix/-m64
=== libffi Summary for unix/-m64 ===
# of expected passes 2214
=== libffi Summary ===
# of expected passes 5013
=== libgo tests ===
Running target unix
FAIL: runtime
FAIL: time
=== libgo Summary for unix ===
# of expected passes 180
# of unexpected failures 2
Running target unix/-m64
FAIL: compress/flate
FAIL: context
FAIL: crypto/tls
FAIL: debug/elf
FAIL: encoding/json
FAIL: go/printer
FAIL: html/template
FAIL: mime/multipart
FAIL: net/http
FAIL: net/http/pprof
FAIL: net/smtp
FAIL: os/exec
FAIL: runtime
FAIL: runtime/pprof
FAIL: syscall
FAIL: testing
FAIL: text/template
=== libgo Summary for unix/-m64 ===
# of expected passes 165
# of unexpected failures 17
=== libgo Summary ===
# of expected passes 345
# of unexpected failures 19
/var/gcc/regression/master/11.3-gcc/build/./gcc/gccgo version 11.0.0 20210108 (experimental) [master revision 01d92cfd79872e4cffc78bf233bb9b767336beb8] (GCC)
=== libgomp tests ===
Running target unix
=== libgomp Summary for unix ===
# of expected passes 8032
# of expected failures 6
# of unsupported tests 610
Running target unix/-m64
WARNING: libgomp.c++/task-reduction-11.C execution test program timed out.
FAIL: libgomp.c++/task-reduction-11.C execution test
=== libgomp Summary for unix/-m64 ===
# of expected passes 8032
# of unexpected failures 1
# of expected failures 6
# of unsupported tests 609
=== libgomp Summary ===
# of expected passes 16064
# of unexpected failures 1
# of expected failures 12
# of unsupported tests 1219
=== libitm tests ===
Running target unix
=== libitm Summary for unix ===
# of expected passes 42
# of expected failures 3
# of unsupported tests 1
Running target unix/-m64
=== libitm Summary for unix/-m64 ===
# of expected passes 42
# of expected failures 3
# of unsupported tests 1
=== libitm Summary ===
# of expected passes 84
# of expected failures 6
# of unsupported tests 2
=== libstdc++ tests ===
Running target unix
FAIL: 29_atomics/atomic_flag/cons/56012.cc (test for excess errors)
WARNING: 30_threads/latch/3.cc execution test program timed out.
FAIL: 30_threads/latch/3.cc execution test
FAIL: experimental/net/internet/resolver/ops/lookup.cc execution test
=== libstdc++ Summary for unix ===
# of expected passes 14591
# of unexpected failures 3
# of expected failures 105
# of unsupported tests 721
Running target unix/-m64
FAIL: 20_util/to_chars/long_double.cc execution test
WARNING: 30_threads/latch/3.cc execution test program timed out.
FAIL: 30_threads/latch/3.cc execution test
WARNING: 30_threads/semaphore/try_acquire_until.cc execution test program timed out.
FAIL: 30_threads/semaphore/try_acquire_until.cc execution test
FAIL: experimental/net/internet/resolver/ops/lookup.cc execution test
=== libstdc++ Summary for unix/-m64 ===
# of expected passes 14579
# of unexpected failures 4
# of expected failures 104
# of unsupported tests 727
=== libstdc++ Summary ===
# of expected passes 29170
# of unexpected failures 7
# of expected failures 209
# of unsupported tests 1448
Compiler version: 11.0.0 20210108 (experimental) [master revision 01d92cfd79872e4cffc78bf233bb9b767336beb8] (GCC)
Platform: i386-pc-solaris2.11
configure flags: --prefix=/vol/gcc --target=i386-pc-solaris2.11 --enable-objc-gc --with-target-bdw-gc-include=/vol/gcc/include --with-target-bdw-gc-lib=/vol/gcc/lib,amd64=/vol/gcc/lib/amd64 --with-as=/usr/ccs/bin/as --without-gnu-as --with-gmp-include=/vol/gcc/include --with-gmp-lib=/vol/gcc/lib --with-mpfr-include=/vol/gcc/include --with-mpfr-lib=/vol/gcc/lib --with-mpc-include=/vol/gcc/include --with-mpc-lib=/vol/gcc/lib --enable-languages=all,ada,obj-c++,go --with-isl-include=/vol/gcc/include --with-isl-lib=/vol/gcc/lib --with-zstd-include=/vol/gcc/include --with-zstd-lib=/vol/gcc/lib --build=i386-pc-solaris2.11 --host=i386-pc-solaris2.11
BOOT_CFLAGS=-g -O2
More information about the Gcc-testresults
mailing list