Results for 10.2.1 20210226 [releases/gcc-10 revision ce4960668cc7cdc78346a279f13a1da6e0ec3e73] (GCC) testsuite on sparc-sun-solaris2.11
Rainer Orth
ro@CeBiTec.Uni-Bielefeld.DE
Fri Feb 26 23:32:40 GMT 2021
LAST_UPDATED: Fri Feb 26 09:53:42 UTC 2021 (revision ce4960668cc7cdc78346a279f13a1da6e0ec3e73)
=== acats tests ===
=== acats Summary ===
# of expected passes 2320
# of unexpected failures 0
Native configuration is sparc-sun-solaris2.11
=== g++ tests ===
Running target unix
FAIL: g++.dg/asan/default-options-1.C -O0 execution test
FAIL: g++.dg/asan/default-options-1.C -O1 execution test
FAIL: g++.dg/asan/default-options-1.C -O2 execution test
FAIL: g++.dg/asan/default-options-1.C -O2 -flto execution test
FAIL: g++.dg/asan/default-options-1.C -O2 -flto -flto-partition=none execution test
FAIL: g++.dg/asan/default-options-1.C -O3 -g execution test
FAIL: g++.dg/asan/default-options-1.C -Os execution test
FAIL: g++.dg/cpp1y/lambda-generic-variadic20.C -std=c++14 (internal compiler error)
FAIL: g++.dg/cpp1y/lambda-generic-variadic20.C -std=c++14 (test for excess errors)
FAIL: g++.dg/cpp1y/lambda-generic-variadic20.C -std=c++17 (internal compiler error)
FAIL: g++.dg/cpp1y/lambda-generic-variadic20.C -std=c++17 (test for excess errors)
FAIL: g++.dg/cpp1y/lambda-generic-variadic20.C -std=c++2a (internal compiler error)
FAIL: g++.dg/cpp1y/lambda-generic-variadic20.C -std=c++2a (test for excess errors)
FAIL: g++.dg/gcov/pr16855-priority.C -std=gnu++14 gcov: 1 failures in line counts, 0 in branch percentages, 0 in return percentages, 0 in intermediate format
FAIL: g++.dg/gcov/pr16855-priority.C -std=gnu++14 line 22: is #####:should be 1
FAIL: g++.dg/gcov/pr16855-priority.C -std=gnu++17 gcov: 1 failures in line counts, 0 in branch percentages, 0 in return percentages, 0 in intermediate format
FAIL: g++.dg/gcov/pr16855-priority.C -std=gnu++17 line 22: is #####:should be 1
FAIL: g++.dg/gcov/pr16855-priority.C -std=gnu++2a gcov: 1 failures in line counts, 0 in branch percentages, 0 in return percentages, 0 in intermediate format
FAIL: g++.dg/gcov/pr16855-priority.C -std=gnu++2a line 22: is #####:should be 1
FAIL: g++.dg/gcov/pr16855-priority.C -std=gnu++98 gcov: 1 failures in line counts, 0 in branch percentages, 0 in return percentages, 0 in intermediate format
FAIL: g++.dg/gcov/pr16855-priority.C -std=gnu++98 line 22: is #####:should be 1
FAIL: g++.dg/gcov/pr16855.C -std=gnu++14 gcov: 1 failures in line counts, 0 in branch percentages, 0 in return percentages, 0 in intermediate format
FAIL: g++.dg/gcov/pr16855.C -std=gnu++14 line 24: is #####:should be 1
FAIL: g++.dg/gcov/pr16855.C -std=gnu++17 gcov: 1 failures in line counts, 0 in branch percentages, 0 in return percentages, 0 in intermediate format
FAIL: g++.dg/gcov/pr16855.C -std=gnu++17 line 24: is #####:should be 1
FAIL: g++.dg/gcov/pr16855.C -std=gnu++2a gcov: 1 failures in line counts, 0 in branch percentages, 0 in return percentages, 0 in intermediate format
FAIL: g++.dg/gcov/pr16855.C -std=gnu++2a line 24: is #####:should be 1
FAIL: g++.dg/gcov/pr16855.C -std=gnu++98 gcov: 1 failures in line counts, 0 in branch percentages, 0 in return percentages, 0 in intermediate format
FAIL: g++.dg/gcov/pr16855.C -std=gnu++98 line 24: is #####:should be 1
FAIL: g++.dg/lto/pr89335 cp_lto_pr89335_0.o assemble, -O2 -flto -Wsuggest-final-methods
=== g++ Summary for unix ===
# of expected passes 186637
# of unexpected failures 30
# of expected failures 872
# of unsupported tests 8985
Running target unix/-m64
FAIL: g++.dg/gcov/pr16855-priority.C -std=gnu++14 gcov: 1 failures in line counts, 0 in branch percentages, 0 in return percentages, 0 in intermediate format
FAIL: g++.dg/gcov/pr16855-priority.C -std=gnu++14 line 22: is #####:should be 1
FAIL: g++.dg/gcov/pr16855-priority.C -std=gnu++17 gcov: 1 failures in line counts, 0 in branch percentages, 0 in return percentages, 0 in intermediate format
FAIL: g++.dg/gcov/pr16855-priority.C -std=gnu++17 line 22: is #####:should be 1
FAIL: g++.dg/gcov/pr16855-priority.C -std=gnu++2a gcov: 1 failures in line counts, 0 in branch percentages, 0 in return percentages, 0 in intermediate format
FAIL: g++.dg/gcov/pr16855-priority.C -std=gnu++2a line 22: is #####:should be 1
FAIL: g++.dg/gcov/pr16855-priority.C -std=gnu++98 gcov: 1 failures in line counts, 0 in branch percentages, 0 in return percentages, 0 in intermediate format
FAIL: g++.dg/gcov/pr16855-priority.C -std=gnu++98 line 22: is #####:should be 1
FAIL: g++.dg/gcov/pr16855.C -std=gnu++14 gcov: 1 failures in line counts, 0 in branch percentages, 0 in return percentages, 0 in intermediate format
FAIL: g++.dg/gcov/pr16855.C -std=gnu++14 line 24: is #####:should be 1
FAIL: g++.dg/gcov/pr16855.C -std=gnu++17 gcov: 1 failures in line counts, 0 in branch percentages, 0 in return percentages, 0 in intermediate format
FAIL: g++.dg/gcov/pr16855.C -std=gnu++17 line 24: is #####:should be 1
FAIL: g++.dg/gcov/pr16855.C -std=gnu++2a gcov: 1 failures in line counts, 0 in branch percentages, 0 in return percentages, 0 in intermediate format
FAIL: g++.dg/gcov/pr16855.C -std=gnu++2a line 24: is #####:should be 1
FAIL: g++.dg/gcov/pr16855.C -std=gnu++98 gcov: 1 failures in line counts, 0 in branch percentages, 0 in return percentages, 0 in intermediate format
FAIL: g++.dg/gcov/pr16855.C -std=gnu++98 line 24: is #####:should be 1
FAIL: g++.dg/lto/pr89335 cp_lto_pr89335_0.o assemble, -O2 -flto -Wsuggest-final-methods
=== g++ Summary for unix/-m64 ===
# of expected passes 187461
# of unexpected failures 17
# of expected failures 876
# of unsupported tests 8681
=== g++ Summary ===
# of expected passes 374098
# of unexpected failures 47
# of expected failures 1748
# of unsupported tests 17666
/var/gcc/regression/gcc-10-branch/11.4-gcc-gas/build/gcc/xg++ version 10.2.1 20210226 [releases/gcc-10 revision ce4960668cc7cdc78346a279f13a1da6e0ec3e73] (GCC)
=== gcc tests ===
Running target unix
FAIL: gcc.dg/debug/dwarf2/pr97060.c scan-assembler-times DW_AT_declaration 2
FAIL: gcc.dg/ipa/iinline-attr.c scan-ipa-dump inline "hooray[^\\\\n]*inline copy in test"
FAIL: gcc.dg/ipa/ipa-icf-38.c scan-ltrans-tree-dump-not optimized "Function bar"
FAIL: gcc.dg/simulate-thread/atomic-other-int.c -O2 -g thread simulation test
FAIL: gcc.dg/simulate-thread/atomic-other-int.c -O3 -g thread simulation test
FAIL: gcc.dg/simulate-thread/speculative-store-4.c -O0 -g thread simulation test
FAIL: gcc.dg/simulate-thread/speculative-store-4.c -O2 -g thread simulation test
FAIL: gcc.dg/simulate-thread/speculative-store-4.c -O3 -g thread simulation test
FAIL: gcc.dg/simulate-thread/speculative-store.c -O0 -g thread simulation test
FAIL: gcc.dg/vect/bb-slp-49.c -flto -ffat-lto-objects scan-tree-dump slp1 "vectorizing stmts using SLP"
FAIL: gcc.dg/vect/bb-slp-49.c scan-tree-dump slp1 "vectorizing stmts using SLP"
=== gcc Summary for unix ===
# of expected passes 123341
# of unexpected failures 11
# of expected failures 820
# of unsupported tests 3629
Running target unix/-m64
FAIL: gcc.dg/debug/dwarf2/pr97060.c scan-assembler-times DW_AT_declaration 2
FAIL: gcc.dg/ipa/ipa-icf-38.c scan-ltrans-tree-dump-not optimized "Function bar"
FAIL: gcc.dg/vect/bb-slp-49.c -flto -ffat-lto-objects scan-tree-dump slp1 "vectorizing stmts using SLP"
FAIL: gcc.dg/vect/bb-slp-49.c scan-tree-dump slp1 "vectorizing stmts using SLP"
=== gcc Summary for unix/-m64 ===
# of expected passes 122998
# of unexpected failures 4
# of expected failures 810
# of unsupported tests 2960
=== gcc Summary ===
# of expected passes 246339
# of unexpected failures 15
# of expected failures 1630
# of unsupported tests 6589
/var/gcc/regression/gcc-10-branch/11.4-gcc-gas/build/gcc/xgcc version 10.2.1 20210226 [releases/gcc-10 revision ce4960668cc7cdc78346a279f13a1da6e0ec3e73] (GCC)
=== gdc tests ===
Running target unix
UNRESOLVED: gdc.test/runnable/dhry.d compilation failed to produce executable
UNRESOLVED: gdc.test/runnable/dhry.d -shared-libphobos compilation failed to produce executable
FAIL: gdc.test/runnable/eh.d execution test
FAIL: gdc.test/runnable/eh.d -fPIC execution test
FAIL: gdc.test/runnable/eh.d -fPIC -shared-libphobos execution test
FAIL: gdc.test/runnable/eh.d -shared-libphobos execution test
FAIL: gdc.test/runnable/test42.d execution test
FAIL: gdc.test/runnable/test42.d -g execution test
FAIL: gdc.test/runnable/test42.d -g -shared-libphobos execution test
FAIL: gdc.test/runnable/test42.d -shared-libphobos execution test
FAIL: gdc.test/runnable_cxx/cpp_abi_tests.d -O2 execution test
FAIL: gdc.test/runnable_cxx/cpp_abi_tests.d -O2 -g execution test
=== gdc Summary for unix ===
# of expected passes 31293
# of unexpected failures 10
# of unresolved testcases 2
Running target unix/-m64
UNRESOLVED: gdc.test/runnable/dhry.d compilation failed to produce executable
UNRESOLVED: gdc.test/runnable/dhry.d -shared-libphobos compilation failed to produce executable
FAIL: gdc.test/runnable/foreach5.d execution test
FAIL: gdc.test/runnable/foreach5.d -frelease execution test
FAIL: gdc.test/runnable/foreach5.d -frelease -g execution test
FAIL: gdc.test/runnable/foreach5.d -frelease -g -shared-libphobos execution test
FAIL: gdc.test/runnable/foreach5.d -frelease -shared-libphobos execution test
FAIL: gdc.test/runnable/foreach5.d -g execution test
FAIL: gdc.test/runnable/foreach5.d -g -shared-libphobos execution test
FAIL: gdc.test/runnable/foreach5.d -shared-libphobos execution test
FAIL: gdc.test/runnable/inline.d execution test
FAIL: gdc.test/runnable/inline.d -O2 execution test
FAIL: gdc.test/runnable/inline.d -O2 -g execution test
FAIL: gdc.test/runnable/inline.d -O2 -g -shared-libphobos execution test
FAIL: gdc.test/runnable/inline.d -O2 -shared-libphobos execution test
FAIL: gdc.test/runnable/inline.d -g execution test
FAIL: gdc.test/runnable/inline.d -g -shared-libphobos execution test
FAIL: gdc.test/runnable/inline.d -shared-libphobos execution test
FAIL: gdc.test/runnable/test42.d execution test
FAIL: gdc.test/runnable/test42.d -g execution test
FAIL: gdc.test/runnable/test42.d -g -shared-libphobos execution test
FAIL: gdc.test/runnable/test42.d -shared-libphobos execution test
FAIL: gdc.test/runnable_cxx/cpp_abi_tests.d -O2 execution test
FAIL: gdc.test/runnable_cxx/cpp_abi_tests.d -O2 -g execution test
=== gdc Summary for unix/-m64 ===
# of expected passes 31280
# of unexpected failures 22
# of unresolved testcases 2
=== gdc Summary ===
# of expected passes 62573
# of unexpected failures 32
# of unresolved testcases 4
/var/gcc/regression/gcc-10-branch/11.4-gcc-gas/build/gcc/gdc version 10.2.1 20210226 [releases/gcc-10 revision ce4960668cc7cdc78346a279f13a1da6e0ec3e73] (GCC)
=== gfortran tests ===
Running target unix
FAIL: gfortran.dg/analyzer/pr93993.f90 -O (test for excess errors)
=== gfortran Summary for unix ===
# of expected passes 54292
# of unexpected failures 1
# of expected failures 232
# of unsupported tests 284
Running target unix/-m64
FAIL: gfortran.dg/analyzer/pr93993.f90 -O (test for excess errors)
FAIL: gfortran.dg/class_assign_4.f90 -O0 execution test
FAIL: gfortran.dg/class_assign_4.f90 -O1 execution test
FAIL: gfortran.dg/class_assign_4.f90 -O2 execution test
FAIL: gfortran.dg/class_assign_4.f90 -O3 -fomit-frame-pointer -funroll-loops -fpeel-loops -ftracer -finline-functions execution test
FAIL: gfortran.dg/class_assign_4.f90 -O3 -g execution test
FAIL: gfortran.dg/class_assign_4.f90 -Os execution test
=== gfortran Summary for unix/-m64 ===
# of expected passes 54547
# of unexpected failures 7
# of expected failures 230
# of unsupported tests 157
=== gfortran Summary ===
# of expected passes 108839
# of unexpected failures 8
# of expected failures 462
# of unsupported tests 441
/var/gcc/regression/gcc-10-branch/11.4-gcc-gas/build/gcc/gfortran version 10.2.1 20210226 [releases/gcc-10 revision ce4960668cc7cdc78346a279f13a1da6e0ec3e73] (GCC)
=== gnat tests ===
Running target unix
=== gnat Summary for unix ===
# of expected passes 3256
# of expected failures 23
# of unsupported tests 30
Running target unix/-m64
=== gnat Summary for unix/-m64 ===
# of expected passes 3256
# of expected failures 23
# of unsupported tests 30
=== gnat Summary ===
# of expected passes 6512
# of expected failures 46
# of unsupported tests 60
/var/gcc/regression/gcc-10-branch/11.4-gcc-gas/build/gcc/gnatmake version 10.2.1 20210226 [releases/gcc-10 revision ce4960668cc7cdc78346a279f13a1da6e0ec3e73]
=== go tests ===
Running target unix
FAIL: ./index0-out.go execution, -O0 -g -fno-var-tracking-assignments
FAIL: go.test/test/fixedbugs/issue4085b.go execution, -O2 -g
FAIL: go.test/test/fixedbugs/issue4562.go execution, -O2 -g
FAIL: go.test/test/nil.go execution, -O2 -g
=== go Summary for unix ===
# of expected passes 7464
# of unexpected failures 4
# of expected failures 1
# of untested testcases 11
# of unsupported tests 3
Running target unix/-m64
FAIL: ./index0-out.go execution, -O0 -g -fno-var-tracking-assignments
=== go Summary for unix/-m64 ===
# of expected passes 7347
# of unexpected failures 1
# of expected failures 1
# of untested testcases 11
# of unsupported tests 3
=== go Summary ===
# of expected passes 14811
# of unexpected failures 5
# of expected failures 2
# of untested testcases 22
# of unsupported tests 6
=== obj-c++ tests ===
Running target unix
=== obj-c++ Summary for unix ===
# of expected passes 1450
# of expected failures 2
# of unsupported tests 77
Running target unix/-m64
=== obj-c++ Summary for unix/-m64 ===
# of expected passes 1442
# of expected failures 10
# of unsupported tests 77
=== obj-c++ Summary ===
# of expected passes 2892
# of expected failures 12
# of unsupported tests 154
/var/gcc/regression/gcc-10-branch/11.4-gcc-gas/build/gcc/xg++ version 10.2.1 20210226 [releases/gcc-10 revision ce4960668cc7cdc78346a279f13a1da6e0ec3e73] (GCC)
=== objc tests ===
Running target unix
=== objc Summary for unix ===
# of expected passes 2784
# of unsupported tests 68
Running target unix/-m64
=== objc Summary for unix/-m64 ===
# of expected passes 2784
# of unsupported tests 68
=== objc Summary ===
# of expected passes 5568
# of unsupported tests 136
/var/gcc/regression/gcc-10-branch/11.4-gcc-gas/build/gcc/xgcc version 10.2.1 20210226 [releases/gcc-10 revision ce4960668cc7cdc78346a279f13a1da6e0ec3e73] (GCC)
=== gotools tests ===
FAIL: go test cmd/go
FAIL: TestAbort
FAIL: TestCgoSignalDeadlock
FAIL: TestG0StackOverflow
FAIL: TestGccgoCrashTracebackNodebug
FAIL: TestPanicInlined
FAIL: TestSelectStackAdjust
FAIL: go test runtime
FAIL: go test misc/cgo/test
FAIL: TestCompileWithoutShared
FAIL: TestEarlySignalHandler
FAIL: TestOsSignal
FAIL: TestSigaltstack
FAIL: TestSignalForwarding
FAIL: TestSignalForwardingExternal
FAIL: go test misc/cgo/testcarchive
FAIL: TestVet
FAIL: go test cmd/vet
=== gotools Summary ===
# of expected passes 197
# of unexpected failures 18
# of untested testcases 55
/var/gcc/regression/gcc-10-branch/11.4-gcc-gas/build/./gcc/gccgo version 10.2.1 20210226 [releases/gcc-10 revision ce4960668cc7cdc78346a279f13a1da6e0ec3e73] (GCC)
=== libatomic tests ===
Running target unix
=== libatomic Summary for unix ===
# of expected passes 44
# of unsupported tests 5
Running target unix/-m64
=== libatomic Summary for unix/-m64 ===
# of expected passes 54
=== libatomic Summary ===
# of expected passes 98
# of unsupported tests 5
=== libffi tests ===
Running target unix
=== libffi Summary for unix ===
# of expected passes 2214
Running target unix/-m64
=== libffi Summary for unix/-m64 ===
# of expected passes 2214
=== libffi Summary ===
# of expected passes 4428
=== libgo tests ===
Running target unix
FAIL: go/build
FAIL: os/signal
FAIL: runtime
FAIL: runtime/pprof
FAIL: sync/atomic
=== libgo Summary for unix ===
# of expected passes 168
# of unexpected failures 5
Running target unix/-m64
FAIL: go/build
FAIL: os/signal
FAIL: runtime
FAIL: runtime/pprof
FAIL: sync/atomic
=== libgo Summary for unix/-m64 ===
# of expected passes 168
# of unexpected failures 5
=== libgo Summary ===
# of expected passes 336
# of unexpected failures 10
/var/gcc/regression/gcc-10-branch/11.4-gcc-gas/build/./gcc/gccgo version 10.2.1 20210226 [releases/gcc-10 revision ce4960668cc7cdc78346a279f13a1da6e0ec3e73] (GCC)
=== libgomp tests ===
Running target unix
WARNING: libgomp.c++/task-reduction-8.C execution test program timed out.
FAIL: libgomp.c++/task-reduction-8.C execution test
=== libgomp Summary for unix ===
# of expected passes 7660
# of unexpected failures 1
# of expected failures 4
# of unsupported tests 603
Running target unix/-m64
WARNING: libgomp.c++/task-reduction-11.C execution test program timed out.
FAIL: libgomp.c++/task-reduction-11.C execution test
WARNING: libgomp.c++/task-reduction-8.C execution test program timed out.
FAIL: libgomp.c++/task-reduction-8.C execution test
=== libgomp Summary for unix/-m64 ===
# of expected passes 7659
# of unexpected failures 2
# of expected failures 4
# of unsupported tests 603
=== libgomp Summary ===
# of expected passes 15319
# of unexpected failures 3
# of expected failures 8
# of unsupported tests 1206
=== libitm tests ===
Running target unix
=== libitm Summary for unix ===
# of expected passes 42
# of expected failures 3
# of unsupported tests 1
Running target unix/-m64
=== libitm Summary for unix/-m64 ===
# of expected passes 42
# of expected failures 3
# of unsupported tests 1
=== libitm Summary ===
# of expected passes 84
# of expected failures 6
# of unsupported tests 2
=== libphobos tests ===
Running target unix
FAIL: libphobos.druntime_shared/core/thread.d execution test
WARNING: libphobos.phobos_shared/std/algorithm/searching.d (test for excess errors) program timed out.
FAIL: libphobos.phobos_shared/std/algorithm/searching.d (test for excess errors)
UNRESOLVED: libphobos.phobos_shared/std/algorithm/searching.d compilation failed to produce executable
WARNING: libphobos.phobos_shared/std/algorithm/sorting.d (test for excess errors) program timed out.
FAIL: libphobos.phobos_shared/std/algorithm/sorting.d (test for excess errors)
UNRESOLVED: libphobos.phobos_shared/std/algorithm/sorting.d compilation failed to produce executable
WARNING: libphobos.phobos_shared/std/array.d (test for excess errors) program timed out.
FAIL: libphobos.phobos_shared/std/array.d (test for excess errors)
UNRESOLVED: libphobos.phobos_shared/std/array.d compilation failed to produce executable
WARNING: libphobos.phobos_shared/std/conv.d (test for excess errors) program timed out.
FAIL: libphobos.phobos_shared/std/conv.d (test for excess errors)
UNRESOLVED: libphobos.phobos_shared/std/conv.d compilation failed to produce executable
WARNING: libphobos.phobos_shared/std/datetime/date.d (test for excess errors) program timed out.
FAIL: libphobos.phobos_shared/std/datetime/date.d (test for excess errors)
UNRESOLVED: libphobos.phobos_shared/std/datetime/date.d compilation failed to produce executable
WARNING: libphobos.phobos_shared/std/datetime/systime.d (test for excess errors) program timed out.
FAIL: libphobos.phobos_shared/std/datetime/systime.d (test for excess errors)
UNRESOLVED: libphobos.phobos_shared/std/datetime/systime.d compilation failed to produce executable
FAIL: libphobos.phobos_shared/std/datetime/timezone.d execution test
FAIL: libphobos.phobos_shared/std/digest/murmurhash.d execution test
FAIL: libphobos.phobos_shared/std/experimental/allocator/building_blocks/region.d execution test
WARNING: libphobos.phobos_shared/std/format.d (test for excess errors) program timed out.
FAIL: libphobos.phobos_shared/std/format.d (test for excess errors)
UNRESOLVED: libphobos.phobos_shared/std/format.d compilation failed to produce executable
FAIL: libphobos.phobos_shared/std/internal/math/errorfunction.d execution test
FAIL: libphobos.phobos_shared/std/internal/math/gammafunction.d execution test
FAIL: libphobos.phobos_shared/std/math.d execution test
WARNING: libphobos.phobos_shared/std/net/curl.d execution test program timed out.
FAIL: libphobos.phobos_shared/std/net/curl.d execution test
FAIL: libphobos.phobos_shared/std/net/isemail.d execution test
FAIL: libphobos.phobos_shared/std/numeric.d execution test
FAIL: libphobos.phobos_shared/std/parallelism.d execution test
WARNING: libphobos.phobos_shared/std/random.d (test for excess errors) program timed out.
FAIL: libphobos.phobos_shared/std/random.d (test for excess errors)
UNRESOLVED: libphobos.phobos_shared/std/random.d compilation failed to produce executable
WARNING: libphobos.phobos_shared/std/range/package.d (test for excess errors) program timed out.
FAIL: libphobos.phobos_shared/std/range/package.d (test for excess errors)
UNRESOLVED: libphobos.phobos_shared/std/range/package.d compilation failed to produce executable
FAIL: libphobos.phobos_shared/std/regex/internal/kickstart.d execution test
WARNING: libphobos.phobos_shared/std/regex/internal/tests.d (test for excess errors) program timed out.
FAIL: libphobos.phobos_shared/std/regex/internal/tests.d (test for excess errors)
UNRESOLVED: libphobos.phobos_shared/std/regex/internal/tests.d compilation failed to produce executable
WARNING: libphobos.phobos_shared/std/regex/package.d (test for excess errors) program timed out.
FAIL: libphobos.phobos_shared/std/regex/package.d (test for excess errors)
UNRESOLVED: libphobos.phobos_shared/std/regex/package.d compilation failed to produce executable
FAIL: libphobos.phobos_shared/std/stdio.d execution test
WARNING: libphobos.phobos_shared/std/string.d (test for excess errors) program timed out.
FAIL: libphobos.phobos_shared/std/string.d (test for excess errors)
UNRESOLVED: libphobos.phobos_shared/std/string.d compilation failed to produce executable
WARNING: libphobos.phobos_shared/std/uni.d (test for excess errors) program timed out.
FAIL: libphobos.phobos_shared/std/uni.d (test for excess errors)
UNRESOLVED: libphobos.phobos_shared/std/uni.d compilation failed to produce executable
WARNING: libphobos.phobos_shared/std/variant.d (test for excess errors) program timed out.
FAIL: libphobos.phobos_shared/std/variant.d (test for excess errors)
UNRESOLVED: libphobos.phobos_shared/std/variant.d compilation failed to produce executable
FAIL: libphobos.shared/finalize.d -shared-libphobos -ldl execution test
FAIL: libphobos.shared/load.d -shared-libphobos -ldl execution test
FAIL: libphobos.shared/load_13414.d -shared-libphobos -ldl execution test
=== libphobos Summary for unix ===
# of expected passes 380
# of unexpected failures 30
# of unresolved testcases 14
Running target unix/-m64
FAIL: libphobos.druntime_shared/core/thread.d execution test
WARNING: libphobos.phobos_shared/std/algorithm/iteration.d (test for excess errors) program timed out.
FAIL: libphobos.phobos_shared/std/algorithm/iteration.d (test for excess errors)
UNRESOLVED: libphobos.phobos_shared/std/algorithm/iteration.d compilation failed to produce executable
WARNING: libphobos.phobos_shared/std/algorithm/searching.d (test for excess errors) program timed out.
FAIL: libphobos.phobos_shared/std/algorithm/searching.d (test for excess errors)
UNRESOLVED: libphobos.phobos_shared/std/algorithm/searching.d compilation failed to produce executable
WARNING: libphobos.phobos_shared/std/algorithm/sorting.d (test for excess errors) program timed out.
FAIL: libphobos.phobos_shared/std/algorithm/sorting.d (test for excess errors)
UNRESOLVED: libphobos.phobos_shared/std/algorithm/sorting.d compilation failed to produce executable
WARNING: libphobos.phobos_shared/std/array.d (test for excess errors) program timed out.
FAIL: libphobos.phobos_shared/std/array.d (test for excess errors)
UNRESOLVED: libphobos.phobos_shared/std/array.d compilation failed to produce executable
WARNING: libphobos.phobos_shared/std/container/rbtree.d (test for excess errors) program timed out.
FAIL: libphobos.phobos_shared/std/container/rbtree.d (test for excess errors)
UNRESOLVED: libphobos.phobos_shared/std/container/rbtree.d compilation failed to produce executable
WARNING: libphobos.phobos_shared/std/conv.d (test for excess errors) program timed out.
FAIL: libphobos.phobos_shared/std/conv.d (test for excess errors)
UNRESOLVED: libphobos.phobos_shared/std/conv.d compilation failed to produce executable
WARNING: libphobos.phobos_shared/std/datetime/date.d (test for excess errors) program timed out.
FAIL: libphobos.phobos_shared/std/datetime/date.d (test for excess errors)
UNRESOLVED: libphobos.phobos_shared/std/datetime/date.d compilation failed to produce executable
WARNING: libphobos.phobos_shared/std/datetime/interval.d (test for excess errors) program timed out.
FAIL: libphobos.phobos_shared/std/datetime/interval.d (test for excess errors)
UNRESOLVED: libphobos.phobos_shared/std/datetime/interval.d compilation failed to produce executable
WARNING: libphobos.phobos_shared/std/datetime/systime.d (test for excess errors) program timed out.
FAIL: libphobos.phobos_shared/std/datetime/systime.d (test for excess errors)
UNRESOLVED: libphobos.phobos_shared/std/datetime/systime.d compilation failed to produce executable
FAIL: libphobos.phobos_shared/std/datetime/timezone.d execution test
FAIL: libphobos.phobos_shared/std/digest/murmurhash.d execution test
WARNING: libphobos.phobos_shared/std/format.d (test for excess errors) program timed out.
FAIL: libphobos.phobos_shared/std/format.d (test for excess errors)
UNRESOLVED: libphobos.phobos_shared/std/format.d compilation failed to produce executable
FAIL: libphobos.phobos_shared/std/internal/math/errorfunction.d execution test
FAIL: libphobos.phobos_shared/std/internal/math/gammafunction.d execution test
FAIL: libphobos.phobos_shared/std/math.d execution test
WARNING: libphobos.phobos_shared/std/net/isemail.d (test for excess errors) program timed out.
FAIL: libphobos.phobos_shared/std/net/isemail.d (test for excess errors)
UNRESOLVED: libphobos.phobos_shared/std/net/isemail.d compilation failed to produce executable
FAIL: libphobos.phobos_shared/std/numeric.d execution test
FAIL: libphobos.phobos_shared/std/parallelism.d execution test
WARNING: libphobos.phobos_shared/std/random.d (test for excess errors) program timed out.
FAIL: libphobos.phobos_shared/std/random.d (test for excess errors)
UNRESOLVED: libphobos.phobos_shared/std/random.d compilation failed to produce executable
WARNING: libphobos.phobos_shared/std/range/package.d (test for excess errors) program timed out.
FAIL: libphobos.phobos_shared/std/range/package.d (test for excess errors)
UNRESOLVED: libphobos.phobos_shared/std/range/package.d compilation failed to produce executable
FAIL: libphobos.phobos_shared/std/regex/internal/kickstart.d execution test
WARNING: libphobos.phobos_shared/std/regex/internal/tests.d (test for excess errors) program timed out.
FAIL: libphobos.phobos_shared/std/regex/internal/tests.d (test for excess errors)
UNRESOLVED: libphobos.phobos_shared/std/regex/internal/tests.d compilation failed to produce executable
WARNING: libphobos.phobos_shared/std/regex/package.d (test for excess errors) program timed out.
FAIL: libphobos.phobos_shared/std/regex/package.d (test for excess errors)
UNRESOLVED: libphobos.phobos_shared/std/regex/package.d compilation failed to produce executable
WARNING: libphobos.phobos_shared/std/string.d (test for excess errors) program timed out.
FAIL: libphobos.phobos_shared/std/string.d (test for excess errors)
UNRESOLVED: libphobos.phobos_shared/std/string.d compilation failed to produce executable
WARNING: libphobos.phobos_shared/std/uni.d (test for excess errors) program timed out.
FAIL: libphobos.phobos_shared/std/uni.d (test for excess errors)
UNRESOLVED: libphobos.phobos_shared/std/uni.d compilation failed to produce executable
WARNING: libphobos.phobos_shared/std/uuid.d (test for excess errors) program timed out.
FAIL: libphobos.phobos_shared/std/uuid.d (test for excess errors)
UNRESOLVED: libphobos.phobos_shared/std/uuid.d compilation failed to produce executable
FAIL: libphobos.shared/finalize.d -shared-libphobos -ldl execution test
FAIL: libphobos.shared/load.d -shared-libphobos -ldl execution test
FAIL: libphobos.shared/load_13414.d -shared-libphobos -ldl execution test
=== libphobos Summary for unix/-m64 ===
# of expected passes 376
# of unexpected failures 30
# of unresolved testcases 18
=== libphobos Summary ===
# of expected passes 756
# of unexpected failures 60
# of unresolved testcases 32
=== libstdc++ tests ===
Running target unix
FAIL: 30_threads/future/members/poll.cc execution test
=== libstdc++ Summary for unix ===
# of expected passes 14066
# of unexpected failures 1
# of expected failures 93
# of unsupported tests 733
Running target unix/-m64
=== libstdc++ Summary for unix/-m64 ===
# of expected passes 14067
# of expected failures 93
# of unsupported tests 733
=== libstdc++ Summary ===
# of expected passes 28133
# of unexpected failures 1
# of expected failures 186
# of unsupported tests 1466
Compiler version: 10.2.1 20210226 [releases/gcc-10 revision ce4960668cc7cdc78346a279f13a1da6e0ec3e73] (GCC)
Platform: sparc-sun-solaris2.11
configure flags: --prefix=/vol/gcc --target=sparc-sun-solaris2.11 --enable-objc-gc --with-target-bdw-gc-include=/vol/gcc/include --with-target-bdw-gc-lib=/vol/gcc/lib,sparcv9=/vol/gcc/lib/sparcv9 --with-as=/vol/gcc/bin/gas-2.36 --with-gnu-as --with-gmp-include=/vol/gcc/include --with-gmp-lib=/vol/gcc/lib --with-mpfr-include=/vol/gcc/include --with-mpfr-lib=/vol/gcc/lib --with-mpc-include=/vol/gcc/include --with-mpc-lib=/vol/gcc/lib --enable-languages=all,ada,obj-c++,go --with-isl-include=/vol/gcc/include --with-isl-lib=/vol/gcc/lib --with-zstd-include=/vol/gcc/include --with-zstd-lib=/vol/gcc/lib --build=sparc-sun-solaris2.11 --host=sparc-sun-solaris2.11
BOOT_CFLAGS=-g -O2
More information about the Gcc-testresults
mailing list