Results for 11.0.0 20210214 (experimental) [master revision 18fabc35f47:7b5c5353241:c8656df666721ca06066ec59f61524c30cbde03f] (GCC) testsuite on avr-unknown-none
The GnuPru BuildBot
gnupru.buildbot@gmail.com
Sun Feb 14 07:03:58 GMT 2021
WARNING: Many C++ failures have been omitted due to lack of libstdc++ on AVR!
Only G++ regressions are reported below.
LAST_UPDATED: 14.02.2021 (нд) 6:41:16 UTC (revision )
Target is avr-unknown-none
Host is x86_64-pc-linux-gnu
=== gcc tests ===
Running target atmega128-sim
FAIL: gcc.c-torture/compile/asmgoto-2.c -O0 (test for excess errors)
FAIL: gcc.c-torture/compile/asmgoto-2.c -O1 (test for excess errors)
FAIL: gcc.c-torture/compile/asmgoto-2.c -O2 (test for excess errors)
FAIL: gcc.c-torture/compile/asmgoto-2.c -O2 -flto -fno-use-linker-plugin -flto-partition=none (test for excess errors)
FAIL: gcc.c-torture/compile/asmgoto-2.c -O3 -g (test for excess errors)
FAIL: gcc.c-torture/compile/asmgoto-2.c -Os (test for excess errors)
FAIL: gcc.c-torture/compile/asmgoto-5.c -O0 (test for excess errors)
FAIL: gcc.c-torture/compile/asmgoto-5.c -O1 (test for excess errors)
FAIL: gcc.c-torture/compile/asmgoto-5.c -O2 (test for excess errors)
FAIL: gcc.c-torture/compile/asmgoto-5.c -O2 -flto -fno-use-linker-plugin -flto-partition=none (test for excess errors)
FAIL: gcc.c-torture/compile/asmgoto-5.c -O3 -g (test for excess errors)
FAIL: gcc.c-torture/compile/asmgoto-5.c -Os (test for excess errors)
FAIL: gcc.c-torture/compile/pr52555.c -O0 (internal compiler error)
FAIL: gcc.c-torture/compile/pr52555.c -O0 (test for excess errors)
FAIL: gcc.c-torture/compile/pr58332.c -O1 (internal compiler error)
FAIL: gcc.c-torture/compile/pr58332.c -O1 (test for excess errors)
FAIL: gcc.c-torture/compile/pr58332.c -O2 (internal compiler error)
FAIL: gcc.c-torture/compile/pr58332.c -O2 (test for excess errors)
FAIL: gcc.c-torture/compile/pr58332.c -O2 -flto -fno-use-linker-plugin -flto-partition=none (internal compiler error)
FAIL: gcc.c-torture/compile/pr58332.c -O2 -flto -fno-use-linker-plugin -flto-partition=none (test for excess errors)
FAIL: gcc.c-torture/compile/pr58332.c -O2 -flto -fuse-linker-plugin -fno-fat-lto-objects (internal compiler error)
FAIL: gcc.c-torture/compile/pr58332.c -O2 -flto -fuse-linker-plugin -fno-fat-lto-objects (test for excess errors)
FAIL: gcc.c-torture/compile/pr58332.c -O3 -g (internal compiler error)
FAIL: gcc.c-torture/compile/pr58332.c -O3 -g (test for excess errors)
FAIL: gcc.c-torture/compile/pr58332.c -Os (internal compiler error)
FAIL: gcc.c-torture/compile/pr58332.c -Os (test for excess errors)
FAIL: gcc.c-torture/compile/pr65873.c -O0 (internal compiler error)
FAIL: gcc.c-torture/compile/pr65873.c -O0 (test for excess errors)
FAIL: gcc.c-torture/compile/pr81360.c -O1 (internal compiler error)
FAIL: gcc.c-torture/compile/pr81360.c -O1 (test for excess errors)
FAIL: gcc.c-torture/compile/pr81360.c -O2 (internal compiler error)
FAIL: gcc.c-torture/compile/pr81360.c -O2 (test for excess errors)
FAIL: gcc.c-torture/compile/pr81360.c -O2 -flto -fno-use-linker-plugin -flto-partition=none (internal compiler error)
FAIL: gcc.c-torture/compile/pr81360.c -O2 -flto -fno-use-linker-plugin -flto-partition=none (test for excess errors)
FAIL: gcc.c-torture/compile/pr81360.c -O2 -flto -fuse-linker-plugin -fno-fat-lto-objects (internal compiler error)
FAIL: gcc.c-torture/compile/pr81360.c -O2 -flto -fuse-linker-plugin -fno-fat-lto-objects (test for excess errors)
FAIL: gcc.c-torture/compile/pr81360.c -O3 -g (internal compiler error)
FAIL: gcc.c-torture/compile/pr81360.c -O3 -g (test for excess errors)
FAIL: gcc.c-torture/compile/pr81360.c -Os (internal compiler error)
FAIL: gcc.c-torture/compile/pr81360.c -Os (test for excess errors)
FAIL: gcc.c-torture/compile/pr84425.c -O1 (internal compiler error)
FAIL: gcc.c-torture/compile/pr84425.c -O1 (test for excess errors)
FAIL: gcc.c-torture/compile/pr84425.c -O2 (internal compiler error)
FAIL: gcc.c-torture/compile/pr84425.c -O2 (test for excess errors)
FAIL: gcc.c-torture/compile/pr84425.c -O2 -flto -fno-use-linker-plugin -flto-partition=none (internal compiler error)
FAIL: gcc.c-torture/compile/pr84425.c -O2 -flto -fno-use-linker-plugin -flto-partition=none (test for excess errors)
FAIL: gcc.c-torture/compile/pr84425.c -O2 -flto -fuse-linker-plugin -fno-fat-lto-objects (internal compiler error)
FAIL: gcc.c-torture/compile/pr84425.c -O2 -flto -fuse-linker-plugin -fno-fat-lto-objects (test for excess errors)
FAIL: gcc.c-torture/compile/pr84425.c -O3 -g (internal compiler error)
FAIL: gcc.c-torture/compile/pr84425.c -O3 -g (test for excess errors)
FAIL: gcc.c-torture/compile/pr84425.c -Os (internal compiler error)
FAIL: gcc.c-torture/compile/pr84425.c -Os (test for excess errors)
FAIL: gcc.c-torture/compile/pr96426.c -O0 (test for excess errors)
FAIL: gcc.c-torture/compile/pr96426.c -O1 (test for excess errors)
FAIL: gcc.c-torture/compile/pr96426.c -O2 (test for excess errors)
FAIL: gcc.c-torture/compile/pr96426.c -O2 -flto -fno-use-linker-plugin -flto-partition=none (test for excess errors)
FAIL: gcc.c-torture/compile/pr96426.c -O2 -flto -fuse-linker-plugin -fno-fat-lto-objects (test for excess errors)
FAIL: gcc.c-torture/compile/pr96426.c -O3 -g (test for excess errors)
FAIL: gcc.c-torture/compile/pr96426.c -Os (test for excess errors)
FAIL: gcc.c-torture/compile/pr98199.c -O0 (test for excess errors)
FAIL: gcc.c-torture/compile/pr98199.c -O1 (test for excess errors)
FAIL: gcc.c-torture/compile/pr98199.c -O2 (test for excess errors)
FAIL: gcc.c-torture/compile/pr98199.c -O2 -flto -fno-use-linker-plugin -flto-partition=none (test for excess errors)
FAIL: gcc.c-torture/compile/pr98199.c -O2 -flto -fuse-linker-plugin -fno-fat-lto-objects (test for excess errors)
FAIL: gcc.c-torture/compile/pr98199.c -O3 -g (test for excess errors)
FAIL: gcc.c-torture/compile/pr98199.c -Os (test for excess errors)
FAIL: gcc.c-torture/execute/conversion.c -O0 execution test
FAIL: gcc.c-torture/execute/pr60062.c -O1 (internal compiler error)
FAIL: gcc.c-torture/execute/pr60062.c -O1 (test for excess errors)
UNRESOLVED: gcc.c-torture/execute/pr60062.c -O1 compilation failed to produce executable
FAIL: gcc.c-torture/execute/pr60062.c -O2 (internal compiler error)
FAIL: gcc.c-torture/execute/pr60062.c -O2 (test for excess errors)
UNRESOLVED: gcc.c-torture/execute/pr60062.c -O2 compilation failed to produce executable
FAIL: gcc.c-torture/execute/pr60062.c -O2 -flto -fno-use-linker-plugin -flto-partition=none (internal compiler error)
FAIL: gcc.c-torture/execute/pr60062.c -O2 -flto -fno-use-linker-plugin -flto-partition=none (test for excess errors)
UNRESOLVED: gcc.c-torture/execute/pr60062.c -O2 -flto -fno-use-linker-plugin -flto-partition=none compilation failed to produce executable
FAIL: gcc.c-torture/execute/pr60062.c -O2 -flto -fuse-linker-plugin -fno-fat-lto-objects (internal compiler error)
FAIL: gcc.c-torture/execute/pr60062.c -O2 -flto -fuse-linker-plugin -fno-fat-lto-objects (test for excess errors)
UNRESOLVED: gcc.c-torture/execute/pr60062.c -O2 -flto -fuse-linker-plugin -fno-fat-lto-objects compilation failed to produce executable
FAIL: gcc.c-torture/execute/pr60062.c -O3 -g (internal compiler error)
FAIL: gcc.c-torture/execute/pr60062.c -O3 -g (test for excess errors)
UNRESOLVED: gcc.c-torture/execute/pr60062.c -O3 -g compilation failed to produce executable
FAIL: gcc.c-torture/execute/pr60062.c -Os (internal compiler error)
FAIL: gcc.c-torture/execute/pr60062.c -Os (test for excess errors)
UNRESOLVED: gcc.c-torture/execute/pr60062.c -Os compilation failed to produce executable
FAIL: gcc.c-torture/execute/pr60072.c -O0 (internal compiler error)
FAIL: gcc.c-torture/execute/pr60072.c -O0 (test for excess errors)
UNRESOLVED: gcc.c-torture/execute/pr60072.c -O0 compilation failed to produce executable
FAIL: gcc.c-torture/execute/pr64242.c -O0 execution test
FAIL: gcc.c-torture/execute/pr64242.c -O1 execution test
FAIL: gcc.c-torture/execute/pr64242.c -O2 execution test
FAIL: gcc.c-torture/execute/pr64242.c -O2 -flto -fno-use-linker-plugin -flto-partition=none execution test
FAIL: gcc.c-torture/execute/pr64242.c -O2 -flto -fuse-linker-plugin -fno-fat-lto-objects execution test
FAIL: gcc.c-torture/execute/pr64242.c -O3 -g execution test
FAIL: gcc.c-torture/execute/pr64242.c -Os execution test
FAIL: gcc.c-torture/execute/ieee/20010226-1.c execution, -O0
FAIL: gcc.c-torture/execute/ieee/20010226-1.c execution, -O1
FAIL: gcc.c-torture/execute/ieee/20010226-1.c execution, -O2
FAIL: gcc.c-torture/execute/ieee/20010226-1.c execution, -O2 -flto -fno-use-linker-plugin -flto-partition=none
FAIL: gcc.c-torture/execute/ieee/20010226-1.c execution, -O3 -g
FAIL: gcc.c-torture/execute/ieee/20010226-1.c execution, -Og -g
FAIL: gcc.c-torture/execute/ieee/20010226-1.c execution, -Os
FAIL: gcc.c-torture/execute/ieee/fp-cmp-3.c execution, -O0
FAIL: gcc.c-torture/execute/ieee/fp-cmp-3.c execution, -O1
FAIL: gcc.c-torture/execute/ieee/fp-cmp-3.c execution, -O2
FAIL: gcc.c-torture/execute/ieee/fp-cmp-3.c execution, -O2 -flto -fno-use-linker-plugin -flto-partition=none
FAIL: gcc.c-torture/execute/ieee/fp-cmp-3.c execution, -O3 -fomit-frame-pointer -funroll-loops -fpeel-loops -ftracer -finline-functions
FAIL: gcc.c-torture/execute/ieee/fp-cmp-3.c execution, -O3 -g
FAIL: gcc.c-torture/execute/ieee/fp-cmp-3.c execution, -Og -g
FAIL: gcc.c-torture/execute/ieee/fp-cmp-3.c execution, -Os
XPASS: gcc.dg/analyzer/data-model-1.c desired (test for warnings, line 971)
FAIL: gcc.dg/analyzer/data-model-1.c status quo (test for warnings, line 971)
FAIL: gcc.dg/analyzer/fields.c (test for excess errors)
FAIL: gcc.dg/analyzer/pr93032-mztools.c (test for excess errors)
FAIL: gcc.dg/analyzer/pr96653.c (test for excess errors)
FAIL: gcc.dg/analyzer/pr98969.c (test for warnings, line 17)
FAIL: gcc.dg/analyzer/pr98969.c (test for excess errors)
FAIL: gcc.dg/analyzer/signal-1.c (test for warnings, line 13)
FAIL: gcc.dg/analyzer/signal-1.c (test for warnings, line 25)
FAIL: gcc.dg/analyzer/signal-1.c (test for excess errors)
FAIL: gcc.dg/analyzer/signal-2.c (test for warnings, line 16)
FAIL: gcc.dg/analyzer/signal-2.c (test for warnings, line 28)
FAIL: gcc.dg/analyzer/signal-2.c (test for excess errors)
FAIL: gcc.dg/analyzer/signal-3.c (test for warnings, line 10)
FAIL: gcc.dg/analyzer/signal-3.c (test for warnings, line 21)
FAIL: gcc.dg/analyzer/signal-3.c (test for excess errors)
FAIL: gcc.dg/analyzer/signal-4a.c (test for warnings, line 15)
FAIL: gcc.dg/analyzer/signal-4a.c (test for excess errors)
FAIL: gcc.dg/analyzer/signal-4a.c expected multiline pattern lines 33-75 not found: "\\s*NN \\| fprintf\\(stderr, "LOG: %s", msg\\);.*\\n \\| \\^~~~~~~~~~~~~~~~~~~~~~~~~~~~~~~\\n 'test': events 1-2.*\\n \\|.*\\n \\| NN \\| void test \\(void\\).*\\n \\| \\| \\^~~~\\n \\| \\| \\|.*\\n \\| \\| \\(1\\) entry to 'test'.*\\n \\|\\.\\.\\.\\.\\.\\..*\\n \\| NN \\| signal\\(SIGINT, int_handler\\);.*\\n \\| \\| ~~~~~~~~~~~~~~~~~~~~~~~~~~~\\n \\| \\| \\|.*\\n \\| \\| \\(2\\) registering 'int_handler' as signal handler.*\\n \\|.*\\n event 3.*\\n \\|.*\\n \\|cc1:.*\\n \\| \\(3\\): later on, when the signal is delivered to the process.*\\n \\|.*\\n \\+--> 'int_handler': events 4-5.*\\n \\|.*\\n \\| NN \\| static void int_handler\\(int signum\\).*\\n \\| \\| \\^~~~~~~~~~~\\n \\| \\| \\|.*\\n \\| \\| \\(4\\) entry to 'int_handler'.*\\n \\| NN \\| \\{.*\\n \\| NN \\| custom_logger\\("got signal"\\);.*\\n \\| \\| ~~~~~~~~~~~~~~~~~~~~~~~~~~~\\n \\| \\| \\|.*\\n \\| \\| \\(5\\) calling 'custom_logger' from 'int_handler'.*\\n \\|.*\\n \\+--> 'custom_logger': events 6-7.*\\n \\|.*\\n \\| NN \\| void custom_logger\\(const char \\*msg\\).*\\n \\| \\| \\^~~~~~~~~~~~~\\n \\| \\| \\|.*\\n \\| \\| \\(6\\) entry to 'custom_logger'.*\\n \\| NN \\| \\{.*\\n \\| NN \\| fprintf\\(stderr, "LOG: %s", msg\\);.*\\n \\| \\| ~~~~~~~~~~~~~~~~~~~~~~~~~~~~~~~\\n \\| \\| \\|.*\\n \\| \\| \\(7\\) call to 'fprintf' from within signal handler.*\\n \\|.*\\n"
FAIL: gcc.dg/analyzer/signal-4b.c (test for warnings, line 15)
FAIL: gcc.dg/analyzer/signal-4b.c (test for excess errors)
FAIL: gcc.dg/analyzer/signal-4b.c expected multiline pattern lines 36-90 not found: "\\s*NN \\| fprintf\\(stderr, "LOG: %s", msg\\);.*\\n \\| \\^~~~~~~~~~~~~~~~~~~~~~~~~~~~~~~\\n 'test': events 1-2.*\\n \\|.*\\n \\| NN \\| void test \\(void\\).*\\n \\| \\| \\^~~~\\n \\| \\| \\|.*\\n \\| \\| \\(1\\) entry to 'test'.*\\n \\| NN \\| \\{.*\\n \\| NN \\| __analyzer_register_handler \\(\\);.*\\n \\| \\| ~~~~~~~~~~~~~~~~~~~~~~~~~~~~~~\\n \\| \\| \\|.*\\n \\| \\| \\(2\\) calling '__analyzer_register_handler' from 'test'.*\\n \\|.*\\n \\+--> '__analyzer_register_handler': events 3-4.*\\n \\|.*\\n \\| NN \\| static void __analyzer_register_handler \\(\\).*\\n \\| \\| \\^~~~~~~~~~~~~~~~~~~~~~~~~~~\\n \\| \\| \\|.*\\n \\| \\| \\(3\\) entry to '__analyzer_register_handler'.*\\n \\| NN \\| \\{.*\\n \\| NN \\| signal\\(SIGINT, int_handler\\);.*\\n \\| \\| ~~~~~~~~~~~~~~~~~~~~~~~~~~~\\n \\| \\| \\|.*\\n \\| \\| \\(4\\) registering 'int_handler' as signal handler.*\\n \\|.*\\n event 5.*\\n \\|.*\\n \\|cc1:.*\\n \\| \\(5\\): later on, when the signal is delivered to the process.*\\n \\|.*\\n \\+--> 'int_handler': events 6-7.*\\n \\|.*\\n \\| NN \\| static void int_handler\\(int signum\\).*\\n \\| \\| \\^~~~~~~~~~~\\n \\| \\| \\|.*\\n \\| \\| \\(6\\) entry to 'int_handler'.*\\n \\| NN \\| \\{.*\\n \\| NN \\| custom_logger\\("got signal"\\);.*\\n \\| \\| ~~~~~~~~~~~~~~~~~~~~~~~~~~~\\n \\| \\| \\|.*\\n \\| \\| \\(7\\) calling 'custom_logger' from 'int_handler'.*\\n \\|.*\\n \\+--> 'custom_logger': events 8-9.*\\n \\|.*\\n \\| NN \\| void custom_logger\\(const char \\*msg\\).*\\n \\| \\| \\^~~~~~~~~~~~~\\n \\| \\| \\|.*\\n \\| \\| \\(8\\) entry to 'custom_logger'.*\\n \\| NN \\| \\{.*\\n \\| NN \\| fprintf\\(stderr, "LOG: %s", msg\\);.*\\n \\| \\| ~~~~~~~~~~~~~~~~~~~~~~~~~~~~~~~\\n \\| \\| \\|.*\\n \\| \\| \\(9\\) call to 'fprintf' from within signal handler.*\\n \\|.*\\n"
FAIL: gcc.dg/analyzer/signal-5.c (test for warnings, line 12)
FAIL: gcc.dg/analyzer/signal-5.c (test for warnings, line 14)
FAIL: gcc.dg/analyzer/signal-5.c (test for warnings, line 19)
FAIL: gcc.dg/analyzer/signal-5.c (test for excess errors)
FAIL: gcc.dg/analyzer/signal-6.c (test for warnings, line 11)
FAIL: gcc.dg/analyzer/signal-6.c (test for warnings, line 16)
FAIL: gcc.dg/analyzer/signal-6.c (test for excess errors)
FAIL: gcc.dg/analyzer/signal-exit.c (test for warnings, line 19)
FAIL: gcc.dg/analyzer/signal-exit.c (test for excess errors)
FAIL: gcc.dg/analyzer/signal-exit.c replacement note (test for warnings, line 13)
FAIL: gcc.dg/analyzer/signal-exit.c warning (test for warnings, line 13)
FAIL: gcc.dg/analyzer/signal-registration-loc.c (test for warnings, line 15)
FAIL: gcc.dg/analyzer/signal-registration-loc.c (test for warnings, line 21)
FAIL: gcc.dg/analyzer/signal-registration-loc.c (test for excess errors)
FAIL: gcc.dg/analyzer/strndup-1.c (test for excess errors)
FAIL: gcc.dg/analyzer/zlib-5.c (test for excess errors)
FAIL: gcc.dg/analyzer/torture/pr51628-30.c -O0 (test for excess errors)
FAIL: gcc.dg/analyzer/torture/pr51628-30.c -O1 (test for excess errors)
FAIL: gcc.dg/analyzer/torture/pr51628-30.c -O2 (test for excess errors)
FAIL: gcc.dg/analyzer/torture/pr51628-30.c -O2 -flto -fno-use-linker-plugin -flto-partition=none (test for excess errors)
FAIL: gcc.dg/analyzer/torture/pr51628-30.c -O2 -flto -fuse-linker-plugin -fno-fat-lto-objects (test for excess errors)
FAIL: gcc.dg/analyzer/torture/pr51628-30.c -O3 -g (test for excess errors)
FAIL: gcc.dg/analyzer/torture/pr51628-30.c -Os (test for excess errors)
FAIL: gcc.dg/compat/struct-by-value-18a c_compat_x_tst.o-c_compat_y_tst.o execute "-Os -mno-interrupts -mcall-prologues","-Os -mno-interrupts -mcall-prologues"
FAIL: gcc.dg/cpp/charconst-3.c execution test
FAIL: gcc.dg/cpp/ucs.c (test for warnings, line 46)
FAIL: gcc.dg/debug/dwarf2/inline5.c scan-assembler-not \\\\(DIE \\\\(0x([0-9a-f]*)\\\\) DW_TAG_lexical_block\\\\)[^#/!@;\\\\|]*[#/!@;\\\\|]+ +[^(].*DW_TAG_lexical_block\\\\)[^#/!@;\\\\|x]*x\\\\1[^#/!@;\\\\|]*[#/!@;\\\\|] +DW_AT_abstract_origin
FAIL: gcc.dg/debug/dwarf2/inline5.c scan-assembler-times DW_TAG_lexical_block\\\\)[^#/!@;\\\\|]*[#/!@;\\\\|]+ +[^#/!@\\\\|]*\\\\(DIE \\\\(0x[0-9a-f]*\\\\) DW_TAG_variable 1
FAIL: c-c++-common/Warray-bounds-3.c -Wc++-compat (test for excess errors)
XPASS: c-c++-common/Warray-bounds-3.c -Wc++-compat bug (test for warnings, line 161)
FAIL: c-c++-common/Wcast-align.c -Wc++-compat (test for warnings, line 19)
FAIL: c-c++-common/Wcast-align.c -Wc++-compat (test for warnings, line 20)
XPASS: c-c++-common/Wrestrict.c -Wc++-compat pr79220 (test for warnings, line 198)
XPASS: c-c++-common/Wrestrict.c -Wc++-compat pr79220 (test for warnings, line 205)
XPASS: c-c++-common/Wrestrict.c -Wc++-compat pr79220 (test for warnings, line 210)
FAIL: c-c++-common/Wsizeof-array-div1.c -Wc++-compat (test for warnings, line 27)
FAIL: c-c++-common/Wsizeof-array-div1.c -Wc++-compat (test for warnings, line 48)
FAIL: c-c++-common/Wsizeof-array-div1.c -Wc++-compat (test for warnings, line 52)
FAIL: c-c++-common/attr-opt-1.c -Wc++-compat (test for warnings, line 19)
FAIL: c-c++-common/attr-opt-1.c -Wc++-compat (test for warnings, line 23)
FAIL: c-c++-common/attr-opt-1.c -Wc++-compat (test for warnings, line 26)
FAIL: c-c++-common/attr-opt-1.c -Wc++-compat (test for warnings, line 30)
FAIL: c-c++-common/attr-opt-1.c -Wc++-compat (internal compiler error)
FAIL: c-c++-common/attr-opt-1.c -Wc++-compat (test for excess errors)
FAIL: c-c++-common/attributes-3.c -Wc++-compat (test for warnings, line 11)
FAIL: c-c++-common/attributes-3.c -Wc++-compat (test for warnings, line 12)
FAIL: c-c++-common/attributes-3.c -Wc++-compat (test for warnings, line 14)
FAIL: c-c++-common/attributes-3.c -Wc++-compat (test for warnings, line 15)
FAIL: c-c++-common/attributes-3.c -Wc++-compat (test for warnings, line 17)
FAIL: c-c++-common/attributes-3.c -Wc++-compat (test for warnings, line 18)
FAIL: c-c++-common/attributes-3.c -Wc++-compat (test for warnings, line 20)
FAIL: c-c++-common/attributes-3.c -Wc++-compat (test for warnings, line 21)
FAIL: c-c++-common/attributes-3.c -Wc++-compat (test for warnings, line 23)
FAIL: c-c++-common/attributes-3.c -Wc++-compat (test for warnings, line 24)
FAIL: c-c++-common/attributes-3.c -Wc++-compat (test for warnings, line 26)
FAIL: c-c++-common/attributes-3.c -Wc++-compat (test for warnings, line 27)
FAIL: c-c++-common/attributes-3.c -Wc++-compat (test for warnings, line 6)
FAIL: c-c++-common/attributes-3.c -Wc++-compat (test for warnings, line 9)
FAIL: c-c++-common/attributes-3.c -Wc++-compat (internal compiler error)
FAIL: c-c++-common/attributes-3.c -Wc++-compat (test for excess errors)
FAIL: c-c++-common/pr81376.c -Wc++-compat scan-tree-dump original "us_l = \\\\(long int\\\\) a < b"
FAIL: c-c++-common/pr84293.c -Wc++-compat (internal compiler error)
FAIL: c-c++-common/pr84293.c -Wc++-compat (test for excess errors)
FAIL: c-c++-common/pr94385.c -Wc++-compat (test for excess errors)
FAIL: c-c++-common/spec-barrier-1.c -Wc++-compat (test for excess errors)
FAIL: gcc.dg/20141029-1.c scan-rtl-dump-times final "mem/v(/.)*:HI" 4
FAIL: gcc.dg/Wabsolute-value.c (test for warnings, line 43)
FAIL: gcc.dg/Warray-bounds-32.c (test for warnings, line 153)
FAIL: gcc.dg/Warray-bounds-32.c (test for excess errors)
FAIL: gcc.dg/Warray-bounds-33.c (test for excess errors)
FAIL: gcc.dg/Warray-bounds-36.c ilp32 (test for warnings, line 8)
FAIL: gcc.dg/Warray-bounds-48.c (test for excess errors)
FAIL: gcc.dg/Warray-bounds-49.c (test for warnings, line 103)
FAIL: gcc.dg/Warray-bounds-49.c (test for warnings, line 114)
FAIL: gcc.dg/Warray-bounds-49.c (test for warnings, line 20)
FAIL: gcc.dg/Warray-bounds-49.c (test for warnings, line 30)
FAIL: gcc.dg/Warray-bounds-49.c (test for warnings, line 40)
FAIL: gcc.dg/Warray-bounds-49.c (test for warnings, line 50)
FAIL: gcc.dg/Warray-bounds-49.c (test for warnings, line 60)
FAIL: gcc.dg/Warray-bounds-49.c (test for warnings, line 70)
FAIL: gcc.dg/Warray-bounds-49.c (test for warnings, line 81)
FAIL: gcc.dg/Warray-bounds-49.c (test for warnings, line 92)
FAIL: gcc.dg/Warray-bounds-49.c (test for excess errors)
FAIL: gcc.dg/Warray-bounds-52.c (test for excess errors)
FAIL: gcc.dg/Warray-bounds-52.c lp64 (test for warnings, line 62)
FAIL: gcc.dg/Warray-bounds-53.c (test for excess errors)
FAIL: gcc.dg/Warray-bounds-53.c pr92381 (test for warnings, line 62)
FAIL: gcc.dg/Warray-bounds-53.c pr92381 (test for warnings, line 63)
FAIL: gcc.dg/Warray-bounds-63.c (test for warnings, line 37)
FAIL: gcc.dg/Warray-bounds-63.c (test for warnings, line 51)
FAIL: gcc.dg/Warray-bounds-63.c (test for excess errors)
FAIL: gcc.dg/Warray-bounds-66.c (test for warnings, line 122)
FAIL: gcc.dg/Warray-bounds-66.c (test for warnings, line 138)
FAIL: gcc.dg/Warray-bounds-66.c (test for warnings, line 147)
FAIL: gcc.dg/Warray-bounds-66.c (test for warnings, line 156)
FAIL: gcc.dg/Warray-bounds-66.c (test for excess errors)
FAIL: gcc.dg/Wattributes-8.c (test for bogus messages, line 27)
FAIL: gcc.dg/Wattributes-8.c (test for bogus messages, line 28)
FAIL: gcc.dg/Wlarger-than3.c (test for warnings, line 13)
FAIL: gcc.dg/Wlarger-than3.c (test for excess errors)
FAIL: gcc.dg/Wstringop-overflow-25.c pr92814 (test for warnings, line 378)
FAIL: gcc.dg/Wstringop-overflow-41.c (test for warnings, line 107)
FAIL: gcc.dg/Wstringop-overflow-41.c (test for excess errors)
FAIL: gcc.dg/Wstringop-overflow-41.c pr????? (test for warnings, line 32)
FAIL: gcc.dg/Wstringop-overflow-42.c (test for warnings, line 26)
FAIL: gcc.dg/Wstringop-overflow-42.c (test for warnings, line 32)
FAIL: gcc.dg/Wstringop-overflow-42.c (test for warnings, line 33)
FAIL: gcc.dg/Wstringop-overflow-42.c (test for warnings, line 40)
FAIL: gcc.dg/Wstringop-overflow-42.c (test for warnings, line 59)
FAIL: gcc.dg/Wstringop-overflow-42.c (test for warnings, line 60)
FAIL: gcc.dg/Wstringop-overflow-50.c (test for warnings, line 124)
FAIL: gcc.dg/Wstringop-overflow-50.c (test for excess errors)
FAIL: gcc.dg/Wstringop-overflow-53.c (test for excess errors)
FAIL: gcc.dg/Wstringop-overflow-54.c (test for warnings, line 102)
FAIL: gcc.dg/Wstringop-overflow-54.c (test for excess errors)
XPASS: gcc.dg/Wstringop-overflow-56.c (test for warnings, line 121)
FAIL: gcc.dg/Wstringop-overflow-56.c (test for warnings, line 43)
FAIL: gcc.dg/Wstringop-overflow-56.c (test for excess errors)
FAIL: gcc.dg/Wstringop-overflow-56.c pr????? (test for warnings, line 121)
FAIL: gcc.dg/Wstringop-overflow-62.c (test for excess errors)
FAIL: gcc.dg/Wstringop-overread-4.c (test for warnings, line 26)
FAIL: gcc.dg/Wstringop-overread-4.c (test for warnings, line 32)
FAIL: gcc.dg/Wstringop-overread-4.c (test for warnings, line 33)
FAIL: gcc.dg/Wstringop-overread-4.c (test for warnings, line 39)
FAIL: gcc.dg/Wstringop-overread-4.c (test for warnings, line 55)
XPASS: gcc.dg/Wtype-limits-Wextra.c (test for excess errors)
FAIL: gcc.dg/attr-aligned.c (test for excess errors)
FAIL: gcc.dg/builtin-object-size-20.c scan-tree-dump-not optimized "fail"
XPASS: gcc.dg/builtin-return-1.c execution test
FAIL: gcc.dg/fold-parity-5.c (test for excess errors)
FAIL: gcc.dg/fold-popcount-5.c (test for excess errors)
FAIL: gcc.dg/memchr-3.c (test for excess errors)
FAIL: gcc.dg/memchr.c (test for excess errors)
UNRESOLVED: gcc.dg/memchr.c scan-tree-dump-not optimized "abort"
FAIL: gcc.dg/memcmp-3.c (test for excess errors)
UNRESOLVED: gcc.dg/memcmp-3.c scan-tree-dump-not optimized "abort"
XPASS: gcc.dg/memcpy-1.c scan-tree-dump-times optimized "nasty_local\\\\." 0
FAIL: gcc.dg/pr19402-2.c (test for excess errors)
UNRESOLVED: gcc.dg/pr19402-2.c compilation failed to produce executable
FAIL: gcc.dg/pr21137.c (test for excess errors)
FAIL: gcc.dg/pr21137.c scan-tree-dump-times optimized " < 0" 2
FAIL: gcc.dg/pr28322-3.c m (test for warnings, line )
FAIL: gcc.dg/pr43562.c (internal compiler error)
FAIL: gcc.dg/pr43562.c (test for excess errors)
FAIL: gcc.dg/pr43564.c (internal compiler error)
FAIL: gcc.dg/pr43564.c (test for excess errors)
XPASS: gcc.dg/pr78973.c pr79073 (test for warnings, line 12)
XPASS: gcc.dg/pr80776-1.c (test for bogus messages, line 22)
FAIL: gcc.dg/pr86124.c (test for excess errors)
FAIL: gcc.dg/pr88905.c (test for excess errors)
FAIL: gcc.dg/pr89342.c (internal compiler error)
FAIL: gcc.dg/pr89342.c (test for excess errors)
FAIL: gcc.dg/pr90838.c (test for excess errors)
FAIL: gcc.dg/pr91069.c (test for excess errors)
UNRESOLVED: gcc.dg/pr91069.c compilation failed to produce executable
FAIL: gcc.dg/pr92860-2.c (test for warnings, line 12)
FAIL: gcc.dg/pr92860-2.c (test for warnings, line 9)
FAIL: gcc.dg/pr92860-2.c (internal compiler error)
FAIL: gcc.dg/pr92860-2.c (test for excess errors)
FAIL: gcc.dg/pr93231.c (test for excess errors)
UNRESOLVED: gcc.dg/pr93231.c scan-tree-dump-not forwprop2 "= \\\\.CTZ"
FAIL: gcc.dg/pr93820-2.c execution test
FAIL: gcc.dg/pr94291.c (test for excess errors)
FAIL: gcc.dg/pr96674.c scan-tree-dump-times optimized "\\\\+ 4294967295;" 2
FAIL: gcc.dg/pr97317.c (test for excess errors)
FAIL: gcc.dg/pr97750.c (test for excess errors)
FAIL: gcc.dg/pr97954.c (test for excess errors)
FAIL: gcc.dg/predict-17.c scan-tree-dump profile_estimate "is probably executed at most 19"
FAIL: gcc.dg/predict-18.c scan-tree-dump profile_estimate "__builtin_expect_with_probability heuristics of edge .*->.*: 71.99%"
FAIL: gcc.dg/predict-22.c scan-rtl-dump-times bbpart "COLD_PARTITION" 1
FAIL: gcc.dg/spellcheck-inttypes.c (test for errors, line 56)
FAIL: gcc.dg/spellcheck-inttypes.c (test for errors, line 58)
FAIL: gcc.dg/spellcheck-inttypes.c (test for errors, line 60)
FAIL: gcc.dg/spellcheck-inttypes.c (test for errors, line 64)
FAIL: gcc.dg/spellcheck-inttypes.c (test for errors, line 70)
FAIL: gcc.dg/spellcheck-inttypes.c (test for errors, line 72)
FAIL: gcc.dg/spellcheck-inttypes.c (test for errors, line 74)
FAIL: gcc.dg/spellcheck-inttypes.c (test for errors, line 78)
FAIL: gcc.dg/spellcheck-inttypes.c (test for errors, line 80)
FAIL: gcc.dg/spellcheck-inttypes.c expected string-literal (test for errors, line 31)
FAIL: gcc.dg/spellcheck-inttypes.c expected string-literal (test for errors, line 33)
FAIL: gcc.dg/spellcheck-inttypes.c expected string-literal (test for errors, line 35)
FAIL: gcc.dg/spellcheck-inttypes.c expected string-literal (test for errors, line 39)
FAIL: gcc.dg/spellcheck-inttypes.c replacement note (test for warnings, line 19)
FAIL: gcc.dg/spellcheck-inttypes.c replacement note (test for warnings, line 21)
FAIL: gcc.dg/spellcheck-inttypes.c replacement note (test for warnings, line 23)
FAIL: gcc.dg/spellcheck-inttypes.c replacement note (test for warnings, line 27)
FAIL: gcc.dg/spellcheck-inttypes.c replacement note (test for warnings, line 31)
FAIL: gcc.dg/spellcheck-inttypes.c replacement note (test for warnings, line 33)
FAIL: gcc.dg/spellcheck-inttypes.c replacement note (test for warnings, line 35)
FAIL: gcc.dg/spellcheck-inttypes.c replacement note (test for warnings, line 39)
FAIL: gcc.dg/spellcheck-inttypes.c replacement note (test for warnings, line 45)
FAIL: gcc.dg/spellcheck-inttypes.c replacement note (test for warnings, line 47)
FAIL: gcc.dg/spellcheck-inttypes.c replacement note (test for warnings, line 49)
FAIL: gcc.dg/spellcheck-inttypes.c replacement note (test for warnings, line 53)
FAIL: gcc.dg/spellcheck-inttypes.c replacement note (test for warnings, line 56)
FAIL: gcc.dg/spellcheck-inttypes.c replacement note (test for warnings, line 58)
FAIL: gcc.dg/spellcheck-inttypes.c replacement note (test for warnings, line 60)
FAIL: gcc.dg/spellcheck-inttypes.c replacement note (test for warnings, line 64)
FAIL: gcc.dg/spellcheck-inttypes.c replacement note (test for warnings, line 70)
FAIL: gcc.dg/spellcheck-inttypes.c replacement note (test for warnings, line 72)
FAIL: gcc.dg/spellcheck-inttypes.c replacement note (test for warnings, line 74)
FAIL: gcc.dg/spellcheck-inttypes.c replacement note (test for warnings, line 78)
FAIL: gcc.dg/spellcheck-inttypes.c replacement note (test for warnings, line 80)
FAIL: gcc.dg/spellcheck-inttypes.c undeclared identifier (test for errors, line 19)
FAIL: gcc.dg/spellcheck-inttypes.c undeclared identifier (test for errors, line 21)
FAIL: gcc.dg/spellcheck-inttypes.c undeclared identifier (test for errors, line 23)
FAIL: gcc.dg/spellcheck-inttypes.c undeclared identifier (test for errors, line 27)
FAIL: gcc.dg/spellcheck-inttypes.c undeclared identifier (test for errors, line 45)
FAIL: gcc.dg/spellcheck-inttypes.c undeclared identifier (test for errors, line 47)
FAIL: gcc.dg/spellcheck-inttypes.c undeclared identifier (test for errors, line 49)
FAIL: gcc.dg/spellcheck-inttypes.c undeclared identifier (test for errors, line 53)
FAIL: gcc.dg/strlenopt-58.c scan-tree-dump-times optimized "call_in_true_branch_not_eliminated" 0
FAIL: gcc.dg/strlenopt-73.c scan-tree-dump-times optimized "_not_eliminated_" 0
FAIL: gcc.dg/strlenopt-73.c scan-tree-dump-times optimized "strlen" 0
FAIL: gcc.dg/strlenopt-81.c (test for excess errors)
UNRESOLVED: gcc.dg/strlenopt-81.c compilation failed to produce executable
FAIL: gcc.dg/type-convert-var.c scan-tree-dump-not optimized "double"
FAIL: gcc.dg/wtr-conversion-1.c small double (test for warnings, line 31)
FAIL: gcc.dg/wtr-conversion-1.c small long double (test for warnings, line 32)
FAIL: gcc.dg/fixed-point/composite-type.c (test for excess errors)
FAIL: gcc.dg/fixed-point/convert-sat.c execution test
FAIL: gcc.dg/ipa/ipa-sra-1.c scan-ipa-dump sra "Will split parameter"
FAIL: gcc.dg/ipa/ipa-sra-12.c scan-ipa-dump-times sra "Will split parameter" 2
FAIL: gcc.dg/ipa/ipa-sra-12.c scan-ipa-dump-times sra "component at byte offset" 4
FAIL: gcc.dg/ipa/ipa-sra-13.c scan-ipa-dump-times sra "Will split parameter" 2
FAIL: gcc.dg/ipa/ipa-sra-13.c scan-ipa-dump-times sra "component at byte offset" 4
FAIL: gcc.dg/ipa/ipa-sra-15.c scan-ipa-dump-times sra "Will split parameter" 2
FAIL: gcc.dg/ipa/ipa-sra-15.c scan-ipa-dump-times sra "component at byte offset" 4
FAIL: gcc.dg/ipa/ipcp-agg-10.c scan-ipa-dump-times cp "offset: 64, type: int, CONST: 4" 1
FAIL: gcc.dg/ipa/ipcp-agg-11.c scan-ipa-dump cp "Aggregate replacements: 0\\\\[0]=1, 0\\\\[32]=105, 0\\\\[64]=-18"
FAIL: gcc.dg/ipa/ipcp-agg-11.c scan-ipa-dump cp "Aggregate replacements: 0\\\\[0]=101, 0\\\\[32]=2, 0\\\\[64]=9"
FAIL: gcc.dg/ipa/ipcp-agg-11.c scan-ipa-dump cp "offset: 32, type: int, PASS THROUGH: 0, op plus_expr 5"
FAIL: gcc.dg/ipa/ipcp-agg-11.c scan-ipa-dump cp "offset: 32, type: int, PASS THROUGH: 0, op trunc_mod_expr 7"
FAIL: gcc.dg/ipa/ipcp-agg-11.c scan-ipa-dump cp "offset: 64, type: int, LOAD AGG: 1 \\\\[offset: 0, by reference], op plus_expr 6"
FAIL: gcc.dg/ipa/ipcp-agg-11.c scan-ipa-dump cp "offset: 64, type: int, LOAD AGG: 1 \\\\[offset: 32, by value], op negate_expr"
FAIL: gcc.dg/ipa/ipcp-agg-8.c scan-ipa-dump cp "Aggregate replacements: 1\\\\[32]=0"
FAIL: gcc.dg/ipa/ipcp-agg-8.c scan-ipa-dump cp "Aggregate replacements: 1\\\\[32]=64, 1\\\\[64]=32"
FAIL: gcc.dg/ipa/pr57358.c (internal compiler error)
FAIL: gcc.dg/ipa/pr57358.c (test for excess errors)
FAIL: gcc.dg/ipa/pr59610.c (internal compiler error)
FAIL: gcc.dg/ipa/pr59610.c (test for excess errors)
FAIL: gcc.dg/ipa/pr88985.c (internal compiler error)
FAIL: gcc.dg/ipa/pr88985.c (test for excess errors)
FAIL: gcc.dg/ipa/pr91088.c scan-ipa-dump cp "op0\\\\[offset: 32],\\\\(\\\\(short int\\\\) #\\\\),\\\\(\\\\(int\\\\) #\\\\),\\\\(1300 / #\\\\) == 19"
FAIL: gcc.dg/ipa/pr96040.c (test for excess errors)
FAIL: gcc.dg/ipa/pr96040.c execution test
FAIL: gcc.dg/ipa/propmalloc-4.c scan-tree-dump local-pure-const1 "Function found to be malloc: foo"
FAIL: gcc.dg/lto/pr53214 c_lto_pr53214_0.o assemble, -O0 -flto -flto-partition=1to1 -fno-use-linker-plugin (internal compiler error)
FAIL: gcc.dg/lto/pr53214 c_lto_pr53214_0.o assemble, -O0 -flto -flto-partition=none -fuse-linker-plugin (internal compiler error)
FAIL: gcc.dg/lto/pr53214 c_lto_pr53214_0.o assemble, -O0 -flto -fuse-linker-plugin -fno-fat-lto-objects (internal compiler error)
UNRESOLVED: gcc.dg/lto/pr53214 c_lto_pr53214_0.o-c_lto_pr53214_0.o execute -O0 -flto -flto-partition=1to1 -fno-use-linker-plugin
UNRESOLVED: gcc.dg/lto/pr53214 c_lto_pr53214_0.o-c_lto_pr53214_0.o execute -O0 -flto -flto-partition=none -fuse-linker-plugin
UNRESOLVED: gcc.dg/lto/pr53214 c_lto_pr53214_0.o-c_lto_pr53214_0.o execute -O0 -flto -fuse-linker-plugin -fno-fat-lto-objects
UNRESOLVED: gcc.dg/lto/pr53214 c_lto_pr53214_0.o-c_lto_pr53214_0.o link -O0 -flto -flto-partition=1to1 -fno-use-linker-plugin
UNRESOLVED: gcc.dg/lto/pr53214 c_lto_pr53214_0.o-c_lto_pr53214_0.o link -O0 -flto -flto-partition=none -fuse-linker-plugin
UNRESOLVED: gcc.dg/lto/pr53214 c_lto_pr53214_0.o-c_lto_pr53214_0.o link -O0 -flto -fuse-linker-plugin -fno-fat-lto-objects
FAIL: gcc.dg/lto/tag-1 (test for LTO warnings, tag-1_1.c line 3)
FAIL: gcc.dg/plugin/diagnostic-test-paths-4.c -fplugin=./diagnostic_plugin_test_paths.so (test for warnings, line 13)
FAIL: gcc.dg/plugin/diagnostic-test-paths-4.c -fplugin=./diagnostic_plugin_test_paths.so expected multiline pattern lines 33-83 not found: "\\s*NN \\| fprintf\\(stderr, "LOG: %s", msg\\);.*\\n \\| \\^~~~~~~~~~~~~~~~~~~~~~~~~~~~~~~\\n 'test': events 1-2.*\\n \\|.*\\n \\| NN \\| \\{.*\\n \\| \\| \\^\\n \\| \\| \\|.*\\n \\| \\| \\(1\\) entering 'test'.*\\n \\| NN \\| register_handler \\(\\);.*\\n \\| \\| ~~~~~~~~~~~~~~~~~~~\\n \\| \\| \\|.*\\n \\| \\| \\(2\\) calling 'register_handler'.*\\n \\|.*\\n \\+--> 'register_handler': events 3-4.*\\n \\|.*\\n \\| NN \\| \\{.*\\n \\| \\| \\^\\n \\| \\| \\|.*\\n \\| \\| \\(3\\) entering 'register_handler'.*\\n \\| NN \\| signal\\(SIGINT, int_handler\\);.*\\n \\| \\| ~~~~~~~~~~~~~~~~~~~~~~~~~~~\\n \\| \\| \\|.*\\n \\| \\| \\(4\\) registering 'int_handler' as signal handler.*\\n \\|.*\\n event 5.*\\n \\|.*\\n \\|cc1:.*\\n \\| \\(5\\): later on, when the signal is delivered to the process.*\\n \\|.*\\n \\+--> 'int_handler': events 6-7.*\\n \\|.*\\n \\| NN \\| \\{.*\\n \\| \\| \\^\\n \\| \\| \\|.*\\n \\| \\| \\(6\\) entering 'int_handler'.*\\n \\| NN \\| custom_logger\\("got signal"\\);.*\\n \\| \\| ~~~~~~~~~~~~~~~~~~~~~~~~~~~\\n \\| \\| \\|.*\\n \\| \\| \\(7\\) calling 'custom_logger'.*\\n \\|.*\\n \\+--> 'custom_logger': events 8-9.*\\n \\|.*\\n \\| NN \\| \\{.*\\n \\| \\| \\^\\n \\| \\| \\|.*\\n \\| \\| \\(8\\) entering 'custom_logger'.*\\n \\| NN \\| fprintf\\(stderr, "LOG: %s", msg\\);.*\\n \\| \\| ~~~~~~~~~~~~~~~~~~~~~~~~~~~~~~~\\n \\| \\| \\|.*\\n \\| \\| \\(9\\) calling 'fprintf'.*\\n \\|.*\\n"
FAIL: gcc.dg/plugin/diagnostic-test-paths-4.c -fplugin=./diagnostic_plugin_test_paths.so (test for excess errors)
FAIL: c-c++-common/torture/builtin-clear-padding-2.c -O0 (test for excess errors)
FAIL: c-c++-common/torture/builtin-clear-padding-2.c -O1 (test for excess errors)
FAIL: c-c++-common/torture/builtin-clear-padding-2.c -O2 (test for excess errors)
FAIL: c-c++-common/torture/builtin-clear-padding-2.c -O2 -flto -fno-use-linker-plugin -flto-partition=none (test for excess errors)
FAIL: c-c++-common/torture/builtin-clear-padding-2.c -O2 -flto -fuse-linker-plugin -fno-fat-lto-objects (test for excess errors)
FAIL: c-c++-common/torture/builtin-clear-padding-2.c -O3 -g (test for excess errors)
FAIL: c-c++-common/torture/builtin-clear-padding-2.c -Os (test for excess errors)
FAIL: c-c++-common/torture/complex-sign-add.c -O0 execution test
FAIL: c-c++-common/torture/complex-sign-add.c -O1 execution test
FAIL: c-c++-common/torture/complex-sign-add.c -O2 execution test
FAIL: c-c++-common/torture/complex-sign-add.c -O2 -flto -fno-use-linker-plugin -flto-partition=none execution test
FAIL: c-c++-common/torture/complex-sign-add.c -O2 -flto -fuse-linker-plugin -fno-fat-lto-objects execution test
FAIL: c-c++-common/torture/complex-sign-add.c -O3 -fomit-frame-pointer -funroll-loops -fpeel-loops -ftracer -finline-functions execution test
FAIL: c-c++-common/torture/complex-sign-add.c -O3 -g execution test
FAIL: c-c++-common/torture/complex-sign-add.c -Os execution test
FAIL: c-c++-common/torture/complex-sign-mixed-add.c -O0 execution test
FAIL: c-c++-common/torture/complex-sign-mixed-add.c -O1 execution test
FAIL: c-c++-common/torture/complex-sign-mixed-add.c -O2 execution test
FAIL: c-c++-common/torture/complex-sign-mixed-add.c -O2 -flto -fno-use-linker-plugin -flto-partition=none execution test
FAIL: c-c++-common/torture/complex-sign-mixed-add.c -O2 -flto -fuse-linker-plugin -fno-fat-lto-objects execution test
FAIL: c-c++-common/torture/complex-sign-mixed-add.c -O3 -fomit-frame-pointer -funroll-loops -fpeel-loops -ftracer -finline-functions execution test
FAIL: c-c++-common/torture/complex-sign-mixed-add.c -O3 -g execution test
FAIL: c-c++-common/torture/complex-sign-mixed-add.c -Os execution test
FAIL: c-c++-common/torture/complex-sign-mixed-div.c -O0 execution test
FAIL: c-c++-common/torture/complex-sign-mixed-div.c -O1 execution test
FAIL: c-c++-common/torture/complex-sign-mixed-div.c -O2 execution test
FAIL: c-c++-common/torture/complex-sign-mixed-div.c -O2 -flto -fno-use-linker-plugin -flto-partition=none execution test
FAIL: c-c++-common/torture/complex-sign-mixed-div.c -O2 -flto -fuse-linker-plugin -fno-fat-lto-objects execution test
FAIL: c-c++-common/torture/complex-sign-mixed-div.c -O3 -fomit-frame-pointer -funroll-loops -fpeel-loops -ftracer -finline-functions execution test
FAIL: c-c++-common/torture/complex-sign-mixed-div.c -O3 -g execution test
FAIL: c-c++-common/torture/complex-sign-mixed-div.c -Os execution test
FAIL: c-c++-common/torture/complex-sign-mixed-mul.c -O0 execution test
FAIL: c-c++-common/torture/complex-sign-mixed-mul.c -O1 execution test
FAIL: c-c++-common/torture/complex-sign-mixed-mul.c -O2 execution test
FAIL: c-c++-common/torture/complex-sign-mixed-mul.c -O2 -flto -fno-use-linker-plugin -flto-partition=none execution test
FAIL: c-c++-common/torture/complex-sign-mixed-mul.c -O2 -flto -fuse-linker-plugin -fno-fat-lto-objects execution test
FAIL: c-c++-common/torture/complex-sign-mixed-mul.c -O3 -fomit-frame-pointer -funroll-loops -fpeel-loops -ftracer -finline-functions execution test
FAIL: c-c++-common/torture/complex-sign-mixed-mul.c -O3 -g execution test
FAIL: c-c++-common/torture/complex-sign-mixed-mul.c -Os execution test
FAIL: c-c++-common/torture/complex-sign-mixed-sub.c -O0 execution test
FAIL: c-c++-common/torture/complex-sign-mixed-sub.c -O1 execution test
FAIL: c-c++-common/torture/complex-sign-mixed-sub.c -O2 execution test
FAIL: c-c++-common/torture/complex-sign-mixed-sub.c -O2 -flto -fno-use-linker-plugin -flto-partition=none execution test
FAIL: c-c++-common/torture/complex-sign-mixed-sub.c -O2 -flto -fuse-linker-plugin -fno-fat-lto-objects execution test
FAIL: c-c++-common/torture/complex-sign-mixed-sub.c -O3 -fomit-frame-pointer -funroll-loops -fpeel-loops -ftracer -finline-functions execution test
FAIL: c-c++-common/torture/complex-sign-mixed-sub.c -O3 -g execution test
FAIL: c-c++-common/torture/complex-sign-mixed-sub.c -Os execution test
FAIL: c-c++-common/torture/complex-sign-mul-minus-one.c -O0 execution test
FAIL: c-c++-common/torture/complex-sign-mul-minus-one.c -O1 execution test
FAIL: c-c++-common/torture/complex-sign-mul-minus-one.c -O2 execution test
FAIL: c-c++-common/torture/complex-sign-mul-minus-one.c -O2 -flto -fno-use-linker-plugin -flto-partition=none execution test
FAIL: c-c++-common/torture/complex-sign-mul-minus-one.c -O2 -flto -fuse-linker-plugin -fno-fat-lto-objects execution test
FAIL: c-c++-common/torture/complex-sign-mul-minus-one.c -O3 -fomit-frame-pointer -funroll-loops -fpeel-loops -ftracer -finline-functions execution test
FAIL: c-c++-common/torture/complex-sign-mul-minus-one.c -O3 -g execution test
FAIL: c-c++-common/torture/complex-sign-mul-minus-one.c -Os execution test
FAIL: c-c++-common/torture/complex-sign-mul-one.c -O0 execution test
FAIL: c-c++-common/torture/complex-sign-mul-one.c -O1 execution test
FAIL: c-c++-common/torture/complex-sign-mul-one.c -O2 execution test
FAIL: c-c++-common/torture/complex-sign-mul-one.c -O2 -flto -fno-use-linker-plugin -flto-partition=none execution test
FAIL: c-c++-common/torture/complex-sign-mul-one.c -O2 -flto -fuse-linker-plugin -fno-fat-lto-objects execution test
FAIL: c-c++-common/torture/complex-sign-mul-one.c -O3 -fomit-frame-pointer -funroll-loops -fpeel-loops -ftracer -finline-functions execution test
FAIL: c-c++-common/torture/complex-sign-mul-one.c -O3 -g execution test
FAIL: c-c++-common/torture/complex-sign-mul-one.c -Os execution test
FAIL: c-c++-common/torture/complex-sign-mul.c -O1 execution test
FAIL: c-c++-common/torture/complex-sign-mul.c -O2 execution test
FAIL: c-c++-common/torture/complex-sign-mul.c -O2 -flto -fno-use-linker-plugin -flto-partition=none execution test
FAIL: c-c++-common/torture/complex-sign-mul.c -O2 -flto -fuse-linker-plugin -fno-fat-lto-objects execution test
FAIL: c-c++-common/torture/complex-sign-mul.c -O3 -fomit-frame-pointer -funroll-loops -fpeel-loops -ftracer -finline-functions execution test
FAIL: c-c++-common/torture/complex-sign-mul.c -O3 -g execution test
FAIL: c-c++-common/torture/complex-sign-mul.c -Os execution test
FAIL: c-c++-common/torture/complex-sign-sub.c -O0 execution test
FAIL: c-c++-common/torture/complex-sign-sub.c -O1 execution test
FAIL: c-c++-common/torture/complex-sign-sub.c -O2 execution test
FAIL: c-c++-common/torture/complex-sign-sub.c -O2 -flto -fno-use-linker-plugin -flto-partition=none execution test
FAIL: c-c++-common/torture/complex-sign-sub.c -O2 -flto -fuse-linker-plugin -fno-fat-lto-objects execution test
FAIL: c-c++-common/torture/complex-sign-sub.c -O3 -fomit-frame-pointer -funroll-loops -fpeel-loops -ftracer -finline-functions execution test
FAIL: c-c++-common/torture/complex-sign-sub.c -O3 -g execution test
FAIL: c-c++-common/torture/complex-sign-sub.c -Os execution test
FAIL: c-c++-common/torture/pr60026.c -O1 (internal compiler error)
FAIL: c-c++-common/torture/pr60026.c -O1 (test for excess errors)
FAIL: c-c++-common/torture/pr60026.c -O2 (internal compiler error)
FAIL: c-c++-common/torture/pr60026.c -O2 (test for excess errors)
FAIL: c-c++-common/torture/pr60026.c -O2 -flto -fno-use-linker-plugin -flto-partition=none (internal compiler error)
FAIL: c-c++-common/torture/pr60026.c -O2 -flto -fno-use-linker-plugin -flto-partition=none (test for excess errors)
FAIL: c-c++-common/torture/pr60026.c -O2 -flto -fuse-linker-plugin -fno-fat-lto-objects (internal compiler error)
FAIL: c-c++-common/torture/pr60026.c -O2 -flto -fuse-linker-plugin -fno-fat-lto-objects (test for excess errors)
FAIL: c-c++-common/torture/pr60026.c -O3 -fomit-frame-pointer -funroll-loops -fpeel-loops -ftracer -finline-functions (internal compiler error)
FAIL: c-c++-common/torture/pr60026.c -O3 -fomit-frame-pointer -funroll-loops -fpeel-loops -ftracer -finline-functions (test for excess errors)
FAIL: c-c++-common/torture/pr60026.c -O3 -g (internal compiler error)
FAIL: c-c++-common/torture/pr60026.c -O3 -g (test for excess errors)
FAIL: c-c++-common/torture/pr60026.c -Os (internal compiler error)
FAIL: c-c++-common/torture/pr60026.c -Os (test for excess errors)
FAIL: gcc.dg/torture/builtin-complex-1.c -O0 execution test
FAIL: gcc.dg/torture/builtin-complex-1.c -O1 execution test
FAIL: gcc.dg/torture/builtin-complex-1.c -O2 execution test
FAIL: gcc.dg/torture/builtin-complex-1.c -O2 -flto -fno-use-linker-plugin -flto-partition=none execution test
FAIL: gcc.dg/torture/builtin-complex-1.c -O2 -flto -fuse-linker-plugin -fno-fat-lto-objects execution test
FAIL: gcc.dg/torture/builtin-complex-1.c -Os execution test
FAIL: gcc.dg/torture/float32x-basic.c -O0 execution test
FAIL: gcc.dg/torture/float32x-basic.c -O1 execution test
FAIL: gcc.dg/torture/float32x-basic.c -O2 execution test
FAIL: gcc.dg/torture/float32x-basic.c -O2 -flto -fno-use-linker-plugin -flto-partition=none execution test
FAIL: gcc.dg/torture/float32x-basic.c -O2 -flto -fuse-linker-plugin -fno-fat-lto-objects execution test
FAIL: gcc.dg/torture/float32x-basic.c -O3 -g execution test
FAIL: gcc.dg/torture/float32x-basic.c -Os execution test
FAIL: gcc.dg/torture/float64-basic.c -O0 execution test
FAIL: gcc.dg/torture/float64-basic.c -O1 execution test
FAIL: gcc.dg/torture/float64-basic.c -O2 execution test
FAIL: gcc.dg/torture/float64-basic.c -O2 -flto -fno-use-linker-plugin -flto-partition=none execution test
FAIL: gcc.dg/torture/float64-basic.c -O2 -flto -fuse-linker-plugin -fno-fat-lto-objects execution test
FAIL: gcc.dg/torture/float64-basic.c -O3 -g execution test
FAIL: gcc.dg/torture/float64-basic.c -Os execution test
FAIL: gcc.dg/torture/fp-int-convert-float32x-timode.c -O0 execution test
FAIL: gcc.dg/torture/fp-int-convert-float32x-timode.c -O1 execution test
FAIL: gcc.dg/torture/fp-int-convert-float32x-timode.c -O2 execution test
FAIL: gcc.dg/torture/fp-int-convert-float32x-timode.c -O2 -flto -fno-use-linker-plugin -flto-partition=none execution test
FAIL: gcc.dg/torture/fp-int-convert-float32x-timode.c -O2 -flto -fuse-linker-plugin -fno-fat-lto-objects execution test
FAIL: gcc.dg/torture/fp-int-convert-float32x-timode.c -O3 -g execution test
FAIL: gcc.dg/torture/fp-int-convert-float32x-timode.c -Os execution test
FAIL: gcc.dg/torture/fp-int-convert-float32x.c -O0 execution test
FAIL: gcc.dg/torture/fp-int-convert-float32x.c -O1 execution test
FAIL: gcc.dg/torture/fp-int-convert-float32x.c -O2 execution test
FAIL: gcc.dg/torture/fp-int-convert-float32x.c -O2 -flto -fno-use-linker-plugin -flto-partition=none execution test
FAIL: gcc.dg/torture/fp-int-convert-float32x.c -O2 -flto -fuse-linker-plugin -fno-fat-lto-objects execution test
FAIL: gcc.dg/torture/fp-int-convert-float32x.c -O3 -g execution test
FAIL: gcc.dg/torture/fp-int-convert-float32x.c -Os execution test
FAIL: gcc.dg/torture/fp-int-convert-float64-timode.c -O0 execution test
FAIL: gcc.dg/torture/fp-int-convert-float64-timode.c -O1 execution test
FAIL: gcc.dg/torture/fp-int-convert-float64-timode.c -O2 execution test
FAIL: gcc.dg/torture/fp-int-convert-float64-timode.c -O2 -flto -fno-use-linker-plugin -flto-partition=none execution test
FAIL: gcc.dg/torture/fp-int-convert-float64-timode.c -O2 -flto -fuse-linker-plugin -fno-fat-lto-objects execution test
FAIL: gcc.dg/torture/fp-int-convert-float64-timode.c -O3 -g execution test
FAIL: gcc.dg/torture/fp-int-convert-float64-timode.c -Os execution test
FAIL: gcc.dg/torture/fp-int-convert-float64.c -O0 execution test
FAIL: gcc.dg/torture/fp-int-convert-float64.c -O1 execution test
FAIL: gcc.dg/torture/fp-int-convert-float64.c -O2 execution test
FAIL: gcc.dg/torture/fp-int-convert-float64.c -O2 -flto -fno-use-linker-plugin -flto-partition=none execution test
FAIL: gcc.dg/torture/fp-int-convert-float64.c -O2 -flto -fuse-linker-plugin -fno-fat-lto-objects execution test
FAIL: gcc.dg/torture/fp-int-convert-float64.c -O3 -g execution test
FAIL: gcc.dg/torture/fp-int-convert-float64.c -Os execution test
FAIL: gcc.dg/torture/fp-int-convert-long-double.c -O0 execution test
FAIL: gcc.dg/torture/fp-int-convert-long-double.c -O1 execution test
FAIL: gcc.dg/torture/fp-int-convert-long-double.c -O2 execution test
FAIL: gcc.dg/torture/fp-int-convert-long-double.c -O2 -flto -fno-use-linker-plugin -flto-partition=none execution test
FAIL: gcc.dg/torture/fp-int-convert-long-double.c -O2 -flto -fuse-linker-plugin -fno-fat-lto-objects execution test
FAIL: gcc.dg/torture/fp-int-convert-long-double.c -O3 -g execution test
FAIL: gcc.dg/torture/fp-int-convert-long-double.c -Os execution test
FAIL: gcc.dg/torture/fp-int-convert-timode.c -O0 execution test
FAIL: gcc.dg/torture/fp-int-convert-timode.c -O1 execution test
FAIL: gcc.dg/torture/fp-int-convert-timode.c -O2 execution test
FAIL: gcc.dg/torture/fp-int-convert-timode.c -O2 -flto -fno-use-linker-plugin -flto-partition=none execution test
FAIL: gcc.dg/torture/fp-int-convert-timode.c -O2 -flto -fuse-linker-plugin -fno-fat-lto-objects execution test
FAIL: gcc.dg/torture/fp-int-convert-timode.c -O3 -g execution test
FAIL: gcc.dg/torture/fp-int-convert-timode.c -Os execution test
FAIL: gcc.dg/torture/pr84682-2.c -O0 (test for excess errors)
FAIL: gcc.dg/torture/pr84682-2.c -O1 (test for excess errors)
FAIL: gcc.dg/torture/pr84682-2.c -O2 (test for excess errors)
FAIL: gcc.dg/torture/pr84682-2.c -O2 -flto -fno-use-linker-plugin -flto-partition=none (test for excess errors)
FAIL: gcc.dg/torture/pr84682-2.c -O3 -fomit-frame-pointer -funroll-loops -fpeel-loops -ftracer -finline-functions (test for excess errors)
FAIL: gcc.dg/torture/pr84682-2.c -O3 -g (test for excess errors)
FAIL: gcc.dg/torture/pr84682-2.c -Os (test for excess errors)
FAIL: gcc.dg/torture/pr86363.c -O0 execution test
FAIL: gcc.dg/torture/pr95295-3.c -O0 (test for excess errors)
FAIL: gcc.dg/torture/pr95295-3.c -O1 (test for excess errors)
FAIL: gcc.dg/torture/pr95295-3.c -O2 (test for excess errors)
FAIL: gcc.dg/torture/pr95295-3.c -O2 -flto -fno-use-linker-plugin -flto-partition=none (test for excess errors)
FAIL: gcc.dg/torture/pr95295-3.c -O2 -flto -fuse-linker-plugin -fno-fat-lto-objects (test for excess errors)
FAIL: gcc.dg/torture/pr95295-3.c -O3 -fomit-frame-pointer -funroll-loops -fpeel-loops -ftracer -finline-functions (test for excess errors)
FAIL: gcc.dg/torture/pr95295-3.c -O3 -g (test for excess errors)
FAIL: gcc.dg/torture/pr95295-3.c -Os (test for excess errors)
FAIL: gcc.dg/torture/pr98640.c -O0 execution test
FAIL: gcc.dg/torture/pr98640.c -O1 execution test
FAIL: gcc.dg/torture/pr98640.c -O2 execution test
FAIL: gcc.dg/torture/pr98640.c -O2 -flto -fno-use-linker-plugin -flto-partition=none execution test
FAIL: gcc.dg/torture/pr98640.c -O2 -flto -fuse-linker-plugin -fno-fat-lto-objects execution test
FAIL: gcc.dg/torture/pr98640.c -O3 -g execution test
FAIL: gcc.dg/torture/pr98640.c -Os execution test
XPASS: gcc.dg/tree-ssa/20040204-1.c scan-tree-dump-times optimized "link_error" 0
FAIL: gcc.dg/tree-ssa/alias-32.c scan-tree-dump-times cddce1 "\\\\*[^ ]" 1
FAIL: gcc.dg/tree-ssa/builtin-sprintf-9.c (test for warnings, line 81)
FAIL: gcc.dg/tree-ssa/builtin-sprintf-9.c (test for warnings, line 82)
FAIL: gcc.dg/tree-ssa/builtin-sprintf-9.c (test for warnings, line 83)
FAIL: gcc.dg/tree-ssa/builtin-sprintf-9.c (test for warnings, line 84)
FAIL: gcc.dg/tree-ssa/builtin-sprintf-9.c (test for excess errors)
FAIL: gcc.dg/tree-ssa/builtin-sprintf-warn-11.c (test for excess errors)
FAIL: gcc.dg/tree-ssa/builtin-sprintf.c (test for excess errors)
UNRESOLVED: gcc.dg/tree-ssa/builtin-sprintf.c compilation failed to produce executable
FAIL: gcc.dg/tree-ssa/evrp11.c scan-tree-dump-not evrp "link_error"
FAIL: gcc.dg/tree-ssa/if-to-switch-8.c (test for excess errors)
FAIL: gcc.dg/tree-ssa/negneg-3.c scan-tree-dump-times optimized "negate_expr" 6
FAIL: gcc.dg/tree-ssa/pr39612.c scan-tree-dump-not lim2 " = inter\\\\[[0-1]\\\\];"
FAIL: gcc.dg/tree-ssa/pr71947-4.c scan-tree-dump dom2 "Folded to: _[0-9]+ = _[0-9]+ \\\\* 2"
FAIL: gcc.dg/tree-ssa/pr71947-5.c scan-tree-dump dom2 "Folded to: _[0-9]+ = 0;"
FAIL: gcc.dg/tree-ssa/pr85726-1.c scan-tree-dump optimized " % 3;"
FAIL: gcc.dg/tree-ssa/pr85726-1.c scan-tree-dump optimized " / 3;"
UNRESOLVED: gcc.dg/tree-ssa/pr89430-1.c scan-tree-dump cselim "Conditional store replacement"
UNRESOLVED: gcc.dg/tree-ssa/pr89430-2.c scan-tree-dump cselim "Conditional store replacement"
UNRESOLVED: gcc.dg/tree-ssa/pr89430-3.c scan-tree-dump-not cselim "Conditional store replacement"
UNRESOLVED: gcc.dg/tree-ssa/pr89430-4.c scan-tree-dump-not cselim "Conditional store replacement"
UNRESOLVED: gcc.dg/tree-ssa/pr89430-5.c scan-tree-dump cselim "Conditional store replacement"
UNRESOLVED: gcc.dg/tree-ssa/pr89430-6.c scan-tree-dump cselim "Conditional store replacement"
UNRESOLVED: gcc.dg/tree-ssa/pr89430-7-comp-ref.c scan-tree-dump cselim "Conditional store replacement"
UNRESOLVED: gcc.dg/tree-ssa/pr89430-8-mem-ref-size.c scan-tree-dump cselim "Conditional store replacement"
XPASS: gcc.dg/tree-ssa/pr91091-2.c scan-tree-dump-times fre1 " = [^;]*x;" 1
FAIL: gcc.dg/tree-ssa/pr91482.c scan-tree-dump-times ccp1 "__builtin_assume_aligned" 1
FAIL: gcc.dg/tree-ssa/pr92085-2.c (internal compiler error)
FAIL: gcc.dg/tree-ssa/pr92085-2.c (test for excess errors)
UNRESOLVED: gcc.dg/tree-ssa/pr93118.c scan-tree-dump-not optimized "<<"
UNRESOLVED: gcc.dg/tree-ssa/pr93118.c scan-tree-dump-not optimized ">>"
FAIL: gcc.dg/tree-ssa/pr93435.c (test for excess errors)
FAIL: gcc.dg/tree-ssa/pr96730.c (test for excess errors)
FAIL: gcc.dg/tree-ssa/pr98513.c (internal compiler error)
FAIL: gcc.dg/tree-ssa/pr98513.c (test for excess errors)
FAIL: gcc.dg/tree-ssa/pr98513.c 3 blank line(s) in output
UNRESOLVED: gcc.dg/tree-ssa/pr98513.c compilation failed to produce executable
XPASS: gcc.dg/tree-ssa/ssa-fre-26.c scan-tree-dump fre1 "Replaced u.i with 0 in"
FAIL: gcc.dg/tree-ssa/ssa-fre-69.c scan-tree-dump fre1 "return 145;"
FAIL: gcc.dg/tree-ssa/ssa-fre-84.c scan-tree-dump fre1 "\\\\*dst_[0-9]*\\\\(D\\\\) = { 1, 0, 2, 3 };"
FAIL: gcc.dg/tree-ssa/ssa-hoist-4.c scan-tree-dump-times optimized "= \\\\*" 2
FAIL: gcc.dg/tree-ssa/ssa-hoist-4.c scan-tree-dump-times optimized "MAX_EXPR" 1
ERROR: (DejaGnu) proc "is_target hppa*-*-hpux*" does not exist.
FAIL: outputs exe savetmp namedb: outputs.args.0
FAIL: outputs exe savetmp namedb: outputs.ld1_args
FAIL: gcc.target/avr/torture/int24-mul.c -O3 -g (internal compiler error)
FAIL: gcc.target/avr/torture/int24-mul.c -O3 -g (test for excess errors)
UNRESOLVED: gcc.target/avr/torture/int24-mul.c -O3 -g compilation failed to produce executable
FAIL: gcc.target/avr/torture/pr83729.c -O3 -g (internal compiler error)
FAIL: gcc.target/avr/torture/pr83729.c -O3 -g (test for excess errors)
UNRESOLVED: gcc.target/avr/torture/pr83729.c -O3 -g compilation failed to produce executable
FAIL: gcc.target/avr/torture/pr83801.c -O3 -g (internal compiler error)
FAIL: gcc.target/avr/torture/pr83801.c -O3 -g (test for excess errors)
UNRESOLVED: gcc.target/avr/torture/pr83801.c -O3 -g compilation failed to produce executable
=== gcc Summary ===
# of DejaGnu errors 1
# of expected passes 104181
# of unexpected failures 576
# of unexpected successes 14
# of expected failures 587
# of untested testcases 8
# of unresolved testcases 34
# of unsupported tests 5072
/home/dinux/projects/pru/testbot-workspace/avr-gcc-build/gcc/xgcc version 11.0.0 20210214 (experimental) [master revision 18fabc35f47:7b5c5353241:c8656df666721ca06066ec59f61524c30cbde03f] (GCC)
Host is x86_64-pc-linux-gnu
=== g++ tests ===
Running target atmega128-sim
XPASS: g++.dg/analyzer/pr94028.C -std=c++98 (test for bogus messages, line 22)
XPASS: c-c++-common/Wrestrict.c -std=gnu++14 pr79220 (test for warnings, line 198)
XPASS: c-c++-common/Wrestrict.c -std=gnu++14 pr79220 (test for warnings, line 205)
XPASS: c-c++-common/Wrestrict.c -std=gnu++14 pr79220 (test for warnings, line 210)
XPASS: c-c++-common/Wrestrict.c -std=gnu++17 pr79220 (test for warnings, line 198)
XPASS: c-c++-common/Wrestrict.c -std=gnu++17 pr79220 (test for warnings, line 205)
XPASS: c-c++-common/Wrestrict.c -std=gnu++17 pr79220 (test for warnings, line 210)
XPASS: c-c++-common/Wrestrict.c -std=gnu++2a pr79220 (test for warnings, line 198)
XPASS: c-c++-common/Wrestrict.c -std=gnu++2a pr79220 (test for warnings, line 205)
XPASS: c-c++-common/Wrestrict.c -std=gnu++2a pr79220 (test for warnings, line 210)
XPASS: c-c++-common/Wrestrict.c -std=gnu++98 pr79220 (test for warnings, line 198)
XPASS: c-c++-common/Wrestrict.c -std=gnu++98 pr79220 (test for warnings, line 205)
XPASS: c-c++-common/Wrestrict.c -std=gnu++98 pr79220 (test for warnings, line 210)
FAIL: g++.dg/abi/pr98531-1.C -std=c++14 (test for excess errors)
FAIL: g++.dg/abi/pr98531-1.C -std=c++17 (test for excess errors)
FAIL: g++.dg/abi/pr98531-1.C -std=c++2a (test for excess errors)
FAIL: g++.dg/abi/pr98531-2.C -std=c++14 (test for excess errors)
FAIL: g++.dg/abi/pr98531-2.C -std=c++17 (test for excess errors)
FAIL: g++.dg/abi/pr98531-2.C -std=c++2a (test for excess errors)
FAIL: g++.dg/cpp1y/nsdmi-aggr12.C -std=c++14 (test for excess errors)
UNRESOLVED: g++.dg/cpp1y/nsdmi-aggr12.C -std=c++14 compilation failed to produce executable
FAIL: g++.dg/cpp1y/nsdmi-aggr12.C -std=c++17 (test for excess errors)
UNRESOLVED: g++.dg/cpp1y/nsdmi-aggr12.C -std=c++17 compilation failed to produce executable
FAIL: g++.dg/cpp1y/nsdmi-aggr12.C -std=c++2a (test for excess errors)
UNRESOLVED: g++.dg/cpp1y/nsdmi-aggr12.C -std=c++2a compilation failed to produce executable
UNRESOLVED: g++.dg/tree-ssa/ehcleanup-1.C -std=gnu++14 scan-tree-dump-times ehcleanup1 "Empty EH handler" 2
UNRESOLVED: g++.dg/tree-ssa/ehcleanup-1.C -std=gnu++14 scan-tree-dump-times ehcleanup1 "Removing unreachable" 4
UNRESOLVED: g++.dg/tree-ssa/ehcleanup-1.C -std=gnu++17 scan-tree-dump-times ehcleanup1 "Empty EH handler" 2
UNRESOLVED: g++.dg/tree-ssa/ehcleanup-1.C -std=gnu++17 scan-tree-dump-times ehcleanup1 "Removing unreachable" 4
UNRESOLVED: g++.dg/tree-ssa/ehcleanup-1.C -std=gnu++2a scan-tree-dump-times ehcleanup1 "Empty EH handler" 2
UNRESOLVED: g++.dg/tree-ssa/ehcleanup-1.C -std=gnu++2a scan-tree-dump-times ehcleanup1 "Removing unreachable" 4
UNRESOLVED: g++.dg/tree-ssa/ehcleanup-1.C -std=gnu++98 scan-tree-dump-times ehcleanup1 "Empty EH handler" 2
UNRESOLVED: g++.dg/tree-ssa/ehcleanup-1.C -std=gnu++98 scan-tree-dump-times ehcleanup1 "Removing unreachable" 4
FAIL: g++.dg/warn/Wnonnull9.C -std=gnu++14 (test for warnings, line 111)
FAIL: g++.dg/warn/Wnonnull9.C -std=gnu++14 (test for warnings, line 116)
FAIL: g++.dg/warn/Wnonnull9.C -std=gnu++14 (test for warnings, line 42)
FAIL: g++.dg/warn/Wnonnull9.C -std=gnu++14 (test for warnings, line 47)
FAIL: g++.dg/warn/Wnonnull9.C -std=gnu++14 (test for excess errors)
FAIL: g++.dg/warn/Wnonnull9.C -std=gnu++17 (test for warnings, line 111)
FAIL: g++.dg/warn/Wnonnull9.C -std=gnu++17 (test for warnings, line 116)
FAIL: g++.dg/warn/Wnonnull9.C -std=gnu++17 (test for warnings, line 42)
FAIL: g++.dg/warn/Wnonnull9.C -std=gnu++17 (test for warnings, line 47)
FAIL: g++.dg/warn/Wnonnull9.C -std=gnu++17 (test for excess errors)
FAIL: g++.dg/warn/Wnonnull9.C -std=gnu++2a (test for warnings, line 111)
FAIL: g++.dg/warn/Wnonnull9.C -std=gnu++2a (test for warnings, line 116)
FAIL: g++.dg/warn/Wnonnull9.C -std=gnu++2a (test for warnings, line 42)
FAIL: g++.dg/warn/Wnonnull9.C -std=gnu++2a (test for warnings, line 47)
FAIL: g++.dg/warn/Wnonnull9.C -std=gnu++2a (test for excess errors)
FAIL: g++.dg/warn/Wnonnull9.C -std=gnu++98 (test for warnings, line 111)
FAIL: g++.dg/warn/Wnonnull9.C -std=gnu++98 (test for warnings, line 116)
FAIL: g++.dg/warn/Wnonnull9.C -std=gnu++98 (test for warnings, line 42)
FAIL: g++.dg/warn/Wnonnull9.C -std=gnu++98 (test for warnings, line 47)
FAIL: g++.dg/warn/Wnonnull9.C -std=gnu++98 (test for excess errors)
FAIL: g++.dg/warn/Wsize_t-literals.C -std=c++14 (test for warnings, line 11)
FAIL: g++.dg/warn/Wsize_t-literals.C -std=c++14 (test for warnings, line 12)
FAIL: g++.dg/warn/Wsize_t-literals.C -std=c++14 (test for warnings, line 6)
FAIL: g++.dg/warn/Wsize_t-literals.C -std=c++14 (test for warnings, line 7)
FAIL: g++.dg/warn/Wsize_t-literals.C -std=c++14 (test for warnings, line 8)
FAIL: g++.dg/warn/Wsize_t-literals.C -std=c++14 (test for warnings, line 9)
FAIL: g++.dg/warn/Wsize_t-literals.C -std=c++14 (test for excess errors)
FAIL: g++.dg/warn/Wsize_t-literals.C -std=c++17 (test for warnings, line 11)
FAIL: g++.dg/warn/Wsize_t-literals.C -std=c++17 (test for warnings, line 12)
FAIL: g++.dg/warn/Wsize_t-literals.C -std=c++17 (test for warnings, line 6)
FAIL: g++.dg/warn/Wsize_t-literals.C -std=c++17 (test for warnings, line 7)
FAIL: g++.dg/warn/Wsize_t-literals.C -std=c++17 (test for warnings, line 8)
FAIL: g++.dg/warn/Wsize_t-literals.C -std=c++17 (test for warnings, line 9)
FAIL: g++.dg/warn/Wsize_t-literals.C -std=c++17 (test for excess errors)
FAIL: g++.dg/warn/Wsize_t-literals.C -std=c++2a (test for warnings, line 11)
FAIL: g++.dg/warn/Wsize_t-literals.C -std=c++2a (test for warnings, line 12)
FAIL: g++.dg/warn/Wsize_t-literals.C -std=c++2a (test for warnings, line 6)
FAIL: g++.dg/warn/Wsize_t-literals.C -std=c++2a (test for warnings, line 7)
FAIL: g++.dg/warn/Wsize_t-literals.C -std=c++2a (test for warnings, line 8)
FAIL: g++.dg/warn/Wsize_t-literals.C -std=c++2a (test for warnings, line 9)
FAIL: g++.dg/warn/Wsize_t-literals.C -std=c++2a (test for excess errors)
FAIL: g++.dg/warn/Wstringop-overread-1.C -std=c++14 (test for excess errors)
FAIL: g++.dg/warn/Wstringop-overread-1.C -std=c++17 (test for excess errors)
FAIL: g++.dg/warn/Wstringop-overread-1.C -std=c++2a (test for excess errors)
FAIL: g++.dg/warn/Wstringop-overread-1.C -std=c++98 (test for excess errors)
UNRESOLVED: g++.dg/modules/global-3 -std=c++17 execute
UNRESOLVED: g++.dg/modules/global-3 -std=c++17 link
UNRESOLVED: g++.dg/modules/global-3 -std=c++2a execute
UNRESOLVED: g++.dg/modules/global-3 -std=c++2a link
UNRESOLVED: g++.dg/modules/hello-1 -std=c++17 execute
UNRESOLVED: g++.dg/modules/hello-1 -std=c++17 link
UNRESOLVED: g++.dg/modules/hello-1 -std=c++2a execute
UNRESOLVED: g++.dg/modules/hello-1 -std=c++2a link
UNRESOLVED: g++.dg/modules/iostream-1 -std=c++17 execute
UNRESOLVED: g++.dg/modules/iostream-1 -std=c++17 link
UNRESOLVED: g++.dg/modules/iostream-1 -std=c++2a execute
UNRESOLVED: g++.dg/modules/iostream-1 -std=c++2a link
FAIL: g++.dg/modules/pr98531-1_a.H module-cmi (gcm.cache/\$srcdir/g++.dg/modules/pr98531-1_a.H.gcm)
FAIL: g++.dg/modules/pr98531-1_a.H module-cmi (gcm.cache/\$srcdir/g++.dg/modules/pr98531-1_a.H.gcm)
UNRESOLVED: g++.dg/modules/tname-spec-1 -std=c++17 execute
UNRESOLVED: g++.dg/modules/tname-spec-1 -std=c++17 link
UNRESOLVED: g++.dg/modules/tname-spec-1 -std=c++2a execute
UNRESOLVED: g++.dg/modules/tname-spec-1 -std=c++2a link
=== g++ Summary ===
# of expected passes 152028
# of unexpected failures 8347
# of unexpected successes 21
# of expected failures 634
# of untested testcases 10
# of unresolved testcases 3196
# of unsupported tests 11352
/home/dinux/projects/pru/testbot-workspace/avr-gcc-build/gcc/xg++ version 11.0.0 20210214 (experimental) [master revision 18fabc35f47:7b5c5353241:c8656df666721ca06066ec59f61524c30cbde03f] (GCC)
Compiler version: 11.0.0 20210214 (experimental) [master revision 18fabc35f47:7b5c5353241:c8656df666721ca06066ec59f61524c30cbde03f] (GCC)
Platform: avr-unknown-none
configure flags: --prefix=/home/dinux/projects/pru/testbot-workspace/avr-opt --target=avr --enable-languages=c,c++ --disable-nls --disable-libssp --with-dwarf2
More information about the Gcc-testresults
mailing list