Results for 11.0.0 (DEFMODE=default DEFCPU=default DEFFPU=default TESTFLAGS=) [r11-7159] (GCC) testsuite on aarch64-none-linux-gnu
Christophe LYON
christophe.lyon@foss.st.com
Wed Feb 10 06:51:52 GMT 2021
LAST_UPDATED: Wed Feb 10 04:32:35 UTC 2021 (revision r11-7159-g0a91b73e5b0147ca8cd832fd99ed4593d896b1d0) TARGET=aarch64-none-linux-gnu CPU=default FPU=default MODE=default
Target is aarch64-none-linux-gnu
Host is aarch64-none-linux-gnu
=== libatomic tests ===
Running target qemu
=== libatomic Summary ===
# of expected passes 54
Host is aarch64-none-linux-gnu
=== libitm tests ===
Running target qemu
=== libitm Summary ===
# of expected passes 42
# of expected failures 3
# of unsupported tests 1
Host is aarch64-none-linux-gnu
=== libstdc++ tests ===
Running target qemu
=== libstdc++ Summary ===
# of expected passes 13828
# of expected failures 104
# of unsupported tests 732
Host is x86_64-pc-linux-gnu
=== gcc tests ===
Running target qemu
WARNING: skipping asan tests due to ulimit -v
WARNING: skipping asan tests due to ulimit -v
WARNING: skipping asan tests due to ulimit -v
WARNING: skipping asan tests due to ulimit -v
WARNING: skipping asan tests due to ulimit -v
WARNING: skipping asan tests due to ulimit -v
WARNING: skipping asan tests due to ulimit -v
WARNING: skipping asan tests due to ulimit -v
WARNING: skipping asan tests due to ulimit -v
WARNING: skipping asan tests due to ulimit -v
FAIL: gcc.dg/Wstringop-overflow-47.c (test for warnings, line 32)
FAIL: gcc.dg/Wstringop-overflow-47.c (test for warnings, line 37)
FAIL: gcc.dg/Wstringop-overflow-47.c note (test for warnings, line 29)
FAIL: gcc.dg/gomp/pr89104.c (test for excess errors)
FAIL: c-c++-common/ubsan/null-1.c -O0 execution test
FAIL: c-c++-common/ubsan/null-1.c -O1 execution test
FAIL: c-c++-common/ubsan/null-1.c -O2 execution test
FAIL: c-c++-common/ubsan/null-1.c -O2 -flto -fno-use-linker-plugin -flto-partition=none execution test
FAIL: c-c++-common/ubsan/null-1.c -O2 -flto -fuse-linker-plugin -fno-fat-lto-objects execution test
FAIL: c-c++-common/ubsan/null-1.c -O3 -g execution test
FAIL: c-c++-common/ubsan/null-1.c -Os execution test
FAIL: c-c++-common/ubsan/null-10.c -O0 execution test
FAIL: c-c++-common/ubsan/null-10.c -O1 execution test
FAIL: c-c++-common/ubsan/null-10.c -O2 -flto -fno-use-linker-plugin -flto-partition=none execution test
FAIL: c-c++-common/ubsan/null-10.c -O2 -flto -fuse-linker-plugin -fno-fat-lto-objects execution test
FAIL: c-c++-common/ubsan/null-10.c -O3 -g execution test
FAIL: c-c++-common/ubsan/null-10.c -Os execution test
FAIL: c-c++-common/ubsan/null-11.c -O0 execution test
FAIL: c-c++-common/ubsan/null-11.c -O1 execution test
FAIL: c-c++-common/ubsan/null-11.c -O2 execution test
FAIL: c-c++-common/ubsan/null-11.c -O2 -flto -fno-use-linker-plugin -flto-partition=none execution test
FAIL: c-c++-common/ubsan/null-11.c -O2 -flto -fuse-linker-plugin -fno-fat-lto-objects execution test
FAIL: c-c++-common/ubsan/null-2.c -O1 execution test
FAIL: c-c++-common/ubsan/null-2.c -O2 execution test
FAIL: c-c++-common/ubsan/null-2.c -O2 -flto -fno-use-linker-plugin -flto-partition=none execution test
FAIL: c-c++-common/ubsan/null-2.c -O2 -flto -fuse-linker-plugin -fno-fat-lto-objects execution test
FAIL: c-c++-common/ubsan/null-2.c -O3 -g execution test
FAIL: c-c++-common/ubsan/null-2.c -Os execution test
FAIL: c-c++-common/ubsan/null-3.c -O0 execution test
FAIL: c-c++-common/ubsan/null-3.c -O2 execution test
FAIL: c-c++-common/ubsan/null-3.c -O2 -flto -fno-use-linker-plugin -flto-partition=none execution test
FAIL: c-c++-common/ubsan/null-3.c -O2 -flto -fuse-linker-plugin -fno-fat-lto-objects execution test
FAIL: c-c++-common/ubsan/null-3.c -Os execution test
FAIL: c-c++-common/ubsan/null-4.c -O0 execution test
FAIL: c-c++-common/ubsan/null-4.c -O1 execution test
FAIL: c-c++-common/ubsan/null-4.c -O2 -flto -fno-use-linker-plugin -flto-partition=none execution test
FAIL: c-c++-common/ubsan/null-4.c -O2 -flto -fuse-linker-plugin -fno-fat-lto-objects execution test
FAIL: c-c++-common/ubsan/null-4.c -O3 -g execution test
FAIL: c-c++-common/ubsan/null-4.c -Os execution test
FAIL: c-c++-common/ubsan/null-5.c -O1 execution test
FAIL: c-c++-common/ubsan/null-5.c -O2 execution test
FAIL: c-c++-common/ubsan/null-5.c -O2 -flto -fno-use-linker-plugin -flto-partition=none execution test
FAIL: c-c++-common/ubsan/null-5.c -O2 -flto -fuse-linker-plugin -fno-fat-lto-objects execution test
FAIL: c-c++-common/ubsan/null-5.c -O3 -g execution test
FAIL: c-c++-common/ubsan/null-6.c -O0 execution test
FAIL: c-c++-common/ubsan/null-7.c -O1 execution test
FAIL: c-c++-common/ubsan/null-7.c -O2 execution test
FAIL: c-c++-common/ubsan/null-7.c -O2 -flto -fno-use-linker-plugin -flto-partition=none execution test
FAIL: c-c++-common/ubsan/null-7.c -O2 -flto -fuse-linker-plugin -fno-fat-lto-objects execution test
FAIL: c-c++-common/ubsan/null-8.c -O0 execution test
FAIL: c-c++-common/ubsan/null-8.c -O1 execution test
FAIL: c-c++-common/ubsan/null-8.c -O2 execution test
FAIL: c-c++-common/ubsan/null-8.c -O2 -flto -fno-use-linker-plugin -flto-partition=none execution test
FAIL: c-c++-common/ubsan/null-8.c -Os execution test
FAIL: c-c++-common/ubsan/null-9.c -O2 execution test
FAIL: c-c++-common/ubsan/null-9.c -O2 -flto -fno-use-linker-plugin -flto-partition=none execution test
FAIL: c-c++-common/ubsan/null-9.c -O2 -flto -fuse-linker-plugin -fno-fat-lto-objects execution test
FAIL: c-c++-common/ubsan/null-9.c -Os execution test
FAIL: gcc.dg/vect/pr65947-7.c -flto -ffat-lto-objects scan-tree-dump-not vect "LOOP VECTORIZED"
FAIL: gcc.dg/vect/pr65947-7.c scan-tree-dump-not vect "LOOP VECTORIZED"
FAIL: gcc.target/aarch64/insv_1.c scan-assembler bfi\\tx[0-9]+, x[0-9]+, 0, 8
FAIL: gcc.target/aarch64/insv_1.c scan-assembler bfi\\tx[0-9]+, x[0-9]+, 16, 5
FAIL: gcc.target/aarch64/mem-shift-canonical.c scan-assembler-times add_lsl_di 3
UNRESOLVED: gcc.target/aarch64/pr70044.c scan-lto-assembler (mov|add)\\tx29, sp
FAIL: gcc.target/aarch64/advsimd-intrinsics/bf16_get-be.c -O0 (test for excess errors)
UNRESOLVED: gcc.target/aarch64/advsimd-intrinsics/bf16_get-be.c -O1 check-function-bodies test_vget_high_bf16
UNRESOLVED: gcc.target/aarch64/advsimd-intrinsics/bf16_get-be.c -O1 check-function-bodies test_vget_low_bf16
FAIL: gcc.target/aarch64/advsimd-intrinsics/bf16_get-be.c -O1 (test for excess errors)
UNRESOLVED: gcc.target/aarch64/advsimd-intrinsics/bf16_get-be.c -O2 check-function-bodies test_vget_high_bf16
UNRESOLVED: gcc.target/aarch64/advsimd-intrinsics/bf16_get-be.c -O2 check-function-bodies test_vget_low_bf16
FAIL: gcc.target/aarch64/advsimd-intrinsics/bf16_get-be.c -O2 (test for excess errors)
UNRESOLVED: gcc.target/aarch64/advsimd-intrinsics/bf16_get-be.c -O2 -flto -fno-use-linker-plugin -flto-partition=none check-function-bodies test_vget_high_bf16
UNRESOLVED: gcc.target/aarch64/advsimd-intrinsics/bf16_get-be.c -O2 -flto -fno-use-linker-plugin -flto-partition=none check-function-bodies test_vget_low_bf16
FAIL: gcc.target/aarch64/advsimd-intrinsics/bf16_get-be.c -O2 -flto -fno-use-linker-plugin -flto-partition=none (test for excess errors)
UNRESOLVED: gcc.target/aarch64/advsimd-intrinsics/bf16_get-be.c -O3 -g check-function-bodies test_vget_high_bf16
UNRESOLVED: gcc.target/aarch64/advsimd-intrinsics/bf16_get-be.c -O3 -g check-function-bodies test_vget_low_bf16
FAIL: gcc.target/aarch64/advsimd-intrinsics/bf16_get-be.c -O3 -g (test for excess errors)
UNRESOLVED: gcc.target/aarch64/advsimd-intrinsics/bf16_get-be.c -Og -g check-function-bodies test_vget_high_bf16
UNRESOLVED: gcc.target/aarch64/advsimd-intrinsics/bf16_get-be.c -Og -g check-function-bodies test_vget_low_bf16
FAIL: gcc.target/aarch64/advsimd-intrinsics/bf16_get-be.c -Og -g (test for excess errors)
UNRESOLVED: gcc.target/aarch64/advsimd-intrinsics/bf16_get-be.c -Os check-function-bodies test_vget_high_bf16
UNRESOLVED: gcc.target/aarch64/advsimd-intrinsics/bf16_get-be.c -Os check-function-bodies test_vget_low_bf16
FAIL: gcc.target/aarch64/advsimd-intrinsics/bf16_get-be.c -Os (test for excess errors)
FAIL: gcc.target/aarch64/advsimd-intrinsics/bfdot-2.c -O0 (test for excess errors)
UNRESOLVED: gcc.target/aarch64/advsimd-intrinsics/bfdot-2.c -O1 check-function-bodies ufoo
UNRESOLVED: gcc.target/aarch64/advsimd-intrinsics/bfdot-2.c -O1 check-function-bodies ufoo_lane
UNRESOLVED: gcc.target/aarch64/advsimd-intrinsics/bfdot-2.c -O1 check-function-bodies ufoo_laneq
UNRESOLVED: gcc.target/aarch64/advsimd-intrinsics/bfdot-2.c -O1 check-function-bodies ufoo_untied
UNRESOLVED: gcc.target/aarch64/advsimd-intrinsics/bfdot-2.c -O1 check-function-bodies ufooq
UNRESOLVED: gcc.target/aarch64/advsimd-intrinsics/bfdot-2.c -O1 check-function-bodies ufooq_lane
UNRESOLVED: gcc.target/aarch64/advsimd-intrinsics/bfdot-2.c -O1 check-function-bodies ufooq_lane_untied
UNRESOLVED: gcc.target/aarch64/advsimd-intrinsics/bfdot-2.c -O1 check-function-bodies ufooq_laneq
FAIL: gcc.target/aarch64/advsimd-intrinsics/bfdot-2.c -O1 (test for excess errors)
UNRESOLVED: gcc.target/aarch64/advsimd-intrinsics/bfdot-2.c -O2 check-function-bodies ufoo
UNRESOLVED: gcc.target/aarch64/advsimd-intrinsics/bfdot-2.c -O2 check-function-bodies ufoo_lane
UNRESOLVED: gcc.target/aarch64/advsimd-intrinsics/bfdot-2.c -O2 check-function-bodies ufoo_laneq
UNRESOLVED: gcc.target/aarch64/advsimd-intrinsics/bfdot-2.c -O2 check-function-bodies ufoo_untied
UNRESOLVED: gcc.target/aarch64/advsimd-intrinsics/bfdot-2.c -O2 check-function-bodies ufooq
UNRESOLVED: gcc.target/aarch64/advsimd-intrinsics/bfdot-2.c -O2 check-function-bodies ufooq_lane
UNRESOLVED: gcc.target/aarch64/advsimd-intrinsics/bfdot-2.c -O2 check-function-bodies ufooq_lane_untied
UNRESOLVED: gcc.target/aarch64/advsimd-intrinsics/bfdot-2.c -O2 check-function-bodies ufooq_laneq
FAIL: gcc.target/aarch64/advsimd-intrinsics/bfdot-2.c -O2 (test for excess errors)
UNRESOLVED: gcc.target/aarch64/advsimd-intrinsics/bfdot-2.c -O2 -flto -fno-use-linker-plugin -flto-partition=none check-function-bodies ufoo
UNRESOLVED: gcc.target/aarch64/advsimd-intrinsics/bfdot-2.c -O2 -flto -fno-use-linker-plugin -flto-partition=none check-function-bodies ufoo_lane
UNRESOLVED: gcc.target/aarch64/advsimd-intrinsics/bfdot-2.c -O2 -flto -fno-use-linker-plugin -flto-partition=none check-function-bodies ufoo_laneq
UNRESOLVED: gcc.target/aarch64/advsimd-intrinsics/bfdot-2.c -O2 -flto -fno-use-linker-plugin -flto-partition=none check-function-bodies ufoo_untied
UNRESOLVED: gcc.target/aarch64/advsimd-intrinsics/bfdot-2.c -O2 -flto -fno-use-linker-plugin -flto-partition=none check-function-bodies ufooq
UNRESOLVED: gcc.target/aarch64/advsimd-intrinsics/bfdot-2.c -O2 -flto -fno-use-linker-plugin -flto-partition=none check-function-bodies ufooq_lane
UNRESOLVED: gcc.target/aarch64/advsimd-intrinsics/bfdot-2.c -O2 -flto -fno-use-linker-plugin -flto-partition=none check-function-bodies ufooq_lane_untied
UNRESOLVED: gcc.target/aarch64/advsimd-intrinsics/bfdot-2.c -O2 -flto -fno-use-linker-plugin -flto-partition=none check-function-bodies ufooq_laneq
FAIL: gcc.target/aarch64/advsimd-intrinsics/bfdot-2.c -O2 -flto -fno-use-linker-plugin -flto-partition=none (test for excess errors)
UNRESOLVED: gcc.target/aarch64/advsimd-intrinsics/bfdot-2.c -O3 -g check-function-bodies ufoo
UNRESOLVED: gcc.target/aarch64/advsimd-intrinsics/bfdot-2.c -O3 -g check-function-bodies ufoo_lane
UNRESOLVED: gcc.target/aarch64/advsimd-intrinsics/bfdot-2.c -O3 -g check-function-bodies ufoo_laneq
UNRESOLVED: gcc.target/aarch64/advsimd-intrinsics/bfdot-2.c -O3 -g check-function-bodies ufoo_untied
UNRESOLVED: gcc.target/aarch64/advsimd-intrinsics/bfdot-2.c -O3 -g check-function-bodies ufooq
UNRESOLVED: gcc.target/aarch64/advsimd-intrinsics/bfdot-2.c -O3 -g check-function-bodies ufooq_lane
UNRESOLVED: gcc.target/aarch64/advsimd-intrinsics/bfdot-2.c -O3 -g check-function-bodies ufooq_lane_untied
UNRESOLVED: gcc.target/aarch64/advsimd-intrinsics/bfdot-2.c -O3 -g check-function-bodies ufooq_laneq
FAIL: gcc.target/aarch64/advsimd-intrinsics/bfdot-2.c -O3 -g (test for excess errors)
UNRESOLVED: gcc.target/aarch64/advsimd-intrinsics/bfdot-2.c -Og -g check-function-bodies ufoo
UNRESOLVED: gcc.target/aarch64/advsimd-intrinsics/bfdot-2.c -Og -g check-function-bodies ufoo_lane
UNRESOLVED: gcc.target/aarch64/advsimd-intrinsics/bfdot-2.c -Og -g check-function-bodies ufoo_laneq
UNRESOLVED: gcc.target/aarch64/advsimd-intrinsics/bfdot-2.c -Og -g check-function-bodies ufoo_untied
UNRESOLVED: gcc.target/aarch64/advsimd-intrinsics/bfdot-2.c -Og -g check-function-bodies ufooq
UNRESOLVED: gcc.target/aarch64/advsimd-intrinsics/bfdot-2.c -Og -g check-function-bodies ufooq_lane
UNRESOLVED: gcc.target/aarch64/advsimd-intrinsics/bfdot-2.c -Og -g check-function-bodies ufooq_lane_untied
UNRESOLVED: gcc.target/aarch64/advsimd-intrinsics/bfdot-2.c -Og -g check-function-bodies ufooq_laneq
FAIL: gcc.target/aarch64/advsimd-intrinsics/bfdot-2.c -Og -g (test for excess errors)
UNRESOLVED: gcc.target/aarch64/advsimd-intrinsics/bfdot-2.c -Os check-function-bodies ufoo
UNRESOLVED: gcc.target/aarch64/advsimd-intrinsics/bfdot-2.c -Os check-function-bodies ufoo_lane
UNRESOLVED: gcc.target/aarch64/advsimd-intrinsics/bfdot-2.c -Os check-function-bodies ufoo_laneq
UNRESOLVED: gcc.target/aarch64/advsimd-intrinsics/bfdot-2.c -Os check-function-bodies ufoo_untied
UNRESOLVED: gcc.target/aarch64/advsimd-intrinsics/bfdot-2.c -Os check-function-bodies ufooq
UNRESOLVED: gcc.target/aarch64/advsimd-intrinsics/bfdot-2.c -Os check-function-bodies ufooq_lane
UNRESOLVED: gcc.target/aarch64/advsimd-intrinsics/bfdot-2.c -Os check-function-bodies ufooq_lane_untied
UNRESOLVED: gcc.target/aarch64/advsimd-intrinsics/bfdot-2.c -Os check-function-bodies ufooq_laneq
FAIL: gcc.target/aarch64/advsimd-intrinsics/bfdot-2.c -Os (test for excess errors)
FAIL: gcc.target/aarch64/advsimd-intrinsics/vdot-3-2.c -O0 (test for excess errors)
UNRESOLVED: gcc.target/aarch64/advsimd-intrinsics/vdot-3-2.c -O1 check-function-bodies sfoo_lane
UNRESOLVED: gcc.target/aarch64/advsimd-intrinsics/vdot-3-2.c -O1 check-function-bodies sfoo_laneq
UNRESOLVED: gcc.target/aarch64/advsimd-intrinsics/vdot-3-2.c -O1 check-function-bodies sfooq_lane
UNRESOLVED: gcc.target/aarch64/advsimd-intrinsics/vdot-3-2.c -O1 check-function-bodies sfooq_laneq
UNRESOLVED: gcc.target/aarch64/advsimd-intrinsics/vdot-3-2.c -O1 check-function-bodies ufoo
UNRESOLVED: gcc.target/aarch64/advsimd-intrinsics/vdot-3-2.c -O1 check-function-bodies ufoo_lane
UNRESOLVED: gcc.target/aarch64/advsimd-intrinsics/vdot-3-2.c -O1 check-function-bodies ufoo_laneq
UNRESOLVED: gcc.target/aarch64/advsimd-intrinsics/vdot-3-2.c -O1 check-function-bodies ufoo_untied
UNRESOLVED: gcc.target/aarch64/advsimd-intrinsics/vdot-3-2.c -O1 check-function-bodies ufooq
UNRESOLVED: gcc.target/aarch64/advsimd-intrinsics/vdot-3-2.c -O1 check-function-bodies ufooq_lane
UNRESOLVED: gcc.target/aarch64/advsimd-intrinsics/vdot-3-2.c -O1 check-function-bodies ufooq_laneq
UNRESOLVED: gcc.target/aarch64/advsimd-intrinsics/vdot-3-2.c -O1 check-function-bodies ufooq_laneq_untied
FAIL: gcc.target/aarch64/advsimd-intrinsics/vdot-3-2.c -O1 (test for excess errors)
UNRESOLVED: gcc.target/aarch64/advsimd-intrinsics/vdot-3-2.c -O2 check-function-bodies sfoo_lane
UNRESOLVED: gcc.target/aarch64/advsimd-intrinsics/vdot-3-2.c -O2 check-function-bodies sfoo_laneq
UNRESOLVED: gcc.target/aarch64/advsimd-intrinsics/vdot-3-2.c -O2 check-function-bodies sfooq_lane
UNRESOLVED: gcc.target/aarch64/advsimd-intrinsics/vdot-3-2.c -O2 check-function-bodies sfooq_laneq
UNRESOLVED: gcc.target/aarch64/advsimd-intrinsics/vdot-3-2.c -O2 check-function-bodies ufoo
UNRESOLVED: gcc.target/aarch64/advsimd-intrinsics/vdot-3-2.c -O2 check-function-bodies ufoo_lane
UNRESOLVED: gcc.target/aarch64/advsimd-intrinsics/vdot-3-2.c -O2 check-function-bodies ufoo_laneq
UNRESOLVED: gcc.target/aarch64/advsimd-intrinsics/vdot-3-2.c -O2 check-function-bodies ufoo_untied
UNRESOLVED: gcc.target/aarch64/advsimd-intrinsics/vdot-3-2.c -O2 check-function-bodies ufooq
UNRESOLVED: gcc.target/aarch64/advsimd-intrinsics/vdot-3-2.c -O2 check-function-bodies ufooq_lane
UNRESOLVED: gcc.target/aarch64/advsimd-intrinsics/vdot-3-2.c -O2 check-function-bodies ufooq_laneq
UNRESOLVED: gcc.target/aarch64/advsimd-intrinsics/vdot-3-2.c -O2 check-function-bodies ufooq_laneq_untied
FAIL: gcc.target/aarch64/advsimd-intrinsics/vdot-3-2.c -O2 (test for excess errors)
UNRESOLVED: gcc.target/aarch64/advsimd-intrinsics/vdot-3-2.c -O2 -flto -fno-use-linker-plugin -flto-partition=none check-function-bodies sfoo_lane
UNRESOLVED: gcc.target/aarch64/advsimd-intrinsics/vdot-3-2.c -O2 -flto -fno-use-linker-plugin -flto-partition=none check-function-bodies sfoo_laneq
UNRESOLVED: gcc.target/aarch64/advsimd-intrinsics/vdot-3-2.c -O2 -flto -fno-use-linker-plugin -flto-partition=none check-function-bodies sfooq_lane
UNRESOLVED: gcc.target/aarch64/advsimd-intrinsics/vdot-3-2.c -O2 -flto -fno-use-linker-plugin -flto-partition=none check-function-bodies sfooq_laneq
UNRESOLVED: gcc.target/aarch64/advsimd-intrinsics/vdot-3-2.c -O2 -flto -fno-use-linker-plugin -flto-partition=none check-function-bodies ufoo
UNRESOLVED: gcc.target/aarch64/advsimd-intrinsics/vdot-3-2.c -O2 -flto -fno-use-linker-plugin -flto-partition=none check-function-bodies ufoo_lane
UNRESOLVED: gcc.target/aarch64/advsimd-intrinsics/vdot-3-2.c -O2 -flto -fno-use-linker-plugin -flto-partition=none check-function-bodies ufoo_laneq
UNRESOLVED: gcc.target/aarch64/advsimd-intrinsics/vdot-3-2.c -O2 -flto -fno-use-linker-plugin -flto-partition=none check-function-bodies ufoo_untied
UNRESOLVED: gcc.target/aarch64/advsimd-intrinsics/vdot-3-2.c -O2 -flto -fno-use-linker-plugin -flto-partition=none check-function-bodies ufooq
UNRESOLVED: gcc.target/aarch64/advsimd-intrinsics/vdot-3-2.c -O2 -flto -fno-use-linker-plugin -flto-partition=none check-function-bodies ufooq_lane
UNRESOLVED: gcc.target/aarch64/advsimd-intrinsics/vdot-3-2.c -O2 -flto -fno-use-linker-plugin -flto-partition=none check-function-bodies ufooq_laneq
UNRESOLVED: gcc.target/aarch64/advsimd-intrinsics/vdot-3-2.c -O2 -flto -fno-use-linker-plugin -flto-partition=none check-function-bodies ufooq_laneq_untied
FAIL: gcc.target/aarch64/advsimd-intrinsics/vdot-3-2.c -O2 -flto -fno-use-linker-plugin -flto-partition=none (test for excess errors)
UNRESOLVED: gcc.target/aarch64/advsimd-intrinsics/vdot-3-2.c -O3 -g check-function-bodies sfoo_lane
UNRESOLVED: gcc.target/aarch64/advsimd-intrinsics/vdot-3-2.c -O3 -g check-function-bodies sfoo_laneq
UNRESOLVED: gcc.target/aarch64/advsimd-intrinsics/vdot-3-2.c -O3 -g check-function-bodies sfooq_lane
UNRESOLVED: gcc.target/aarch64/advsimd-intrinsics/vdot-3-2.c -O3 -g check-function-bodies sfooq_laneq
UNRESOLVED: gcc.target/aarch64/advsimd-intrinsics/vdot-3-2.c -O3 -g check-function-bodies ufoo
UNRESOLVED: gcc.target/aarch64/advsimd-intrinsics/vdot-3-2.c -O3 -g check-function-bodies ufoo_lane
UNRESOLVED: gcc.target/aarch64/advsimd-intrinsics/vdot-3-2.c -O3 -g check-function-bodies ufoo_laneq
UNRESOLVED: gcc.target/aarch64/advsimd-intrinsics/vdot-3-2.c -O3 -g check-function-bodies ufoo_untied
UNRESOLVED: gcc.target/aarch64/advsimd-intrinsics/vdot-3-2.c -O3 -g check-function-bodies ufooq
UNRESOLVED: gcc.target/aarch64/advsimd-intrinsics/vdot-3-2.c -O3 -g check-function-bodies ufooq_lane
UNRESOLVED: gcc.target/aarch64/advsimd-intrinsics/vdot-3-2.c -O3 -g check-function-bodies ufooq_laneq
UNRESOLVED: gcc.target/aarch64/advsimd-intrinsics/vdot-3-2.c -O3 -g check-function-bodies ufooq_laneq_untied
FAIL: gcc.target/aarch64/advsimd-intrinsics/vdot-3-2.c -O3 -g (test for excess errors)
UNRESOLVED: gcc.target/aarch64/advsimd-intrinsics/vdot-3-2.c -Og -g check-function-bodies sfoo_lane
UNRESOLVED: gcc.target/aarch64/advsimd-intrinsics/vdot-3-2.c -Og -g check-function-bodies sfoo_laneq
UNRESOLVED: gcc.target/aarch64/advsimd-intrinsics/vdot-3-2.c -Og -g check-function-bodies sfooq_lane
UNRESOLVED: gcc.target/aarch64/advsimd-intrinsics/vdot-3-2.c -Og -g check-function-bodies sfooq_laneq
UNRESOLVED: gcc.target/aarch64/advsimd-intrinsics/vdot-3-2.c -Og -g check-function-bodies ufoo
UNRESOLVED: gcc.target/aarch64/advsimd-intrinsics/vdot-3-2.c -Og -g check-function-bodies ufoo_lane
UNRESOLVED: gcc.target/aarch64/advsimd-intrinsics/vdot-3-2.c -Og -g check-function-bodies ufoo_laneq
UNRESOLVED: gcc.target/aarch64/advsimd-intrinsics/vdot-3-2.c -Og -g check-function-bodies ufoo_untied
UNRESOLVED: gcc.target/aarch64/advsimd-intrinsics/vdot-3-2.c -Og -g check-function-bodies ufooq
UNRESOLVED: gcc.target/aarch64/advsimd-intrinsics/vdot-3-2.c -Og -g check-function-bodies ufooq_lane
UNRESOLVED: gcc.target/aarch64/advsimd-intrinsics/vdot-3-2.c -Og -g check-function-bodies ufooq_laneq
UNRESOLVED: gcc.target/aarch64/advsimd-intrinsics/vdot-3-2.c -Og -g check-function-bodies ufooq_laneq_untied
FAIL: gcc.target/aarch64/advsimd-intrinsics/vdot-3-2.c -Og -g (test for excess errors)
UNRESOLVED: gcc.target/aarch64/advsimd-intrinsics/vdot-3-2.c -Os check-function-bodies sfoo_lane
UNRESOLVED: gcc.target/aarch64/advsimd-intrinsics/vdot-3-2.c -Os check-function-bodies sfoo_laneq
UNRESOLVED: gcc.target/aarch64/advsimd-intrinsics/vdot-3-2.c -Os check-function-bodies sfooq_lane
UNRESOLVED: gcc.target/aarch64/advsimd-intrinsics/vdot-3-2.c -Os check-function-bodies sfooq_laneq
UNRESOLVED: gcc.target/aarch64/advsimd-intrinsics/vdot-3-2.c -Os check-function-bodies ufoo
UNRESOLVED: gcc.target/aarch64/advsimd-intrinsics/vdot-3-2.c -Os check-function-bodies ufoo_lane
UNRESOLVED: gcc.target/aarch64/advsimd-intrinsics/vdot-3-2.c -Os check-function-bodies ufoo_laneq
UNRESOLVED: gcc.target/aarch64/advsimd-intrinsics/vdot-3-2.c -Os check-function-bodies ufoo_untied
UNRESOLVED: gcc.target/aarch64/advsimd-intrinsics/vdot-3-2.c -Os check-function-bodies ufooq
UNRESOLVED: gcc.target/aarch64/advsimd-intrinsics/vdot-3-2.c -Os check-function-bodies ufooq_lane
UNRESOLVED: gcc.target/aarch64/advsimd-intrinsics/vdot-3-2.c -Os check-function-bodies ufooq_laneq
UNRESOLVED: gcc.target/aarch64/advsimd-intrinsics/vdot-3-2.c -Os check-function-bodies ufooq_laneq_untied
FAIL: gcc.target/aarch64/advsimd-intrinsics/vdot-3-2.c -Os (test for excess errors)
FAIL: gcc.target/aarch64/sve/mul_2.c -march=armv8.2-a+sve scan-assembler-times \\\\tmul\\\\tz[0-9]+\\\\.b, z[0-9]+\\\\.b, #-120\\\\n 1
FAIL: gcc.target/aarch64/sve/mul_2.c -march=armv8.2-a+sve scan-assembler-times \\\\tmul\\\\tz[0-9]+\\\\.h, z[0-9]+\\\\.h, #-128\\\\n 2
FAIL: gcc.target/aarch64/sve/mul_2.c -march=armv8.2-a+sve scan-assembler-times \\\\tmul\\\\tz[0-9]+\\\\.s, z[0-9]+\\\\.s, #-128\\\\n 1
FAIL: gcc.target/aarch64/sve/slp_perm_1.c -march=armv8.2-a+sve scan-assembler-times \\\\trevb\\\\tz[0-9]+\\\\.d, p[0-7]/m, z[0-9]+\\\\.d\\\\n 1
FAIL: gcc.target/aarch64/sve/slp_perm_2.c -march=armv8.2-a+sve scan-assembler-times \\\\trevb\\\\tz[0-9]+\\\\.s, p[0-7]/m, z[0-9]+\\\\.s\\\\n 1
FAIL: gcc.target/aarch64/sve/slp_perm_3.c -march=armv8.2-a+sve scan-assembler-times \\\\trevb\\\\tz[0-9]+\\\\.h, p[0-7]/m, z[0-9]+\\\\.h\\\\n 1
FAIL: gcc.target/aarch64/sve/slp_perm_6.c -march=armv8.2-a+sve scan-assembler-times \\\\ttbl\\\\tz[0-9]+\\\\.b, z[0-9]+\\\\.b, z[0-9]+\\\\.b\\\\n 1
FAIL: gcc.target/aarch64/sve/vcond_3.c -march=armv8.2-a+sve scan-assembler-times \\\\tmov\\\\tz[0-9]+\\\\.[hsd], p[0-7]/z, #-32768\\\\n 3
FAIL: gcc.target/aarch64/sve/vcond_3.c -march=armv8.2-a+sve scan-assembler-times \\\\tmov\\\\tz[0-9]+\\\\.[hsd], p[0-7]/z, #256\\\\n 3
FAIL: gcc.target/aarch64/sve/vcond_3.c -march=armv8.2-a+sve scan-assembler-times \\\\tmov\\\\tz[0-9]+\\\\.[hsd], p[0-7]/z, #2\\\\n 3
FAIL: gcc.target/aarch64/sve/vcond_3.c -march=armv8.2-a+sve scan-assembler-times \\\\tmov\\\\tz[0-9]+\\\\.b, p[0-7]/z, #-128\\\\n 1
FAIL: gcc.target/aarch64/sve/vcond_3.c -march=armv8.2-a+sve scan-assembler-times \\\\tmov\\\\tz[0-9]+\\\\.b, p[0-7]/z, #2\\\\n 1
FAIL: gcc.target/aarch64/sve/acle/asm/cvt_bf16.c -std=c11 -O3 -g -DTEST_FULL (test for excess errors)
FAIL: gcc.target/aarch64/sve/acle/asm/cvt_bf16.c -std=c11 -O3 -g -DTEST_OVERLOADS (test for excess errors)
FAIL: gcc.target/aarch64/sve/acle/asm/cvt_bf16.c -std=c90 -O0 -g -DTEST_FULL (test for excess errors)
FAIL: gcc.target/aarch64/sve/acle/asm/cvt_bf16.c -std=c90 -O0 -g -DTEST_OVERLOADS (test for excess errors)
FAIL: gcc.target/aarch64/sve/acle/asm/cvt_bf16.c -std=c90 -O1 -g -DTEST_FULL (test for excess errors)
FAIL: gcc.target/aarch64/sve/acle/asm/cvt_bf16.c -std=c90 -O1 -g -DTEST_OVERLOADS (test for excess errors)
FAIL: gcc.target/aarch64/sve/acle/asm/cvt_bf16.c -std=c99 -O2 -g -DTEST_FULL (test for excess errors)
FAIL: gcc.target/aarch64/sve/acle/asm/cvt_bf16.c -std=c99 -O2 -g -DTEST_OVERLOADS (test for excess errors)
FAIL: gcc.target/aarch64/sve/acle/asm/cvt_bf16.c -std=gnu11 -Os -g -DTEST_FULL (test for excess errors)
FAIL: gcc.target/aarch64/sve/acle/asm/cvt_bf16.c -std=gnu11 -Os -g -DTEST_OVERLOADS (test for excess errors)
FAIL: gcc.target/aarch64/sve/acle/asm/cvt_bf16.c -std=gnu90 -O2 -fno-schedule-insns -DCHECK_ASM --save-temps -DTEST_FULL (test for excess errors)
FAIL: gcc.target/aarch64/sve/acle/asm/cvt_bf16.c -std=gnu90 -O2 -fno-schedule-insns -DCHECK_ASM --save-temps -DTEST_OVERLOADS (test for excess errors)
FAIL: gcc.target/aarch64/sve/acle/asm/cvt_bf16.c -std=gnu99 -Ofast -g -DTEST_FULL (test for excess errors)
FAIL: gcc.target/aarch64/sve/acle/asm/cvt_bf16.c -std=gnu99 -Ofast -g -DTEST_OVERLOADS (test for excess errors)
FAIL: gcc.target/aarch64/sve/acle/general-c/func_redef_1.c -march=armv8.2-a+sve (test for warnings, line 3)
FAIL: gcc.target/aarch64/sve/acle/general-c/func_redef_2.c -march=armv8.2-a+sve (test for warnings, line 3)
FAIL: gcc.target/aarch64/sve/acle/general-c/func_redef_3.c -march=armv8.2-a+sve (test for warnings, line 3)
FAIL: gcc.target/aarch64/sve/acle/general-c/func_redef_6.c -march=armv8.2-a+sve (test for warnings, line 3)
FAIL: gcc.target/aarch64/sve/acle/general-c/type_redef_1.c -march=armv8.2-a+sve (test for warnings, line 3)
FAIL: gcc.target/aarch64/sve/acle/general-c/type_redef_10.c -march=armv8.2-a+sve (test for warnings, line 3)
FAIL: gcc.target/aarch64/sve/acle/general-c/type_redef_13.c -march=armv8.2-a+sve (test for warnings, line 3)
FAIL: gcc.target/aarch64/sve/acle/general-c/type_redef_2.c -march=armv8.2-a+sve (test for warnings, line 3)
FAIL: gcc.target/aarch64/sve/acle/general-c/type_redef_3.c -march=armv8.2-a+sve (test for warnings, line 3)
FAIL: gcc.target/aarch64/sve/acle/general-c/type_redef_4.c -march=armv8.2-a+sve (test for warnings, line 3)
FAIL: gcc.target/aarch64/sve/acle/general-c/type_redef_5.c -march=armv8.2-a+sve (test for warnings, line 3)
FAIL: gcc.target/aarch64/sve/acle/general-c/type_redef_6.c -march=armv8.2-a+sve (test for warnings, line 3)
FAIL: gcc.target/aarch64/sve/acle/general-c/type_redef_8.c -march=armv8.2-a+sve (test for warnings, line 3)
FAIL: gcc.target/aarch64/sve/acle/general-c/type_redef_9.c -march=armv8.2-a+sve (test for warnings, line 3)
=== gcc Summary ===
# of expected passes 255522
# of unexpected failures 124
# of expected failures 2038
# of unresolved testcases 133
# of unsupported tests 4056
/tmp/3356482_1.tmpdir/aci-gcc-fsf/builds/gcc-fsf-gccsrc/obj-aarch64-none-linux-gnu/gcc3/gcc/xgcc version 11.0.0 (DEFMODE=default DEFCPU=default DEFFPU=default TESTFLAGS=) [r11-7159] (GCC)
Host is x86_64-pc-linux-gnu
=== gfortran tests ===
Running target qemu
WARNING: skipping asan tests due to ulimit -v
WARNING: skipping asan tests due to ulimit -v
FAIL: gfortran.dg/dollar_edit_descriptor_3.f -O0 output pattern test
FAIL: gfortran.dg/dollar_edit_descriptor_3.f -O1 output pattern test
FAIL: gfortran.dg/dollar_edit_descriptor_3.f -O2 output pattern test
FAIL: gfortran.dg/dollar_edit_descriptor_3.f -O3 -fomit-frame-pointer -funroll-loops -fpeel-loops -ftracer -finline-functions output pattern test
FAIL: gfortran.dg/dollar_edit_descriptor_3.f -O3 -g output pattern test
FAIL: gfortran.dg/dollar_edit_descriptor_3.f -Os output pattern test
FAIL: gfortran.dg/namelist_print_1.f -O0 output pattern test
FAIL: gfortran.dg/namelist_print_1.f -O1 output pattern test
FAIL: gfortran.dg/namelist_print_1.f -O2 output pattern test
FAIL: gfortran.dg/namelist_print_1.f -O3 -fomit-frame-pointer -funroll-loops -fpeel-loops -ftracer -finline-functions output pattern test
FAIL: gfortran.dg/namelist_print_1.f -O3 -g output pattern test
FAIL: gfortran.dg/namelist_print_1.f -Os output pattern test
UNRESOLVED: gfortran.dg/pr96711.f90 -O0 scan-tree-dump-times original "_gfortran_stop_numeric" 2
FAIL: gfortran.dg/pr96711.f90 -O0 (internal compiler error)
FAIL: gfortran.dg/pr96711.f90 -O0 (test for excess errors)
UNRESOLVED: gfortran.dg/pr96711.f90 -O0 compilation failed to produce executable
UNRESOLVED: gfortran.dg/pr96711.f90 -O1 scan-tree-dump-times original "_gfortran_stop_numeric" 2
FAIL: gfortran.dg/pr96711.f90 -O1 (internal compiler error)
FAIL: gfortran.dg/pr96711.f90 -O1 (test for excess errors)
UNRESOLVED: gfortran.dg/pr96711.f90 -O1 compilation failed to produce executable
UNRESOLVED: gfortran.dg/pr96711.f90 -O2 scan-tree-dump-times original "_gfortran_stop_numeric" 2
FAIL: gfortran.dg/pr96711.f90 -O2 (internal compiler error)
FAIL: gfortran.dg/pr96711.f90 -O2 (test for excess errors)
UNRESOLVED: gfortran.dg/pr96711.f90 -O2 compilation failed to produce executable
UNRESOLVED: gfortran.dg/pr96711.f90 -O3 -fomit-frame-pointer -funroll-loops -fpeel-loops -ftracer -finline-functions scan-tree-dump-times original "_gfortran_stop_numeric" 2
FAIL: gfortran.dg/pr96711.f90 -O3 -fomit-frame-pointer -funroll-loops -fpeel-loops -ftracer -finline-functions (internal compiler error)
FAIL: gfortran.dg/pr96711.f90 -O3 -fomit-frame-pointer -funroll-loops -fpeel-loops -ftracer -finline-functions (test for excess errors)
UNRESOLVED: gfortran.dg/pr96711.f90 -O3 -fomit-frame-pointer -funroll-loops -fpeel-loops -ftracer -finline-functions compilation failed to produce executable
UNRESOLVED: gfortran.dg/pr96711.f90 -O3 -g scan-tree-dump-times original "_gfortran_stop_numeric" 2
FAIL: gfortran.dg/pr96711.f90 -O3 -g (internal compiler error)
FAIL: gfortran.dg/pr96711.f90 -O3 -g (test for excess errors)
UNRESOLVED: gfortran.dg/pr96711.f90 -O3 -g compilation failed to produce executable
UNRESOLVED: gfortran.dg/pr96711.f90 -Os scan-tree-dump-times original "_gfortran_stop_numeric" 2
FAIL: gfortran.dg/pr96711.f90 -Os (internal compiler error)
FAIL: gfortran.dg/pr96711.f90 -Os (test for excess errors)
UNRESOLVED: gfortran.dg/pr96711.f90 -Os compilation failed to produce executable
FAIL: gfortran.dg/read_x_eor.f90 -O0 output pattern test
FAIL: gfortran.dg/read_x_eor.f90 -O1 output pattern test
FAIL: gfortran.dg/read_x_eor.f90 -O2 output pattern test
FAIL: gfortran.dg/read_x_eor.f90 -O3 -fomit-frame-pointer -funroll-loops -fpeel-loops -ftracer -finline-functions output pattern test
FAIL: gfortran.dg/read_x_eor.f90 -O3 -g output pattern test
FAIL: gfortran.dg/read_x_eor.f90 -Os output pattern test
FAIL: gfortran.dg/g77/f77-edit-apostrophe-out.f -O0 output pattern test
FAIL: gfortran.dg/g77/f77-edit-apostrophe-out.f -O1 output pattern test
FAIL: gfortran.dg/g77/f77-edit-apostrophe-out.f -O2 output pattern test
FAIL: gfortran.dg/g77/f77-edit-apostrophe-out.f -O3 -fomit-frame-pointer -funroll-loops -fpeel-loops -ftracer -finline-functions output pattern test
FAIL: gfortran.dg/g77/f77-edit-apostrophe-out.f -O3 -g output pattern test
FAIL: gfortran.dg/g77/f77-edit-apostrophe-out.f -Os output pattern test
FAIL: gfortran.dg/g77/f77-edit-colon-out.f -O0 output pattern test
FAIL: gfortran.dg/g77/f77-edit-colon-out.f -O1 output pattern test
FAIL: gfortran.dg/g77/f77-edit-colon-out.f -O2 output pattern test
FAIL: gfortran.dg/g77/f77-edit-colon-out.f -O3 -fomit-frame-pointer -funroll-loops -fpeel-loops -ftracer -finline-functions output pattern test
FAIL: gfortran.dg/g77/f77-edit-colon-out.f -O3 -g output pattern test
FAIL: gfortran.dg/g77/f77-edit-colon-out.f -Os output pattern test
FAIL: gfortran.dg/g77/f77-edit-h-out.f -O0 output pattern test
FAIL: gfortran.dg/g77/f77-edit-h-out.f -O1 output pattern test
FAIL: gfortran.dg/g77/f77-edit-h-out.f -O2 output pattern test
FAIL: gfortran.dg/g77/f77-edit-h-out.f -O3 -fomit-frame-pointer -funroll-loops -fpeel-loops -ftracer -finline-functions output pattern test
FAIL: gfortran.dg/g77/f77-edit-h-out.f -O3 -g output pattern test
FAIL: gfortran.dg/g77/f77-edit-h-out.f -Os output pattern test
FAIL: gfortran.dg/g77/f77-edit-i-out.f -O0 output pattern test
FAIL: gfortran.dg/g77/f77-edit-i-out.f -O1 output pattern test
FAIL: gfortran.dg/g77/f77-edit-i-out.f -O2 output pattern test
FAIL: gfortran.dg/g77/f77-edit-i-out.f -O3 -fomit-frame-pointer -funroll-loops -fpeel-loops -ftracer -finline-functions output pattern test
FAIL: gfortran.dg/g77/f77-edit-i-out.f -O3 -g output pattern test
FAIL: gfortran.dg/g77/f77-edit-i-out.f -Os output pattern test
FAIL: gfortran.dg/g77/f77-edit-s-out.f -O0 output pattern test
FAIL: gfortran.dg/g77/f77-edit-s-out.f -O1 output pattern test
FAIL: gfortran.dg/g77/f77-edit-s-out.f -O2 output pattern test
FAIL: gfortran.dg/g77/f77-edit-s-out.f -O3 -fomit-frame-pointer -funroll-loops -fpeel-loops -ftracer -finline-functions output pattern test
FAIL: gfortran.dg/g77/f77-edit-s-out.f -O3 -g output pattern test
FAIL: gfortran.dg/g77/f77-edit-s-out.f -Os output pattern test
FAIL: gfortran.dg/g77/f77-edit-slash-out.f -O0 output pattern test
FAIL: gfortran.dg/g77/f77-edit-slash-out.f -O1 output pattern test
FAIL: gfortran.dg/g77/f77-edit-slash-out.f -O2 output pattern test
FAIL: gfortran.dg/g77/f77-edit-slash-out.f -O3 -fomit-frame-pointer -funroll-loops -fpeel-loops -ftracer -finline-functions output pattern test
FAIL: gfortran.dg/g77/f77-edit-slash-out.f -O3 -g output pattern test
FAIL: gfortran.dg/g77/f77-edit-slash-out.f -Os output pattern test
FAIL: gfortran.dg/g77/f77-edit-t-out.f -O0 output pattern test
FAIL: gfortran.dg/g77/f77-edit-t-out.f -O1 output pattern test
FAIL: gfortran.dg/g77/f77-edit-t-out.f -O2 output pattern test
FAIL: gfortran.dg/g77/f77-edit-t-out.f -O3 -fomit-frame-pointer -funroll-loops -fpeel-loops -ftracer -finline-functions output pattern test
FAIL: gfortran.dg/g77/f77-edit-t-out.f -O3 -g output pattern test
FAIL: gfortran.dg/g77/f77-edit-t-out.f -Os output pattern test
FAIL: gfortran.dg/g77/f77-edit-x-out.f -O0 output pattern test
FAIL: gfortran.dg/g77/f77-edit-x-out.f -O1 output pattern test
FAIL: gfortran.dg/g77/f77-edit-x-out.f -O2 output pattern test
FAIL: gfortran.dg/g77/f77-edit-x-out.f -O3 -fomit-frame-pointer -funroll-loops -fpeel-loops -ftracer -finline-functions output pattern test
FAIL: gfortran.dg/g77/f77-edit-x-out.f -O3 -g output pattern test
FAIL: gfortran.dg/g77/f77-edit-x-out.f -Os output pattern test
FAIL: gfortran.dg/goacc/array-with-dt-2.f90 -O (internal compiler error)
FAIL: gfortran.dg/goacc/array-with-dt-2.f90 -O (test for excess errors)
FAIL: gfortran.dg/goacc/derived-chartypes-1.f90 -O (internal compiler error)
FAIL: gfortran.dg/goacc/derived-chartypes-1.f90 -O (test for excess errors)
FAIL: gfortran.dg/goacc/derived-chartypes-2.f90 -O (internal compiler error)
FAIL: gfortran.dg/goacc/derived-chartypes-2.f90 -O (test for excess errors)
FAIL: gfortran.dg/ieee/ieee_6.f90 -O0 execution test
FAIL: gfortran.dg/ieee/ieee_6.f90 -O1 execution test
FAIL: gfortran.dg/ieee/ieee_6.f90 -O2 execution test
FAIL: gfortran.dg/ieee/ieee_6.f90 -O3 -fomit-frame-pointer -funroll-loops -fpeel-loops -ftracer -finline-functions execution test
FAIL: gfortran.dg/ieee/ieee_6.f90 -O3 -g execution test
FAIL: gfortran.dg/ieee/ieee_6.f90 -Os execution test
XPASS: gfortran.dg/ieee/ieee_8.f90 -O0 execution test
XPASS: gfortran.dg/ieee/ieee_8.f90 -O1 execution test
XPASS: gfortran.dg/ieee/ieee_8.f90 -O2 execution test
XPASS: gfortran.dg/ieee/ieee_8.f90 -O3 -fomit-frame-pointer -funroll-loops -fpeel-loops -ftracer -finline-functions execution test
XPASS: gfortran.dg/ieee/ieee_8.f90 -O3 -g execution test
XPASS: gfortran.dg/ieee/ieee_8.f90 -Os execution test
=== gfortran Summary ===
# of expected passes 55250
# of unexpected failures 90
# of unexpected successes 6
# of expected failures 222
# of unresolved testcases 12
# of unsupported tests 89
/tmp/3356482_1.tmpdir/aci-gcc-fsf/builds/gcc-fsf-gccsrc/obj-aarch64-none-linux-gnu/gcc3/gcc/gfortran version 11.0.0 (DEFMODE=default DEFCPU=default DEFFPU=default TESTFLAGS=) [r11-7159] (GCC)
Host is x86_64-pc-linux-gnu
=== g++ tests ===
Running target qemu
WARNING: skipping asan tests due to ulimit -v
WARNING: skipping asan tests due to ulimit -v
WARNING: skipping asan tests due to ulimit -v
WARNING: skipping asan tests due to ulimit -v
WARNING: skipping asan tests due to ulimit -v
WARNING: skipping asan tests due to ulimit -v
WARNING: skipping asan tests due to ulimit -v
FAIL: g++.dg/debug/dwarf2/constexpr-var-1.C scan-assembler-times DW_AT_const_expr 2
FAIL: g++.dg/ext/sync-4.C -std=gnu++17 execution test
FAIL: g++.dg/ext/sync-4.C -std=gnu++98 execution test
FAIL: g++.dg/modules/bad-mapper-3.C -std=c++17 (test for errors, line )
FAIL: g++.dg/modules/bad-mapper-3.C -std=c++17 (test for excess errors)
FAIL: g++.dg/modules/bad-mapper-3.C -std=c++2a (test for errors, line )
FAIL: g++.dg/modules/bad-mapper-3.C -std=c++2a (test for excess errors)
FAIL: c-c++-common/ubsan/null-1.c -std=gnu++14 execution test
FAIL: c-c++-common/ubsan/null-1.c -std=gnu++17 execution test
FAIL: c-c++-common/ubsan/null-1.c -std=gnu++2a execution test
FAIL: c-c++-common/ubsan/null-1.c -std=gnu++98 execution test
FAIL: c-c++-common/ubsan/null-10.c -std=gnu++14 execution test
FAIL: c-c++-common/ubsan/null-10.c -std=gnu++2a execution test
FAIL: c-c++-common/ubsan/null-10.c -std=gnu++98 execution test
FAIL: c-c++-common/ubsan/null-11.c -std=gnu++14 execution test
FAIL: c-c++-common/ubsan/null-11.c -std=gnu++17 execution test
FAIL: c-c++-common/ubsan/null-11.c -std=gnu++2a execution test
FAIL: c-c++-common/ubsan/null-11.c -std=gnu++98 execution test
FAIL: c-c++-common/ubsan/null-2.c -std=gnu++14 execution test
FAIL: c-c++-common/ubsan/null-2.c -std=gnu++17 execution test
FAIL: c-c++-common/ubsan/null-2.c -std=gnu++2a execution test
FAIL: c-c++-common/ubsan/null-3.c -std=gnu++14 execution test
FAIL: c-c++-common/ubsan/null-3.c -std=gnu++17 execution test
FAIL: c-c++-common/ubsan/null-4.c -std=gnu++14 execution test
FAIL: c-c++-common/ubsan/null-4.c -std=gnu++17 execution test
FAIL: c-c++-common/ubsan/null-4.c -std=gnu++2a execution test
FAIL: c-c++-common/ubsan/null-4.c -std=gnu++98 execution test
FAIL: c-c++-common/ubsan/null-5.c -std=gnu++14 execution test
FAIL: c-c++-common/ubsan/null-5.c -std=gnu++17 execution test
FAIL: c-c++-common/ubsan/null-5.c -std=gnu++2a execution test
FAIL: c-c++-common/ubsan/null-5.c -std=gnu++98 execution test
FAIL: c-c++-common/ubsan/null-7.c -std=gnu++14 execution test
FAIL: c-c++-common/ubsan/null-7.c -std=gnu++17 execution test
FAIL: c-c++-common/ubsan/null-7.c -std=gnu++2a execution test
FAIL: c-c++-common/ubsan/null-8.c -std=gnu++14 execution test
FAIL: c-c++-common/ubsan/null-8.c -std=gnu++17 execution test
FAIL: c-c++-common/ubsan/null-8.c -std=gnu++98 execution test
FAIL: c-c++-common/ubsan/null-9.c -std=gnu++17 execution test
FAIL: c-c++-common/ubsan/null-9.c -std=gnu++2a execution test
FAIL: c-c++-common/ubsan/null-9.c -std=gnu++98 execution test
FAIL: c-c++-common/ubsan/pr59667.c -std=gnu++14 execution test
XPASS: g++.target/aarch64/bfloat_cpp_typecheck.C (test for bogus messages, line 10)
XPASS: g++.target/aarch64/bfloat_cpp_typecheck.C (test for bogus messages, line 11)
FAIL: gcc.target/aarch64/sve/acle/asm/cvt_bf16.c -std=c++11 -O2 -g -DTEST_FULL (test for excess errors)
FAIL: gcc.target/aarch64/sve/acle/asm/cvt_bf16.c -std=c++11 -O2 -g -DTEST_OVERLOADS (test for excess errors)
FAIL: gcc.target/aarch64/sve/acle/asm/cvt_bf16.c -std=c++14 -O3 -g -DTEST_FULL (test for excess errors)
FAIL: gcc.target/aarch64/sve/acle/asm/cvt_bf16.c -std=c++14 -O3 -g -DTEST_OVERLOADS (test for excess errors)
FAIL: gcc.target/aarch64/sve/acle/asm/cvt_bf16.c -std=c++17 -Og -g -DTEST_FULL (test for excess errors)
FAIL: gcc.target/aarch64/sve/acle/asm/cvt_bf16.c -std=c++17 -Og -g -DTEST_OVERLOADS (test for excess errors)
FAIL: gcc.target/aarch64/sve/acle/asm/cvt_bf16.c -std=c++2a -Os -g -DTEST_FULL (test for excess errors)
FAIL: gcc.target/aarch64/sve/acle/asm/cvt_bf16.c -std=c++2a -Os -g -DTEST_OVERLOADS (test for excess errors)
FAIL: gcc.target/aarch64/sve/acle/asm/cvt_bf16.c -std=c++98 -O0 -g -DTEST_FULL (test for excess errors)
FAIL: gcc.target/aarch64/sve/acle/asm/cvt_bf16.c -std=c++98 -O0 -g -DTEST_OVERLOADS (test for excess errors)
FAIL: gcc.target/aarch64/sve/acle/asm/cvt_bf16.c -std=c++98 -O1 -g -DTEST_FULL (test for excess errors)
FAIL: gcc.target/aarch64/sve/acle/asm/cvt_bf16.c -std=c++98 -O1 -g -DTEST_OVERLOADS (test for excess errors)
FAIL: gcc.target/aarch64/sve/acle/asm/cvt_bf16.c -std=gnu++11 -Ofast -g -DTEST_FULL (test for excess errors)
FAIL: gcc.target/aarch64/sve/acle/asm/cvt_bf16.c -std=gnu++11 -Ofast -g -DTEST_OVERLOADS (test for excess errors)
FAIL: gcc.target/aarch64/sve/acle/asm/cvt_bf16.c -std=gnu++17 -O3 -g -DTEST_FULL (test for excess errors)
FAIL: gcc.target/aarch64/sve/acle/asm/cvt_bf16.c -std=gnu++17 -O3 -g -DTEST_OVERLOADS (test for excess errors)
FAIL: gcc.target/aarch64/sve/acle/asm/cvt_bf16.c -std=gnu++2a -O0 -g -DTEST_FULL (test for excess errors)
FAIL: gcc.target/aarch64/sve/acle/asm/cvt_bf16.c -std=gnu++2a -O0 -g -DTEST_OVERLOADS (test for excess errors)
FAIL: gcc.target/aarch64/sve/acle/asm/cvt_bf16.c -std=gnu++98 -O2 -fno-schedule-insns -DCHECK_ASM --save-temps -DTEST_FULL (test for excess errors)
FAIL: gcc.target/aarch64/sve/acle/asm/cvt_bf16.c -std=gnu++98 -O2 -fno-schedule-insns -DCHECK_ASM --save-temps -DTEST_OVERLOADS (test for excess errors)
=== g++ Summary ===
# of expected passes 309154
# of unexpected failures 61
# of unexpected successes 2
# of expected failures 2204
# of unsupported tests 9448
/tmp/3356482_1.tmpdir/aci-gcc-fsf/builds/gcc-fsf-gccsrc/obj-aarch64-none-linux-gnu/gcc3/gcc/xg++ version 11.0.0 (DEFMODE=default DEFCPU=default DEFFPU=default TESTFLAGS=) [r11-7159] (GCC)
Compiler version: 11.0.0 (DEFMODE=default DEFCPU=default DEFFPU=default TESTFLAGS=) [r11-7159] (GCC)
Platform: aarch64-none-linux-gnu
configure flags: --target=aarch64-none-linux-gnu --prefix=/tmp/3356482_1.tmpdir/aci-gcc-fsf/builds/gcc-fsf-gccsrc/tools --with-sysroot=/tmp/3356482_1.tmpdir/aci-gcc-fsf/builds/gcc-fsf-gccsrc/sysroot-aarch64-none-linux-gnu --disable-nls --disable-libgomp --disable-libmudflap --disable-libcilkrts --enable-checking --enable-languages=c,c++,fortran
More information about the Gcc-testresults
mailing list