Results for 11.0.0 20210206 (experimental) [master revision r11-7129-g1ed591276485] (GCC) testsuite on x86_64-apple-darwin19
Iain Sandoe
iains.gcc@gmail.com
Mon Feb 8 09:19:58 GMT 2021
LAST_UPDATED: Sat Feb 6 00:25:34 UTC 2021 (revision r11-7129-g1ed591276485)
=== acats tests ===
=== acats Summary ===
# of expected passes 2328
# of unexpected failures 0
Native configuration is x86_64-apple-darwin19
=== g++ tests ===
Running target unix
FAIL: c-c++-common/asan/alloca_big_alignment.c -Os output pattern test
FAIL: c-c++-common/asan/alloca_detect_custom_size.c -Os output pattern test
FAIL: c-c++-common/asan/alloca_overflow_partial.c -Os output pattern test
FAIL: c-c++-common/asan/alloca_overflow_right.c -Os output pattern test
FAIL: c-c++-common/asan/alloca_underflow_left.c -Os output pattern test
FAIL: c-c++-common/asan/memcmp-1.c -O0 output pattern test
FAIL: c-c++-common/asan/memcmp-1.c -O1 output pattern test
FAIL: c-c++-common/asan/memcmp-1.c -O2 output pattern test
FAIL: c-c++-common/asan/memcmp-1.c -O2 -flto output pattern test
FAIL: c-c++-common/asan/memcmp-1.c -O2 -flto -flto-partition=none output pattern test
FAIL: c-c++-common/asan/memcmp-1.c -O3 -g output pattern test
FAIL: c-c++-common/asan/memcmp-1.c -Os output pattern test
FAIL: g++.dg/ipa/pr67056.C scan-ipa-dump cp "Speculative outer type:struct CompositeClass"
FAIL: g++.dg/lto/pr65276 cp_lto_pr65276_0.o-cp_lto_pr65276_1.o link, -flto -O0 -std=c++11
FAIL: g++.dg/lto/pr65549 cp_lto_pr65549_0.o-cp_lto_pr65549_0.o link, -std=gnu++14 -flto -g -O2 -fno-inline -flto-partition=max -Wno-return-type
FAIL: g++.dg/lto/pr89335 cp_lto_pr89335_0.o assemble, -O2 -flto -Wsuggest-final-methods
FAIL: g++.dg/modules/xtreme-header-2_a.H -std=c++2a (internal compiler error)
FAIL: g++.dg/modules/xtreme-header-2_a.H -std=c++2a (test for excess errors)
FAIL: g++.dg/modules/xtreme-header-2_a.H module-cmi (gcm.cache/\$srcdir/g++.dg/modules/xtreme-header-2_a.H.gcm)
FAIL: g++.dg/modules/xtreme-header-2_b.C -std=c++2a (test for excess errors)
FAIL: g++.dg/modules/xtreme-header-2_c.C -std=c++2a (test for excess errors)
FAIL: g++.dg/modules/xtreme-header-5_a.H -std=c++2a (internal compiler error)
FAIL: g++.dg/modules/xtreme-header-5_a.H -std=c++2a (test for excess errors)
FAIL: g++.dg/modules/xtreme-header-5_a.H module-cmi (gcm.cache/\$srcdir/g++.dg/modules/xtreme-header-5_a.H.gcm)
FAIL: g++.dg/modules/xtreme-header-5_b.C -std=c++2a (test for excess errors)
FAIL: g++.dg/modules/xtreme-header-5_c.C -std=c++2a (test for excess errors)
FAIL: g++.dg/modules/xtreme-header-6_a.H -std=c++2a (internal compiler error)
FAIL: g++.dg/modules/xtreme-header-6_a.H -std=c++2a (test for excess errors)
FAIL: g++.dg/modules/xtreme-header-6_a.H module-cmi (gcm.cache/\$srcdir/g++.dg/modules/xtreme-header-6_a.H.gcm)
FAIL: g++.dg/modules/xtreme-header-6_b.C -std=c++2a (test for excess errors)
FAIL: g++.dg/modules/xtreme-header-6_c.C -std=c++2a (test for excess errors)
FAIL: g++.dg/modules/xtreme-header_a.H -std=c++2a (internal compiler error)
FAIL: g++.dg/modules/xtreme-header_a.H -std=c++2a (test for excess errors)
FAIL: g++.dg/modules/xtreme-header_a.H module-cmi (gcm.cache/\$srcdir/g++.dg/modules/xtreme-header_a.H.gcm)
FAIL: g++.dg/modules/xtreme-header_b.C -std=c++2a (test for excess errors)
FAIL: g++.dg/modules/xtreme-tr1_a.H -std=c++2a (internal compiler error)
FAIL: g++.dg/modules/xtreme-tr1_a.H -std=c++2a (test for excess errors)
FAIL: g++.dg/modules/xtreme-tr1_a.H module-cmi (gcm.cache/\$srcdir/g++.dg/modules/xtreme-tr1_a.H.gcm)
FAIL: g++.dg/modules/xtreme-tr1_b.C -std=c++2a (test for excess errors)
=== g++ Summary ===
# of expected passes 197983
# of unexpected failures 39
# of expected failures 1009
# of unsupported tests 9295
/scratch/10-15-cat/gcc-master/gcc/xg++ version 11.0.0 20210206 (experimental) [master revision r11-7129-g1ed591276485] (GCC)
=== gcc tests ===
Running target unix
FAIL: gcc.dg/analyzer/write-to-string-literal-1.c (test for warnings, line 15)
FAIL: c-c++-common/asan/alloca_big_alignment.c -Os output pattern test
FAIL: c-c++-common/asan/alloca_detect_custom_size.c -Os output pattern test
FAIL: c-c++-common/asan/alloca_overflow_partial.c -Os output pattern test
FAIL: c-c++-common/asan/alloca_overflow_right.c -Os output pattern test
FAIL: c-c++-common/asan/alloca_underflow_left.c -Os output pattern test
FAIL: c-c++-common/asan/memcmp-1.c -O0 output pattern test
FAIL: c-c++-common/asan/memcmp-1.c -O1 output pattern test
FAIL: c-c++-common/asan/memcmp-1.c -O2 output pattern test
FAIL: c-c++-common/asan/memcmp-1.c -O2 -flto output pattern test
FAIL: c-c++-common/asan/memcmp-1.c -O2 -flto -flto-partition=none output pattern test
FAIL: c-c++-common/asan/memcmp-1.c -O3 -g output pattern test
FAIL: c-c++-common/asan/memcmp-1.c -Os output pattern test
FAIL: c-c++-common/asan/strncpy-overflow-1.c -O0 output pattern test
FAIL: c-c++-common/asan/strncpy-overflow-1.c -O1 (test for excess errors)
FAIL: c-c++-common/asan/strncpy-overflow-1.c -O1 output pattern test
FAIL: c-c++-common/asan/strncpy-overflow-1.c -O2 (test for excess errors)
FAIL: c-c++-common/asan/strncpy-overflow-1.c -O2 output pattern test
FAIL: c-c++-common/asan/strncpy-overflow-1.c -O2 -flto (test for excess errors)
FAIL: c-c++-common/asan/strncpy-overflow-1.c -O2 -flto output pattern test
FAIL: c-c++-common/asan/strncpy-overflow-1.c -O2 -flto -flto-partition=none (test for excess errors)
FAIL: c-c++-common/asan/strncpy-overflow-1.c -O2 -flto -flto-partition=none output pattern test
FAIL: c-c++-common/asan/strncpy-overflow-1.c -O3 -g (test for excess errors)
FAIL: c-c++-common/asan/strncpy-overflow-1.c -O3 -g output pattern test
FAIL: c-c++-common/asan/strncpy-overflow-1.c -Os (test for excess errors)
FAIL: c-c++-common/asan/strncpy-overflow-1.c -Os output pattern test
FAIL: gcc.dg/debug/dwarf2/inline4.c scan-assembler DW_TAG_inlined_subroutine[^\\\\(]*\\\\([^\\\\)]*\\\\)[^\\\\(]*\\\\(DIE \\\\(0x[0-9a-f]*\\\\) DW_TAG_formal_parameter[^\\\\(]*\\\\(DIE \\\\(0x[0-9a-f]*\\\\) DW_TAG_variable
FAIL: gcc.dg/stack-layout-dynamic-1.c (test for excess errors)
UNRESOLVED: gcc.dg/stack-layout-dynamic-1.c scan-assembler-not cfi_def_cfa_register
FAIL: gcc.dg/strlenopt-82.c scan-tree-dump-times optimized "call_in_true_branch_not_eliminated_" 0
FAIL: gcc.dg/graphite/scop-19.c scan-tree-dump-times graphite "number of SCoPs: 0" 1
FAIL: gcc.dg/ipa/ipa-icf-38.c scan-ltrans-tree-dump-not optimized "Function bar"
FAIL: gcc-dg-lto-modref-3-01.exe scan-wpa-ipa-dump modref "parm 1 flags: nodirectescape"
FAIL: gcc-dg-lto-modref-4-01.exe scan-wpa-ipa-dump modref "parm 1 flags: nodirectescape"
FAIL: gcc.dg/lto/modref-3 c_lto_modref-3_0.o-c_lto_modref-3_1.o execute -O2 -flto-partition=max -fdump-ipa-modref -fno-ipa-sra -fno-ipa-cp -flto
FAIL: gcc.dg/lto/modref-4 c_lto_modref-4_0.o-c_lto_modref-4_1.o execute -O2 -flto-partition=max -fdump-ipa-modref -fno-ipa-sra -flto
XPASS: gcc.dg/tree-ssa/pr91091-2.c scan-tree-dump-times fre1 " = [^;]*x;" 1
XPASS: gcc.dg/tree-ssa/pr91091-2.c scan-tree-dump-times fre1 "x = " 1
XPASS: gcc.dg/tree-ssa/ssa-fre-77.c scan-tree-dump fre1 "return 1;"
FAIL: outputs exe savetmp named2: outputs.args.3
FAIL: outputs exe savetmp named2: std out
FAIL: gcc.target/i386/avx512bw-pr88465.c scan-assembler-times kxnor[dq][ \\t] 2
FAIL: gcc.target/i386/avx512dq-pr88465.c scan-assembler-times kxnorb[ \\t] 1
FAIL: gcc.target/i386/avx512f-pr88465.c scan-assembler-times kxnorw[ \\t] 1
FAIL: gcc.target/i386/pr34256.c scan-assembler-times mov 5
FAIL: gcc.target/i386/pr71321.c scan-assembler-not lea.*0
FAIL: gcc.target/i386/pr78035.c scan-assembler-times cmp 2
FAIL: gcc.target/i386/pr92651.c scan-assembler-times sub 2
FAIL: gcc.target/i386/pr94650.c scan-assembler-not movabs
FAIL: gcc.target/i386/pr94650.c scan-assembler-times shr 3
FAIL: gcc.target/i386/stackalign/pr88483-1.c -mno-stackrealign scan-assembler-not and[lq]?[^\\\\n]*-[0-9]+,[^\\\\n]*sp
FAIL: gcc.target/i386/stackalign/pr88483-1.c -mstackrealign scan-assembler-not and[lq]?[^\\\\n]*-[0-9]+,[^\\\\n]*sp
FAIL: gcc.target/i386/stackalign/pr88483-2.c -mno-stackrealign scan-assembler-not (sub|add)(l|q)[\\\\t ]*\\\\\$[0-9]*,[\\\\t ]*%[re]?sp
FAIL: gcc.target/i386/stackalign/pr88483-2.c -mno-stackrealign scan-assembler-not and[lq]?[^\\\\n]*-[0-9]+,[^\\\\n]*sp
FAIL: gcc.target/i386/stackalign/pr88483-2.c -mstackrealign scan-assembler-not (sub|add)(l|q)[\\\\t ]*\\\\\$[0-9]*,[\\\\t ]*%[re]?sp
FAIL: gcc.target/i386/stackalign/pr88483-2.c -mstackrealign scan-assembler-not and[lq]?[^\\\\n]*-[0-9]+,[^\\\\n]*sp
=== gcc Summary ===
# of expected passes 153569
# of unexpected failures 52
# of unexpected successes 3
# of expected failures 867
# of unresolved testcases 1
# of unsupported tests 3189
/scratch/10-15-cat/gcc-master/gcc/xgcc version 11.0.0 20210206 (experimental) [master revision r11-7129-g1ed591276485] (GCC)
=== gdc tests ===
Running target unix
=== gdc Summary ===
# of expected passes 3708
# of unsupported tests 1075
/scratch/10-15-cat/gcc-master/gcc/gdc version 11.0.0 20210206 (experimental) [master revision r11-7129-g1ed591276485] (GCC)
=== gfortran tests ===
Running target unix
FAIL: gfortran.dg/goacc/array-with-dt-2.f90 -O (internal compiler error)
FAIL: gfortran.dg/goacc/array-with-dt-2.f90 -O (test for excess errors)
FAIL: gfortran.dg/goacc/derived-chartypes-1.f90 -O (internal compiler error)
FAIL: gfortran.dg/goacc/derived-chartypes-1.f90 -O (test for excess errors)
FAIL: gfortran.dg/goacc/derived-chartypes-2.f90 -O (internal compiler error)
FAIL: gfortran.dg/goacc/derived-chartypes-2.f90 -O (test for excess errors)
=== gfortran Summary ===
# of expected passes 56029
# of unexpected failures 6
# of expected failures 232
# of unsupported tests 82
/scratch/10-15-cat/gcc-master/gcc/gfortran version 11.0.0 20210206 (experimental) [master revision r11-7129-g1ed591276485] (GCC)
=== gnat tests ===
Running target unix
FAIL: gnat.dg/bias1.adb scan-assembler DW_AT_GNU_bias
=== gnat Summary ===
# of expected passes 3330
# of unexpected failures 1
# of expected failures 23
# of unsupported tests 13
/scratch/10-15-cat/gcc-master/gcc/gnatmake version 11.0.0 20210206 (experimental) [master revision r11-7129-g1ed591276485]
=== obj-c++ tests ===
Running target unix
=== obj-c++ Summary ===
# of expected passes 3152
# of expected failures 22
# of unsupported tests 69
/scratch/10-15-cat/gcc-master/gcc/xg++ version 11.0.0 20210206 (experimental) [master revision r11-7129-g1ed591276485] (GCC)
=== objc tests ===
Running target unix
=== objc Summary ===
# of expected passes 5700
# of expected failures 13
# of unsupported tests 87
/scratch/10-15-cat/gcc-master/gcc/xgcc version 11.0.0 20210206 (experimental) [master revision r11-7129-g1ed591276485] (GCC)
=== libatomic tests ===
Running target unix
=== libatomic Summary ===
# of expected passes 54
=== libgomp tests ===
Running target unix
FAIL: libgomp.c/../libgomp.c-c++-common/pr96390.c (test for excess errors)
UNRESOLVED: libgomp.c/../libgomp.c-c++-common/pr96390.c compilation failed to produce executable
FAIL: libgomp.c/../libgomp.c-c++-common/pr96390.c scan-tree-dump-times omplower "__attribute__..omp declare target" 1
FAIL: libgomp.c++/../libgomp.c-c++-common/pr96390.c (test for excess errors)
UNRESOLVED: libgomp.c++/../libgomp.c-c++-common/pr96390.c compilation failed to produce executable
FAIL: libgomp.c++/../libgomp.c-c++-common/pr96390.c scan-tree-dump-times omplower "__attribute__..omp declare target" 1
WARNING: program timed out.
FAIL: libgomp.c++/../libgomp.c-c++-common/task-detach-6.c execution test
WARNING: program timed out.
FAIL: libgomp.c++/task-reduction-8.C execution test
FAIL: libgomp.fortran/alloc-3.F -O execution test
FAIL: libgomp.fortran/examples-4/simd-3.f90 -O1 execution test
FAIL: libgomp.fortran/examples-4/simd-3.f90 -Os execution test
WARNING: program timed out.
FAIL: libgomp.fortran/task-detach-6.f90 -O1 execution test
WARNING: program timed out.
FAIL: libgomp.fortran/task-detach-6.f90 -Os execution test
FAIL: libgomp.oacc-fortran/array-stride-dt-1.f90 -DACC_DEVICE_TYPE_host=1 -DACC_MEM_SHARED=1 -foffload=disable -O0 (internal compiler error)
FAIL: libgomp.oacc-fortran/array-stride-dt-1.f90 -DACC_DEVICE_TYPE_host=1 -DACC_MEM_SHARED=1 -foffload=disable -O0 (test for excess errors)
UNRESOLVED: libgomp.oacc-fortran/array-stride-dt-1.f90 -DACC_DEVICE_TYPE_host=1 -DACC_MEM_SHARED=1 -foffload=disable -O0 compilation failed to produce executable
FAIL: libgomp.oacc-fortran/array-stride-dt-1.f90 -DACC_DEVICE_TYPE_host=1 -DACC_MEM_SHARED=1 -foffload=disable -O1 (internal compiler error)
FAIL: libgomp.oacc-fortran/array-stride-dt-1.f90 -DACC_DEVICE_TYPE_host=1 -DACC_MEM_SHARED=1 -foffload=disable -O1 (test for excess errors)
UNRESOLVED: libgomp.oacc-fortran/array-stride-dt-1.f90 -DACC_DEVICE_TYPE_host=1 -DACC_MEM_SHARED=1 -foffload=disable -O1 compilation failed to produce executable
FAIL: libgomp.oacc-fortran/array-stride-dt-1.f90 -DACC_DEVICE_TYPE_host=1 -DACC_MEM_SHARED=1 -foffload=disable -O2 (internal compiler error)
FAIL: libgomp.oacc-fortran/array-stride-dt-1.f90 -DACC_DEVICE_TYPE_host=1 -DACC_MEM_SHARED=1 -foffload=disable -O2 (test for excess errors)
UNRESOLVED: libgomp.oacc-fortran/array-stride-dt-1.f90 -DACC_DEVICE_TYPE_host=1 -DACC_MEM_SHARED=1 -foffload=disable -O2 compilation failed to produce executable
FAIL: libgomp.oacc-fortran/array-stride-dt-1.f90 -DACC_DEVICE_TYPE_host=1 -DACC_MEM_SHARED=1 -foffload=disable -O3 -fomit-frame-pointer -funroll-loops -fpeel-loops -ftracer -finline-functions (internal compiler error)
FAIL: libgomp.oacc-fortran/array-stride-dt-1.f90 -DACC_DEVICE_TYPE_host=1 -DACC_MEM_SHARED=1 -foffload=disable -O3 -fomit-frame-pointer -funroll-loops -fpeel-loops -ftracer -finline-functions (test for excess errors)
UNRESOLVED: libgomp.oacc-fortran/array-stride-dt-1.f90 -DACC_DEVICE_TYPE_host=1 -DACC_MEM_SHARED=1 -foffload=disable -O3 -fomit-frame-pointer -funroll-loops -fpeel-loops -ftracer -finline-functions compilation failed to produce executable
FAIL: libgomp.oacc-fortran/array-stride-dt-1.f90 -DACC_DEVICE_TYPE_host=1 -DACC_MEM_SHARED=1 -foffload=disable -O3 -g (internal compiler error)
FAIL: libgomp.oacc-fortran/array-stride-dt-1.f90 -DACC_DEVICE_TYPE_host=1 -DACC_MEM_SHARED=1 -foffload=disable -O3 -g (test for excess errors)
UNRESOLVED: libgomp.oacc-fortran/array-stride-dt-1.f90 -DACC_DEVICE_TYPE_host=1 -DACC_MEM_SHARED=1 -foffload=disable -O3 -g compilation failed to produce executable
FAIL: libgomp.oacc-fortran/array-stride-dt-1.f90 -DACC_DEVICE_TYPE_host=1 -DACC_MEM_SHARED=1 -foffload=disable -Os (internal compiler error)
FAIL: libgomp.oacc-fortran/array-stride-dt-1.f90 -DACC_DEVICE_TYPE_host=1 -DACC_MEM_SHARED=1 -foffload=disable -Os (test for excess errors)
UNRESOLVED: libgomp.oacc-fortran/array-stride-dt-1.f90 -DACC_DEVICE_TYPE_host=1 -DACC_MEM_SHARED=1 -foffload=disable -Os compilation failed to produce executable
=== libgomp Summary ===
# of expected passes 8276
# of unexpected failures 23
# of expected failures 6
# of unresolved testcases 8
# of unsupported tests 535
=== libitm tests ===
Running target unix
=== libitm Summary ===
# of expected passes 40
# of expected failures 3
# of unsupported tests 2
=== libstdc++ tests ===
Running target unix
FAIL: 20_util/to_chars/long_double.cc execution test
=== libstdc++ Summary ===
# of expected passes 13724
# of unexpected failures 1
# of expected failures 104
# of unsupported tests 760
Compiler version: 11.0.0 20210206 (experimental) [master revision r11-7129-g1ed591276485] (GCC)
Platform: x86_64-apple-darwin19
configure flags: --prefix=/opt/iains/x86_64-apple-darwin19/gcc-11-0-0 --target=x86_64-apple-darwin19 --host=x86_64-apple-darwin19 --build=x86_64-apple-darwin19 --with-sysroot=/Library/Developer/CommandLineTools/SDKs/MacOSX.sdk --enable-languages=all CC=x86_64-apple-darwin19-gcc CXX=x86_64-apple-darwin19-g++
More information about the Gcc-testresults
mailing list