Results for 11.0.0 20210205 (experimental) [master revision b229baa75ce4627d1bd38f2d3dcd91af1a7071db] (GCC) testsuite on x86_64-pc-solaris2.11
Rainer Orth
ro@CeBiTec.Uni-Bielefeld.DE
Sat Feb 6 13:59:32 GMT 2021
LAST_UPDATED: Fri Feb 5 10:21:04 UTC 2021 (revision b229baa75ce4627d1bd38f2d3dcd91af1a7071db)
Native configuration is x86_64-pc-solaris2.11
=== libatomic tests ===
Running target unix/-m32
=== libatomic Summary for unix/-m32 ===
# of expected passes 44
# of unsupported tests 5
Running target unix
=== libatomic Summary for unix ===
# of expected passes 54
=== libatomic Summary ===
# of expected passes 98
# of unsupported tests 5
=== libffi tests ===
Running target unix/-m32
=== libffi Summary for unix/-m32 ===
# of expected passes 2799
Running target unix
=== libffi Summary for unix ===
# of expected passes 2214
=== libffi Summary ===
# of expected passes 5013
=== libgo tests ===
Running target unix
FAIL: image/jpeg
=== libgo Summary for unix ===
# of expected passes 183
# of unexpected failures 1
Running target unix/-m32
FAIL: runtime
FAIL: runtime/pprof
FAIL: time
=== libgo Summary for unix/-m32 ===
# of expected passes 181
# of unexpected failures 3
=== libgo Summary ===
# of expected passes 364
# of unexpected failures 4
/var/gcc/regression/master/11.4-gcc-gas-64/build/./gcc/gccgo version 11.0.0 20210205 (experimental) [master revision b229baa75ce4627d1bd38f2d3dcd91af1a7071db] (GCC)
=== libgomp tests ===
Running target unix
WARNING: libgomp.c++/task-reduction-8.C execution test program timed out.
FAIL: libgomp.c++/task-reduction-8.C execution test
FAIL: libgomp.oacc-fortran/array-stride-dt-1.f90 -DACC_DEVICE_TYPE_host=1 -DACC_MEM_SHARED=1 -foffload=disable -O0 (internal compiler error)
FAIL: libgomp.oacc-fortran/array-stride-dt-1.f90 -DACC_DEVICE_TYPE_host=1 -DACC_MEM_SHARED=1 -foffload=disable -O0 (test for excess errors)
UNRESOLVED: libgomp.oacc-fortran/array-stride-dt-1.f90 -DACC_DEVICE_TYPE_host=1 -DACC_MEM_SHARED=1 -foffload=disable -O0 compilation failed to produce executable
FAIL: libgomp.oacc-fortran/array-stride-dt-1.f90 -DACC_DEVICE_TYPE_host=1 -DACC_MEM_SHARED=1 -foffload=disable -O1 (internal compiler error)
FAIL: libgomp.oacc-fortran/array-stride-dt-1.f90 -DACC_DEVICE_TYPE_host=1 -DACC_MEM_SHARED=1 -foffload=disable -O1 (test for excess errors)
UNRESOLVED: libgomp.oacc-fortran/array-stride-dt-1.f90 -DACC_DEVICE_TYPE_host=1 -DACC_MEM_SHARED=1 -foffload=disable -O1 compilation failed to produce executable
FAIL: libgomp.oacc-fortran/array-stride-dt-1.f90 -DACC_DEVICE_TYPE_host=1 -DACC_MEM_SHARED=1 -foffload=disable -O2 (internal compiler error)
FAIL: libgomp.oacc-fortran/array-stride-dt-1.f90 -DACC_DEVICE_TYPE_host=1 -DACC_MEM_SHARED=1 -foffload=disable -O2 (test for excess errors)
UNRESOLVED: libgomp.oacc-fortran/array-stride-dt-1.f90 -DACC_DEVICE_TYPE_host=1 -DACC_MEM_SHARED=1 -foffload=disable -O2 compilation failed to produce executable
FAIL: libgomp.oacc-fortran/array-stride-dt-1.f90 -DACC_DEVICE_TYPE_host=1 -DACC_MEM_SHARED=1 -foffload=disable -O3 -fomit-frame-pointer -funroll-loops -fpeel-loops -ftracer -finline-functions (internal compiler error)
FAIL: libgomp.oacc-fortran/array-stride-dt-1.f90 -DACC_DEVICE_TYPE_host=1 -DACC_MEM_SHARED=1 -foffload=disable -O3 -fomit-frame-pointer -funroll-loops -fpeel-loops -ftracer -finline-functions (test for excess errors)
UNRESOLVED: libgomp.oacc-fortran/array-stride-dt-1.f90 -DACC_DEVICE_TYPE_host=1 -DACC_MEM_SHARED=1 -foffload=disable -O3 -fomit-frame-pointer -funroll-loops -fpeel-loops -ftracer -finline-functions compilation failed to produce executable
FAIL: libgomp.oacc-fortran/array-stride-dt-1.f90 -DACC_DEVICE_TYPE_host=1 -DACC_MEM_SHARED=1 -foffload=disable -O3 -g (internal compiler error)
FAIL: libgomp.oacc-fortran/array-stride-dt-1.f90 -DACC_DEVICE_TYPE_host=1 -DACC_MEM_SHARED=1 -foffload=disable -O3 -g (test for excess errors)
UNRESOLVED: libgomp.oacc-fortran/array-stride-dt-1.f90 -DACC_DEVICE_TYPE_host=1 -DACC_MEM_SHARED=1 -foffload=disable -O3 -g compilation failed to produce executable
FAIL: libgomp.oacc-fortran/array-stride-dt-1.f90 -DACC_DEVICE_TYPE_host=1 -DACC_MEM_SHARED=1 -foffload=disable -Os (internal compiler error)
FAIL: libgomp.oacc-fortran/array-stride-dt-1.f90 -DACC_DEVICE_TYPE_host=1 -DACC_MEM_SHARED=1 -foffload=disable -Os (test for excess errors)
UNRESOLVED: libgomp.oacc-fortran/array-stride-dt-1.f90 -DACC_DEVICE_TYPE_host=1 -DACC_MEM_SHARED=1 -foffload=disable -Os compilation failed to produce executable
=== libgomp Summary for unix ===
# of expected passes 8259
# of unexpected failures 13
# of expected failures 6
# of unresolved testcases 6
# of unsupported tests 548
Running target unix/-m32
WARNING: libgomp.c++/../libgomp.c-c++-common/task-detach-6.c execution test program timed out.
FAIL: libgomp.c++/../libgomp.c-c++-common/task-detach-6.c execution test
WARNING: libgomp.c/../libgomp.c-c++-common/task-detach-6.c execution test program timed out.
FAIL: libgomp.c/../libgomp.c-c++-common/task-detach-6.c execution test
FAIL: libgomp.oacc-fortran/array-stride-dt-1.f90 -DACC_DEVICE_TYPE_host=1 -DACC_MEM_SHARED=1 -foffload=disable -O0 (internal compiler error)
FAIL: libgomp.oacc-fortran/array-stride-dt-1.f90 -DACC_DEVICE_TYPE_host=1 -DACC_MEM_SHARED=1 -foffload=disable -O0 (test for excess errors)
UNRESOLVED: libgomp.oacc-fortran/array-stride-dt-1.f90 -DACC_DEVICE_TYPE_host=1 -DACC_MEM_SHARED=1 -foffload=disable -O0 compilation failed to produce executable
FAIL: libgomp.oacc-fortran/array-stride-dt-1.f90 -DACC_DEVICE_TYPE_host=1 -DACC_MEM_SHARED=1 -foffload=disable -O1 (internal compiler error)
FAIL: libgomp.oacc-fortran/array-stride-dt-1.f90 -DACC_DEVICE_TYPE_host=1 -DACC_MEM_SHARED=1 -foffload=disable -O1 (test for excess errors)
UNRESOLVED: libgomp.oacc-fortran/array-stride-dt-1.f90 -DACC_DEVICE_TYPE_host=1 -DACC_MEM_SHARED=1 -foffload=disable -O1 compilation failed to produce executable
FAIL: libgomp.oacc-fortran/array-stride-dt-1.f90 -DACC_DEVICE_TYPE_host=1 -DACC_MEM_SHARED=1 -foffload=disable -O2 (internal compiler error)
FAIL: libgomp.oacc-fortran/array-stride-dt-1.f90 -DACC_DEVICE_TYPE_host=1 -DACC_MEM_SHARED=1 -foffload=disable -O2 (test for excess errors)
UNRESOLVED: libgomp.oacc-fortran/array-stride-dt-1.f90 -DACC_DEVICE_TYPE_host=1 -DACC_MEM_SHARED=1 -foffload=disable -O2 compilation failed to produce executable
FAIL: libgomp.oacc-fortran/array-stride-dt-1.f90 -DACC_DEVICE_TYPE_host=1 -DACC_MEM_SHARED=1 -foffload=disable -O3 -fomit-frame-pointer -funroll-loops -fpeel-loops -ftracer -finline-functions (internal compiler error)
FAIL: libgomp.oacc-fortran/array-stride-dt-1.f90 -DACC_DEVICE_TYPE_host=1 -DACC_MEM_SHARED=1 -foffload=disable -O3 -fomit-frame-pointer -funroll-loops -fpeel-loops -ftracer -finline-functions (test for excess errors)
UNRESOLVED: libgomp.oacc-fortran/array-stride-dt-1.f90 -DACC_DEVICE_TYPE_host=1 -DACC_MEM_SHARED=1 -foffload=disable -O3 -fomit-frame-pointer -funroll-loops -fpeel-loops -ftracer -finline-functions compilation failed to produce executable
FAIL: libgomp.oacc-fortran/array-stride-dt-1.f90 -DACC_DEVICE_TYPE_host=1 -DACC_MEM_SHARED=1 -foffload=disable -O3 -g (internal compiler error)
FAIL: libgomp.oacc-fortran/array-stride-dt-1.f90 -DACC_DEVICE_TYPE_host=1 -DACC_MEM_SHARED=1 -foffload=disable -O3 -g (test for excess errors)
UNRESOLVED: libgomp.oacc-fortran/array-stride-dt-1.f90 -DACC_DEVICE_TYPE_host=1 -DACC_MEM_SHARED=1 -foffload=disable -O3 -g compilation failed to produce executable
FAIL: libgomp.oacc-fortran/array-stride-dt-1.f90 -DACC_DEVICE_TYPE_host=1 -DACC_MEM_SHARED=1 -foffload=disable -Os (internal compiler error)
FAIL: libgomp.oacc-fortran/array-stride-dt-1.f90 -DACC_DEVICE_TYPE_host=1 -DACC_MEM_SHARED=1 -foffload=disable -Os (test for excess errors)
UNRESOLVED: libgomp.oacc-fortran/array-stride-dt-1.f90 -DACC_DEVICE_TYPE_host=1 -DACC_MEM_SHARED=1 -foffload=disable -Os compilation failed to produce executable
=== libgomp Summary for unix/-m32 ===
# of expected passes 8257
# of unexpected failures 14
# of expected failures 6
# of unresolved testcases 6
# of unsupported tests 549
=== libgomp Summary ===
# of expected passes 16516
# of unexpected failures 27
# of expected failures 12
# of unresolved testcases 12
# of unsupported tests 1097
=== libitm tests ===
Running target unix/-m32
=== libitm Summary for unix/-m32 ===
# of expected passes 42
# of expected failures 3
# of unsupported tests 1
Running target unix
=== libitm Summary for unix ===
# of expected passes 42
# of expected failures 3
# of unsupported tests 1
=== libitm Summary ===
# of expected passes 84
# of expected failures 6
# of unsupported tests 2
=== libphobos tests ===
Running target unix
FAIL: libphobos.phobos_shared/std/datetime/systime.d execution test
FAIL: libphobos.phobos_shared/std/datetime/timezone.d execution test
FAIL: libphobos.phobos_shared/std/format.d execution test
FAIL: libphobos.phobos_shared/std/math.d execution test
FAIL: libphobos.phobos_shared/std/parallelism.d execution test
FAIL: libphobos.shared/finalize.d -shared-libphobos -ldl execution test
FAIL: libphobos.shared/load.d -shared-libphobos -ldl execution test
FAIL: libphobos.shared/load_13414.d -shared-libphobos -ldl execution test
=== libphobos Summary for unix ===
# of expected passes 430
# of unexpected failures 8
Running target unix/-m32
FAIL: libphobos.phobos_shared/std/datetime/systime.d execution test
FAIL: libphobos.phobos_shared/std/datetime/timezone.d execution test
FAIL: libphobos.phobos_shared/std/format.d execution test
FAIL: libphobos.phobos_shared/std/math.d execution test
FAIL: libphobos.phobos_shared/std/parallelism.d execution test
FAIL: libphobos.shared/finalize.d -shared-libphobos -ldl execution test
FAIL: libphobos.shared/load.d -shared-libphobos -ldl execution test
FAIL: libphobos.shared/load_13414.d -shared-libphobos -ldl execution test
=== libphobos Summary for unix/-m32 ===
# of expected passes 430
# of unexpected failures 8
=== libphobos Summary ===
# of expected passes 860
# of unexpected failures 16
=== libstdc++ tests ===
Running target unix
FAIL: 20_util/to_chars/long_double.cc execution test
WARNING: 30_threads/barrier/completion.cc execution test program timed out.
FAIL: 30_threads/barrier/completion.cc execution test
FAIL: 30_threads/future/members/poll.cc execution test
FAIL: libstdc++-prettyprinters/80276.cc whatis p4
FAIL: libstdc++-prettyprinters/80276.cc whatis p4
FAIL: libstdc++-prettyprinters/libfundts.cc print as
FAIL: libstdc++-prettyprinters/libfundts.cc print as
FAIL: libstdc++-prettyprinters/libfundts.cc print os
FAIL: libstdc++-prettyprinters/libfundts.cc print os
=== libstdc++ Summary for unix ===
# of expected passes 14603
# of unexpected failures 9
# of expected failures 104
# of unsupported tests 721
Running target unix/-m32
FAIL: 30_threads/future/members/poll.cc execution test
WARNING: 30_threads/latch/3.cc execution test program timed out.
FAIL: 30_threads/latch/3.cc execution test
WARNING: 30_threads/semaphore/try_acquire_until.cc execution test program timed out.
FAIL: 30_threads/semaphore/try_acquire_until.cc execution test
FAIL: ext/random/k_distribution/operators/serialize.cc execution test
FAIL: libstdc++-prettyprinters/80276.cc whatis p4
FAIL: libstdc++-prettyprinters/80276.cc whatis p4
FAIL: libstdc++-prettyprinters/libfundts.cc print as
FAIL: libstdc++-prettyprinters/libfundts.cc print as
FAIL: libstdc++-prettyprinters/libfundts.cc print os
FAIL: libstdc++-prettyprinters/libfundts.cc print os
=== libstdc++ Summary for unix/-m32 ===
# of expected passes 14613
# of unexpected failures 10
# of expected failures 105
# of unsupported tests 715
=== libstdc++ Summary ===
# of expected passes 29216
# of unexpected failures 19
# of expected failures 209
# of unsupported tests 1436
=== acats tests ===
=== acats Summary ===
# of expected passes 2328
# of unexpected failures 0
=== g++ tests ===
Running target unix
FAIL: g++.dg/debug/dwarf2/constexpr-var-1.C scan-assembler-times DW_AT_const_expr 2
FAIL: g++.dg/gcov/pr16855-priority.C -std=gnu++14 gcov: 1 failures in line counts, 0 in branch percentages, 0 in return percentages, 0 in intermediate format
FAIL: g++.dg/gcov/pr16855-priority.C -std=gnu++14 line 22: is #####:should be 1
FAIL: g++.dg/gcov/pr16855-priority.C -std=gnu++17 gcov: 1 failures in line counts, 0 in branch percentages, 0 in return percentages, 0 in intermediate format
FAIL: g++.dg/gcov/pr16855-priority.C -std=gnu++17 line 22: is #####:should be 1
FAIL: g++.dg/gcov/pr16855-priority.C -std=gnu++2a gcov: 1 failures in line counts, 0 in branch percentages, 0 in return percentages, 0 in intermediate format
FAIL: g++.dg/gcov/pr16855-priority.C -std=gnu++2a line 22: is #####:should be 1
FAIL: g++.dg/gcov/pr16855-priority.C -std=gnu++98 gcov: 1 failures in line counts, 0 in branch percentages, 0 in return percentages, 0 in intermediate format
FAIL: g++.dg/gcov/pr16855-priority.C -std=gnu++98 line 22: is #####:should be 1
FAIL: g++.dg/gcov/pr16855.C -std=gnu++14 gcov: 1 failures in line counts, 0 in branch percentages, 0 in return percentages, 0 in intermediate format
FAIL: g++.dg/gcov/pr16855.C -std=gnu++14 line 24: is #####:should be 1
FAIL: g++.dg/gcov/pr16855.C -std=gnu++17 gcov: 1 failures in line counts, 0 in branch percentages, 0 in return percentages, 0 in intermediate format
FAIL: g++.dg/gcov/pr16855.C -std=gnu++17 line 24: is #####:should be 1
FAIL: g++.dg/gcov/pr16855.C -std=gnu++2a gcov: 1 failures in line counts, 0 in branch percentages, 0 in return percentages, 0 in intermediate format
FAIL: g++.dg/gcov/pr16855.C -std=gnu++2a line 24: is #####:should be 1
FAIL: g++.dg/gcov/pr16855.C -std=gnu++98 gcov: 1 failures in line counts, 0 in branch percentages, 0 in return percentages, 0 in intermediate format
FAIL: g++.dg/gcov/pr16855.C -std=gnu++98 line 24: is #####:should be 1
FAIL: g++.dg/lto/pr89335 cp_lto_pr89335_0.o assemble, -O2 -flto -Wsuggest-final-methods
UNRESOLVED: g++.dg/modules/hello-1 -std=c++17 execute
FAIL: g++.dg/modules/hello-1 -std=c++17 link
UNRESOLVED: g++.dg/modules/hello-1 -std=c++2a execute
FAIL: g++.dg/modules/hello-1 -std=c++2a link
FAIL: g++.dg/modules/stdio-1_a.H -std=c++17 scan-lang-dump module "Depset:0 decl entity:[0-9]* function_decl:'::printf'"
FAIL: g++.dg/modules/stdio-1_a.H -std=c++2a scan-lang-dump module "Depset:0 decl entity:[0-9]* function_decl:'::printf'"
FAIL: g++.target/i386/pr97054.C -std=gnu++14 (test for excess errors)
UNRESOLVED: g++.target/i386/pr97054.C -std=gnu++14 compilation failed to produce executable
FAIL: g++.target/i386/pr97054.C -std=gnu++17 (test for excess errors)
UNRESOLVED: g++.target/i386/pr97054.C -std=gnu++17 compilation failed to produce executable
FAIL: g++.target/i386/pr97054.C -std=gnu++2a (test for excess errors)
UNRESOLVED: g++.target/i386/pr97054.C -std=gnu++2a compilation failed to produce executable
FAIL: g++.target/i386/pr97054.C -std=gnu++98 (test for excess errors)
UNRESOLVED: g++.target/i386/pr97054.C -std=gnu++98 compilation failed to produce executable
=== g++ Summary for unix ===
# of expected passes 198508
# of unexpected failures 26
# of expected failures 992
# of unresolved testcases 6
# of unsupported tests 8854
Running target unix/-m32
FAIL: c-c++-common/asan/swapcontext-test-1.c -O0 execution test
FAIL: c-c++-common/asan/swapcontext-test-1.c -O1 execution test
FAIL: c-c++-common/asan/swapcontext-test-1.c -O2 execution test
FAIL: c-c++-common/asan/swapcontext-test-1.c -O2 -flto execution test
FAIL: c-c++-common/asan/swapcontext-test-1.c -O2 -flto -flto-partition=none execution test
FAIL: c-c++-common/asan/swapcontext-test-1.c -O3 -fomit-frame-pointer -funroll-loops -fpeel-loops -ftracer -finline-functions execution test
FAIL: c-c++-common/asan/swapcontext-test-1.c -O3 -g execution test
FAIL: c-c++-common/asan/swapcontext-test-1.c -Os execution test
FAIL: g++.dg/asan/default-options-1.C -O0 execution test
FAIL: g++.dg/asan/default-options-1.C -O1 execution test
FAIL: g++.dg/asan/default-options-1.C -O2 execution test
FAIL: g++.dg/asan/default-options-1.C -O2 -flto execution test
FAIL: g++.dg/asan/default-options-1.C -O2 -flto -flto-partition=none execution test
FAIL: g++.dg/asan/default-options-1.C -O3 -g execution test
FAIL: g++.dg/asan/default-options-1.C -Os execution test
FAIL: g++.dg/debug/dwarf2/constexpr-var-1.C scan-assembler-times DW_AT_const_expr 2
FAIL: g++.dg/opt/pr59470.C -std=gnu++14 (test for excess errors)
UNRESOLVED: g++.dg/opt/pr59470.C -std=gnu++14 compilation failed to produce executable
FAIL: g++.dg/opt/pr59470.C -std=gnu++17 (test for excess errors)
UNRESOLVED: g++.dg/opt/pr59470.C -std=gnu++17 compilation failed to produce executable
FAIL: g++.dg/opt/pr59470.C -std=gnu++2a (test for excess errors)
UNRESOLVED: g++.dg/opt/pr59470.C -std=gnu++2a compilation failed to produce executable
FAIL: g++.dg/opt/pr59470.C -std=gnu++98 (test for excess errors)
UNRESOLVED: g++.dg/opt/pr59470.C -std=gnu++98 compilation failed to produce executable
FAIL: g++.dg/gcov/pr16855-priority.C -std=gnu++14 gcov: 1 failures in line counts, 0 in branch percentages, 0 in return percentages, 0 in intermediate format
FAIL: g++.dg/gcov/pr16855-priority.C -std=gnu++14 line 22: is #####:should be 1
FAIL: g++.dg/gcov/pr16855-priority.C -std=gnu++17 gcov: 1 failures in line counts, 0 in branch percentages, 0 in return percentages, 0 in intermediate format
FAIL: g++.dg/gcov/pr16855-priority.C -std=gnu++17 line 22: is #####:should be 1
FAIL: g++.dg/gcov/pr16855-priority.C -std=gnu++2a gcov: 1 failures in line counts, 0 in branch percentages, 0 in return percentages, 0 in intermediate format
FAIL: g++.dg/gcov/pr16855-priority.C -std=gnu++2a line 22: is #####:should be 1
FAIL: g++.dg/gcov/pr16855-priority.C -std=gnu++98 gcov: 1 failures in line counts, 0 in branch percentages, 0 in return percentages, 0 in intermediate format
FAIL: g++.dg/gcov/pr16855-priority.C -std=gnu++98 line 22: is #####:should be 1
FAIL: g++.dg/gcov/pr16855.C -std=gnu++14 gcov: 1 failures in line counts, 0 in branch percentages, 0 in return percentages, 0 in intermediate format
FAIL: g++.dg/gcov/pr16855.C -std=gnu++14 line 24: is #####:should be 1
FAIL: g++.dg/gcov/pr16855.C -std=gnu++17 gcov: 1 failures in line counts, 0 in branch percentages, 0 in return percentages, 0 in intermediate format
FAIL: g++.dg/gcov/pr16855.C -std=gnu++17 line 24: is #####:should be 1
FAIL: g++.dg/gcov/pr16855.C -std=gnu++2a gcov: 1 failures in line counts, 0 in branch percentages, 0 in return percentages, 0 in intermediate format
FAIL: g++.dg/gcov/pr16855.C -std=gnu++2a line 24: is #####:should be 1
FAIL: g++.dg/gcov/pr16855.C -std=gnu++98 gcov: 1 failures in line counts, 0 in branch percentages, 0 in return percentages, 0 in intermediate format
FAIL: g++.dg/gcov/pr16855.C -std=gnu++98 line 24: is #####:should be 1
FAIL: g++.dg/lto/pr89335 cp_lto_pr89335_0.o assemble, -O2 -flto -Wsuggest-final-methods
UNRESOLVED: g++.dg/modules/hello-1 -std=c++17 execute
FAIL: g++.dg/modules/hello-1 -std=c++17 link
UNRESOLVED: g++.dg/modules/hello-1 -std=c++2a execute
FAIL: g++.dg/modules/hello-1 -std=c++2a link
FAIL: g++.dg/modules/stdio-1_a.H -std=c++17 scan-lang-dump module "Depset:0 decl entity:[0-9]* function_decl:'::printf'"
FAIL: g++.dg/modules/stdio-1_a.H -std=c++2a scan-lang-dump module "Depset:0 decl entity:[0-9]* function_decl:'::printf'"
=== g++ Summary for unix/-m32 ===
# of expected passes 198157
# of unexpected failures 41
# of expected failures 988
# of unresolved testcases 6
# of unsupported tests 8888
=== g++ Summary ===
# of expected passes 396665
# of unexpected failures 67
# of expected failures 1980
# of unresolved testcases 12
# of unsupported tests 17742
/var/gcc/regression/master/11.4-gcc-gas-64/build/gcc/xg++ version 11.0.0 20210205 (experimental) [master revision b229baa75ce4627d1bd38f2d3dcd91af1a7071db] (GCC)
=== gcc tests ===
Running target unix
FAIL: gcc.dg/ipa/iinline-attr.c scan-ipa-dump inline "hooray[^\\\\n]*inline copy in test"
FAIL: gcc.dg/ipa/ipa-icf-38.c scan-ltrans-tree-dump-not optimized "Function bar"
FAIL: gcc-dg-lto-modref-3-01.exe scan-wpa-ipa-dump modref "parm 1 flags: nodirectescape"
FAIL: gcc-dg-lto-modref-4-01.exe scan-wpa-ipa-dump modref "parm 1 flags: nodirectescape"
FAIL: gcc.dg/lto/modref-3 c_lto_modref-3_0.o-c_lto_modref-3_1.o execute -O2 -flto-partition=max -fdump-ipa-modref -fno-ipa-sra -fno-ipa-cp -flto
FAIL: gcc.dg/lto/modref-4 c_lto_modref-4_0.o-c_lto_modref-4_1.o execute -O2 -flto-partition=max -fdump-ipa-modref -fno-ipa-sra -flto
=== gcc Summary for unix ===
# of expected passes 154878
# of unexpected failures 6
# of expected failures 852
# of unsupported tests 2644
Running target unix/-m32
FAIL: c-c++-common/asan/swapcontext-test-1.c -O0 execution test
FAIL: c-c++-common/asan/swapcontext-test-1.c -O1 execution test
FAIL: c-c++-common/asan/swapcontext-test-1.c -O2 execution test
FAIL: c-c++-common/asan/swapcontext-test-1.c -O2 -flto execution test
FAIL: c-c++-common/asan/swapcontext-test-1.c -O2 -flto -flto-partition=none execution test
FAIL: c-c++-common/asan/swapcontext-test-1.c -O3 -fomit-frame-pointer -funroll-loops -fpeel-loops -ftracer -finline-functions execution test
FAIL: c-c++-common/asan/swapcontext-test-1.c -O3 -g execution test
FAIL: c-c++-common/asan/swapcontext-test-1.c -Os execution test
FAIL: gcc.dg/ipa/iinline-attr.c scan-ipa-dump inline "hooray[^\\\\n]*inline copy in test"
FAIL: gcc.dg/ipa/ipa-icf-38.c scan-ltrans-tree-dump-not optimized "Function bar"
FAIL: gcc-dg-lto-modref-3-01.exe scan-wpa-ipa-dump modref "parm 1 flags: nodirectescape"
FAIL: gcc-dg-lto-modref-4-01.exe scan-wpa-ipa-dump modref "parm 1 flags: nodirectescape"
FAIL: gcc.dg/lto/modref-3 c_lto_modref-3_0.o-c_lto_modref-3_1.o execute -O2 -flto-partition=max -fdump-ipa-modref -fno-ipa-sra -fno-ipa-cp -flto
FAIL: gcc.dg/lto/modref-4 c_lto_modref-4_0.o-c_lto_modref-4_1.o execute -O2 -flto-partition=max -fdump-ipa-modref -fno-ipa-sra -flto
FAIL: gcc.dg/tree-ssa/scev-3.c scan-tree-dump-times ivopts "&a" 1
FAIL: gcc.dg/tree-ssa/scev-4.c scan-tree-dump-times ivopts "&a" 1
FAIL: gcc.dg/tree-ssa/scev-5.c scan-tree-dump-times ivopts "&a" 1
FAIL: gcc.target/i386/avx512f-pr96891-3.c scan-assembler-times (?n)vpcmp[bwdq][ \\\\t]*\\\\\$7 4
=== gcc Summary for unix/-m32 ===
# of expected passes 154079
# of unexpected failures 18
# of expected failures 864
# of unsupported tests 3338
=== gcc Summary ===
# of expected passes 308957
# of unexpected failures 24
# of expected failures 1716
# of unsupported tests 5982
/var/gcc/regression/master/11.4-gcc-gas-64/build/gcc/xgcc version 11.0.0 20210205 (experimental) [master revision b229baa75ce4627d1bd38f2d3dcd91af1a7071db] (GCC)
=== gdc tests ===
Running target unix
=== gdc Summary for unix ===
# of expected passes 9897
# of unsupported tests 331
Running target unix/-m32
=== gdc Summary for unix/-m32 ===
# of expected passes 9898
# of unsupported tests 331
=== gdc Summary ===
# of expected passes 19795
# of unsupported tests 662
/var/gcc/regression/master/11.4-gcc-gas-64/build/gcc/gdc version 11.0.0 20210205 (experimental) [master revision b229baa75ce4627d1bd38f2d3dcd91af1a7071db] (GCC)
=== gfortran tests ===
Running target unix
FAIL: gfortran.dg/goacc/array-with-dt-2.f90 -O (internal compiler error)
FAIL: gfortran.dg/goacc/array-with-dt-2.f90 -O (test for excess errors)
FAIL: gfortran.dg/goacc/derived-chartypes-1.f90 -O (internal compiler error)
FAIL: gfortran.dg/goacc/derived-chartypes-1.f90 -O (test for excess errors)
FAIL: gfortran.dg/goacc/derived-chartypes-2.f90 -O (internal compiler error)
FAIL: gfortran.dg/goacc/derived-chartypes-2.f90 -O (test for excess errors)
=== gfortran Summary for unix ===
# of expected passes 56092
# of unexpected failures 6
# of expected failures 232
# of unsupported tests 97
Running target unix/-m32
FAIL: gfortran.dg/default_format_1.f90 -O0 execution test
FAIL: gfortran.dg/default_format_1.f90 -O1 execution test
FAIL: gfortran.dg/default_format_1.f90 -O2 execution test
FAIL: gfortran.dg/default_format_1.f90 -O3 -fomit-frame-pointer -funroll-loops -fpeel-loops -ftracer -finline-functions execution test
FAIL: gfortran.dg/default_format_1.f90 -O3 -g execution test
FAIL: gfortran.dg/default_format_1.f90 -Os execution test
FAIL: gfortran.dg/fmt_g0_1.f08 -O0 execution test
FAIL: gfortran.dg/fmt_g0_1.f08 -O1 execution test
FAIL: gfortran.dg/fmt_g0_1.f08 -O2 execution test
FAIL: gfortran.dg/fmt_g0_1.f08 -O3 -fomit-frame-pointer -funroll-loops -fpeel-loops -ftracer -finline-functions execution test
FAIL: gfortran.dg/fmt_g0_1.f08 -O3 -g execution test
FAIL: gfortran.dg/fmt_g0_1.f08 -Os execution test
FAIL: gfortran.dg/round_4.f90 -O0 execution test
FAIL: gfortran.dg/round_4.f90 -O1 execution test
FAIL: gfortran.dg/round_4.f90 -O2 execution test
FAIL: gfortran.dg/round_4.f90 -O3 -fomit-frame-pointer -funroll-loops -fpeel-loops -ftracer -finline-functions execution test
FAIL: gfortran.dg/round_4.f90 -O3 -g execution test
FAIL: gfortran.dg/round_4.f90 -Os execution test
FAIL: gfortran.dg/goacc/array-with-dt-2.f90 -O (internal compiler error)
FAIL: gfortran.dg/goacc/array-with-dt-2.f90 -O (test for excess errors)
FAIL: gfortran.dg/goacc/derived-chartypes-1.f90 -O (internal compiler error)
FAIL: gfortran.dg/goacc/derived-chartypes-1.f90 -O (test for excess errors)
FAIL: gfortran.dg/goacc/derived-chartypes-2.f90 -O (internal compiler error)
FAIL: gfortran.dg/goacc/derived-chartypes-2.f90 -O (test for excess errors)
=== gfortran Summary for unix/-m32 ===
# of expected passes 55837
# of unexpected failures 24
# of expected failures 234
# of unsupported tests 212
=== gfortran Summary ===
# of expected passes 111929
# of unexpected failures 30
# of expected failures 466
# of unsupported tests 309
/var/gcc/regression/master/11.4-gcc-gas-64/build/gcc/gfortran version 11.0.0 20210205 (experimental) [master revision b229baa75ce4627d1bd38f2d3dcd91af1a7071db] (GCC)
=== gnat tests ===
Running target unix
=== gnat Summary for unix ===
# of expected passes 3339
# of expected failures 23
# of unsupported tests 9
Running target unix/-m32
FAIL: gnat.dg/loop_optimization3.adb (test for excess errors)
UNRESOLVED: gnat.dg/loop_optimization3.adb compilation failed to produce executable
FAIL: gnat.dg/opt30.adb (test for excess errors)
UNRESOLVED: gnat.dg/opt30.adb compilation failed to produce executable
FAIL: gnat.dg/opt49.adb (test for excess errors)
UNRESOLVED: gnat.dg/opt49.adb compilation failed to produce executable
=== gnat Summary for unix/-m32 ===
# of expected passes 3335
# of unexpected failures 3
# of expected failures 23
# of unresolved testcases 3
# of unsupported tests 9
=== gnat Summary ===
# of expected passes 6674
# of unexpected failures 3
# of expected failures 46
# of unresolved testcases 3
# of unsupported tests 18
/var/gcc/regression/master/11.4-gcc-gas-64/build/gcc/gnatmake version 11.0.0 20210205 (experimental) [master revision b229baa75ce4627d1bd38f2d3dcd91af1a7071db]
=== go tests ===
Running target unix
FAIL: ./index0-out.go execution, -O0 -g -fno-var-tracking-assignments
FAIL: go.test/test/fixedbugs/issue10441.go -O (test for excess errors)
FAIL: go.test/test/fixedbugs/issue27836.dir/Ãfoo.go -O -I. (test for excess errors)
FAIL: go.test/test/fixedbugs/issue27836.dir/Ãmain.go -O -I. (test for excess errors)
=== go Summary for unix ===
# of expected passes 8881
# of unexpected failures 4
# of untested testcases 10
# of unsupported tests 28
Running target unix/-m32
FAIL: ./index0-out.go execution, -O0 -g -fno-var-tracking-assignments
FAIL: go.test/test/fixedbugs/issue10441.go -O (test for excess errors)
WARNING: go.test/test/fixedbugs/issue19182.go execution, -O2 -g program timed out.
FAIL: go.test/test/fixedbugs/issue19182.go execution, -O2 -g
FAIL: go.test/test/fixedbugs/issue27836.dir/Ãfoo.go -O -I. (test for excess errors)
FAIL: go.test/test/fixedbugs/issue27836.dir/Ãmain.go -O -I. (test for excess errors)
=== go Summary for unix/-m32 ===
# of expected passes 8992
# of unexpected failures 5
# of untested testcases 10
# of unsupported tests 34
=== go Summary ===
# of expected passes 17873
# of unexpected failures 9
# of untested testcases 20
# of unsupported tests 62
=== obj-c++ tests ===
Running target unix/-m32
=== obj-c++ Summary for unix/-m32 ===
# of expected passes 1489
# of expected failures 2
# of unsupported tests 77
Running target unix
=== obj-c++ Summary for unix ===
# of expected passes 1481
# of expected failures 10
# of unsupported tests 77
=== obj-c++ Summary ===
# of expected passes 2970
# of expected failures 12
# of unsupported tests 154
/var/gcc/regression/master/11.4-gcc-gas-64/build/gcc/xg++ version 11.0.0 20210205 (experimental) [master revision b229baa75ce4627d1bd38f2d3dcd91af1a7071db] (GCC)
=== objc tests ===
Running target unix
=== objc Summary for unix ===
# of expected passes 2819
# of expected failures 6
# of unsupported tests 68
Running target unix/-m32
=== objc Summary for unix/-m32 ===
# of expected passes 2819
# of expected failures 6
# of unsupported tests 68
=== objc Summary ===
# of expected passes 5638
# of expected failures 12
# of unsupported tests 136
/var/gcc/regression/master/11.4-gcc-gas-64/build/gcc/xgcc version 11.0.0 20210205 (experimental) [master revision b229baa75ce4627d1bd38f2d3dcd91af1a7071db] (GCC)
=== gotools tests ===
FAIL: TestScript
FAIL: go test cmd/go
FAIL: TestAbort
FAIL: go test runtime
=== gotools Summary ===
# of expected passes 388
# of unexpected failures 4
# of untested testcases 123
/var/gcc/regression/master/11.4-gcc-gas-64/build/./gcc/gccgo version 11.0.0 20210205 (experimental) [master revision b229baa75ce4627d1bd38f2d3dcd91af1a7071db] (GCC)
Compiler version: 11.0.0 20210205 (experimental) [master revision b229baa75ce4627d1bd38f2d3dcd91af1a7071db] (GCC)
Platform: x86_64-pc-solaris2.11
configure flags: --prefix=/vol/gcc --target=amd64-pc-solaris2.11 --enable-objc-gc --with-target-bdw-gc-include=/vol/gcc/include --with-target-bdw-gc-lib=/vol/gcc/lib/amd64,32=/vol/gcc/lib --with-as=/vol/gcc/bin/amd64/gas-2.36 --with-gnu-as --with-gmp-include=/vol/gcc/include --with-gmp-lib=/vol/gcc/lib/amd64 --with-mpfr-include=/vol/gcc/include --with-mpfr-lib=/vol/gcc/lib/amd64 --with-mpc-include=/vol/gcc/include --with-mpc-lib=/vol/gcc/lib/amd64 --enable-languages=all,ada,obj-c++,go --with-isl-include=/vol/gcc/include --with-isl-lib=/vol/gcc/lib/amd64 --with-zstd-include=/vol/gcc/include --with-zstd-lib=/vol/gcc/lib/amd64 --build=amd64-pc-solaris2.11 --host=amd64-pc-solaris2.11
BOOT_CFLAGS=-g -O2
More information about the Gcc-testresults
mailing list