Results for 11.0.0 20210205 (experimental) [master revision b229baa75ce4627d1bd38f2d3dcd91af1a7071db] (GCC) testsuite on sparc-sun-solaris2.11
Rainer Orth
ro@CeBiTec.Uni-Bielefeld.DE
Fri Feb 5 22:34:42 GMT 2021
LAST_UPDATED: Fri Feb 5 10:21:04 UTC 2021 (revision b229baa75ce4627d1bd38f2d3dcd91af1a7071db)
=== acats tests ===
=== acats Summary ===
# of expected passes 2328
# of unexpected failures 0
Native configuration is sparc-sun-solaris2.11
=== g++ tests ===
Running target unix
FAIL: g++.dg/asan/default-options-1.C -O0 execution test
FAIL: g++.dg/asan/default-options-1.C -O1 execution test
FAIL: g++.dg/asan/default-options-1.C -O2 execution test
FAIL: g++.dg/asan/default-options-1.C -O2 -flto execution test
FAIL: g++.dg/asan/default-options-1.C -O2 -flto -flto-partition=none execution test
FAIL: g++.dg/asan/default-options-1.C -O3 -g execution test
FAIL: g++.dg/asan/default-options-1.C -Os execution test
FAIL: g++.dg/debug/dwarf2/constexpr-var-1.C scan-assembler-times DW_AT_const_expr 2
FAIL: g++.dg/cpp1y/lambda-generic-variadic20.C -std=c++14 (internal compiler error)
FAIL: g++.dg/cpp1y/lambda-generic-variadic20.C -std=c++14 (test for excess errors)
FAIL: g++.dg/cpp1y/lambda-generic-variadic20.C -std=c++17 (internal compiler error)
FAIL: g++.dg/cpp1y/lambda-generic-variadic20.C -std=c++17 (test for excess errors)
FAIL: g++.dg/cpp1y/lambda-generic-variadic20.C -std=c++2a (internal compiler error)
FAIL: g++.dg/cpp1y/lambda-generic-variadic20.C -std=c++2a (test for excess errors)
FAIL: g++.dg/gcov/pr16855-priority.C -std=gnu++14 gcov: 1 failures in line counts, 0 in branch percentages, 0 in return percentages, 0 in intermediate format
FAIL: g++.dg/gcov/pr16855-priority.C -std=gnu++14 line 22: is #####:should be 1
FAIL: g++.dg/gcov/pr16855-priority.C -std=gnu++17 gcov: 1 failures in line counts, 0 in branch percentages, 0 in return percentages, 0 in intermediate format
FAIL: g++.dg/gcov/pr16855-priority.C -std=gnu++17 line 22: is #####:should be 1
FAIL: g++.dg/gcov/pr16855-priority.C -std=gnu++2a gcov: 1 failures in line counts, 0 in branch percentages, 0 in return percentages, 0 in intermediate format
FAIL: g++.dg/gcov/pr16855-priority.C -std=gnu++2a line 22: is #####:should be 1
FAIL: g++.dg/gcov/pr16855-priority.C -std=gnu++98 gcov: 1 failures in line counts, 0 in branch percentages, 0 in return percentages, 0 in intermediate format
FAIL: g++.dg/gcov/pr16855-priority.C -std=gnu++98 line 22: is #####:should be 1
FAIL: g++.dg/gcov/pr16855.C -std=gnu++14 gcov: 1 failures in line counts, 0 in branch percentages, 0 in return percentages, 0 in intermediate format
FAIL: g++.dg/gcov/pr16855.C -std=gnu++14 line 24: is #####:should be 1
FAIL: g++.dg/gcov/pr16855.C -std=gnu++17 gcov: 1 failures in line counts, 0 in branch percentages, 0 in return percentages, 0 in intermediate format
FAIL: g++.dg/gcov/pr16855.C -std=gnu++17 line 24: is #####:should be 1
FAIL: g++.dg/gcov/pr16855.C -std=gnu++2a gcov: 1 failures in line counts, 0 in branch percentages, 0 in return percentages, 0 in intermediate format
FAIL: g++.dg/gcov/pr16855.C -std=gnu++2a line 24: is #####:should be 1
FAIL: g++.dg/gcov/pr16855.C -std=gnu++98 gcov: 1 failures in line counts, 0 in branch percentages, 0 in return percentages, 0 in intermediate format
FAIL: g++.dg/gcov/pr16855.C -std=gnu++98 line 24: is #####:should be 1
FAIL: g++.dg/lto/pr89335 cp_lto_pr89335_0.o assemble, -O2 -flto -Wsuggest-final-methods
UNRESOLVED: g++.dg/modules/hello-1 -std=c++17 execute
FAIL: g++.dg/modules/hello-1 -std=c++17 link
UNRESOLVED: g++.dg/modules/hello-1 -std=c++2a execute
FAIL: g++.dg/modules/hello-1 -std=c++2a link
FAIL: g++.dg/modules/stdio-1_a.H -std=c++17 scan-lang-dump module "Depset:0 decl entity:[0-9]* function_decl:'::printf'"
FAIL: g++.dg/modules/stdio-1_a.H -std=c++2a scan-lang-dump module "Depset:0 decl entity:[0-9]* function_decl:'::printf'"
=== g++ Summary for unix ===
# of expected passes 195795
# of unexpected failures 35
# of expected failures 972
# of unresolved testcases 2
# of unsupported tests 9535
Running target unix/-m64
FAIL: g++.dg/debug/dwarf2/constexpr-var-1.C scan-assembler-times DW_AT_const_expr 2
FAIL: g++.dg/gcov/pr16855-priority.C -std=gnu++14 gcov: 1 failures in line counts, 0 in branch percentages, 0 in return percentages, 0 in intermediate format
FAIL: g++.dg/gcov/pr16855-priority.C -std=gnu++14 line 22: is #####:should be 1
FAIL: g++.dg/gcov/pr16855-priority.C -std=gnu++17 gcov: 1 failures in line counts, 0 in branch percentages, 0 in return percentages, 0 in intermediate format
FAIL: g++.dg/gcov/pr16855-priority.C -std=gnu++17 line 22: is #####:should be 1
FAIL: g++.dg/gcov/pr16855-priority.C -std=gnu++2a gcov: 1 failures in line counts, 0 in branch percentages, 0 in return percentages, 0 in intermediate format
FAIL: g++.dg/gcov/pr16855-priority.C -std=gnu++2a line 22: is #####:should be 1
FAIL: g++.dg/gcov/pr16855-priority.C -std=gnu++98 gcov: 1 failures in line counts, 0 in branch percentages, 0 in return percentages, 0 in intermediate format
FAIL: g++.dg/gcov/pr16855-priority.C -std=gnu++98 line 22: is #####:should be 1
FAIL: g++.dg/gcov/pr16855.C -std=gnu++14 gcov: 1 failures in line counts, 0 in branch percentages, 0 in return percentages, 0 in intermediate format
FAIL: g++.dg/gcov/pr16855.C -std=gnu++14 line 24: is #####:should be 1
FAIL: g++.dg/gcov/pr16855.C -std=gnu++17 gcov: 1 failures in line counts, 0 in branch percentages, 0 in return percentages, 0 in intermediate format
FAIL: g++.dg/gcov/pr16855.C -std=gnu++17 line 24: is #####:should be 1
FAIL: g++.dg/gcov/pr16855.C -std=gnu++2a gcov: 1 failures in line counts, 0 in branch percentages, 0 in return percentages, 0 in intermediate format
FAIL: g++.dg/gcov/pr16855.C -std=gnu++2a line 24: is #####:should be 1
FAIL: g++.dg/gcov/pr16855.C -std=gnu++98 gcov: 1 failures in line counts, 0 in branch percentages, 0 in return percentages, 0 in intermediate format
FAIL: g++.dg/gcov/pr16855.C -std=gnu++98 line 24: is #####:should be 1
FAIL: g++.dg/lto/pr89335 cp_lto_pr89335_0.o assemble, -O2 -flto -Wsuggest-final-methods
UNRESOLVED: g++.dg/modules/hello-1 -std=c++17 execute
FAIL: g++.dg/modules/hello-1 -std=c++17 link
UNRESOLVED: g++.dg/modules/hello-1 -std=c++2a execute
FAIL: g++.dg/modules/hello-1 -std=c++2a link
FAIL: g++.dg/modules/stdio-1_a.H -std=c++17 scan-lang-dump module "Depset:0 decl entity:[0-9]* function_decl:'::printf'"
FAIL: g++.dg/modules/stdio-1_a.H -std=c++2a scan-lang-dump module "Depset:0 decl entity:[0-9]* function_decl:'::printf'"
=== g++ Summary for unix/-m64 ===
# of expected passes 196561
# of unexpected failures 22
# of expected failures 976
# of unresolved testcases 2
# of unsupported tests 9223
=== g++ Summary ===
# of expected passes 392356
# of unexpected failures 57
# of expected failures 1948
# of unresolved testcases 4
# of unsupported tests 18758
/var/gcc/regression/master/11-gcc-gas/build/gcc/xg++ version 11.0.0 20210205 (experimental) [master revision b229baa75ce4627d1bd38f2d3dcd91af1a7071db] (GCC)
=== gcc tests ===
Running target unix
FAIL: gcc.dg/ipa/iinline-attr.c scan-ipa-dump inline "hooray[^\\\\n]*inline copy in test"
FAIL: gcc.dg/ipa/ipa-icf-38.c scan-ltrans-tree-dump-not optimized "Function bar"
FAIL: gcc-dg-lto-modref-3-01.exe scan-wpa-ipa-dump modref "parm 1 flags: nodirectescape"
FAIL: gcc-dg-lto-modref-4-01.exe scan-wpa-ipa-dump modref "parm 1 flags: nodirectescape"
FAIL: gcc.dg/lto/modref-3 c_lto_modref-3_0.o-c_lto_modref-3_1.o execute -O2 -flto-partition=max -fdump-ipa-modref -fno-ipa-sra -fno-ipa-cp -flto
FAIL: gcc.dg/lto/modref-4 c_lto_modref-4_0.o-c_lto_modref-4_1.o execute -O2 -flto-partition=max -fdump-ipa-modref -fno-ipa-sra -flto
FAIL: gcc.dg/simulate-thread/atomic-other-int.c -O2 -g thread simulation test
FAIL: gcc.dg/simulate-thread/atomic-other-int.c -O3 -g thread simulation test
FAIL: gcc.dg/simulate-thread/speculative-store-4.c -O0 -g thread simulation test
FAIL: gcc.dg/simulate-thread/speculative-store-4.c -O2 -g thread simulation test
FAIL: gcc.dg/simulate-thread/speculative-store-4.c -O3 -g thread simulation test
FAIL: gcc.dg/simulate-thread/speculative-store.c -O0 -g thread simulation test
FAIL: gcc.dg/vect/bb-slp-21.c -flto -ffat-lto-objects scan-tree-dump-times slp2 "optimized: basic block" 1
FAIL: gcc.dg/vect/bb-slp-21.c scan-tree-dump-times slp2 "optimized: basic block" 1
FAIL: gcc.dg/vect/bb-slp-22.c -flto -ffat-lto-objects scan-tree-dump-times slp2 "optimized: basic block" 1
FAIL: gcc.dg/vect/bb-slp-22.c scan-tree-dump-times slp2 "optimized: basic block" 1
XPASS: gcc.dg/vect/bb-slp-32.c -flto -ffat-lto-objects scan-tree-dump slp2 "vectorization is not profitable"
XPASS: gcc.dg/vect/bb-slp-32.c scan-tree-dump slp2 "vectorization is not profitable"
FAIL: gcc.dg/vect/bb-slp-46.c -flto -ffat-lto-objects scan-tree-dump-times optimized " \\\\+ " 3
FAIL: gcc.dg/vect/bb-slp-46.c scan-tree-dump-times optimized " \\\\+ " 3
FAIL: gcc.dg/vect/pr97428.c -flto -ffat-lto-objects scan-tree-dump vect "Detected interleaving load of size 8"
FAIL: gcc.dg/vect/pr97428.c -flto -ffat-lto-objects scan-tree-dump vect "Detected interleaving store of size 16"
FAIL: gcc.dg/vect/pr97428.c -flto -ffat-lto-objects scan-tree-dump-times vect "vectorizing stmts using SLP" 2
FAIL: gcc.dg/vect/pr97428.c scan-tree-dump vect "Detected interleaving load of size 8"
FAIL: gcc.dg/vect/pr97428.c scan-tree-dump vect "Detected interleaving store of size 16"
FAIL: gcc.dg/vect/pr97428.c scan-tree-dump-times vect "vectorizing stmts using SLP" 2
FAIL: gcc.dg/vect/slp-47.c -flto -ffat-lto-objects scan-tree-dump-times vect "vectorizing stmts using SLP" 2
FAIL: gcc.dg/vect/slp-47.c scan-tree-dump-times vect "vectorizing stmts using SLP" 2
FAIL: gcc.dg/vect/slp-48.c -flto -ffat-lto-objects scan-tree-dump-times vect "vectorizing stmts using SLP" 2
FAIL: gcc.dg/vect/slp-48.c scan-tree-dump-times vect "vectorizing stmts using SLP" 2
XPASS: gcc.dg/vect/vect-alias-check-1.c -flto -ffat-lto-objects scan-tree-dump vect "using an address-based overlap test"
XPASS: gcc.dg/vect/vect-alias-check-1.c scan-tree-dump vect "using an address-based overlap test"
FAIL: gcc.dg/vect/vect-complex-5.c -flto -ffat-lto-objects scan-tree-dump-times vect "vectorizing stmts using SLP" 2
FAIL: gcc.dg/vect/vect-complex-5.c scan-tree-dump-times vect "vectorizing stmts using SLP" 2
FAIL: gcc.dg/vect/vect-cost-model-1.c -flto -ffat-lto-objects scan-tree-dump vect "LOOP VECTORIZED"
FAIL: gcc.dg/vect/vect-cost-model-1.c scan-tree-dump vect "LOOP VECTORIZED"
FAIL: gcc.dg/vect/vect-cost-model-3.c -flto -ffat-lto-objects scan-tree-dump vect "LOOP VECTORIZED"
FAIL: gcc.dg/vect/vect-cost-model-3.c scan-tree-dump vect "LOOP VECTORIZED"
FAIL: gcc.dg/vect/vect-cost-model-5.c -flto -ffat-lto-objects scan-tree-dump vect "LOOP VECTORIZED"
FAIL: gcc.dg/vect/vect-cost-model-5.c scan-tree-dump vect "LOOP VECTORIZED"
=== gcc Summary for unix ===
# of expected passes 130768
# of unexpected failures 36
# of unexpected successes 4
# of expected failures 909
# of unsupported tests 3853
Running target unix/-m64
FAIL: gcc.dg/ipa/ipa-icf-38.c scan-ltrans-tree-dump-not optimized "Function bar"
FAIL: gcc-dg-lto-modref-3-01.exe scan-wpa-ipa-dump modref "parm 1 flags: nodirectescape"
FAIL: gcc-dg-lto-modref-4-01.exe scan-wpa-ipa-dump modref "parm 1 flags: nodirectescape"
FAIL: gcc.dg/lto/modref-3 c_lto_modref-3_0.o-c_lto_modref-3_1.o execute -O2 -flto-partition=max -fdump-ipa-modref -fno-ipa-sra -fno-ipa-cp -flto
FAIL: gcc.dg/lto/modref-4 c_lto_modref-4_0.o-c_lto_modref-4_1.o execute -O2 -flto-partition=max -fdump-ipa-modref -fno-ipa-sra -flto
FAIL: gcc.dg/vect/bb-slp-21.c -flto -ffat-lto-objects scan-tree-dump-times slp2 "optimized: basic block" 1
FAIL: gcc.dg/vect/bb-slp-21.c scan-tree-dump-times slp2 "optimized: basic block" 1
FAIL: gcc.dg/vect/bb-slp-22.c -flto -ffat-lto-objects scan-tree-dump-times slp2 "optimized: basic block" 1
FAIL: gcc.dg/vect/bb-slp-22.c scan-tree-dump-times slp2 "optimized: basic block" 1
XPASS: gcc.dg/vect/bb-slp-32.c -flto -ffat-lto-objects scan-tree-dump slp2 "vectorization is not profitable"
XPASS: gcc.dg/vect/bb-slp-32.c scan-tree-dump slp2 "vectorization is not profitable"
FAIL: gcc.dg/vect/bb-slp-46.c -flto -ffat-lto-objects scan-tree-dump-times optimized " \\\\+ " 3
FAIL: gcc.dg/vect/bb-slp-46.c scan-tree-dump-times optimized " \\\\+ " 3
FAIL: gcc.dg/vect/pr97428.c -flto -ffat-lto-objects scan-tree-dump vect "Detected interleaving load of size 8"
FAIL: gcc.dg/vect/pr97428.c -flto -ffat-lto-objects scan-tree-dump vect "Detected interleaving store of size 16"
FAIL: gcc.dg/vect/pr97428.c -flto -ffat-lto-objects scan-tree-dump-times vect "vectorizing stmts using SLP" 2
FAIL: gcc.dg/vect/pr97428.c scan-tree-dump vect "Detected interleaving load of size 8"
FAIL: gcc.dg/vect/pr97428.c scan-tree-dump vect "Detected interleaving store of size 16"
FAIL: gcc.dg/vect/pr97428.c scan-tree-dump-times vect "vectorizing stmts using SLP" 2
FAIL: gcc.dg/vect/slp-47.c -flto -ffat-lto-objects scan-tree-dump-times vect "vectorizing stmts using SLP" 2
FAIL: gcc.dg/vect/slp-47.c scan-tree-dump-times vect "vectorizing stmts using SLP" 2
FAIL: gcc.dg/vect/slp-48.c -flto -ffat-lto-objects scan-tree-dump-times vect "vectorizing stmts using SLP" 2
FAIL: gcc.dg/vect/slp-48.c scan-tree-dump-times vect "vectorizing stmts using SLP" 2
XPASS: gcc.dg/vect/vect-alias-check-1.c -flto -ffat-lto-objects scan-tree-dump vect "using an address-based overlap test"
XPASS: gcc.dg/vect/vect-alias-check-1.c scan-tree-dump vect "using an address-based overlap test"
FAIL: gcc.dg/vect/vect-complex-5.c -flto -ffat-lto-objects scan-tree-dump-times vect "vectorizing stmts using SLP" 2
FAIL: gcc.dg/vect/vect-complex-5.c scan-tree-dump-times vect "vectorizing stmts using SLP" 2
FAIL: gcc.dg/vect/vect-cost-model-1.c -flto -ffat-lto-objects scan-tree-dump vect "LOOP VECTORIZED"
FAIL: gcc.dg/vect/vect-cost-model-1.c scan-tree-dump vect "LOOP VECTORIZED"
FAIL: gcc.dg/vect/vect-cost-model-3.c -flto -ffat-lto-objects scan-tree-dump vect "LOOP VECTORIZED"
FAIL: gcc.dg/vect/vect-cost-model-3.c scan-tree-dump vect "LOOP VECTORIZED"
FAIL: gcc.dg/vect/vect-cost-model-5.c -flto -ffat-lto-objects scan-tree-dump vect "LOOP VECTORIZED"
FAIL: gcc.dg/vect/vect-cost-model-5.c scan-tree-dump vect "LOOP VECTORIZED"
=== gcc Summary for unix/-m64 ===
# of expected passes 130374
# of unexpected failures 29
# of unexpected successes 4
# of expected failures 898
# of unsupported tests 3177
=== gcc Summary ===
# of expected passes 261142
# of unexpected failures 65
# of unexpected successes 8
# of expected failures 1807
# of unsupported tests 7030
/var/gcc/regression/master/11-gcc-gas/build/gcc/xgcc version 11.0.0 20210205 (experimental) [master revision b229baa75ce4627d1bd38f2d3dcd91af1a7071db] (GCC)
=== gdc tests ===
Running target unix
FAIL: gdc.test/runnable/complex.d execution test
FAIL: gdc.test/runnable/complex.d -shared-libphobos execution test
FAIL: gdc.test/runnable/sdtor.d execution test
FAIL: gdc.test/runnable/sdtor.d -O2 execution test
FAIL: gdc.test/runnable/sdtor.d -O2 -fPIC execution test
FAIL: gdc.test/runnable/sdtor.d -O2 -fPIC -finline-functions execution test
FAIL: gdc.test/runnable/sdtor.d -O2 -fPIC -finline-functions -frelease execution test
FAIL: gdc.test/runnable/sdtor.d -O2 -fPIC -finline-functions -frelease -funittest execution test
FAIL: gdc.test/runnable/sdtor.d -O2 -fPIC -finline-functions -frelease -funittest -g execution test
FAIL: gdc.test/runnable/sdtor.d -O2 -fPIC -finline-functions -frelease -funittest -g -shared-libphobos execution test
FAIL: gdc.test/runnable/sdtor.d -O2 -fPIC -finline-functions -frelease -funittest -shared-libphobos execution test
FAIL: gdc.test/runnable/sdtor.d -O2 -fPIC -finline-functions -frelease -g execution test
FAIL: gdc.test/runnable/sdtor.d -O2 -fPIC -finline-functions -frelease -g -shared-libphobos execution test
FAIL: gdc.test/runnable/sdtor.d -O2 -fPIC -finline-functions -frelease -shared-libphobos execution test
FAIL: gdc.test/runnable/sdtor.d -O2 -fPIC -finline-functions -funittest execution test
FAIL: gdc.test/runnable/sdtor.d -O2 -fPIC -finline-functions -funittest -g execution test
FAIL: gdc.test/runnable/sdtor.d -O2 -fPIC -finline-functions -funittest -g -shared-libphobos execution test
FAIL: gdc.test/runnable/sdtor.d -O2 -fPIC -finline-functions -funittest -shared-libphobos execution test
FAIL: gdc.test/runnable/sdtor.d -O2 -fPIC -finline-functions -g execution test
FAIL: gdc.test/runnable/sdtor.d -O2 -fPIC -finline-functions -g -shared-libphobos execution test
FAIL: gdc.test/runnable/sdtor.d -O2 -fPIC -finline-functions -shared-libphobos execution test
FAIL: gdc.test/runnable/sdtor.d -O2 -fPIC -frelease execution test
FAIL: gdc.test/runnable/sdtor.d -O2 -fPIC -frelease -funittest execution test
FAIL: gdc.test/runnable/sdtor.d -O2 -fPIC -frelease -funittest -g execution test
FAIL: gdc.test/runnable/sdtor.d -O2 -fPIC -frelease -funittest -g -shared-libphobos execution test
FAIL: gdc.test/runnable/sdtor.d -O2 -fPIC -frelease -funittest -shared-libphobos execution test
FAIL: gdc.test/runnable/sdtor.d -O2 -fPIC -frelease -g execution test
FAIL: gdc.test/runnable/sdtor.d -O2 -fPIC -frelease -g -shared-libphobos execution test
FAIL: gdc.test/runnable/sdtor.d -O2 -fPIC -frelease -shared-libphobos execution test
FAIL: gdc.test/runnable/sdtor.d -O2 -fPIC -funittest execution test
FAIL: gdc.test/runnable/sdtor.d -O2 -fPIC -funittest -g execution test
FAIL: gdc.test/runnable/sdtor.d -O2 -fPIC -funittest -g -shared-libphobos execution test
FAIL: gdc.test/runnable/sdtor.d -O2 -fPIC -funittest -shared-libphobos execution test
FAIL: gdc.test/runnable/sdtor.d -O2 -fPIC -g execution test
FAIL: gdc.test/runnable/sdtor.d -O2 -fPIC -g -shared-libphobos execution test
FAIL: gdc.test/runnable/sdtor.d -O2 -fPIC -shared-libphobos execution test
FAIL: gdc.test/runnable/sdtor.d -O2 -finline-functions execution test
FAIL: gdc.test/runnable/sdtor.d -O2 -finline-functions -frelease execution test
FAIL: gdc.test/runnable/sdtor.d -O2 -finline-functions -frelease -funittest execution test
FAIL: gdc.test/runnable/sdtor.d -O2 -finline-functions -frelease -funittest -g execution test
FAIL: gdc.test/runnable/sdtor.d -O2 -finline-functions -frelease -funittest -g -shared-libphobos execution test
FAIL: gdc.test/runnable/sdtor.d -O2 -finline-functions -frelease -funittest -shared-libphobos execution test
FAIL: gdc.test/runnable/sdtor.d -O2 -finline-functions -frelease -g execution test
FAIL: gdc.test/runnable/sdtor.d -O2 -finline-functions -frelease -g -shared-libphobos execution test
FAIL: gdc.test/runnable/sdtor.d -O2 -finline-functions -frelease -shared-libphobos execution test
FAIL: gdc.test/runnable/sdtor.d -O2 -finline-functions -funittest execution test
FAIL: gdc.test/runnable/sdtor.d -O2 -finline-functions -funittest -g execution test
FAIL: gdc.test/runnable/sdtor.d -O2 -finline-functions -funittest -g -shared-libphobos execution test
FAIL: gdc.test/runnable/sdtor.d -O2 -finline-functions -funittest -shared-libphobos execution test
FAIL: gdc.test/runnable/sdtor.d -O2 -finline-functions -g execution test
FAIL: gdc.test/runnable/sdtor.d -O2 -finline-functions -g -shared-libphobos execution test
FAIL: gdc.test/runnable/sdtor.d -O2 -finline-functions -shared-libphobos execution test
FAIL: gdc.test/runnable/sdtor.d -O2 -frelease execution test
FAIL: gdc.test/runnable/sdtor.d -O2 -frelease -funittest execution test
FAIL: gdc.test/runnable/sdtor.d -O2 -frelease -funittest -g execution test
FAIL: gdc.test/runnable/sdtor.d -O2 -frelease -funittest -g -shared-libphobos execution test
FAIL: gdc.test/runnable/sdtor.d -O2 -frelease -funittest -shared-libphobos execution test
FAIL: gdc.test/runnable/sdtor.d -O2 -frelease -g execution test
FAIL: gdc.test/runnable/sdtor.d -O2 -frelease -g -shared-libphobos execution test
FAIL: gdc.test/runnable/sdtor.d -O2 -frelease -shared-libphobos execution test
FAIL: gdc.test/runnable/sdtor.d -O2 -funittest execution test
FAIL: gdc.test/runnable/sdtor.d -O2 -funittest -g execution test
FAIL: gdc.test/runnable/sdtor.d -O2 -funittest -g -shared-libphobos execution test
FAIL: gdc.test/runnable/sdtor.d -O2 -funittest -shared-libphobos execution test
FAIL: gdc.test/runnable/sdtor.d -O2 -g execution test
FAIL: gdc.test/runnable/sdtor.d -O2 -g -shared-libphobos execution test
FAIL: gdc.test/runnable/sdtor.d -O2 -shared-libphobos execution test
FAIL: gdc.test/runnable/sdtor.d -fPIC execution test
FAIL: gdc.test/runnable/sdtor.d -fPIC -finline-functions execution test
FAIL: gdc.test/runnable/sdtor.d -fPIC -finline-functions -frelease execution test
FAIL: gdc.test/runnable/sdtor.d -fPIC -finline-functions -frelease -funittest execution test
FAIL: gdc.test/runnable/sdtor.d -fPIC -finline-functions -frelease -funittest -g execution test
FAIL: gdc.test/runnable/sdtor.d -fPIC -finline-functions -frelease -funittest -g -shared-libphobos execution test
FAIL: gdc.test/runnable/sdtor.d -fPIC -finline-functions -frelease -funittest -shared-libphobos execution test
FAIL: gdc.test/runnable/sdtor.d -fPIC -finline-functions -frelease -g execution test
FAIL: gdc.test/runnable/sdtor.d -fPIC -finline-functions -frelease -g -shared-libphobos execution test
FAIL: gdc.test/runnable/sdtor.d -fPIC -finline-functions -frelease -shared-libphobos execution test
FAIL: gdc.test/runnable/sdtor.d -fPIC -finline-functions -funittest execution test
FAIL: gdc.test/runnable/sdtor.d -fPIC -finline-functions -funittest -g execution test
FAIL: gdc.test/runnable/sdtor.d -fPIC -finline-functions -funittest -g -shared-libphobos execution test
FAIL: gdc.test/runnable/sdtor.d -fPIC -finline-functions -funittest -shared-libphobos execution test
FAIL: gdc.test/runnable/sdtor.d -fPIC -finline-functions -g execution test
FAIL: gdc.test/runnable/sdtor.d -fPIC -finline-functions -g -shared-libphobos execution test
FAIL: gdc.test/runnable/sdtor.d -fPIC -finline-functions -shared-libphobos execution test
FAIL: gdc.test/runnable/sdtor.d -fPIC -frelease execution test
FAIL: gdc.test/runnable/sdtor.d -fPIC -frelease -funittest execution test
FAIL: gdc.test/runnable/sdtor.d -fPIC -frelease -funittest -g execution test
FAIL: gdc.test/runnable/sdtor.d -fPIC -frelease -funittest -g -shared-libphobos execution test
FAIL: gdc.test/runnable/sdtor.d -fPIC -frelease -funittest -shared-libphobos execution test
FAIL: gdc.test/runnable/sdtor.d -fPIC -frelease -g execution test
FAIL: gdc.test/runnable/sdtor.d -fPIC -frelease -g -shared-libphobos execution test
FAIL: gdc.test/runnable/sdtor.d -fPIC -frelease -shared-libphobos execution test
FAIL: gdc.test/runnable/sdtor.d -fPIC -funittest execution test
FAIL: gdc.test/runnable/sdtor.d -fPIC -funittest -g execution test
FAIL: gdc.test/runnable/sdtor.d -fPIC -funittest -g -shared-libphobos execution test
FAIL: gdc.test/runnable/sdtor.d -fPIC -funittest -shared-libphobos execution test
FAIL: gdc.test/runnable/sdtor.d -fPIC -g execution test
FAIL: gdc.test/runnable/sdtor.d -fPIC -g -shared-libphobos execution test
FAIL: gdc.test/runnable/sdtor.d -fPIC -shared-libphobos execution test
FAIL: gdc.test/runnable/sdtor.d -finline-functions execution test
FAIL: gdc.test/runnable/sdtor.d -finline-functions -frelease execution test
FAIL: gdc.test/runnable/sdtor.d -finline-functions -frelease -funittest execution test
FAIL: gdc.test/runnable/sdtor.d -finline-functions -frelease -funittest -g execution test
FAIL: gdc.test/runnable/sdtor.d -finline-functions -frelease -funittest -g -shared-libphobos execution test
FAIL: gdc.test/runnable/sdtor.d -finline-functions -frelease -funittest -shared-libphobos execution test
FAIL: gdc.test/runnable/sdtor.d -finline-functions -frelease -g execution test
FAIL: gdc.test/runnable/sdtor.d -finline-functions -frelease -g -shared-libphobos execution test
FAIL: gdc.test/runnable/sdtor.d -finline-functions -frelease -shared-libphobos execution test
FAIL: gdc.test/runnable/sdtor.d -finline-functions -funittest execution test
FAIL: gdc.test/runnable/sdtor.d -finline-functions -funittest -g execution test
FAIL: gdc.test/runnable/sdtor.d -finline-functions -funittest -g -shared-libphobos execution test
FAIL: gdc.test/runnable/sdtor.d -finline-functions -funittest -shared-libphobos execution test
FAIL: gdc.test/runnable/sdtor.d -finline-functions -g execution test
FAIL: gdc.test/runnable/sdtor.d -finline-functions -g -shared-libphobos execution test
FAIL: gdc.test/runnable/sdtor.d -finline-functions -shared-libphobos execution test
FAIL: gdc.test/runnable/sdtor.d -frelease execution test
FAIL: gdc.test/runnable/sdtor.d -frelease -funittest execution test
FAIL: gdc.test/runnable/sdtor.d -frelease -funittest -g execution test
FAIL: gdc.test/runnable/sdtor.d -frelease -funittest -g -shared-libphobos execution test
FAIL: gdc.test/runnable/sdtor.d -frelease -funittest -shared-libphobos execution test
FAIL: gdc.test/runnable/sdtor.d -frelease -g execution test
FAIL: gdc.test/runnable/sdtor.d -frelease -g -shared-libphobos execution test
FAIL: gdc.test/runnable/sdtor.d -frelease -shared-libphobos execution test
FAIL: gdc.test/runnable/sdtor.d -funittest execution test
FAIL: gdc.test/runnable/sdtor.d -funittest -g execution test
FAIL: gdc.test/runnable/sdtor.d -funittest -g -shared-libphobos execution test
FAIL: gdc.test/runnable/sdtor.d -funittest -shared-libphobos execution test
FAIL: gdc.test/runnable/sdtor.d -g execution test
FAIL: gdc.test/runnable/sdtor.d -g -shared-libphobos execution test
FAIL: gdc.test/runnable/sdtor.d -shared-libphobos execution test
=== gdc Summary for unix ===
# of expected passes 9768
# of unexpected failures 130
# of unsupported tests 331
Running target unix/-m64
FAIL: gdc.dg/torture/pr96153.d -O1 execution test
FAIL: gdc.dg/torture/pr96153.d -O1 -frelease execution test
FAIL: gdc.dg/torture/pr96153.d -O1 -frelease -g execution test
FAIL: gdc.dg/torture/pr96153.d -O1 -g execution test
FAIL: gdc.dg/torture/pr96153.d -O2 execution test
FAIL: gdc.dg/torture/pr96153.d -O2 -frelease execution test
FAIL: gdc.dg/torture/pr96153.d -O2 -frelease -g execution test
FAIL: gdc.dg/torture/pr96153.d -O2 -g execution test
FAIL: gdc.test/runnable/foreach5.d execution test
FAIL: gdc.test/runnable/foreach5.d -shared-libphobos execution test
FAIL: gdc.test/runnable/inline.d execution test
FAIL: gdc.test/runnable/inline.d -shared-libphobos execution test
FAIL: gdc.test/runnable/sdtor.d execution test
FAIL: gdc.test/runnable/sdtor.d -O2 execution test
FAIL: gdc.test/runnable/sdtor.d -O2 -fPIC execution test
FAIL: gdc.test/runnable/sdtor.d -O2 -fPIC -finline-functions execution test
FAIL: gdc.test/runnable/sdtor.d -O2 -fPIC -finline-functions -frelease execution test
FAIL: gdc.test/runnable/sdtor.d -O2 -fPIC -finline-functions -frelease -funittest execution test
FAIL: gdc.test/runnable/sdtor.d -O2 -fPIC -finline-functions -frelease -funittest -g execution test
FAIL: gdc.test/runnable/sdtor.d -O2 -fPIC -finline-functions -frelease -funittest -g -shared-libphobos execution test
FAIL: gdc.test/runnable/sdtor.d -O2 -fPIC -finline-functions -frelease -funittest -shared-libphobos execution test
FAIL: gdc.test/runnable/sdtor.d -O2 -fPIC -finline-functions -frelease -g execution test
FAIL: gdc.test/runnable/sdtor.d -O2 -fPIC -finline-functions -frelease -g -shared-libphobos execution test
FAIL: gdc.test/runnable/sdtor.d -O2 -fPIC -finline-functions -frelease -shared-libphobos execution test
FAIL: gdc.test/runnable/sdtor.d -O2 -fPIC -finline-functions -funittest execution test
FAIL: gdc.test/runnable/sdtor.d -O2 -fPIC -finline-functions -funittest -g execution test
FAIL: gdc.test/runnable/sdtor.d -O2 -fPIC -finline-functions -funittest -g -shared-libphobos execution test
FAIL: gdc.test/runnable/sdtor.d -O2 -fPIC -finline-functions -funittest -shared-libphobos execution test
FAIL: gdc.test/runnable/sdtor.d -O2 -fPIC -finline-functions -g execution test
FAIL: gdc.test/runnable/sdtor.d -O2 -fPIC -finline-functions -g -shared-libphobos execution test
FAIL: gdc.test/runnable/sdtor.d -O2 -fPIC -finline-functions -shared-libphobos execution test
FAIL: gdc.test/runnable/sdtor.d -O2 -fPIC -frelease execution test
FAIL: gdc.test/runnable/sdtor.d -O2 -fPIC -frelease -funittest execution test
FAIL: gdc.test/runnable/sdtor.d -O2 -fPIC -frelease -funittest -g execution test
FAIL: gdc.test/runnable/sdtor.d -O2 -fPIC -frelease -funittest -g -shared-libphobos execution test
FAIL: gdc.test/runnable/sdtor.d -O2 -fPIC -frelease -funittest -shared-libphobos execution test
FAIL: gdc.test/runnable/sdtor.d -O2 -fPIC -frelease -g execution test
FAIL: gdc.test/runnable/sdtor.d -O2 -fPIC -frelease -g -shared-libphobos execution test
FAIL: gdc.test/runnable/sdtor.d -O2 -fPIC -frelease -shared-libphobos execution test
FAIL: gdc.test/runnable/sdtor.d -O2 -fPIC -funittest execution test
FAIL: gdc.test/runnable/sdtor.d -O2 -fPIC -funittest -g execution test
FAIL: gdc.test/runnable/sdtor.d -O2 -fPIC -funittest -g -shared-libphobos execution test
FAIL: gdc.test/runnable/sdtor.d -O2 -fPIC -funittest -shared-libphobos execution test
FAIL: gdc.test/runnable/sdtor.d -O2 -fPIC -g execution test
FAIL: gdc.test/runnable/sdtor.d -O2 -fPIC -g -shared-libphobos execution test
FAIL: gdc.test/runnable/sdtor.d -O2 -fPIC -shared-libphobos execution test
FAIL: gdc.test/runnable/sdtor.d -O2 -finline-functions execution test
FAIL: gdc.test/runnable/sdtor.d -O2 -finline-functions -frelease execution test
FAIL: gdc.test/runnable/sdtor.d -O2 -finline-functions -frelease -funittest execution test
FAIL: gdc.test/runnable/sdtor.d -O2 -finline-functions -frelease -funittest -g execution test
FAIL: gdc.test/runnable/sdtor.d -O2 -finline-functions -frelease -funittest -g -shared-libphobos execution test
FAIL: gdc.test/runnable/sdtor.d -O2 -finline-functions -frelease -funittest -shared-libphobos execution test
FAIL: gdc.test/runnable/sdtor.d -O2 -finline-functions -frelease -g execution test
FAIL: gdc.test/runnable/sdtor.d -O2 -finline-functions -frelease -g -shared-libphobos execution test
FAIL: gdc.test/runnable/sdtor.d -O2 -finline-functions -frelease -shared-libphobos execution test
FAIL: gdc.test/runnable/sdtor.d -O2 -finline-functions -funittest execution test
FAIL: gdc.test/runnable/sdtor.d -O2 -finline-functions -funittest -g execution test
FAIL: gdc.test/runnable/sdtor.d -O2 -finline-functions -funittest -g -shared-libphobos execution test
FAIL: gdc.test/runnable/sdtor.d -O2 -finline-functions -funittest -shared-libphobos execution test
FAIL: gdc.test/runnable/sdtor.d -O2 -finline-functions -g execution test
FAIL: gdc.test/runnable/sdtor.d -O2 -finline-functions -g -shared-libphobos execution test
FAIL: gdc.test/runnable/sdtor.d -O2 -finline-functions -shared-libphobos execution test
FAIL: gdc.test/runnable/sdtor.d -O2 -frelease execution test
FAIL: gdc.test/runnable/sdtor.d -O2 -frelease -funittest execution test
FAIL: gdc.test/runnable/sdtor.d -O2 -frelease -funittest -g execution test
FAIL: gdc.test/runnable/sdtor.d -O2 -frelease -funittest -g -shared-libphobos execution test
FAIL: gdc.test/runnable/sdtor.d -O2 -frelease -funittest -shared-libphobos execution test
FAIL: gdc.test/runnable/sdtor.d -O2 -frelease -g execution test
FAIL: gdc.test/runnable/sdtor.d -O2 -frelease -g -shared-libphobos execution test
FAIL: gdc.test/runnable/sdtor.d -O2 -frelease -shared-libphobos execution test
FAIL: gdc.test/runnable/sdtor.d -O2 -funittest execution test
FAIL: gdc.test/runnable/sdtor.d -O2 -funittest -g execution test
FAIL: gdc.test/runnable/sdtor.d -O2 -funittest -g -shared-libphobos execution test
FAIL: gdc.test/runnable/sdtor.d -O2 -funittest -shared-libphobos execution test
FAIL: gdc.test/runnable/sdtor.d -O2 -g execution test
FAIL: gdc.test/runnable/sdtor.d -O2 -g -shared-libphobos execution test
FAIL: gdc.test/runnable/sdtor.d -O2 -shared-libphobos execution test
FAIL: gdc.test/runnable/sdtor.d -fPIC execution test
FAIL: gdc.test/runnable/sdtor.d -fPIC -finline-functions execution test
FAIL: gdc.test/runnable/sdtor.d -fPIC -finline-functions -frelease execution test
FAIL: gdc.test/runnable/sdtor.d -fPIC -finline-functions -frelease -funittest execution test
FAIL: gdc.test/runnable/sdtor.d -fPIC -finline-functions -frelease -funittest -g execution test
FAIL: gdc.test/runnable/sdtor.d -fPIC -finline-functions -frelease -funittest -g -shared-libphobos execution test
FAIL: gdc.test/runnable/sdtor.d -fPIC -finline-functions -frelease -funittest -shared-libphobos execution test
FAIL: gdc.test/runnable/sdtor.d -fPIC -finline-functions -frelease -g execution test
FAIL: gdc.test/runnable/sdtor.d -fPIC -finline-functions -frelease -g -shared-libphobos execution test
FAIL: gdc.test/runnable/sdtor.d -fPIC -finline-functions -frelease -shared-libphobos execution test
FAIL: gdc.test/runnable/sdtor.d -fPIC -finline-functions -funittest execution test
FAIL: gdc.test/runnable/sdtor.d -fPIC -finline-functions -funittest -g execution test
FAIL: gdc.test/runnable/sdtor.d -fPIC -finline-functions -funittest -g -shared-libphobos execution test
FAIL: gdc.test/runnable/sdtor.d -fPIC -finline-functions -funittest -shared-libphobos execution test
FAIL: gdc.test/runnable/sdtor.d -fPIC -finline-functions -g execution test
FAIL: gdc.test/runnable/sdtor.d -fPIC -finline-functions -g -shared-libphobos execution test
FAIL: gdc.test/runnable/sdtor.d -fPIC -finline-functions -shared-libphobos execution test
FAIL: gdc.test/runnable/sdtor.d -fPIC -frelease execution test
FAIL: gdc.test/runnable/sdtor.d -fPIC -frelease -funittest execution test
FAIL: gdc.test/runnable/sdtor.d -fPIC -frelease -funittest -g execution test
FAIL: gdc.test/runnable/sdtor.d -fPIC -frelease -funittest -g -shared-libphobos execution test
FAIL: gdc.test/runnable/sdtor.d -fPIC -frelease -funittest -shared-libphobos execution test
FAIL: gdc.test/runnable/sdtor.d -fPIC -frelease -g execution test
FAIL: gdc.test/runnable/sdtor.d -fPIC -frelease -g -shared-libphobos execution test
FAIL: gdc.test/runnable/sdtor.d -fPIC -frelease -shared-libphobos execution test
FAIL: gdc.test/runnable/sdtor.d -fPIC -funittest execution test
FAIL: gdc.test/runnable/sdtor.d -fPIC -funittest -g execution test
FAIL: gdc.test/runnable/sdtor.d -fPIC -funittest -g -shared-libphobos execution test
FAIL: gdc.test/runnable/sdtor.d -fPIC -funittest -shared-libphobos execution test
FAIL: gdc.test/runnable/sdtor.d -fPIC -g execution test
FAIL: gdc.test/runnable/sdtor.d -fPIC -g -shared-libphobos execution test
FAIL: gdc.test/runnable/sdtor.d -fPIC -shared-libphobos execution test
FAIL: gdc.test/runnable/sdtor.d -finline-functions execution test
FAIL: gdc.test/runnable/sdtor.d -finline-functions -frelease execution test
FAIL: gdc.test/runnable/sdtor.d -finline-functions -frelease -funittest execution test
FAIL: gdc.test/runnable/sdtor.d -finline-functions -frelease -funittest -g execution test
FAIL: gdc.test/runnable/sdtor.d -finline-functions -frelease -funittest -g -shared-libphobos execution test
FAIL: gdc.test/runnable/sdtor.d -finline-functions -frelease -funittest -shared-libphobos execution test
FAIL: gdc.test/runnable/sdtor.d -finline-functions -frelease -g execution test
FAIL: gdc.test/runnable/sdtor.d -finline-functions -frelease -g -shared-libphobos execution test
FAIL: gdc.test/runnable/sdtor.d -finline-functions -frelease -shared-libphobos execution test
FAIL: gdc.test/runnable/sdtor.d -finline-functions -funittest execution test
FAIL: gdc.test/runnable/sdtor.d -finline-functions -funittest -g execution test
FAIL: gdc.test/runnable/sdtor.d -finline-functions -funittest -g -shared-libphobos execution test
FAIL: gdc.test/runnable/sdtor.d -finline-functions -funittest -shared-libphobos execution test
FAIL: gdc.test/runnable/sdtor.d -finline-functions -g execution test
FAIL: gdc.test/runnable/sdtor.d -finline-functions -g -shared-libphobos execution test
FAIL: gdc.test/runnable/sdtor.d -finline-functions -shared-libphobos execution test
FAIL: gdc.test/runnable/sdtor.d -frelease execution test
FAIL: gdc.test/runnable/sdtor.d -frelease -funittest execution test
FAIL: gdc.test/runnable/sdtor.d -frelease -funittest -g execution test
FAIL: gdc.test/runnable/sdtor.d -frelease -funittest -g -shared-libphobos execution test
FAIL: gdc.test/runnable/sdtor.d -frelease -funittest -shared-libphobos execution test
FAIL: gdc.test/runnable/sdtor.d -frelease -g execution test
FAIL: gdc.test/runnable/sdtor.d -frelease -g -shared-libphobos execution test
FAIL: gdc.test/runnable/sdtor.d -frelease -shared-libphobos execution test
FAIL: gdc.test/runnable/sdtor.d -funittest execution test
FAIL: gdc.test/runnable/sdtor.d -funittest -g execution test
FAIL: gdc.test/runnable/sdtor.d -funittest -g -shared-libphobos execution test
FAIL: gdc.test/runnable/sdtor.d -funittest -shared-libphobos execution test
FAIL: gdc.test/runnable/sdtor.d -g execution test
FAIL: gdc.test/runnable/sdtor.d -g -shared-libphobos execution test
FAIL: gdc.test/runnable/sdtor.d -shared-libphobos execution test
FAIL: gdc.test/runnable/test42.d execution test
FAIL: gdc.test/runnable/test42.d -shared-libphobos execution test
FAIL: gdc.test/runnable/traits_getPointerBitmap.d (test for excess errors)
UNRESOLVED: gdc.test/runnable/traits_getPointerBitmap.d compilation failed to produce executable
FAIL: gdc.test/runnable/traits_getPointerBitmap.d -shared-libphobos (test for excess errors)
UNRESOLVED: gdc.test/runnable/traits_getPointerBitmap.d -shared-libphobos compilation failed to produce executable
=== gdc Summary for unix/-m64 ===
# of expected passes 9751
# of unexpected failures 144
# of unresolved testcases 2
# of unsupported tests 331
=== gdc Summary ===
# of expected passes 19519
# of unexpected failures 274
# of unresolved testcases 2
# of unsupported tests 662
/var/gcc/regression/master/11-gcc-gas/build/gcc/gdc version 11.0.0 20210205 (experimental) [master revision b229baa75ce4627d1bd38f2d3dcd91af1a7071db] (GCC)
=== gfortran tests ===
Running target unix
FAIL: gfortran.dg/goacc/array-with-dt-2.f90 -O (internal compiler error)
FAIL: gfortran.dg/goacc/array-with-dt-2.f90 -O (test for excess errors)
FAIL: gfortran.dg/goacc/derived-chartypes-1.f90 -O (internal compiler error)
FAIL: gfortran.dg/goacc/derived-chartypes-1.f90 -O (test for excess errors)
FAIL: gfortran.dg/goacc/derived-chartypes-2.f90 -O (internal compiler error)
FAIL: gfortran.dg/goacc/derived-chartypes-2.f90 -O (test for excess errors)
=== gfortran Summary for unix ===
# of expected passes 55699
# of unexpected failures 6
# of expected failures 234
# of unsupported tests 289
Running target unix/-m64
UNRESOLVED: gfortran.dg/pr96711.f90 -O0 scan-tree-dump-times original "_gfortran_stop_numeric" 2
FAIL: gfortran.dg/pr96711.f90 -O0 (internal compiler error)
FAIL: gfortran.dg/pr96711.f90 -O0 (test for excess errors)
UNRESOLVED: gfortran.dg/pr96711.f90 -O0 compilation failed to produce executable
UNRESOLVED: gfortran.dg/pr96711.f90 -O1 scan-tree-dump-times original "_gfortran_stop_numeric" 2
FAIL: gfortran.dg/pr96711.f90 -O1 (internal compiler error)
FAIL: gfortran.dg/pr96711.f90 -O1 (test for excess errors)
UNRESOLVED: gfortran.dg/pr96711.f90 -O1 compilation failed to produce executable
UNRESOLVED: gfortran.dg/pr96711.f90 -O2 scan-tree-dump-times original "_gfortran_stop_numeric" 2
FAIL: gfortran.dg/pr96711.f90 -O2 (internal compiler error)
FAIL: gfortran.dg/pr96711.f90 -O2 (test for excess errors)
UNRESOLVED: gfortran.dg/pr96711.f90 -O2 compilation failed to produce executable
UNRESOLVED: gfortran.dg/pr96711.f90 -O3 -fomit-frame-pointer -funroll-loops -fpeel-loops -ftracer -finline-functions scan-tree-dump-times original "_gfortran_stop_numeric" 2
FAIL: gfortran.dg/pr96711.f90 -O3 -fomit-frame-pointer -funroll-loops -fpeel-loops -ftracer -finline-functions (internal compiler error)
FAIL: gfortran.dg/pr96711.f90 -O3 -fomit-frame-pointer -funroll-loops -fpeel-loops -ftracer -finline-functions (test for excess errors)
UNRESOLVED: gfortran.dg/pr96711.f90 -O3 -fomit-frame-pointer -funroll-loops -fpeel-loops -ftracer -finline-functions compilation failed to produce executable
UNRESOLVED: gfortran.dg/pr96711.f90 -O3 -g scan-tree-dump-times original "_gfortran_stop_numeric" 2
FAIL: gfortran.dg/pr96711.f90 -O3 -g (internal compiler error)
FAIL: gfortran.dg/pr96711.f90 -O3 -g (test for excess errors)
UNRESOLVED: gfortran.dg/pr96711.f90 -O3 -g compilation failed to produce executable
UNRESOLVED: gfortran.dg/pr96711.f90 -Os scan-tree-dump-times original "_gfortran_stop_numeric" 2
FAIL: gfortran.dg/pr96711.f90 -Os (internal compiler error)
FAIL: gfortran.dg/pr96711.f90 -Os (test for excess errors)
UNRESOLVED: gfortran.dg/pr96711.f90 -Os compilation failed to produce executable
FAIL: gfortran.dg/goacc/array-with-dt-2.f90 -O (internal compiler error)
FAIL: gfortran.dg/goacc/array-with-dt-2.f90 -O (test for excess errors)
FAIL: gfortran.dg/goacc/derived-chartypes-1.f90 -O (internal compiler error)
FAIL: gfortran.dg/goacc/derived-chartypes-1.f90 -O (test for excess errors)
FAIL: gfortran.dg/goacc/derived-chartypes-2.f90 -O (internal compiler error)
FAIL: gfortran.dg/goacc/derived-chartypes-2.f90 -O (test for excess errors)
=== gfortran Summary for unix/-m64 ===
# of expected passes 55948
# of unexpected failures 18
# of expected failures 232
# of unresolved testcases 12
# of unsupported tests 156
=== gfortran Summary ===
# of expected passes 111647
# of unexpected failures 24
# of expected failures 466
# of unresolved testcases 12
# of unsupported tests 445
/var/gcc/regression/master/11-gcc-gas/build/gcc/gfortran version 11.0.0 20210205 (experimental) [master revision b229baa75ce4627d1bd38f2d3dcd91af1a7071db] (GCC)
=== gnat tests ===
Running target unix
=== gnat Summary for unix ===
# of expected passes 3298
# of expected failures 23
# of unsupported tests 31
Running target unix/-m64
=== gnat Summary for unix/-m64 ===
# of expected passes 3296
# of expected failures 23
# of unsupported tests 31
=== gnat Summary ===
# of expected passes 6594
# of expected failures 46
# of unsupported tests 62
/var/gcc/regression/master/11-gcc-gas/build/gcc/gnatmake version 11.0.0 20210205 (experimental) [master revision b229baa75ce4627d1bd38f2d3dcd91af1a7071db]
=== go tests ===
Running target unix
FAIL: ./index0-out.go execution, -O0 -g -fno-var-tracking-assignments
WARNING: go.test/test/cmplxdivide.go program timed out.
FAIL: go.test/test/cmplxdivide.go
FAIL: go.test/test/fixedbugs/issue10441.go -O (test for excess errors)
FAIL: go.test/test/fixedbugs/issue13160.go execution, -O2 -g
WARNING: go.test/test/fixedbugs/issue19182.go execution, -O2 -g program timed out.
FAIL: go.test/test/fixedbugs/issue19182.go execution, -O2 -g
FAIL: go.test/test/fixedbugs/issue22881.go execution, -O2 -g
FAIL: go.test/test/fixedbugs/issue27836.dir/Ãfoo.go -O -I. (test for excess errors)
FAIL: go.test/test/fixedbugs/issue27836.dir/Ãmain.go -O -I. (test for excess errors)
FAIL: go.test/test/fixedbugs/issue34123.go execution, -O2 -g
FAIL: go.test/test/fixedbugs/issue4562.go execution, -O2 -g
FAIL: go.test/test/fixedbugs/issue6036.go -O (test for excess errors)
FAIL: go.test/test/nil.go execution, -O2 -g
FAIL: issue22200b.go -O (test for excess errors)
=== go Summary for unix ===
# of expected passes 8985
# of unexpected failures 13
# of untested testcases 11
# of unsupported tests 32
Running target unix/-m64
FAIL: ./index0-out.go execution, -O0 -g -fno-var-tracking-assignments
WARNING: go.test/test/cmplxdivide.go program timed out.
FAIL: go.test/test/cmplxdivide.go
FAIL: go.test/test/fixedbugs/issue10441.go -O (test for excess errors)
FAIL: go.test/test/fixedbugs/issue13160.go execution, -O2 -g
FAIL: go.test/test/fixedbugs/issue27836.dir/Ãfoo.go -O -I. (test for excess errors)
FAIL: go.test/test/fixedbugs/issue27836.dir/Ãmain.go -O -I. (test for excess errors)
=== go Summary for unix/-m64 ===
# of expected passes 8872
# of unexpected failures 6
# of untested testcases 11
# of unsupported tests 32
=== go Summary ===
# of expected passes 17857
# of unexpected failures 19
# of untested testcases 22
# of unsupported tests 64
=== obj-c++ tests ===
Running target unix
=== obj-c++ Summary for unix ===
# of expected passes 1489
# of expected failures 2
# of unsupported tests 77
Running target unix/-m64
=== obj-c++ Summary for unix/-m64 ===
# of expected passes 1481
# of expected failures 10
# of unsupported tests 77
=== obj-c++ Summary ===
# of expected passes 2970
# of expected failures 12
# of unsupported tests 154
/var/gcc/regression/master/11-gcc-gas/build/gcc/xg++ version 11.0.0 20210205 (experimental) [master revision b229baa75ce4627d1bd38f2d3dcd91af1a7071db] (GCC)
=== objc tests ===
Running target unix
=== objc Summary for unix ===
# of expected passes 2825
# of unsupported tests 68
Running target unix/-m64
=== objc Summary for unix/-m64 ===
# of expected passes 2825
# of unsupported tests 68
=== objc Summary ===
# of expected passes 5650
# of unsupported tests 136
/var/gcc/regression/master/11-gcc-gas/build/gcc/xgcc version 11.0.0 20210205 (experimental) [master revision b229baa75ce4627d1bd38f2d3dcd91af1a7071db] (GCC)
=== gotools tests ===
FAIL: go test cmd/go
FAIL: TestAbort
FAIL: TestBreakpoint
FAIL: TestCgoSignalDeadlock
FAIL: TestGccgoCrashTracebackNodebug
FAIL: TestMemmoveAtomicity
FAIL: TestNeedmDeadlock
FAIL: TestPanicInlined
FAIL: TestSegv
FAIL: TestSelectStackAdjust
FAIL: go test runtime
FAIL: go test misc/cgo/test
FAIL: TestCompileWithoutShared
FAIL: TestEarlySignalHandler
FAIL: TestOsSignal
FAIL: TestSigaltstack
FAIL: TestSignalForwarding
FAIL: TestSignalForwardingExternal
FAIL: go test misc/cgo/testcarchive
FAIL: TestVet
FAIL: go test cmd/vet
=== gotools Summary ===
# of expected passes 209
# of unexpected failures 21
# of untested testcases 101
/var/gcc/regression/master/11-gcc-gas/build/./gcc/gccgo version 11.0.0 20210205 (experimental) [master revision b229baa75ce4627d1bd38f2d3dcd91af1a7071db] (GCC)
=== libatomic tests ===
Running target unix
=== libatomic Summary for unix ===
# of expected passes 44
# of unsupported tests 5
Running target unix/-m64
=== libatomic Summary for unix/-m64 ===
# of expected passes 54
=== libatomic Summary ===
# of expected passes 98
# of unsupported tests 5
=== libffi tests ===
Running target unix
=== libffi Summary for unix ===
# of expected passes 2214
Running target unix/-m64
=== libffi Summary for unix/-m64 ===
# of expected passes 2214
=== libffi Summary ===
# of expected passes 4428
=== libgo tests ===
Running target unix
FAIL: net/http/pprof
FAIL: runtime
FAIL: runtime/pprof
FAIL: sync/atomic
=== libgo Summary for unix ===
# of expected passes 180
# of unexpected failures 4
Running target unix/-m64
FAIL: encoding/json
FAIL: runtime
FAIL: runtime/pprof
FAIL: sync/atomic
=== libgo Summary for unix/-m64 ===
# of expected passes 180
# of unexpected failures 4
=== libgo Summary ===
# of expected passes 360
# of unexpected failures 8
/var/gcc/regression/master/11-gcc-gas/build/./gcc/gccgo version 11.0.0 20210205 (experimental) [master revision b229baa75ce4627d1bd38f2d3dcd91af1a7071db] (GCC)
=== libgomp tests ===
Running target unix
WARNING: libgomp.fortran/task-detach-6.f90 -Os execution test program timed out.
FAIL: libgomp.fortran/task-detach-6.f90 -Os execution test
FAIL: libgomp.oacc-fortran/array-stride-dt-1.f90 -DACC_DEVICE_TYPE_host=1 -DACC_MEM_SHARED=1 -foffload=disable -O0 (internal compiler error)
FAIL: libgomp.oacc-fortran/array-stride-dt-1.f90 -DACC_DEVICE_TYPE_host=1 -DACC_MEM_SHARED=1 -foffload=disable -O0 (test for excess errors)
UNRESOLVED: libgomp.oacc-fortran/array-stride-dt-1.f90 -DACC_DEVICE_TYPE_host=1 -DACC_MEM_SHARED=1 -foffload=disable -O0 compilation failed to produce executable
FAIL: libgomp.oacc-fortran/array-stride-dt-1.f90 -DACC_DEVICE_TYPE_host=1 -DACC_MEM_SHARED=1 -foffload=disable -O1 (internal compiler error)
FAIL: libgomp.oacc-fortran/array-stride-dt-1.f90 -DACC_DEVICE_TYPE_host=1 -DACC_MEM_SHARED=1 -foffload=disable -O1 (test for excess errors)
UNRESOLVED: libgomp.oacc-fortran/array-stride-dt-1.f90 -DACC_DEVICE_TYPE_host=1 -DACC_MEM_SHARED=1 -foffload=disable -O1 compilation failed to produce executable
FAIL: libgomp.oacc-fortran/array-stride-dt-1.f90 -DACC_DEVICE_TYPE_host=1 -DACC_MEM_SHARED=1 -foffload=disable -O2 (internal compiler error)
FAIL: libgomp.oacc-fortran/array-stride-dt-1.f90 -DACC_DEVICE_TYPE_host=1 -DACC_MEM_SHARED=1 -foffload=disable -O2 (test for excess errors)
UNRESOLVED: libgomp.oacc-fortran/array-stride-dt-1.f90 -DACC_DEVICE_TYPE_host=1 -DACC_MEM_SHARED=1 -foffload=disable -O2 compilation failed to produce executable
FAIL: libgomp.oacc-fortran/array-stride-dt-1.f90 -DACC_DEVICE_TYPE_host=1 -DACC_MEM_SHARED=1 -foffload=disable -O3 -fomit-frame-pointer -funroll-loops -fpeel-loops -ftracer -finline-functions (internal compiler error)
FAIL: libgomp.oacc-fortran/array-stride-dt-1.f90 -DACC_DEVICE_TYPE_host=1 -DACC_MEM_SHARED=1 -foffload=disable -O3 -fomit-frame-pointer -funroll-loops -fpeel-loops -ftracer -finline-functions (test for excess errors)
UNRESOLVED: libgomp.oacc-fortran/array-stride-dt-1.f90 -DACC_DEVICE_TYPE_host=1 -DACC_MEM_SHARED=1 -foffload=disable -O3 -fomit-frame-pointer -funroll-loops -fpeel-loops -ftracer -finline-functions compilation failed to produce executable
FAIL: libgomp.oacc-fortran/array-stride-dt-1.f90 -DACC_DEVICE_TYPE_host=1 -DACC_MEM_SHARED=1 -foffload=disable -O3 -g (internal compiler error)
FAIL: libgomp.oacc-fortran/array-stride-dt-1.f90 -DACC_DEVICE_TYPE_host=1 -DACC_MEM_SHARED=1 -foffload=disable -O3 -g (test for excess errors)
UNRESOLVED: libgomp.oacc-fortran/array-stride-dt-1.f90 -DACC_DEVICE_TYPE_host=1 -DACC_MEM_SHARED=1 -foffload=disable -O3 -g compilation failed to produce executable
FAIL: libgomp.oacc-fortran/array-stride-dt-1.f90 -DACC_DEVICE_TYPE_host=1 -DACC_MEM_SHARED=1 -foffload=disable -Os (internal compiler error)
FAIL: libgomp.oacc-fortran/array-stride-dt-1.f90 -DACC_DEVICE_TYPE_host=1 -DACC_MEM_SHARED=1 -foffload=disable -Os (test for excess errors)
UNRESOLVED: libgomp.oacc-fortran/array-stride-dt-1.f90 -DACC_DEVICE_TYPE_host=1 -DACC_MEM_SHARED=1 -foffload=disable -Os compilation failed to produce executable
=== libgomp Summary for unix ===
# of expected passes 8112
# of unexpected failures 13
# of expected failures 6
# of unresolved testcases 6
# of unsupported tests 612
Running target unix/-m64
WARNING: libgomp.fortran/task-detach-6.f90 -O2 execution test program timed out.
FAIL: libgomp.fortran/task-detach-6.f90 -O2 execution test
FAIL: libgomp.oacc-fortran/array-stride-dt-1.f90 -DACC_DEVICE_TYPE_host=1 -DACC_MEM_SHARED=1 -foffload=disable -O0 (internal compiler error)
FAIL: libgomp.oacc-fortran/array-stride-dt-1.f90 -DACC_DEVICE_TYPE_host=1 -DACC_MEM_SHARED=1 -foffload=disable -O0 (test for excess errors)
UNRESOLVED: libgomp.oacc-fortran/array-stride-dt-1.f90 -DACC_DEVICE_TYPE_host=1 -DACC_MEM_SHARED=1 -foffload=disable -O0 compilation failed to produce executable
FAIL: libgomp.oacc-fortran/array-stride-dt-1.f90 -DACC_DEVICE_TYPE_host=1 -DACC_MEM_SHARED=1 -foffload=disable -O1 (internal compiler error)
FAIL: libgomp.oacc-fortran/array-stride-dt-1.f90 -DACC_DEVICE_TYPE_host=1 -DACC_MEM_SHARED=1 -foffload=disable -O1 (test for excess errors)
UNRESOLVED: libgomp.oacc-fortran/array-stride-dt-1.f90 -DACC_DEVICE_TYPE_host=1 -DACC_MEM_SHARED=1 -foffload=disable -O1 compilation failed to produce executable
FAIL: libgomp.oacc-fortran/array-stride-dt-1.f90 -DACC_DEVICE_TYPE_host=1 -DACC_MEM_SHARED=1 -foffload=disable -O2 (internal compiler error)
FAIL: libgomp.oacc-fortran/array-stride-dt-1.f90 -DACC_DEVICE_TYPE_host=1 -DACC_MEM_SHARED=1 -foffload=disable -O2 (test for excess errors)
UNRESOLVED: libgomp.oacc-fortran/array-stride-dt-1.f90 -DACC_DEVICE_TYPE_host=1 -DACC_MEM_SHARED=1 -foffload=disable -O2 compilation failed to produce executable
FAIL: libgomp.oacc-fortran/array-stride-dt-1.f90 -DACC_DEVICE_TYPE_host=1 -DACC_MEM_SHARED=1 -foffload=disable -O3 -fomit-frame-pointer -funroll-loops -fpeel-loops -ftracer -finline-functions (internal compiler error)
FAIL: libgomp.oacc-fortran/array-stride-dt-1.f90 -DACC_DEVICE_TYPE_host=1 -DACC_MEM_SHARED=1 -foffload=disable -O3 -fomit-frame-pointer -funroll-loops -fpeel-loops -ftracer -finline-functions (test for excess errors)
UNRESOLVED: libgomp.oacc-fortran/array-stride-dt-1.f90 -DACC_DEVICE_TYPE_host=1 -DACC_MEM_SHARED=1 -foffload=disable -O3 -fomit-frame-pointer -funroll-loops -fpeel-loops -ftracer -finline-functions compilation failed to produce executable
FAIL: libgomp.oacc-fortran/array-stride-dt-1.f90 -DACC_DEVICE_TYPE_host=1 -DACC_MEM_SHARED=1 -foffload=disable -O3 -g (internal compiler error)
FAIL: libgomp.oacc-fortran/array-stride-dt-1.f90 -DACC_DEVICE_TYPE_host=1 -DACC_MEM_SHARED=1 -foffload=disable -O3 -g (test for excess errors)
UNRESOLVED: libgomp.oacc-fortran/array-stride-dt-1.f90 -DACC_DEVICE_TYPE_host=1 -DACC_MEM_SHARED=1 -foffload=disable -O3 -g compilation failed to produce executable
FAIL: libgomp.oacc-fortran/array-stride-dt-1.f90 -DACC_DEVICE_TYPE_host=1 -DACC_MEM_SHARED=1 -foffload=disable -Os (internal compiler error)
FAIL: libgomp.oacc-fortran/array-stride-dt-1.f90 -DACC_DEVICE_TYPE_host=1 -DACC_MEM_SHARED=1 -foffload=disable -Os (test for excess errors)
UNRESOLVED: libgomp.oacc-fortran/array-stride-dt-1.f90 -DACC_DEVICE_TYPE_host=1 -DACC_MEM_SHARED=1 -foffload=disable -Os compilation failed to produce executable
=== libgomp Summary for unix/-m64 ===
# of expected passes 8112
# of unexpected failures 13
# of expected failures 6
# of unresolved testcases 6
# of unsupported tests 612
=== libgomp Summary ===
# of expected passes 16224
# of unexpected failures 26
# of expected failures 12
# of unresolved testcases 12
# of unsupported tests 1224
=== libitm tests ===
Running target unix
=== libitm Summary for unix ===
# of expected passes 42
# of expected failures 3
# of unsupported tests 1
Running target unix/-m64
=== libitm Summary for unix/-m64 ===
# of expected passes 42
# of expected failures 3
# of unsupported tests 1
=== libitm Summary ===
# of expected passes 84
# of expected failures 6
# of unsupported tests 2
=== libphobos tests ===
Running target unix
FAIL: libphobos.phobos_shared/std/datetime/systime.d execution test
FAIL: libphobos.phobos_shared/std/datetime/timezone.d execution test
FAIL: libphobos.phobos_shared/std/digest/murmurhash.d execution test
FAIL: libphobos.phobos_shared/std/experimental/allocator/building_blocks/region.d execution test
FAIL: libphobos.phobos_shared/std/experimental/logger/filelogger.d execution test
FAIL: libphobos.phobos_shared/std/experimental/logger/multilogger.d execution test
FAIL: libphobos.phobos_shared/std/format.d execution test
FAIL: libphobos.phobos_shared/std/internal/math/errorfunction.d execution test
FAIL: libphobos.phobos_shared/std/internal/math/gammafunction.d execution test
FAIL: libphobos.phobos_shared/std/math.d execution test
WARNING: libphobos.phobos_shared/std/net/curl.d execution test program timed out.
FAIL: libphobos.phobos_shared/std/net/curl.d execution test
FAIL: libphobos.phobos_shared/std/net/isemail.d execution test
FAIL: libphobos.phobos_shared/std/numeric.d execution test
FAIL: libphobos.phobos_shared/std/parallelism.d execution test
FAIL: libphobos.phobos_shared/std/regex/internal/kickstart.d execution test
FAIL: libphobos.phobos_shared/std/regex/internal/tests.d execution test
FAIL: libphobos.phobos_shared/std/regex/package.d execution test
FAIL: libphobos.phobos_shared/std/stdio.d execution test
FAIL: libphobos.phobos_shared/std/variant.d execution test
FAIL: libphobos.shared/finalize.d -shared-libphobos -ldl execution test
FAIL: libphobos.shared/load.d -shared-libphobos -ldl execution test
FAIL: libphobos.shared/load_13414.d -shared-libphobos -ldl execution test
=== libphobos Summary for unix ===
# of expected passes 416
# of unexpected failures 22
Running target unix/-m64
FAIL: libphobos.phobos_shared/std/datetime/systime.d execution test
FAIL: libphobos.phobos_shared/std/datetime/timezone.d execution test
FAIL: libphobos.phobos_shared/std/digest/murmurhash.d execution test
FAIL: libphobos.phobos_shared/std/format.d execution test
FAIL: libphobos.phobos_shared/std/internal/math/errorfunction.d execution test
FAIL: libphobos.phobos_shared/std/internal/math/gammafunction.d execution test
FAIL: libphobos.phobos_shared/std/math.d execution test
FAIL: libphobos.phobos_shared/std/numeric.d execution test
FAIL: libphobos.phobos_shared/std/parallelism.d execution test
FAIL: libphobos.phobos_shared/std/regex/internal/kickstart.d execution test
FAIL: libphobos.phobos_shared/std/regex/internal/tests.d execution test
FAIL: libphobos.phobos_shared/std/regex/package.d execution test
FAIL: libphobos.shared/finalize.d -shared-libphobos -ldl execution test
FAIL: libphobos.shared/load.d -shared-libphobos -ldl execution test
FAIL: libphobos.shared/load_13414.d -shared-libphobos -ldl execution test
=== libphobos Summary for unix/-m64 ===
# of expected passes 423
# of unexpected failures 15
=== libphobos Summary ===
# of expected passes 839
# of unexpected failures 37
=== libstdc++ tests ===
Running target unix
FAIL: libstdc++-prettyprinters/80276.cc whatis p4
FAIL: libstdc++-prettyprinters/80276.cc whatis p4
FAIL: libstdc++-prettyprinters/libfundts.cc print as
FAIL: libstdc++-prettyprinters/libfundts.cc print as
FAIL: libstdc++-prettyprinters/libfundts.cc print os
FAIL: libstdc++-prettyprinters/libfundts.cc print os
=== libstdc++ Summary for unix ===
# of expected passes 14582
# of unexpected failures 6
# of expected failures 105
# of unsupported tests 734
Running target unix/-m64
FAIL: 20_util/to_chars/long_double.cc execution test
WARNING: 30_threads/barrier/arrive_and_wait.cc execution test program timed out.
FAIL: 30_threads/barrier/arrive_and_wait.cc execution test
WARNING: 30_threads/latch/3.cc execution test program timed out.
FAIL: 30_threads/latch/3.cc execution test
FAIL: libstdc++-prettyprinters/80276.cc whatis p4
FAIL: libstdc++-prettyprinters/80276.cc whatis p4
FAIL: libstdc++-prettyprinters/libfundts.cc print as
FAIL: libstdc++-prettyprinters/libfundts.cc print as
FAIL: libstdc++-prettyprinters/libfundts.cc print os
FAIL: libstdc++-prettyprinters/libfundts.cc print os
=== libstdc++ Summary for unix/-m64 ===
# of expected passes 14576
# of unexpected failures 9
# of expected failures 104
# of unsupported tests 736
=== libstdc++ Summary ===
# of expected passes 29158
# of unexpected failures 15
# of expected failures 209
# of unsupported tests 1470
Compiler version: 11.0.0 20210205 (experimental) [master revision b229baa75ce4627d1bd38f2d3dcd91af1a7071db] (GCC)
Platform: sparc-sun-solaris2.11
configure flags: --prefix=/vol/gcc --target=sparc-sun-solaris2.11 --enable-objc-gc --with-target-bdw-gc-include=/vol/gcc/include --with-target-bdw-gc-lib=/vol/gcc/lib,sparcv9=/vol/gcc/lib/sparcv9 --with-as=/vol/gcc/bin/gas-2.36 --with-gnu-as --with-gmp-include=/vol/gcc/include --with-gmp-lib=/vol/gcc/lib --with-mpfr-include=/vol/gcc/include --with-mpfr-lib=/vol/gcc/lib --with-mpc-include=/vol/gcc/include --with-mpc-lib=/vol/gcc/lib --enable-languages=all,ada,obj-c++,go --with-isl-include=/vol/gcc/include --with-isl-lib=/vol/gcc/lib --with-zstd-include=/vol/gcc/include --with-zstd-lib=/vol/gcc/lib --build=sparc-sun-solaris2.11 --host=sparc-sun-solaris2.11
BOOT_CFLAGS=-g -O2
More information about the Gcc-testresults
mailing list