Results for 8.4.1 (DEFMODE=default DEFCPU=default DEFFPU=default TESTFLAGS=) [r8-10750] (GCC) testsuite on arm-none-eabi
Christophe LYON
christophe.lyon@foss.st.com
Wed Feb 3 05:50:43 GMT 2021
LAST_UPDATED: Wed Feb 3 04:40:27 UTC 2021 (revision r8-10750-g43c0d08a7290d100474ca6f00cc154b9280ef3e6) TARGET=arm-none-eabi CPU=default FPU=default MODE=default
Target is arm-none-eabi
Host is arm-none-eabi
=== libstdc++ tests ===
Running target myarm-sim
FAIL: 27_io/basic_filebuf/underflow/wchar_t/11603.cc execution test
FAIL: 27_io/basic_fstream/53984.cc execution test
FAIL: abi/header_cxxabi.c (test for excess errors)
XPASS: ext/stdio_filebuf/char/10063-2.cc execution test
XPASS: ext/stdio_filebuf/char/10063-3.cc execution test
=== libstdc++ Summary ===
# of expected passes 10505
# of unexpected failures 3
# of unexpected successes 2
# of expected failures 77
# of unsupported tests 830
Host is x86_64-pc-linux-gnu
=== gcc tests ===
Running target myarm-sim
FAIL: gcc.dg/vect/pr91293-1.c -flto -ffat-lto-objects execution test
FAIL: gcc.dg/vect/pr91293-1.c execution test
FAIL: gcc.dg/vect/pr91293-2.c -flto -ffat-lto-objects execution test
FAIL: gcc.dg/vect/pr91293-2.c execution test
FAIL: gcc.dg/vect/pr91293-3.c -flto -ffat-lto-objects execution test
FAIL: gcc.dg/vect/pr91293-3.c execution test
XPASS: gcc.dg/vect/vect-cond-1.c -flto -ffat-lto-objects scan-tree-dump-times vect "OUTER LOOP VECTORIZED" 1
XPASS: gcc.dg/vect/vect-cond-1.c scan-tree-dump-times vect "OUTER LOOP VECTORIZED" 1
XPASS: gcc.dg/vect/vect-cond-3.c -flto -ffat-lto-objects scan-tree-dump-times vect "OUTER LOOP VECTORIZED" 1
XPASS: gcc.dg/vect/vect-cond-3.c scan-tree-dump-times vect "OUTER LOOP VECTORIZED" 1
XPASS: gcc.dg/vect/vect-cond-4.c -flto -ffat-lto-objects scan-tree-dump-times vect "OUTER LOOP VECTORIZED" 1
XPASS: gcc.dg/vect/vect-cond-4.c scan-tree-dump-times vect "OUTER LOOP VECTORIZED" 1
UNRESOLVED: gcc.target/aarch64/advsimd-intrinsics/vld1x2.c -O0 compilation failed to produce executable
UNRESOLVED: gcc.target/aarch64/advsimd-intrinsics/vld1x2.c -O1 compilation failed to produce executable
UNRESOLVED: gcc.target/aarch64/advsimd-intrinsics/vld1x2.c -O2 compilation failed to produce executable
UNRESOLVED: gcc.target/aarch64/advsimd-intrinsics/vld1x2.c -O2 -flto -fno-use-linker-plugin -flto-partition=none compilation failed to produce executable
UNRESOLVED: gcc.target/aarch64/advsimd-intrinsics/vld1x2.c -O2 -flto -fuse-linker-plugin -fno-fat-lto-objects compilation failed to produce executable
UNRESOLVED: gcc.target/aarch64/advsimd-intrinsics/vld1x2.c -O3 -fomit-frame-pointer -funroll-loops -fpeel-loops -ftracer -finline-functions compilation failed to produce executable
UNRESOLVED: gcc.target/aarch64/advsimd-intrinsics/vld1x2.c -O3 -g compilation failed to produce executable
UNRESOLVED: gcc.target/aarch64/advsimd-intrinsics/vld1x2.c -Og -g compilation failed to produce executable
UNRESOLVED: gcc.target/aarch64/advsimd-intrinsics/vld1x2.c -Os compilation failed to produce executable
UNRESOLVED: gcc.target/aarch64/advsimd-intrinsics/vld1x3.c -O0 compilation failed to produce executable
UNRESOLVED: gcc.target/aarch64/advsimd-intrinsics/vld1x3.c -O1 compilation failed to produce executable
UNRESOLVED: gcc.target/aarch64/advsimd-intrinsics/vld1x3.c -O2 compilation failed to produce executable
UNRESOLVED: gcc.target/aarch64/advsimd-intrinsics/vld1x3.c -O2 -flto -fno-use-linker-plugin -flto-partition=none compilation failed to produce executable
UNRESOLVED: gcc.target/aarch64/advsimd-intrinsics/vld1x3.c -O2 -flto -fuse-linker-plugin -fno-fat-lto-objects compilation failed to produce executable
UNRESOLVED: gcc.target/aarch64/advsimd-intrinsics/vld1x3.c -O3 -fomit-frame-pointer -funroll-loops -fpeel-loops -ftracer -finline-functions compilation failed to produce executable
UNRESOLVED: gcc.target/aarch64/advsimd-intrinsics/vld1x3.c -O3 -g compilation failed to produce executable
UNRESOLVED: gcc.target/aarch64/advsimd-intrinsics/vld1x3.c -Og -g compilation failed to produce executable
UNRESOLVED: gcc.target/aarch64/advsimd-intrinsics/vld1x3.c -Os compilation failed to produce executable
UNRESOLVED: gcc.target/aarch64/advsimd-intrinsics/vld1x4.c -O0 compilation failed to produce executable
UNRESOLVED: gcc.target/aarch64/advsimd-intrinsics/vld1x4.c -O1 compilation failed to produce executable
UNRESOLVED: gcc.target/aarch64/advsimd-intrinsics/vld1x4.c -O2 compilation failed to produce executable
UNRESOLVED: gcc.target/aarch64/advsimd-intrinsics/vld1x4.c -O2 -flto -fno-use-linker-plugin -flto-partition=none compilation failed to produce executable
UNRESOLVED: gcc.target/aarch64/advsimd-intrinsics/vld1x4.c -O2 -flto -fuse-linker-plugin -fno-fat-lto-objects compilation failed to produce executable
UNRESOLVED: gcc.target/aarch64/advsimd-intrinsics/vld1x4.c -O3 -fomit-frame-pointer -funroll-loops -fpeel-loops -ftracer -finline-functions compilation failed to produce executable
UNRESOLVED: gcc.target/aarch64/advsimd-intrinsics/vld1x4.c -O3 -g compilation failed to produce executable
UNRESOLVED: gcc.target/aarch64/advsimd-intrinsics/vld1x4.c -Og -g compilation failed to produce executable
UNRESOLVED: gcc.target/aarch64/advsimd-intrinsics/vld1x4.c -Os compilation failed to produce executable
UNRESOLVED: gcc.target/aarch64/advsimd-intrinsics/vst1x2.c -O0 compilation failed to produce executable
UNRESOLVED: gcc.target/aarch64/advsimd-intrinsics/vst1x2.c -O1 compilation failed to produce executable
UNRESOLVED: gcc.target/aarch64/advsimd-intrinsics/vst1x2.c -O2 compilation failed to produce executable
UNRESOLVED: gcc.target/aarch64/advsimd-intrinsics/vst1x2.c -O2 -flto -fno-use-linker-plugin -flto-partition=none compilation failed to produce executable
UNRESOLVED: gcc.target/aarch64/advsimd-intrinsics/vst1x2.c -O2 -flto -fuse-linker-plugin -fno-fat-lto-objects compilation failed to produce executable
UNRESOLVED: gcc.target/aarch64/advsimd-intrinsics/vst1x2.c -O3 -fomit-frame-pointer -funroll-loops -fpeel-loops -ftracer -finline-functions compilation failed to produce executable
UNRESOLVED: gcc.target/aarch64/advsimd-intrinsics/vst1x2.c -O3 -g compilation failed to produce executable
UNRESOLVED: gcc.target/aarch64/advsimd-intrinsics/vst1x2.c -Og -g compilation failed to produce executable
UNRESOLVED: gcc.target/aarch64/advsimd-intrinsics/vst1x2.c -Os compilation failed to produce executable
UNRESOLVED: gcc.target/aarch64/advsimd-intrinsics/vst1x3.c -O0 compilation failed to produce executable
UNRESOLVED: gcc.target/aarch64/advsimd-intrinsics/vst1x3.c -O1 compilation failed to produce executable
UNRESOLVED: gcc.target/aarch64/advsimd-intrinsics/vst1x3.c -O2 compilation failed to produce executable
UNRESOLVED: gcc.target/aarch64/advsimd-intrinsics/vst1x3.c -O2 -flto -fno-use-linker-plugin -flto-partition=none compilation failed to produce executable
UNRESOLVED: gcc.target/aarch64/advsimd-intrinsics/vst1x3.c -O2 -flto -fuse-linker-plugin -fno-fat-lto-objects compilation failed to produce executable
UNRESOLVED: gcc.target/aarch64/advsimd-intrinsics/vst1x3.c -O3 -fomit-frame-pointer -funroll-loops -fpeel-loops -ftracer -finline-functions compilation failed to produce executable
UNRESOLVED: gcc.target/aarch64/advsimd-intrinsics/vst1x3.c -O3 -g compilation failed to produce executable
UNRESOLVED: gcc.target/aarch64/advsimd-intrinsics/vst1x3.c -Og -g compilation failed to produce executable
UNRESOLVED: gcc.target/aarch64/advsimd-intrinsics/vst1x3.c -Os compilation failed to produce executable
UNRESOLVED: gcc.target/aarch64/advsimd-intrinsics/vst1x4.c -O0 compilation failed to produce executable
UNRESOLVED: gcc.target/aarch64/advsimd-intrinsics/vst1x4.c -O1 compilation failed to produce executable
UNRESOLVED: gcc.target/aarch64/advsimd-intrinsics/vst1x4.c -O2 compilation failed to produce executable
UNRESOLVED: gcc.target/aarch64/advsimd-intrinsics/vst1x4.c -O2 -flto -fno-use-linker-plugin -flto-partition=none compilation failed to produce executable
UNRESOLVED: gcc.target/aarch64/advsimd-intrinsics/vst1x4.c -O2 -flto -fuse-linker-plugin -fno-fat-lto-objects compilation failed to produce executable
UNRESOLVED: gcc.target/aarch64/advsimd-intrinsics/vst1x4.c -O3 -fomit-frame-pointer -funroll-loops -fpeel-loops -ftracer -finline-functions compilation failed to produce executable
UNRESOLVED: gcc.target/aarch64/advsimd-intrinsics/vst1x4.c -O3 -g compilation failed to produce executable
UNRESOLVED: gcc.target/aarch64/advsimd-intrinsics/vst1x4.c -Og -g compilation failed to produce executable
UNRESOLVED: gcc.target/aarch64/advsimd-intrinsics/vst1x4.c -Os compilation failed to produce executable
FAIL: gcc.target/arm/armv8_2-fp16-scalar-2.c scan-assembler-times vmov.f16\\\\ts[0-9]+, #1\\\\.0e\\\\+0 4
FAIL: gcc.target/arm/memcpy-aligned-1.c scan-assembler-not ldr\\t
FAIL: gcc.target/arm/memcpy-aligned-1.c scan-assembler-times str\\t 1
FAIL: gcc.target/arm/pr42575.c scan-assembler-not mov
FAIL: gcc.target/arm/pr45701-1.c scan-assembler push\\t{r3
FAIL: gcc.target/arm/pr45701-1.c scan-assembler-not [^-]r8
FAIL: gcc.target/arm/pr45701-2.c scan-assembler-not [^-]r8
FAIL: gcc.target/arm/reg_equal_test.c scan-rtl-dump expand "expr_list:REG_EQUAL \\\\(const_int -942519458"
=== gcc Summary ===
# of expected passes 102052
# of unexpected failures 14
# of unexpected successes 6
# of expected failures 289
# of unresolved testcases 54
# of unsupported tests 6012
/tmp/1726278_30.tmpdir/aci-gcc-fsf/builds/gcc-fsf-gccsrc/obj-arm-none-eabi/gcc3/gcc/xgcc version 8.4.1 (DEFMODE=default DEFCPU=default DEFFPU=default TESTFLAGS=) [r8-10750] (GCC)
Host is x86_64-pc-linux-gnu
=== g++ tests ===
Running target myarm-sim
FAIL: g++.dg/compat/init/init-ref2 cp_compat_x_tst.o-cp_compat_y_tst.o link
XPASS: g++.dg/cpp0x/lambda/lambda-eh.C -std=c++11 execution test
XPASS: g++.dg/cpp0x/lambda/lambda-eh.C -std=c++14 execution test
FAIL: g++.dg/cpp1y/lambda-generic-69078-1.C -std=gnu++14 (test for excess errors)
UNRESOLVED: g++.dg/cpp1y/lambda-generic-69078-1.C -std=gnu++14 compilation failed to produce executable
FAIL: g++.dg/cpp1y/lambda-init1.C -std=gnu++14 (test for excess errors)
UNRESOLVED: g++.dg/cpp1y/lambda-init1.C -std=gnu++14 compilation failed to produce executable
FAIL: g++.dg/expr/ptrmem8.C -std=c++11 (test for excess errors)
UNRESOLVED: g++.dg/expr/ptrmem8.C -std=c++11 compilation failed to produce executable
FAIL: g++.dg/expr/ptrmem8.C -std=c++14 (test for excess errors)
UNRESOLVED: g++.dg/expr/ptrmem8.C -std=c++14 compilation failed to produce executable
FAIL: g++.dg/expr/ptrmem8.C -std=c++98 (test for excess errors)
UNRESOLVED: g++.dg/expr/ptrmem8.C -std=c++98 compilation failed to produce executable
FAIL: g++.dg/expr/ptrmem9.C -std=c++11 (test for excess errors)
UNRESOLVED: g++.dg/expr/ptrmem9.C -std=c++11 compilation failed to produce executable
FAIL: g++.dg/expr/ptrmem9.C -std=c++14 (test for excess errors)
UNRESOLVED: g++.dg/expr/ptrmem9.C -std=c++14 compilation failed to produce executable
FAIL: g++.dg/expr/ptrmem9.C -std=c++98 (test for excess errors)
UNRESOLVED: g++.dg/expr/ptrmem9.C -std=c++98 compilation failed to produce executable
FAIL: g++.dg/init/init-ref2.C -std=c++11 (test for excess errors)
UNRESOLVED: g++.dg/init/init-ref2.C -std=c++11 compilation failed to produce executable
FAIL: g++.dg/init/init-ref2.C -std=c++14 (test for excess errors)
UNRESOLVED: g++.dg/init/init-ref2.C -std=c++14 compilation failed to produce executable
FAIL: g++.dg/init/init-ref2.C -std=c++98 (test for excess errors)
UNRESOLVED: g++.dg/init/init-ref2.C -std=c++98 compilation failed to produce executable
FAIL: g++.dg/init/ref15.C -std=c++11 (test for excess errors)
UNRESOLVED: g++.dg/init/ref15.C -std=c++11 compilation failed to produce executable
FAIL: g++.dg/init/ref15.C -std=c++14 (test for excess errors)
UNRESOLVED: g++.dg/init/ref15.C -std=c++14 compilation failed to produce executable
FAIL: g++.dg/init/ref15.C -std=c++98 (test for excess errors)
UNRESOLVED: g++.dg/init/ref15.C -std=c++98 compilation failed to produce executable
FAIL: g++.dg/init/vector1.C -std=gnu++11 (test for excess errors)
UNRESOLVED: g++.dg/init/vector1.C -std=gnu++11 compilation failed to produce executable
FAIL: g++.dg/init/vector1.C -std=gnu++14 (test for excess errors)
UNRESOLVED: g++.dg/init/vector1.C -std=gnu++14 compilation failed to produce executable
FAIL: g++.dg/init/vector1.C -std=gnu++98 (test for excess errors)
UNRESOLVED: g++.dg/init/vector1.C -std=gnu++98 compilation failed to produce executable
FAIL: g++.dg/ipa/devirt-28a.C -std=gnu++11 (test for excess errors)
FAIL: g++.dg/ipa/devirt-28a.C -std=gnu++14 (test for excess errors)
FAIL: g++.dg/ipa/devirt-28a.C -std=gnu++98 (test for excess errors)
FAIL: g++.dg/opt/pr23478.C -std=gnu++11 (test for excess errors)
UNRESOLVED: g++.dg/opt/pr23478.C -std=gnu++11 compilation failed to produce executable
FAIL: g++.dg/opt/pr23478.C -std=gnu++14 (test for excess errors)
UNRESOLVED: g++.dg/opt/pr23478.C -std=gnu++14 compilation failed to produce executable
FAIL: g++.dg/opt/pr23478.C -std=gnu++98 (test for excess errors)
UNRESOLVED: g++.dg/opt/pr23478.C -std=gnu++98 compilation failed to produce executable
FAIL: g++.dg/opt/static5.C -std=gnu++11 (test for excess errors)
UNRESOLVED: g++.dg/opt/static5.C -std=gnu++11 compilation failed to produce executable
FAIL: g++.dg/opt/static5.C -std=gnu++14 (test for excess errors)
UNRESOLVED: g++.dg/opt/static5.C -std=gnu++14 compilation failed to produce executable
FAIL: g++.dg/opt/static5.C -std=gnu++98 (test for excess errors)
UNRESOLVED: g++.dg/opt/static5.C -std=gnu++98 compilation failed to produce executable
FAIL: g++.dg/pr83239.C -std=gnu++98 (test for excess errors)
FAIL: g++.dg/template/pr98297.C -std=c++11 (test for errors, line 5)
FAIL: g++.dg/template/pr98297.C -std=c++11 (test for excess errors)
FAIL: g++.dg/template/pr98297.C -std=c++14 (test for errors, line 5)
FAIL: g++.dg/template/pr98297.C -std=c++14 (test for excess errors)
FAIL: g++.dg/template/static34.C -std=c++11 (test for excess errors)
FAIL: g++.dg/template/static34.C -std=c++14 (test for excess errors)
FAIL: g++.dg/template/static34.C -std=c++98 (test for excess errors)
XPASS: g++.dg/warn/pr33738.C -std=gnu++11 (test for warnings, line 18)
XPASS: g++.dg/warn/pr33738.C -std=gnu++11 (test for warnings, line 22)
XPASS: g++.dg/warn/pr33738.C -std=gnu++14 (test for warnings, line 18)
XPASS: g++.dg/warn/pr33738.C -std=gnu++14 (test for warnings, line 22)
XPASS: g++.dg/warn/pr33738.C -std=gnu++98 (test for warnings, line 18)
XPASS: g++.dg/warn/pr33738.C -std=gnu++98 (test for warnings, line 22)
FAIL: g++.dg/lto/20091219 cp_lto_20091219_0.o-cp_lto_20091219_0.o link, -O3 -flto
FAIL: g++.dg/lto/pr65276 cp_lto_pr65276_0.o-cp_lto_pr65276_1.o link, -flto -O0 -std=c++11
FAIL: g++.dg/torture/pr31863.C -O0 (test for excess errors)
FAIL: g++.dg/torture/pr31863.C -O1 (test for excess errors)
FAIL: g++.dg/torture/pr31863.C -O2 (test for excess errors)
FAIL: g++.dg/torture/pr31863.C -O2 -flto -fno-use-linker-plugin -flto-partition=none (test for excess errors)
FAIL: g++.dg/torture/pr31863.C -O3 -g (test for excess errors)
FAIL: g++.dg/torture/pr31863.C -Os (test for excess errors)
FAIL: g++.old-deja/g++.jason/pmf7.C -std=c++98 (test for excess errors)
UNRESOLVED: g++.old-deja/g++.jason/pmf7.C -std=c++98 compilation failed to produce executable
FAIL: g++.old-deja/g++.mike/init1.C -std=c++11 (test for excess errors)
UNRESOLVED: g++.old-deja/g++.mike/init1.C -std=c++11 compilation failed to produce executable
FAIL: g++.old-deja/g++.mike/init1.C -std=c++14 (test for excess errors)
UNRESOLVED: g++.old-deja/g++.mike/init1.C -std=c++14 compilation failed to produce executable
FAIL: g++.old-deja/g++.mike/init1.C -std=c++98 (test for excess errors)
UNRESOLVED: g++.old-deja/g++.mike/init1.C -std=c++98 compilation failed to produce executable
FAIL: g++.old-deja/g++.mike/leak1.C -std=c++11 (test for excess errors)
UNRESOLVED: g++.old-deja/g++.mike/leak1.C -std=c++11 compilation failed to produce executable
FAIL: g++.old-deja/g++.mike/leak1.C -std=c++14 (test for excess errors)
UNRESOLVED: g++.old-deja/g++.mike/leak1.C -std=c++14 compilation failed to produce executable
FAIL: g++.old-deja/g++.mike/leak1.C -std=c++98 (test for excess errors)
UNRESOLVED: g++.old-deja/g++.mike/leak1.C -std=c++98 compilation failed to produce executable
FAIL: g++.old-deja/g++.mike/p2736.C -std=c++11 (test for excess errors)
UNRESOLVED: g++.old-deja/g++.mike/p2736.C -std=c++11 compilation failed to produce executable
FAIL: g++.old-deja/g++.mike/p2736.C -std=c++14 (test for excess errors)
UNRESOLVED: g++.old-deja/g++.mike/p2736.C -std=c++14 compilation failed to produce executable
FAIL: g++.old-deja/g++.mike/p2736.C -std=c++98 (test for excess errors)
UNRESOLVED: g++.old-deja/g++.mike/p2736.C -std=c++98 compilation failed to produce executable
FAIL: g++.old-deja/g++.mike/p3041.C -std=c++11 (test for excess errors)
UNRESOLVED: g++.old-deja/g++.mike/p3041.C -std=c++11 compilation failed to produce executable
FAIL: g++.old-deja/g++.mike/p3041.C -std=c++14 (test for excess errors)
UNRESOLVED: g++.old-deja/g++.mike/p3041.C -std=c++14 compilation failed to produce executable
FAIL: g++.old-deja/g++.mike/p3041.C -std=c++98 (test for excess errors)
UNRESOLVED: g++.old-deja/g++.mike/p3041.C -std=c++98 compilation failed to produce executable
FAIL: g++.old-deja/g++.other/init5.C -std=c++11 (test for excess errors)
UNRESOLVED: g++.old-deja/g++.other/init5.C -std=c++11 compilation failed to produce executable
FAIL: g++.old-deja/g++.other/init5.C -std=c++14 (test for excess errors)
UNRESOLVED: g++.old-deja/g++.other/init5.C -std=c++14 compilation failed to produce executable
FAIL: g++.old-deja/g++.other/init5.C -std=c++98 (test for excess errors)
UNRESOLVED: g++.old-deja/g++.other/init5.C -std=c++98 compilation failed to produce executable
FAIL: g++.old-deja/g++.other/init7.C -std=c++11 (test for excess errors)
UNRESOLVED: g++.old-deja/g++.other/init7.C -std=c++11 compilation failed to produce executable
FAIL: g++.old-deja/g++.other/init7.C -std=c++14 (test for excess errors)
UNRESOLVED: g++.old-deja/g++.other/init7.C -std=c++14 compilation failed to produce executable
FAIL: g++.old-deja/g++.other/init7.C -std=c++98 (test for excess errors)
UNRESOLVED: g++.old-deja/g++.other/init7.C -std=c++98 compilation failed to produce executable
FAIL: g++.old-deja/g++.other/singleton.C -std=c++11 (test for excess errors)
UNRESOLVED: g++.old-deja/g++.other/singleton.C -std=c++11 compilation failed to produce executable
FAIL: g++.old-deja/g++.other/singleton.C -std=c++14 (test for excess errors)
UNRESOLVED: g++.old-deja/g++.other/singleton.C -std=c++14 compilation failed to produce executable
FAIL: g++.old-deja/g++.other/singleton.C -std=c++98 (test for excess errors)
UNRESOLVED: g++.old-deja/g++.other/singleton.C -std=c++98 compilation failed to produce executable
FAIL: g++.old-deja/g++.other/static7.C -std=c++11 (test for excess errors)
UNRESOLVED: g++.old-deja/g++.other/static7.C -std=c++11 compilation failed to produce executable
FAIL: g++.old-deja/g++.other/static7.C -std=c++14 (test for excess errors)
UNRESOLVED: g++.old-deja/g++.other/static7.C -std=c++14 compilation failed to produce executable
FAIL: g++.old-deja/g++.other/static7.C -std=c++98 (test for excess errors)
UNRESOLVED: g++.old-deja/g++.other/static7.C -std=c++98 compilation failed to produce executable
=== g++ Summary ===
# of expected passes 103928
# of unexpected failures 68
# of unexpected successes 8
# of expected failures 445
# of unresolved testcases 48
# of unsupported tests 5589
/tmp/1726278_30.tmpdir/aci-gcc-fsf/builds/gcc-fsf-gccsrc/obj-arm-none-eabi/gcc3/gcc/xg++ version 8.4.1 (DEFMODE=default DEFCPU=default DEFFPU=default TESTFLAGS=) [r8-10750] (GCC)
Compiler version: 8.4.1 (DEFMODE=default DEFCPU=default DEFFPU=default TESTFLAGS=) [r8-10750] (GCC)
Platform: arm-none-eabi
configure flags: --target=arm-none-eabi --prefix=/tmp/1726278_30.tmpdir/aci-gcc-fsf/builds/gcc-fsf-gccsrc/tools --with-sysroot=/tmp/1726278_30.tmpdir/aci-gcc-fsf/builds/gcc-fsf-gccsrc/sysroot-arm-none-eabi --disable-nls --disable-libgomp --disable-libmudflap --disable-libcilkrts --enable-checking --enable-languages=c,c++ --with-newlib --disable-tls
More information about the Gcc-testresults
mailing list