Results for 11.0.0 20210130 (experimental) [master revision r11-6992-g2900f2f2c5fb] (GCC) testsuite on x86_64-apple-darwin15
Iain Sandoe
iains.gcc@gmail.com
Mon Feb 1 09:44:07 GMT 2021
LAST_UPDATED: Sat Jan 30 00:23:59 UTC 2021 (revision r11-6992-g2900f2f2c5fb)
=== acats tests ===
=== acats Summary ===
# of expected passes 2328
# of unexpected failures 0
Native configuration is x86_64-apple-darwin15
=== g++ tests ===
Running target unix/-m32
FAIL: c-c++-common/asan/alloca_big_alignment.c -Os output pattern test
FAIL: c-c++-common/asan/alloca_detect_custom_size.c -Os output pattern test
FAIL: c-c++-common/asan/alloca_overflow_partial.c -Os output pattern test
FAIL: c-c++-common/asan/alloca_overflow_right.c -Os output pattern test
FAIL: c-c++-common/asan/alloca_underflow_left.c -Os output pattern test
FAIL: c-c++-common/asan/memcmp-1.c -O0 output pattern test
FAIL: c-c++-common/asan/memcmp-1.c -O1 output pattern test
FAIL: c-c++-common/asan/memcmp-1.c -O2 output pattern test
FAIL: c-c++-common/asan/memcmp-1.c -O2 -flto output pattern test
FAIL: c-c++-common/asan/memcmp-1.c -O2 -flto -flto-partition=none output pattern test
FAIL: c-c++-common/asan/memcmp-1.c -O3 -g output pattern test
FAIL: c-c++-common/asan/memcmp-1.c -Os output pattern test
FAIL: g++.dg/asan/pr69276.C -O0 output pattern test
FAIL: c-c++-common/attr-used-9.c -std=gnu++14 scan-assembler-not __libc_freeres_fn\\n
FAIL: c-c++-common/attr-used-9.c -std=gnu++17 scan-assembler-not __libc_freeres_fn\\n
FAIL: c-c++-common/attr-used-9.c -std=gnu++2a scan-assembler-not __libc_freeres_fn\\n
FAIL: c-c++-common/attr-used-9.c -std=gnu++98 scan-assembler-not __libc_freeres_fn\\n
FAIL: g++.dg/ext/pr84828.C -std=gnu++14 (internal compiler error)
FAIL: g++.dg/ext/pr84828.C -std=gnu++14 (test for excess errors)
FAIL: g++.dg/ext/pr84828.C -std=gnu++17 (internal compiler error)
FAIL: g++.dg/ext/pr84828.C -std=gnu++17 (test for excess errors)
FAIL: g++.dg/ext/pr84828.C -std=gnu++2a (internal compiler error)
FAIL: g++.dg/ext/pr84828.C -std=gnu++2a (test for excess errors)
FAIL: g++.dg/ext/pr84828.C -std=gnu++98 (internal compiler error)
FAIL: g++.dg/ext/pr84828.C -std=gnu++98 (test for excess errors)
FAIL: g++.dg/ipa/pr67056.C scan-ipa-dump cp "Speculative outer type:struct CompositeClass"
WARNING: g++.dg/template/defarg22.C -std=c++17 (test for excess errors) program timed out.
FAIL: g++.dg/template/defarg22.C -std=c++17 (test for excess errors)
WARNING: g++.dg/template/pr86246.C -std=c++2a (test for excess errors) program timed out.
FAIL: g++.dg/template/pr86246.C -std=c++2a (test for excess errors)
WARNING: g++.dg/template/pr97105.C -std=c++14 (test for excess errors) program timed out.
FAIL: g++.dg/template/pr97105.C -std=c++14 (test for excess errors)
WARNING: g++.dg/template/using29.C -std=c++14 (test for excess errors) program timed out.
FAIL: g++.dg/template/using29.C -std=c++14 (test for excess errors)
FAIL: g++.dg/lto/pr65276 cp_lto_pr65276_0.o-cp_lto_pr65276_1.o link, -flto -O0 -std=c++11
FAIL: g++.dg/lto/pr65549 cp_lto_pr65549_0.o-cp_lto_pr65549_0.o link, -std=gnu++14 -flto -g -O2 -fno-inline -flto-partition=max -Wno-return-type
FAIL: g++.dg/lto/pr89335 cp_lto_pr89335_0.o assemble, -O2 -flto -Wsuggest-final-methods
FAIL: g++.dg/modules/bad-mapper-2.C -std=c++17 (test for errors, line )
FAIL: g++.dg/modules/bad-mapper-2.C -std=c++17 (internal compiler error)
FAIL: g++.dg/modules/bad-mapper-2.C -std=c++17 (test for excess errors)
FAIL: g++.dg/modules/bad-mapper-2.C -std=c++2a (test for errors, line )
FAIL: g++.dg/modules/bad-mapper-2.C -std=c++2a (internal compiler error)
FAIL: g++.dg/modules/bad-mapper-2.C -std=c++2a (test for excess errors)
FAIL: g++.dg/modules/xtreme-header-2_a.H -std=c++2a (internal compiler error)
FAIL: g++.dg/modules/xtreme-header-2_a.H -std=c++2a (test for excess errors)
FAIL: g++.dg/modules/xtreme-header-2_a.H module-cmi (gcm.cache/\$srcdir/g++.dg/modules/xtreme-header-2_a.H.gcm)
FAIL: g++.dg/modules/xtreme-header-2_b.C -std=c++2a (test for excess errors)
FAIL: g++.dg/modules/xtreme-header-2_c.C -std=c++2a (test for excess errors)
FAIL: g++.dg/modules/xtreme-header-5_a.H -std=c++2a (internal compiler error)
FAIL: g++.dg/modules/xtreme-header-5_a.H -std=c++2a (test for excess errors)
FAIL: g++.dg/modules/xtreme-header-5_a.H module-cmi (gcm.cache/\$srcdir/g++.dg/modules/xtreme-header-5_a.H.gcm)
FAIL: g++.dg/modules/xtreme-header-5_b.C -std=c++2a (test for excess errors)
FAIL: g++.dg/modules/xtreme-header-5_c.C -std=c++2a (test for excess errors)
FAIL: g++.dg/modules/xtreme-header-6_a.H -std=c++2a (internal compiler error)
FAIL: g++.dg/modules/xtreme-header-6_a.H -std=c++2a (test for excess errors)
FAIL: g++.dg/modules/xtreme-header-6_a.H module-cmi (gcm.cache/\$srcdir/g++.dg/modules/xtreme-header-6_a.H.gcm)
FAIL: g++.dg/modules/xtreme-header-6_b.C -std=c++2a (test for excess errors)
FAIL: g++.dg/modules/xtreme-header-6_c.C -std=c++2a (test for excess errors)
FAIL: g++.dg/modules/xtreme-header_a.H -std=c++2a (internal compiler error)
FAIL: g++.dg/modules/xtreme-header_a.H -std=c++2a (test for excess errors)
FAIL: g++.dg/modules/xtreme-header_a.H module-cmi (gcm.cache/\$srcdir/g++.dg/modules/xtreme-header_a.H.gcm)
FAIL: g++.dg/modules/xtreme-header_b.C -std=c++2a (test for excess errors)
FAIL: g++.dg/modules/xtreme-tr1_a.H -std=c++2a (internal compiler error)
FAIL: g++.dg/modules/xtreme-tr1_a.H -std=c++2a (test for excess errors)
FAIL: g++.dg/modules/xtreme-tr1_a.H module-cmi (gcm.cache/\$srcdir/g++.dg/modules/xtreme-tr1_a.H.gcm)
FAIL: g++.dg/modules/xtreme-tr1_b.C -std=c++2a (test for excess errors)
WARNING: g++.dg/torture/pr43880.C -O2 (test for excess errors) program timed out.
FAIL: g++.dg/torture/pr43880.C -O2 (test for excess errors)
FAIL: g++.dg/tree-prof/pr57451.C compilation, -fprofile-generate -D_PROFILE_GENERATE
UNRESOLVED: g++.dg/tree-prof/pr57451.C compilation, -fprofile-use -D_PROFILE_USE
UNRESOLVED: g++.dg/tree-prof/pr57451.C execution, -fprofile-generate -D_PROFILE_GENERATE
UNRESOLVED: g++.dg/tree-prof/pr57451.C execution, -fprofile-use -D_PROFILE_USE
FAIL: g++.dg/tree-prof/pr63581.C compilation, -fprofile-generate -D_PROFILE_GENERATE
UNRESOLVED: g++.dg/tree-prof/pr63581.C compilation, -fprofile-use -D_PROFILE_USE
UNRESOLVED: g++.dg/tree-prof/pr63581.C execution, -fprofile-generate -D_PROFILE_GENERATE
UNRESOLVED: g++.dg/tree-prof/pr63581.C execution, -fprofile-use -D_PROFILE_USE
FAIL: g++.target/i386/avx512f-pr96891-1.C -std=gnu++14 scan-assembler-not %k[0-7]
FAIL: g++.target/i386/avx512f-pr96891-1.C -std=gnu++17 scan-assembler-not %k[0-7]
FAIL: g++.target/i386/avx512f-pr96891-1.C -std=gnu++2a scan-assembler-not %k[0-7]
FAIL: g++.target/i386/avx512f-pr96891-1.C -std=gnu++98 scan-assembler-not %k[0-7]
=== g++ Summary for unix/-m32 ===
# of expected passes 195523
# of unexpected failures 69
# of expected failures 1005
# of unresolved testcases 6
# of unsupported tests 9112
Running target unix/-m64
FAIL: c-c++-common/asan/alloca_big_alignment.c -Os output pattern test
FAIL: c-c++-common/asan/alloca_detect_custom_size.c -Os output pattern test
FAIL: c-c++-common/asan/alloca_overflow_partial.c -Os output pattern test
FAIL: c-c++-common/asan/alloca_overflow_right.c -Os output pattern test
FAIL: c-c++-common/asan/alloca_underflow_left.c -Os output pattern test
FAIL: c-c++-common/asan/memcmp-1.c -O0 output pattern test
FAIL: c-c++-common/asan/memcmp-1.c -O1 output pattern test
FAIL: c-c++-common/asan/memcmp-1.c -O2 output pattern test
FAIL: c-c++-common/asan/memcmp-1.c -O2 -flto output pattern test
FAIL: c-c++-common/asan/memcmp-1.c -O2 -flto -flto-partition=none output pattern test
FAIL: c-c++-common/asan/memcmp-1.c -O3 -g output pattern test
FAIL: c-c++-common/asan/memcmp-1.c -Os output pattern test
FAIL: g++.dg/asan/pr69276.C -O0 output pattern test
WARNING: g++.dg/coroutines/torture/co-await-00-trivial.C -O2 -flto (test for excess errors) program timed out.
FAIL: g++.dg/coroutines/torture/co-await-00-trivial.C -O2 -flto (test for excess errors)
FAIL: c-c++-common/attr-used-9.c -std=gnu++14 scan-assembler-not __libc_freeres_fn\\n
FAIL: c-c++-common/attr-used-9.c -std=gnu++17 scan-assembler-not __libc_freeres_fn\\n
FAIL: c-c++-common/attr-used-9.c -std=gnu++2a scan-assembler-not __libc_freeres_fn\\n
FAIL: c-c++-common/attr-used-9.c -std=gnu++98 scan-assembler-not __libc_freeres_fn\\n
WARNING: c-c++-common/pr82112.c -std=c++14 (test for excess errors) program timed out.
FAIL: c-c++-common/pr82112.c -std=c++14 (test for excess errors)
FAIL: g++.dg/ipa/pr67056.C scan-ipa-dump cp "Speculative outer type:struct CompositeClass"
WARNING: g++.dg/template/arg3.C -std=c++2a (test for excess errors) program timed out.
FAIL: g++.dg/template/arg3.C -std=c++2a (test for excess errors)
FAIL: g++.dg/lto/pr65276 cp_lto_pr65276_0.o-cp_lto_pr65276_1.o link, -flto -O0 -std=c++11
FAIL: g++.dg/lto/pr65549 cp_lto_pr65549_0.o-cp_lto_pr65549_0.o link, -std=gnu++14 -flto -g -O2 -fno-inline -flto-partition=max -Wno-return-type
FAIL: g++.dg/lto/pr89335 cp_lto_pr89335_0.o assemble, -O2 -flto -Wsuggest-final-methods
FAIL: g++.dg/modules/bad-mapper-2.C -std=c++17 (test for errors, line )
FAIL: g++.dg/modules/bad-mapper-2.C -std=c++17 (internal compiler error)
FAIL: g++.dg/modules/bad-mapper-2.C -std=c++17 (test for excess errors)
FAIL: g++.dg/modules/bad-mapper-2.C -std=c++2a (test for errors, line )
FAIL: g++.dg/modules/bad-mapper-2.C -std=c++2a (internal compiler error)
FAIL: g++.dg/modules/bad-mapper-2.C -std=c++2a (test for excess errors)
FAIL: g++.dg/modules/xtreme-header-2_a.H -std=c++2a (internal compiler error)
FAIL: g++.dg/modules/xtreme-header-2_a.H -std=c++2a (test for excess errors)
FAIL: g++.dg/modules/xtreme-header-2_a.H module-cmi (gcm.cache/\$srcdir/g++.dg/modules/xtreme-header-2_a.H.gcm)
FAIL: g++.dg/modules/xtreme-header-2_b.C -std=c++2a (test for excess errors)
FAIL: g++.dg/modules/xtreme-header-2_c.C -std=c++2a (test for excess errors)
FAIL: g++.dg/modules/xtreme-header-5_a.H -std=c++2a (internal compiler error)
FAIL: g++.dg/modules/xtreme-header-5_a.H -std=c++2a (test for excess errors)
FAIL: g++.dg/modules/xtreme-header-5_a.H module-cmi (gcm.cache/\$srcdir/g++.dg/modules/xtreme-header-5_a.H.gcm)
FAIL: g++.dg/modules/xtreme-header-5_b.C -std=c++2a (test for excess errors)
FAIL: g++.dg/modules/xtreme-header-5_c.C -std=c++2a (test for excess errors)
FAIL: g++.dg/modules/xtreme-header-6_a.H -std=c++2a (internal compiler error)
FAIL: g++.dg/modules/xtreme-header-6_a.H -std=c++2a (test for excess errors)
FAIL: g++.dg/modules/xtreme-header-6_a.H module-cmi (gcm.cache/\$srcdir/g++.dg/modules/xtreme-header-6_a.H.gcm)
FAIL: g++.dg/modules/xtreme-header-6_b.C -std=c++2a (test for excess errors)
FAIL: g++.dg/modules/xtreme-header-6_c.C -std=c++2a (test for excess errors)
FAIL: g++.dg/modules/xtreme-header_a.H -std=c++2a (internal compiler error)
FAIL: g++.dg/modules/xtreme-header_a.H -std=c++2a (test for excess errors)
FAIL: g++.dg/modules/xtreme-header_a.H module-cmi (gcm.cache/\$srcdir/g++.dg/modules/xtreme-header_a.H.gcm)
FAIL: g++.dg/modules/xtreme-header_b.C -std=c++2a (test for excess errors)
FAIL: g++.dg/modules/xtreme-tr1_a.H -std=c++2a (internal compiler error)
FAIL: g++.dg/modules/xtreme-tr1_a.H -std=c++2a (test for excess errors)
FAIL: g++.dg/modules/xtreme-tr1_a.H module-cmi (gcm.cache/\$srcdir/g++.dg/modules/xtreme-tr1_a.H.gcm)
FAIL: g++.dg/modules/xtreme-tr1_b.C -std=c++2a (test for excess errors)
WARNING: g++.dg/torture/pr84961-2.C -Os (test for excess errors) program timed out.
FAIL: g++.dg/torture/pr84961-2.C -Os (test for excess errors)
FAIL: g++.dg/tree-prof/pr57451.C compilation, -fprofile-generate -D_PROFILE_GENERATE
UNRESOLVED: g++.dg/tree-prof/pr57451.C compilation, -fprofile-use -D_PROFILE_USE
UNRESOLVED: g++.dg/tree-prof/pr57451.C execution, -fprofile-generate -D_PROFILE_GENERATE
UNRESOLVED: g++.dg/tree-prof/pr57451.C execution, -fprofile-use -D_PROFILE_USE
FAIL: g++.dg/tree-prof/pr63581.C compilation, -fprofile-generate -D_PROFILE_GENERATE
UNRESOLVED: g++.dg/tree-prof/pr63581.C compilation, -fprofile-use -D_PROFILE_USE
UNRESOLVED: g++.dg/tree-prof/pr63581.C execution, -fprofile-generate -D_PROFILE_GENERATE
UNRESOLVED: g++.dg/tree-prof/pr63581.C execution, -fprofile-use -D_PROFILE_USE
WARNING: g++.old-deja/g++.pt/crash60.C -std=c++14 (test for errors, line 8) program timed out.
WARNING: g++.old-deja/g++.pt/ptrmem4.C -std=c++14 (test for excess errors) program timed out.
FAIL: g++.old-deja/g++.pt/ptrmem4.C -std=c++14 (test for excess errors)
=== g++ Summary for unix/-m64 ===
# of expected passes 197799
# of unexpected failures 57
# of expected failures 1009
# of unresolved testcases 6
# of unsupported tests 9282
=== g++ Summary ===
# of expected passes 393322
# of unexpected failures 126
# of expected failures 2014
# of unresolved testcases 12
# of unsupported tests 18394
/scratch/10-11-elcap/gcc-master/gcc/xg++ version 11.0.0 20210130 (experimental) [master revision r11-6992-g2900f2f2c5fb] (GCC)
=== gcc tests ===
Running target unix/-m32
WARNING: gcc.c-torture/execute/pr66556.c -O3 -g (test for excess errors) program timed out.
FAIL: gcc.c-torture/execute/pr66556.c -O3 -g (test for excess errors)
WARNING: gcc.c-torture/execute/pr98853-2.c -O1 (test for excess errors) program timed out.
FAIL: gcc.c-torture/execute/pr98853-2.c -O1 (test for excess errors)
FAIL: gcc.dg/analyzer/write-to-string-literal-1.c (test for warnings, line 15)
FAIL: c-c++-common/asan/alloca_big_alignment.c -Os output pattern test
FAIL: c-c++-common/asan/alloca_detect_custom_size.c -Os output pattern test
FAIL: c-c++-common/asan/alloca_overflow_partial.c -Os output pattern test
FAIL: c-c++-common/asan/alloca_overflow_right.c -Os output pattern test
FAIL: c-c++-common/asan/alloca_underflow_left.c -Os output pattern test
FAIL: c-c++-common/asan/memcmp-1.c -O0 output pattern test
FAIL: c-c++-common/asan/memcmp-1.c -O1 output pattern test
FAIL: c-c++-common/asan/memcmp-1.c -O2 output pattern test
FAIL: c-c++-common/asan/memcmp-1.c -O2 -flto output pattern test
FAIL: c-c++-common/asan/memcmp-1.c -O2 -flto -flto-partition=none output pattern test
FAIL: c-c++-common/asan/memcmp-1.c -O3 -g output pattern test
FAIL: c-c++-common/asan/memcmp-1.c -Os output pattern test
FAIL: c-c++-common/asan/strncpy-overflow-1.c -O0 output pattern test
WARNING: gcc.dg/asan/nosanitize-and-inline.c -O3 -g (test for excess errors) program timed out.
FAIL: gcc.dg/asan/nosanitize-and-inline.c -O3 -g (test for excess errors)
FAIL: gcc.dg/atomic/pr65345-4.c -O2 -flto (internal compiler error)
FAIL: gcc.dg/atomic/pr65345-4.c -O2 -flto (test for excess errors)
FAIL: gcc.dg/atomic/pr65345-4.c -O2 -flto -flto-partition=none (internal compiler error)
FAIL: gcc.dg/atomic/pr65345-4.c -O2 -flto -flto-partition=none (test for excess errors)
FAIL: gcc.dg/debug/dwarf2/inline4.c scan-assembler DW_TAG_inlined_subroutine[^\\\\(]*\\\\([^\\\\)]*\\\\)[^\\\\(]*\\\\(DIE \\\\(0x[0-9a-f]*\\\\) DW_TAG_formal_parameter[^\\\\(]*\\\\(DIE \\\\(0x[0-9a-f]*\\\\) DW_TAG_variable
FAIL: c-c++-common/attr-used-9.c -Wc++-compat scan-assembler-not __libc_freeres_fn\\n
WARNING: gcc.dg/parse-decl-after-if.c (test for errors, line 9) program timed out.
FAIL: gcc.dg/stack-layout-dynamic-1.c (test for excess errors)
UNRESOLVED: gcc.dg/stack-layout-dynamic-1.c scan-assembler-not cfi_def_cfa_register
FAIL: c-c++-common/goacc/firstprivate-mappings-1.c scan-tree-dump omplower "(?n)#pragma omp target oacc_parallel map\\\\(from:array_so \\\\[len: 4\\\\]\\\\) firstprivate\\\\(array_li.[0-9]+\\\\) map\\\\(tofrom:\\\\(\\\\*array.[0-9]+\\\\) \\\\[len: D\\\\.[0-9]+\\\\]\\\\) map\\\\(firstprivate:array \\\\[pointer assign, bias: 0\\\\]\\\\) \\\\["
WARNING: c-c++-common/goacc/kernels-alias-ipa-pta.c scan-tree-dump-times optimized "(?n)= 0;\$" 2 program timed out.
FAIL: gcc.dg/graphite/scop-19.c scan-tree-dump-times graphite "number of SCoPs: 0" 1
FAIL: gcc.dg/ipa/ipa-icf-38.c scan-ltrans-tree-dump-not optimized "Function bar"
FAIL: gcc-dg-lto-modref-3-01.exe scan-wpa-ipa-dump modref "parm 1 flags: nodirectescape"
FAIL: gcc-dg-lto-modref-4-01.exe scan-wpa-ipa-dump modref "parm 1 flags: nodirectescape"
WARNING: gcc.dg/lto/20090218-1 c_lto_20090218-1_1.o assemble, -O2 -flto -flto-partition=none program timed out.
FAIL: gcc.dg/lto/20090218-1 c_lto_20090218-1_1.o assemble, -O2 -flto -flto-partition=none
FAIL: gcc.dg/lto/modref-3 c_lto_modref-3_0.o-c_lto_modref-3_1.o execute -O2 -flto-partition=max -fdump-ipa-modref -fno-ipa-sra -fno-ipa-cp -flto
FAIL: gcc.dg/lto/modref-4 c_lto_modref-4_0.o-c_lto_modref-4_1.o execute -O2 -flto-partition=max -fdump-ipa-modref -fno-ipa-sra -flto
FAIL: gcc.dg/torture/builtin-self.c -O0 scan-assembler-not \\tcall
WARNING: gcc.dg/torture/float32-basic.c -O2 -flto (test for excess errors) program timed out.
FAIL: gcc.dg/torture/float32-basic.c -O2 -flto (test for excess errors)
FAIL: gcc.dg/torture/pr71522.c -O1 execution test
FAIL: gcc.dg/torture/pr71522.c -O2 execution test
FAIL: gcc.dg/torture/pr71522.c -O2 -flto execution test
FAIL: gcc.dg/torture/pr71522.c -O2 -flto -flto-partition=none execution test
FAIL: gcc.dg/torture/pr71522.c -O3 -g execution test
FAIL: gcc.dg/torture/pr71522.c -Os execution test
WARNING: gcc.dg/torture/pr91200.c -O3 -fomit-frame-pointer -funroll-loops -fpeel-loops -ftracer -finline-functions (test for excess errors) program timed out.
FAIL: gcc.dg/torture/pr91200.c -O3 -fomit-frame-pointer -funroll-loops -fpeel-loops -ftracer -finline-functions (test for excess errors)
WARNING: gcc.dg/tree-ssa/pr21001.c (test for excess errors) program timed out.
FAIL: gcc.dg/tree-ssa/scev-3.c scan-tree-dump-times ivopts "&a" 1
FAIL: gcc.dg/tree-ssa/scev-5.c scan-tree-dump-times ivopts "&a" 1
XPASS: gcc.dg/vect/vect-reduc-in-order-1.c -flto -ffat-lto-objects execution test
XPASS: gcc.dg/vect/vect-reduc-in-order-1.c execution test
XPASS: gcc.dg/vect/vect-reduc-in-order-2.c -flto -ffat-lto-objects execution test
XPASS: gcc.dg/vect/vect-reduc-in-order-2.c execution test
XPASS: gcc.dg/vect/vect-reduc-in-order-3.c -flto -ffat-lto-objects execution test
XPASS: gcc.dg/vect/vect-reduc-in-order-3.c execution test
XPASS: gcc.dg/vect/vect-reduc-in-order-4.c -flto -ffat-lto-objects execution test
XPASS: gcc.dg/vect/vect-reduc-in-order-4.c execution test
FAIL: outputs exe savetmp named2: outputs.args.3
FAIL: outputs exe savetmp named2: std out
FAIL: gcc.target/i386/avx2-shiftqihi-constant-2.c (test for excess errors)
UNRESOLVED: gcc.target/i386/avx2-shiftqihi-constant-2.c compilation failed to produce executable
FAIL: gcc.target/i386/pad-3.c scan-assembler-not nop
FAIL: gcc.target/i386/pr15184-1.c scan-assembler-times movb[ \\\\t]+%al 4
FAIL: gcc.target/i386/pr15184-2.c scan-assembler-times movb[ \\\\t]+%al 2
FAIL: gcc.target/i386/pr36502.c scan-assembler-not esp
FAIL: gcc.target/i386/pr54855-3.c scan-assembler-not movsd
FAIL: gcc.target/i386/pr54855-7.c scan-assembler-not movss
FAIL: gcc.target/i386/pr66334.c scan-assembler movl[ \\\\t].+, %ebx
FAIL: gcc.target/i386/pr71245-1.c scan-assembler-not (fistp|fild)
FAIL: gcc.target/i386/pr71245-2.c scan-assembler-not movlps
FAIL: gcc.target/i386/pr71321.c scan-assembler-not lea.*0
FAIL: gcc.target/i386/pr78035.c scan-assembler-times cmp 2
FAIL: gcc.target/i386/pr80569.c (test for excess errors)
FAIL: gcc.target/i386/pr81736-5.c scan-assembler-not %[re]bp
XPASS: gcc.target/i386/pr84101.c scan-tree-dump-not slp2 "optimized: basic block"
FAIL: gcc.target/i386/pr84278.c scan-assembler-not \\\\(%.sp\\\\)
FAIL: gcc.target/i386/pr85667-6.c scan-assembler-times flds[^\\n\\r]* 1
FAIL: gcc.target/i386/pr92651.c scan-assembler-times sub 2
FAIL: gcc.target/i386/pr97873-1.c scan-assembler pabsq
FAIL: gcc.target/i386/ret-thunk-22.c scan-assembler call[ \\\\t]*___x86.get_pc_thunk.cx
FAIL: gcc.target/i386/ret-thunk-23.c scan-assembler call[ \\\\t]*___x86.get_pc_thunk.cx
FAIL: gcc.target/i386/ret-thunk-24.c scan-assembler call[ \\\\t]*___x86.get_pc_thunk.cx
FAIL: gcc.target/i386/vect8-ret.c scan-assembler-times movq 1
=== gcc Summary for unix/-m32 ===
# of expected passes 148817
# of unexpected failures 67
# of unexpected successes 9
# of expected failures 852
# of unresolved testcases 2
# of unsupported tests 4877
Running target unix/-m64
WARNING: gcc.c-torture/execute/961112-1.c -Os (test for excess errors) program timed out.
FAIL: gcc.c-torture/execute/961112-1.c -Os (test for excess errors)
WARNING: gcc.c-torture/execute/pr34456.c -O2 -flto (test for excess errors) program timed out.
FAIL: gcc.c-torture/execute/pr34456.c -O2 -flto (test for excess errors)
FAIL: gcc.dg/analyzer/write-to-string-literal-1.c (test for warnings, line 15)
FAIL: c-c++-common/asan/alloca_big_alignment.c -Os output pattern test
FAIL: c-c++-common/asan/alloca_detect_custom_size.c -Os output pattern test
FAIL: c-c++-common/asan/alloca_overflow_partial.c -Os output pattern test
FAIL: c-c++-common/asan/alloca_overflow_right.c -Os output pattern test
FAIL: c-c++-common/asan/alloca_underflow_left.c -Os output pattern test
FAIL: c-c++-common/asan/memcmp-1.c -O0 output pattern test
FAIL: c-c++-common/asan/memcmp-1.c -O1 output pattern test
FAIL: c-c++-common/asan/memcmp-1.c -O2 output pattern test
FAIL: c-c++-common/asan/memcmp-1.c -O2 -flto output pattern test
FAIL: c-c++-common/asan/memcmp-1.c -O2 -flto -flto-partition=none output pattern test
FAIL: c-c++-common/asan/memcmp-1.c -O3 -g output pattern test
FAIL: c-c++-common/asan/memcmp-1.c -Os output pattern test
FAIL: c-c++-common/asan/strncpy-overflow-1.c -O0 execution test
FAIL: gcc.dg/atomic/pr65345-4.c -O2 -flto (internal compiler error)
FAIL: gcc.dg/atomic/pr65345-4.c -O2 -flto (test for excess errors)
FAIL: gcc.dg/atomic/pr65345-4.c -O2 -flto -flto-partition=none (internal compiler error)
FAIL: gcc.dg/atomic/pr65345-4.c -O2 -flto -flto-partition=none (test for excess errors)
FAIL: gcc.dg/debug/dwarf2/inline4.c scan-assembler DW_TAG_inlined_subroutine[^\\\\(]*\\\\([^\\\\)]*\\\\)[^\\\\(]*\\\\(DIE \\\\(0x[0-9a-f]*\\\\) DW_TAG_formal_parameter[^\\\\(]*\\\\(DIE \\\\(0x[0-9a-f]*\\\\) DW_TAG_variable
FAIL: c-c++-common/attr-used-9.c -Wc++-compat scan-assembler-not __libc_freeres_fn\\n
FAIL: gcc.dg/stack-layout-dynamic-1.c (test for excess errors)
UNRESOLVED: gcc.dg/stack-layout-dynamic-1.c scan-assembler-not cfi_def_cfa_register
FAIL: gcc.dg/strlenopt-82.c scan-tree-dump-times optimized "call_in_true_branch_not_eliminated_" 0
FAIL: gcc.dg/graphite/scop-19.c scan-tree-dump-times graphite "number of SCoPs: 0" 1
FAIL: gcc.dg/ipa/ipa-icf-38.c scan-ltrans-tree-dump-not optimized "Function bar"
FAIL: gcc-dg-lto-modref-3-01.exe scan-wpa-ipa-dump modref "parm 1 flags: nodirectescape"
FAIL: gcc-dg-lto-modref-4-01.exe scan-wpa-ipa-dump modref "parm 1 flags: nodirectescape"
FAIL: gcc.dg/lto/modref-3 c_lto_modref-3_0.o-c_lto_modref-3_1.o execute -O2 -flto-partition=max -fdump-ipa-modref -fno-ipa-sra -fno-ipa-cp -flto
FAIL: gcc.dg/lto/modref-4 c_lto_modref-4_0.o-c_lto_modref-4_1.o execute -O2 -flto-partition=max -fdump-ipa-modref -fno-ipa-sra -flto
XPASS: gcc.dg/tree-ssa/pr91091-2.c scan-tree-dump-times fre1 " = [^;]*x;" 1
XPASS: gcc.dg/tree-ssa/pr91091-2.c scan-tree-dump-times fre1 "x = " 1
XPASS: gcc.dg/tree-ssa/ssa-fre-77.c scan-tree-dump fre1 "return 1;"
FAIL: outputs exe savetmp named2: outputs.args.3
FAIL: outputs exe savetmp named2: std out
FAIL: gcc.target/i386/avx2-shiftqihi-constant-2.c (test for excess errors)
UNRESOLVED: gcc.target/i386/avx2-shiftqihi-constant-2.c compilation failed to produce executable
FAIL: gcc.target/i386/avx512bw-pr88465.c scan-assembler-times kxnor[dq][ \\t] 2
FAIL: gcc.target/i386/avx512dq-pr88465.c scan-assembler-times kxnorb[ \\t] 1
FAIL: gcc.target/i386/avx512f-pr88465.c scan-assembler-times kxnorw[ \\t] 1
FAIL: gcc.target/i386/pr34256.c scan-assembler-times mov 5
FAIL: gcc.target/i386/pr71321.c scan-assembler-not lea.*0
FAIL: gcc.target/i386/pr78035.c scan-assembler-times cmp 2
FAIL: gcc.target/i386/pr80569.c (test for excess errors)
FAIL: gcc.target/i386/pr92651.c scan-assembler-times sub 2
FAIL: gcc.target/i386/pr94650.c scan-assembler-not movabs
FAIL: gcc.target/i386/pr94650.c scan-assembler-times shr 3
FAIL: gcc.target/i386/stackalign/pr88483-1.c -mno-stackrealign scan-assembler-not and[lq]?[^\\\\n]*-[0-9]+,[^\\\\n]*sp
FAIL: gcc.target/i386/stackalign/pr88483-1.c -mstackrealign scan-assembler-not and[lq]?[^\\\\n]*-[0-9]+,[^\\\\n]*sp
FAIL: gcc.target/i386/stackalign/pr88483-2.c -mno-stackrealign scan-assembler-not (sub|add)(l|q)[\\\\t ]*\\\\\$[0-9]*,[\\\\t ]*%[re]?sp
FAIL: gcc.target/i386/stackalign/pr88483-2.c -mno-stackrealign scan-assembler-not and[lq]?[^\\\\n]*-[0-9]+,[^\\\\n]*sp
FAIL: gcc.target/i386/stackalign/pr88483-2.c -mstackrealign scan-assembler-not (sub|add)(l|q)[\\\\t ]*\\\\\$[0-9]*,[\\\\t ]*%[re]?sp
FAIL: gcc.target/i386/stackalign/pr88483-2.c -mstackrealign scan-assembler-not and[lq]?[^\\\\n]*-[0-9]+,[^\\\\n]*sp
WARNING: gcc.target/x86_64/abi/avx/test_passing_m256.c compilation, -O0 program timed out.
FAIL: gcc.target/x86_64/abi/avx/test_passing_m256.c compilation, -O0
UNRESOLVED: gcc.target/x86_64/abi/avx/test_passing_m256.c execution, -O0
=== gcc Summary for unix/-m64 ===
# of expected passes 151322
# of unexpected failures 50
# of unexpected successes 3
# of expected failures 866
# of unresolved testcases 3
# of unsupported tests 4454
=== gcc Summary ===
# of expected passes 300139
# of unexpected failures 117
# of unexpected successes 12
# of expected failures 1718
# of unresolved testcases 5
# of unsupported tests 9331
/scratch/10-11-elcap/gcc-master/gcc/xgcc version 11.0.0 20210130 (experimental) [master revision r11-6992-g2900f2f2c5fb] (GCC)
=== gdc tests ===
Running target unix/-m32
WARNING: gdc.test/fail_compilation/fail4269f.d (test for excess errors) program timed out.
=== gdc Summary for unix/-m32 ===
# of expected passes 3707
# of unsupported tests 1075
Running target unix/-m64
WARNING: gdc.dg/gdc183.d (test for excess errors) program timed out.
=== gdc Summary for unix/-m64 ===
# of expected passes 3707
# of unsupported tests 1075
=== gdc Summary ===
# of expected passes 7414
# of unsupported tests 2150
/scratch/10-11-elcap/gcc-master/gcc/gdc version 11.0.0 20210130 (experimental) [master revision r11-6992-g2900f2f2c5fb] (GCC)
=== gfortran tests ===
Running target unix/-m32
WARNING: gfortran.dg/char_pointer_assign_4.f90 -O3 -g (test for excess errors) program timed out.
FAIL: gfortran.dg/char_pointer_assign_4.f90 -O3 -g (test for excess errors)
WARNING: gfortran.dg/pr68592.f -O program timed out.
=== gfortran Summary for unix/-m32 ===
# of expected passes 55731
# of unexpected failures 1
# of expected failures 234
# of unsupported tests 199
Running target unix/-m64
WARNING: gfortran.dg/popcnt_poppar_2.F90 -O1 (test for excess errors) program timed out.
FAIL: gfortran.dg/popcnt_poppar_2.F90 -O1 (test for excess errors)
WARNING: gfortran.dg/select_type_37.f03 -O2 (test for excess errors) program timed out.
FAIL: gfortran.dg/select_type_37.f03 -O2 (test for excess errors)
=== gfortran Summary for unix/-m64 ===
# of expected passes 55991
# of unexpected failures 2
# of expected failures 232
# of unsupported tests 82
=== gfortran Summary ===
# of expected passes 111722
# of unexpected failures 3
# of expected failures 466
# of unsupported tests 281
/scratch/10-11-elcap/gcc-master/gcc/gfortran version 11.0.0 20210130 (experimental) [master revision r11-6992-g2900f2f2c5fb] (GCC)
=== gnat tests ===
Running target unix/-m32
FAIL: gnat.dg/bias1.adb scan-assembler DW_AT_GNU_bias
WARNING: gnat.dg/curr_task.adb (test for excess errors) program timed out.
FAIL: gnat.dg/loop_optimization3.adb (test for excess errors)
UNRESOLVED: gnat.dg/loop_optimization3.adb compilation failed to produce executable
FAIL: gnat.dg/opt30.adb (test for excess errors)
UNRESOLVED: gnat.dg/opt30.adb compilation failed to produce executable
FAIL: gnat.dg/opt49.adb (test for excess errors)
UNRESOLVED: gnat.dg/opt49.adb compilation failed to produce executable
WARNING: gnat.dg/sso/u5.adb -O2 (test for excess errors) program timed out.
=== gnat Summary for unix/-m32 ===
# of expected passes 3326
# of unexpected failures 4
# of expected failures 23
# of unresolved testcases 3
# of unsupported tests 13
Running target unix/-m64
FAIL: gnat.dg/bias1.adb scan-assembler DW_AT_GNU_bias
WARNING: gnat.dg/global.adb (test for excess errors) program timed out.
FAIL: gnat.dg/global.adb (test for excess errors)
WARNING: gnat.dg/warn3.adb (test for excess errors) program timed out.
FAIL: gnat.dg/warn3.adb (test for excess errors)
=== gnat Summary for unix/-m64 ===
# of expected passes 3328
# of unexpected failures 3
# of expected failures 23
# of unsupported tests 13
=== gnat Summary ===
# of expected passes 6654
# of unexpected failures 7
# of expected failures 46
# of unresolved testcases 3
# of unsupported tests 26
/scratch/10-11-elcap/gcc-master/gcc/gnatmake version 11.0.0 20210130 (experimental) [master revision r11-6992-g2900f2f2c5fb]
=== obj-c++ tests ===
Running target unix/-m64
WARNING: program timed out
FAIL: obj-c++.dg/extern-c-1.mm -fgnu-runtime (test for excess errors)
=== obj-c++ Summary for unix/-m64 ===
# of expected passes 3152
# of unexpected failures 1
# of expected failures 22
# of unsupported tests 68
Running target unix/-m32
=== obj-c++ Summary for unix/-m32 ===
# of expected passes 3191
# of expected failures 4
# of unsupported tests 64
=== obj-c++ Summary ===
# of expected passes 6343
# of unexpected failures 1
# of expected failures 26
# of unsupported tests 132
/scratch/10-11-elcap/gcc-master/gcc/xg++ version 11.0.0 20210130 (experimental) [master revision r11-6992-g2900f2f2c5fb] (GCC)
=== objc tests ===
Running target unix/-m32
=== objc Summary for unix/-m32 ===
# of expected passes 5729
# of expected failures 7
# of unsupported tests 81
Running target unix/-m64
=== objc Summary for unix/-m64 ===
# of expected passes 5701
# of expected failures 13
# of unsupported tests 86
=== objc Summary ===
# of expected passes 11430
# of expected failures 20
# of unsupported tests 167
/scratch/10-11-elcap/gcc-master/gcc/xgcc version 11.0.0 20210130 (experimental) [master revision r11-6992-g2900f2f2c5fb] (GCC)
=== libatomic tests ===
Running target unix/-m64
=== libatomic Summary for unix/-m64 ===
# of expected passes 54
Running target unix/-m32
=== libatomic Summary for unix/-m32 ===
# of expected passes 44
# of unsupported tests 5
=== libatomic Summary ===
# of expected passes 98
# of unsupported tests 5
=== libgomp tests ===
Running target unix/-m64
FAIL: libgomp.c/../libgomp.c-c++-common/pr96390.c (test for excess errors)
UNRESOLVED: libgomp.c/../libgomp.c-c++-common/pr96390.c compilation failed to produce executable
FAIL: libgomp.c/../libgomp.c-c++-common/pr96390.c scan-tree-dump-times omplower "__attribute__..omp declare target" 1
FAIL: libgomp.c++/../libgomp.c-c++-common/pr96390.c (test for excess errors)
UNRESOLVED: libgomp.c++/../libgomp.c-c++-common/pr96390.c compilation failed to produce executable
FAIL: libgomp.c++/../libgomp.c-c++-common/pr96390.c scan-tree-dump-times omplower "__attribute__..omp declare target" 1
FAIL: libgomp.fortran/examples-4/simd-3.f90 -O1 execution test
FAIL: libgomp.fortran/examples-4/simd-3.f90 -Os execution test
=== libgomp Summary for unix/-m64 ===
# of expected passes 8161
# of unexpected failures 6
# of expected failures 6
# of unresolved testcases 2
# of unsupported tests 595
Running target unix/-m32
FAIL: libgomp.c/../libgomp.c-c++-common/pr96390.c (test for excess errors)
UNRESOLVED: libgomp.c/../libgomp.c-c++-common/pr96390.c compilation failed to produce executable
FAIL: libgomp.c/../libgomp.c-c++-common/pr96390.c scan-tree-dump-times omplower "__attribute__..omp declare target" 1
FAIL: libgomp.c++/../libgomp.c-c++-common/pr96390.c (test for excess errors)
UNRESOLVED: libgomp.c++/../libgomp.c-c++-common/pr96390.c compilation failed to produce executable
FAIL: libgomp.c++/../libgomp.c-c++-common/pr96390.c scan-tree-dump-times omplower "__attribute__..omp declare target" 1
WARNING: program timed out
FAIL: libgomp.oacc-fortran/routine-9.f90 -DACC_DEVICE_TYPE_host=1 -DACC_MEM_SHARED=1 -foffload=disable -O1 (test for excess errors)
=== libgomp Summary for unix/-m32 ===
# of expected passes 8161
# of unexpected failures 5
# of expected failures 6
# of unresolved testcases 2
# of unsupported tests 596
=== libgomp Summary ===
# of expected passes 16322
# of unexpected failures 11
# of expected failures 12
# of unresolved testcases 4
# of unsupported tests 1191
=== libitm tests ===
Running target unix/-m64
=== libitm Summary for unix/-m64 ===
# of expected passes 40
# of expected failures 3
# of unsupported tests 2
Running target unix/-m32
=== libitm Summary for unix/-m32 ===
# of expected passes 40
# of expected failures 3
# of unsupported tests 2
=== libitm Summary ===
# of expected passes 80
# of expected failures 6
# of unsupported tests 4
=== libstdc++ tests ===
Running target unix/-m32
WARNING: 30_threads/condition_variable/54185.cc execution test program timed out.
FAIL: 30_threads/condition_variable/54185.cc execution test
WARNING: 30_threads/future/members/93456.cc execution test program timed out.
FAIL: 30_threads/future/members/93456.cc execution test
FAIL: 30_threads/future/members/poll.cc execution test
WARNING: ext/rope/6.cc (test for excess errors) program timed out.
FAIL: ext/rope/6.cc (test for excess errors)
=== libstdc++ Summary for unix/-m32 ===
# of expected passes 13722
# of unexpected failures 4
# of expected failures 105
# of unsupported tests 757
Running target unix/-m64
FAIL: 20_util/to_chars/long_double.cc execution test
WARNING: 30_threads/condition_variable/54185.cc execution test program timed out.
FAIL: 30_threads/condition_variable/54185.cc execution test
FAIL: 30_threads/future/members/poll.cc execution test
=== libstdc++ Summary for unix/-m64 ===
# of expected passes 13718
# of unexpected failures 3
# of expected failures 104
# of unsupported tests 760
=== libstdc++ Summary ===
# of expected passes 27440
# of unexpected failures 7
# of expected failures 209
# of unsupported tests 1517
Compiler version: 11.0.0 20210130 (experimental) [master revision r11-6992-g2900f2f2c5fb] (GCC)
Platform: x86_64-apple-darwin15
configure flags: --prefix=/opt/iains/x86_64-apple-darwin15/gcc-11-0-0 --target=x86_64-apple-darwin15 --host=x86_64-apple-darwin15 --build=x86_64-apple-darwin15 --with-sysroot=/Library/Developer/CommandLineTools/SDKs/MacOSX.sdk --enable-languages=all CC=x86_64-apple-darwin15-gcc CXX=x86_64-apple-darwin15-g++
More information about the Gcc-testresults
mailing list