Results for 12.0.0 20211217 (experimental) [master revision 411ac94611f164fac7ec1cd5953549c0a56cf43a] (GCC) testsuite on x86_64-pc-solaris2.11
Rainer Orth
ro@CeBiTec.Uni-Bielefeld.DE
Sat Dec 18 18:19:44 GMT 2021
LAST_UPDATED: Fri Dec 17 11:35:27 UTC 2021 (revision 411ac94611f164fac7ec1cd5953549c0a56cf43a)
Native configuration is x86_64-pc-solaris2.11
=== libatomic tests ===
Running target unix/-m32
=== libatomic Summary for unix/-m32 ===
# of expected passes 44
# of unsupported tests 5
Running target unix
=== libatomic Summary for unix ===
# of expected passes 54
=== libatomic Summary ===
# of expected passes 98
# of unsupported tests 5
=== libffi tests ===
Running target unix/-m32
=== libffi Summary for unix/-m32 ===
# of expected passes 3764
Running target unix
=== libffi Summary for unix ===
# of expected passes 2304
=== libffi Summary ===
# of expected passes 6068
=== libgo tests ===
Running target unix
FAIL: net
=== libgo Summary for unix ===
# of expected passes 189
# of unexpected failures 1
Running target unix/-m32
FAIL: net
FAIL: runtime
FAIL: runtime/pprof
FAIL: time
=== libgo Summary for unix/-m32 ===
# of expected passes 186
# of unexpected failures 4
=== libgo Summary ===
# of expected passes 375
# of unexpected failures 5
/var/gcc/regression/master/11.4-gcc-gas-64/build/./gcc/gccgo version 12.0.0 20211217 (experimental) [master revision 411ac94611f164fac7ec1cd5953549c0a56cf43a] (GCC)
=== libgomp tests ===
Running target unix
WARNING: libgomp.c++/task-reduction-13.C execution test program timed out.
FAIL: libgomp.c++/task-reduction-13.C execution test
FAIL: libgomp.oacc-c++/../libgomp.oacc-c-c++-common/host_data-7.c -DACC_DEVICE_TYPE_host=1 -DACC_MEM_SHARED=1 -foffload=disable -O2 (test for excess errors)
FAIL: libgomp.oacc-c/../libgomp.oacc-c-c++-common/host_data-7.c -DACC_DEVICE_TYPE_host=1 -DACC_MEM_SHARED=1 -foffload=disable -O2 (test for excess errors)
=== libgomp Summary for unix ===
# of expected passes 11904
# of unexpected failures 3
# of expected failures 103
# of unsupported tests 556
Running target unix/-m32
FAIL: libgomp.fortran/pointer2.f90 -O2 execution test
FAIL: libgomp.fortran/pointer2.f90 -O3 -fomit-frame-pointer -funroll-loops -fpeel-loops -ftracer -finline-functions execution test
FAIL: libgomp.fortran/pointer2.f90 -O3 -g execution test
FAIL: libgomp.oacc-c++/../libgomp.oacc-c-c++-common/host_data-7.c -DACC_DEVICE_TYPE_host=1 -DACC_MEM_SHARED=1 -foffload=disable -O2 (test for excess errors)
FAIL: libgomp.oacc-c/../libgomp.oacc-c-c++-common/host_data-7.c -DACC_DEVICE_TYPE_host=1 -DACC_MEM_SHARED=1 -foffload=disable -O2 (test for excess errors)
=== libgomp Summary for unix/-m32 ===
# of expected passes 11901
# of unexpected failures 5
# of expected failures 103
# of unsupported tests 557
=== libgomp Summary ===
# of expected passes 23805
# of unexpected failures 8
# of expected failures 206
# of unsupported tests 1113
=== libitm tests ===
Running target unix/-m32
=== libitm Summary for unix/-m32 ===
# of expected passes 44
# of expected failures 3
# of unsupported tests 1
Running target unix
=== libitm Summary for unix ===
# of expected passes 44
# of expected failures 3
# of unsupported tests 1
=== libitm Summary ===
# of expected passes 88
# of expected failures 6
# of unsupported tests 2
=== libphobos tests ===
Running target unix
WARNING: libphobos.gc/forkgc2.d execution test program timed out.
FAIL: libphobos.gc/forkgc2.d execution test
WARNING: libphobos.gc/startbackgc.d execution test program timed out.
FAIL: libphobos.gc/startbackgc.d execution test
FAIL: libphobos.phobos/std/complex.d execution test
FAIL: libphobos.phobos/std/conv.d execution test
FAIL: libphobos.phobos/std/datetime/date.d execution test
FAIL: libphobos.phobos/std/datetime/interval.d execution test
FAIL: libphobos.phobos/std/datetime/systime.d execution test
FAIL: libphobos.phobos/std/datetime/timezone.d execution test
FAIL: libphobos.phobos/std/experimental/allocator/building_blocks/region.d execution test
FAIL: libphobos.phobos/std/file.d execution test
FAIL: libphobos.phobos/std/format/internal/floats.d execution test
FAIL: libphobos.phobos/std/format/internal/write.d execution test
FAIL: libphobos.phobos/std/format/package.d execution test
FAIL: libphobos.phobos/std/format/write.d execution test
FAIL: libphobos.phobos/std/functional.d execution test
FAIL: libphobos.phobos/std/math/exponential.d execution test
FAIL: libphobos.phobos/std/math/hardware.d execution test
FAIL: libphobos.phobos/std/numeric.d execution test
FAIL: libphobos.phobos/std/parallelism.d execution test
FAIL: libphobos.phobos/std/range/package.d execution test
FAIL: libphobos.phobos/std/typecons.d execution test
FAIL: libphobos.phobos/std/variant.d execution test
FAIL: libphobos.phobos_shared/std/complex.d execution test
FAIL: libphobos.phobos_shared/std/conv.d execution test
FAIL: libphobos.phobos_shared/std/datetime/date.d execution test
FAIL: libphobos.phobos_shared/std/datetime/interval.d execution test
FAIL: libphobos.phobos_shared/std/datetime/systime.d execution test
FAIL: libphobos.phobos_shared/std/datetime/timezone.d execution test
FAIL: libphobos.phobos_shared/std/experimental/allocator/building_blocks/region.d execution test
FAIL: libphobos.phobos_shared/std/file.d execution test
FAIL: libphobos.phobos_shared/std/format/internal/floats.d execution test
FAIL: libphobos.phobos_shared/std/format/internal/write.d execution test
FAIL: libphobos.phobos_shared/std/format/package.d execution test
FAIL: libphobos.phobos_shared/std/format/write.d execution test
FAIL: libphobos.phobos_shared/std/functional.d execution test
FAIL: libphobos.phobos_shared/std/math/exponential.d execution test
FAIL: libphobos.phobos_shared/std/math/hardware.d execution test
FAIL: libphobos.phobos_shared/std/numeric.d execution test
FAIL: libphobos.phobos_shared/std/parallelism.d execution test
FAIL: libphobos.phobos_shared/std/range/package.d execution test
FAIL: libphobos.phobos_shared/std/typecons.d execution test
FAIL: libphobos.phobos_shared/std/variant.d execution test
FAIL: libphobos.shared/finalize.d -shared-libphobos -ldl execution test
FAIL: libphobos.shared/load.d -shared-libphobos -ldl execution test
FAIL: libphobos.shared/load_13414.d -shared-libphobos -ldl execution test
=== libphobos Summary for unix ===
# of expected passes 1051
# of unexpected failures 45
Running target unix/-m32
WARNING: libphobos.gc/forkgc2.d execution test program timed out.
FAIL: libphobos.gc/forkgc2.d execution test
WARNING: libphobos.gc/startbackgc.d execution test program timed out.
FAIL: libphobos.gc/startbackgc.d execution test
FAIL: libphobos.phobos/std/complex.d execution test
FAIL: libphobos.phobos/std/conv.d execution test
FAIL: libphobos.phobos/std/datetime/systime.d execution test
FAIL: libphobos.phobos/std/datetime/timezone.d execution test
FAIL: libphobos.phobos/std/experimental/allocator/building_blocks/region.d execution test
FAIL: libphobos.phobos/std/format/internal/floats.d execution test
FAIL: libphobos.phobos/std/format/internal/write.d execution test
FAIL: libphobos.phobos/std/format/package.d execution test
FAIL: libphobos.phobos/std/format/write.d execution test
FAIL: libphobos.phobos/std/functional.d execution test
FAIL: libphobos.phobos/std/math/exponential.d execution test
FAIL: libphobos.phobos/std/math/hardware.d execution test
FAIL: libphobos.phobos/std/numeric.d execution test
FAIL: libphobos.phobos/std/parallelism.d execution test
FAIL: libphobos.phobos/std/range/package.d execution test
FAIL: libphobos.phobos/std/typecons.d execution test
FAIL: libphobos.phobos/std/variant.d execution test
FAIL: libphobos.phobos_shared/std/complex.d execution test
FAIL: libphobos.phobos_shared/std/conv.d execution test
FAIL: libphobos.phobos_shared/std/datetime/date.d execution test
FAIL: libphobos.phobos_shared/std/datetime/interval.d execution test
FAIL: libphobos.phobos_shared/std/datetime/systime.d execution test
FAIL: libphobos.phobos_shared/std/datetime/timezone.d execution test
FAIL: libphobos.phobos_shared/std/experimental/allocator/building_blocks/region.d execution test
FAIL: libphobos.phobos_shared/std/format/internal/floats.d execution test
FAIL: libphobos.phobos_shared/std/format/internal/write.d execution test
FAIL: libphobos.phobos_shared/std/format/package.d execution test
FAIL: libphobos.phobos_shared/std/format/write.d execution test
FAIL: libphobos.phobos_shared/std/functional.d execution test
FAIL: libphobos.phobos_shared/std/math/exponential.d execution test
FAIL: libphobos.phobos_shared/std/math/hardware.d execution test
FAIL: libphobos.phobos_shared/std/numeric.d execution test
FAIL: libphobos.phobos_shared/std/parallelism.d execution test
FAIL: libphobos.phobos_shared/std/range/package.d execution test
FAIL: libphobos.phobos_shared/std/typecons.d execution test
FAIL: libphobos.phobos_shared/std/variant.d execution test
FAIL: libphobos.shared/finalize.d -shared-libphobos -ldl execution test
FAIL: libphobos.shared/load.d -shared-libphobos -ldl execution test
FAIL: libphobos.shared/load_13414.d -shared-libphobos -ldl execution test
=== libphobos Summary for unix/-m32 ===
# of expected passes 1055
# of unexpected failures 41
=== libphobos Summary ===
# of expected passes 2106
# of unexpected failures 86
=== libstdc++ tests ===
Running target unix
FAIL: libstdc++-abi/abi_check
WARNING: 29_atomics/atomic/wait_notify/bool.cc execution test program timed out.
FAIL: 29_atomics/atomic/wait_notify/bool.cc execution test
WARNING: 29_atomics/atomic_float/wait_notify.cc execution test program timed out.
FAIL: 29_atomics/atomic_float/wait_notify.cc execution test
WARNING: 29_atomics/atomic_integral/wait_notify.cc execution test program timed out.
FAIL: 29_atomics/atomic_integral/wait_notify.cc execution test
FAIL: 30_threads/future/members/poll.cc execution test
=== libstdc++ Summary for unix ===
# of expected passes 14976
# of unexpected failures 5
# of expected failures 96
# of unsupported tests 740
Running target unix/-m32
FAIL: libstdc++-abi/abi_check
FAIL: 30_threads/future/members/poll.cc execution test
FAIL: ext/random/k_distribution/operators/serialize.cc execution test
=== libstdc++ Summary for unix/-m32 ===
# of expected passes 14990
# of unexpected failures 3
# of expected failures 96
# of unsupported tests 734
=== libstdc++ Summary ===
# of expected passes 29966
# of unexpected failures 8
# of expected failures 192
# of unsupported tests 1474
=== acats tests ===
=== acats Summary ===
# of expected passes 2328
# of unexpected failures 0
=== g++ tests ===
Running target unix
FAIL: g++.dg/gcov/pr16855-priority.C -std=gnu++14 gcov: 12 failures in line counts, 0 in branch percentages, 0 in return percentages, 0 in intermediate format
FAIL: g++.dg/gcov/pr16855-priority.C -std=gnu++14 line 14: is 2:should be 1
FAIL: g++.dg/gcov/pr16855-priority.C -std=gnu++14 line 21: is 2:should be 1
FAIL: g++.dg/gcov/pr16855-priority.C -std=gnu++14 line 22: is #####:should be 1
FAIL: g++.dg/gcov/pr16855-priority.C -std=gnu++14 line 35: is 2:should be 1
FAIL: g++.dg/gcov/pr16855-priority.C -std=gnu++14 line 41: is 2:should be 1
FAIL: g++.dg/gcov/pr16855-priority.C -std=gnu++14 line 46: is 2:should be 1
FAIL: g++.dg/gcov/pr16855-priority.C -std=gnu++14 line 51: is 2:should be 1
FAIL: g++.dg/gcov/pr16855-priority.C -std=gnu++14 line 56: is 2:should be 1
FAIL: g++.dg/gcov/pr16855-priority.C -std=gnu++14 line 61: is 2:should be 1
FAIL: g++.dg/gcov/pr16855-priority.C -std=gnu++14 line 66: is 2:should be 1
FAIL: g++.dg/gcov/pr16855-priority.C -std=gnu++14 line 71: is 2:should be 1
FAIL: g++.dg/gcov/pr16855-priority.C -std=gnu++14 line 76: is 2:should be 1
FAIL: g++.dg/gcov/pr16855-priority.C -std=gnu++17 gcov: 12 failures in line counts, 0 in branch percentages, 0 in return percentages, 0 in intermediate format
FAIL: g++.dg/gcov/pr16855-priority.C -std=gnu++17 line 14: is 3:should be 1
FAIL: g++.dg/gcov/pr16855-priority.C -std=gnu++17 line 21: is 3:should be 1
FAIL: g++.dg/gcov/pr16855-priority.C -std=gnu++17 line 22: is #####:should be 1
FAIL: g++.dg/gcov/pr16855-priority.C -std=gnu++17 line 35: is 3:should be 1
FAIL: g++.dg/gcov/pr16855-priority.C -std=gnu++17 line 41: is 3:should be 1
FAIL: g++.dg/gcov/pr16855-priority.C -std=gnu++17 line 46: is 3:should be 1
FAIL: g++.dg/gcov/pr16855-priority.C -std=gnu++17 line 51: is 3:should be 1
FAIL: g++.dg/gcov/pr16855-priority.C -std=gnu++17 line 56: is 3:should be 1
FAIL: g++.dg/gcov/pr16855-priority.C -std=gnu++17 line 61: is 3:should be 1
FAIL: g++.dg/gcov/pr16855-priority.C -std=gnu++17 line 66: is 3:should be 1
FAIL: g++.dg/gcov/pr16855-priority.C -std=gnu++17 line 71: is 3:should be 1
FAIL: g++.dg/gcov/pr16855-priority.C -std=gnu++17 line 76: is 3:should be 1
FAIL: g++.dg/gcov/pr16855-priority.C -std=gnu++2a gcov: 12 failures in line counts, 0 in branch percentages, 0 in return percentages, 0 in intermediate format
FAIL: g++.dg/gcov/pr16855-priority.C -std=gnu++2a line 14: is 4:should be 1
FAIL: g++.dg/gcov/pr16855-priority.C -std=gnu++2a line 21: is 4:should be 1
FAIL: g++.dg/gcov/pr16855-priority.C -std=gnu++2a line 22: is #####:should be 1
FAIL: g++.dg/gcov/pr16855-priority.C -std=gnu++2a line 35: is 4:should be 1
FAIL: g++.dg/gcov/pr16855-priority.C -std=gnu++2a line 41: is 4:should be 1
FAIL: g++.dg/gcov/pr16855-priority.C -std=gnu++2a line 46: is 4:should be 1
FAIL: g++.dg/gcov/pr16855-priority.C -std=gnu++2a line 51: is 4:should be 1
FAIL: g++.dg/gcov/pr16855-priority.C -std=gnu++2a line 56: is 4:should be 1
FAIL: g++.dg/gcov/pr16855-priority.C -std=gnu++2a line 61: is 4:should be 1
FAIL: g++.dg/gcov/pr16855-priority.C -std=gnu++2a line 66: is 4:should be 1
FAIL: g++.dg/gcov/pr16855-priority.C -std=gnu++2a line 71: is 4:should be 1
FAIL: g++.dg/gcov/pr16855-priority.C -std=gnu++2a line 76: is 4:should be 1
FAIL: g++.dg/gcov/pr16855-priority.C -std=gnu++98 gcov: 1 failures in line counts, 0 in branch percentages, 0 in return percentages, 0 in intermediate format
FAIL: g++.dg/gcov/pr16855-priority.C -std=gnu++98 line 22: is #####:should be 1
FAIL: g++.dg/gcov/pr16855.C -std=gnu++14 gcov: 6 failures in line counts, 0 in branch percentages, 0 in return percentages, 0 in intermediate format
FAIL: g++.dg/gcov/pr16855.C -std=gnu++14 line 15: is 2:should be 1
FAIL: g++.dg/gcov/pr16855.C -std=gnu++14 line 22: is 2:should be 1
FAIL: g++.dg/gcov/pr16855.C -std=gnu++14 line 24: is #####:should be 1
FAIL: g++.dg/gcov/pr16855.C -std=gnu++14 line 38: is 2:should be 1
FAIL: g++.dg/gcov/pr16855.C -std=gnu++14 line 44: is 2:should be 1
FAIL: g++.dg/gcov/pr16855.C -std=gnu++14 line 49: is 2:should be 1
FAIL: g++.dg/gcov/pr16855.C -std=gnu++17 gcov: 6 failures in line counts, 0 in branch percentages, 0 in return percentages, 0 in intermediate format
FAIL: g++.dg/gcov/pr16855.C -std=gnu++17 line 15: is 3:should be 1
FAIL: g++.dg/gcov/pr16855.C -std=gnu++17 line 22: is 3:should be 1
FAIL: g++.dg/gcov/pr16855.C -std=gnu++17 line 24: is #####:should be 1
FAIL: g++.dg/gcov/pr16855.C -std=gnu++17 line 38: is 3:should be 1
FAIL: g++.dg/gcov/pr16855.C -std=gnu++17 line 44: is 3:should be 1
FAIL: g++.dg/gcov/pr16855.C -std=gnu++17 line 49: is 3:should be 1
FAIL: g++.dg/gcov/pr16855.C -std=gnu++2a gcov: 6 failures in line counts, 0 in branch percentages, 0 in return percentages, 0 in intermediate format
FAIL: g++.dg/gcov/pr16855.C -std=gnu++2a line 15: is 4:should be 1
FAIL: g++.dg/gcov/pr16855.C -std=gnu++2a line 22: is 4:should be 1
FAIL: g++.dg/gcov/pr16855.C -std=gnu++2a line 24: is #####:should be 1
FAIL: g++.dg/gcov/pr16855.C -std=gnu++2a line 38: is 4:should be 1
FAIL: g++.dg/gcov/pr16855.C -std=gnu++2a line 44: is 4:should be 1
FAIL: g++.dg/gcov/pr16855.C -std=gnu++2a line 49: is 4:should be 1
FAIL: g++.dg/gcov/pr16855.C -std=gnu++98 gcov: 1 failures in line counts, 0 in branch percentages, 0 in return percentages, 0 in intermediate format
FAIL: g++.dg/gcov/pr16855.C -std=gnu++98 line 24: is #####:should be 1
FAIL: g++.dg/modules/stdio-1_a.H -std=c++17 scan-lang-dump module "Depset:0 decl entity:[0-9]* function_decl:'::printf'"
FAIL: g++.dg/modules/stdio-1_a.H -std=c++2a scan-lang-dump module "Depset:0 decl entity:[0-9]* function_decl:'::printf'"
FAIL: g++.dg/modules/stdio-1_a.H -std=c++2b scan-lang-dump module "Depset:0 decl entity:[0-9]* function_decl:'::printf'"
FAIL: g++.dg/modules/xtreme-header-3_a.H -std=c++17 (internal compiler error: tree check: expected var_decl or function_decl or field_decl or type_decl or concept_decl or template_decl, have namespace_decl in get_merge_kind, at cp/module.cc:10074)
FAIL: g++.dg/modules/xtreme-header-3_a.H -std=c++17 (test for excess errors)
FAIL: g++.dg/modules/xtreme-header-3_a.H -std=c++2a (internal compiler error: tree check: expected var_decl or function_decl or field_decl or type_decl or concept_decl or template_decl, have namespace_decl in get_merge_kind, at cp/module.cc:10074)
FAIL: g++.dg/modules/xtreme-header-3_a.H -std=c++2a (test for excess errors)
FAIL: g++.dg/modules/xtreme-header-3_a.H -std=c++2b (internal compiler error: tree check: expected var_decl or function_decl or field_decl or type_decl or concept_decl or template_decl, have namespace_decl in get_merge_kind, at cp/module.cc:10074)
FAIL: g++.dg/modules/xtreme-header-3_a.H -std=c++2b (test for excess errors)
FAIL: g++.dg/modules/xtreme-header-3_a.H module-cmi (gcm.cache/\$srcdir/g++.dg/modules/xtreme-header-3_a.H.gcm)
FAIL: g++.dg/modules/xtreme-header-3_a.H module-cmi (gcm.cache/\$srcdir/g++.dg/modules/xtreme-header-3_a.H.gcm)
FAIL: g++.dg/modules/xtreme-header-3_a.H module-cmi (gcm.cache/\$srcdir/g++.dg/modules/xtreme-header-3_a.H.gcm)
FAIL: g++.dg/modules/xtreme-header-3_b.C -std=c++17 (test for excess errors)
FAIL: g++.dg/modules/xtreme-header-3_b.C -std=c++2a (test for excess errors)
FAIL: g++.dg/modules/xtreme-header-3_b.C -std=c++2b (test for excess errors)
FAIL: g++.dg/modules/xtreme-header-3_c.C -std=c++17 (test for excess errors)
FAIL: g++.dg/modules/xtreme-header-3_c.C -std=c++2a (test for excess errors)
FAIL: g++.dg/modules/xtreme-header-3_c.C -std=c++2b (test for excess errors)
FAIL: g++.dg/modules/xtreme-header-5_a.H -std=c++2a (internal compiler error: tree check: expected var_decl or function_decl or field_decl or type_decl or concept_decl or template_decl, have namespace_decl in get_merge_kind, at cp/module.cc:10074)
FAIL: g++.dg/modules/xtreme-header-5_a.H -std=c++2a (test for excess errors)
FAIL: g++.dg/modules/xtreme-header-5_a.H -std=c++2b (internal compiler error: tree check: expected var_decl or function_decl or field_decl or type_decl or concept_decl or template_decl, have namespace_decl in get_merge_kind, at cp/module.cc:10074)
FAIL: g++.dg/modules/xtreme-header-5_a.H -std=c++2b (test for excess errors)
FAIL: g++.dg/modules/xtreme-header-5_a.H module-cmi (gcm.cache/\$srcdir/g++.dg/modules/xtreme-header-5_a.H.gcm)
FAIL: g++.dg/modules/xtreme-header-5_a.H module-cmi (gcm.cache/\$srcdir/g++.dg/modules/xtreme-header-5_a.H.gcm)
FAIL: g++.dg/modules/xtreme-header-5_b.C -std=c++2a (test for excess errors)
FAIL: g++.dg/modules/xtreme-header-5_b.C -std=c++2b (test for excess errors)
FAIL: g++.dg/modules/xtreme-header-5_c.C -std=c++2a (test for excess errors)
FAIL: g++.dg/modules/xtreme-header-5_c.C -std=c++2b (test for excess errors)
FAIL: g++.dg/modules/xtreme-header_a.H -std=c++17 (internal compiler error: tree check: expected var_decl or function_decl or field_decl or type_decl or concept_decl or template_decl, have namespace_decl in get_merge_kind, at cp/module.cc:10074)
FAIL: g++.dg/modules/xtreme-header_a.H -std=c++17 (test for excess errors)
FAIL: g++.dg/modules/xtreme-header_a.H -std=c++2a (internal compiler error: tree check: expected var_decl or function_decl or field_decl or type_decl or concept_decl or template_decl, have namespace_decl in get_merge_kind, at cp/module.cc:10074)
FAIL: g++.dg/modules/xtreme-header_a.H -std=c++2a (test for excess errors)
FAIL: g++.dg/modules/xtreme-header_a.H -std=c++2b (internal compiler error: tree check: expected var_decl or function_decl or field_decl or type_decl or concept_decl or template_decl, have namespace_decl in get_merge_kind, at cp/module.cc:10074)
FAIL: g++.dg/modules/xtreme-header_a.H -std=c++2b (test for excess errors)
FAIL: g++.dg/modules/xtreme-header_a.H module-cmi (gcm.cache/\$srcdir/g++.dg/modules/xtreme-header_a.H.gcm)
FAIL: g++.dg/modules/xtreme-header_a.H module-cmi (gcm.cache/\$srcdir/g++.dg/modules/xtreme-header_a.H.gcm)
FAIL: g++.dg/modules/xtreme-header_a.H module-cmi (gcm.cache/\$srcdir/g++.dg/modules/xtreme-header_a.H.gcm)
FAIL: g++.dg/modules/xtreme-header_b.C -std=c++17 (test for excess errors)
FAIL: g++.dg/modules/xtreme-header_b.C -std=c++2a (test for excess errors)
FAIL: g++.dg/modules/xtreme-header_b.C -std=c++2b (test for excess errors)
FAIL: g++.target/i386/pr97054.C -std=gnu++14 (test for excess errors)
UNRESOLVED: g++.target/i386/pr97054.C -std=gnu++14 compilation failed to produce executable
FAIL: g++.target/i386/pr97054.C -std=gnu++17 (test for excess errors)
UNRESOLVED: g++.target/i386/pr97054.C -std=gnu++17 compilation failed to produce executable
FAIL: g++.target/i386/pr97054.C -std=gnu++2a (test for excess errors)
UNRESOLVED: g++.target/i386/pr97054.C -std=gnu++2a compilation failed to produce executable
FAIL: g++.target/i386/pr97054.C -std=gnu++98 (test for excess errors)
UNRESOLVED: g++.target/i386/pr97054.C -std=gnu++98 compilation failed to produce executable
=== g++ Summary for unix ===
# of expected passes 219463
# of unexpected failures 108
# of expected failures 1428
# of unresolved testcases 4
# of unsupported tests 9873
Running target unix/-m32
FAIL: c-c++-common/asan/swapcontext-test-1.c -O0 execution test
FAIL: c-c++-common/asan/swapcontext-test-1.c -O1 execution test
FAIL: c-c++-common/asan/swapcontext-test-1.c -O2 execution test
FAIL: c-c++-common/asan/swapcontext-test-1.c -O2 -flto execution test
FAIL: c-c++-common/asan/swapcontext-test-1.c -O2 -flto -flto-partition=none execution test
FAIL: c-c++-common/asan/swapcontext-test-1.c -O3 -fomit-frame-pointer -funroll-loops -fpeel-loops -ftracer -finline-functions execution test
FAIL: c-c++-common/asan/swapcontext-test-1.c -O3 -g execution test
FAIL: c-c++-common/asan/swapcontext-test-1.c -Os execution test
FAIL: g++.dg/asan/default-options-1.C -O0 execution test
FAIL: g++.dg/asan/default-options-1.C -O1 execution test
FAIL: g++.dg/asan/default-options-1.C -O2 execution test
FAIL: g++.dg/asan/default-options-1.C -O2 -flto execution test
FAIL: g++.dg/asan/default-options-1.C -O2 -flto -flto-partition=none execution test
FAIL: g++.dg/asan/default-options-1.C -O3 -g execution test
FAIL: g++.dg/asan/default-options-1.C -Os execution test
FAIL: g++.dg/opt/pr59470.C -std=gnu++14 (test for excess errors)
UNRESOLVED: g++.dg/opt/pr59470.C -std=gnu++14 compilation failed to produce executable
FAIL: g++.dg/opt/pr59470.C -std=gnu++17 (test for excess errors)
UNRESOLVED: g++.dg/opt/pr59470.C -std=gnu++17 compilation failed to produce executable
FAIL: g++.dg/opt/pr59470.C -std=gnu++2a (test for excess errors)
UNRESOLVED: g++.dg/opt/pr59470.C -std=gnu++2a compilation failed to produce executable
FAIL: g++.dg/opt/pr59470.C -std=gnu++98 (test for excess errors)
UNRESOLVED: g++.dg/opt/pr59470.C -std=gnu++98 compilation failed to produce executable
FAIL: g++.dg/gcov/pr16855-priority.C -std=gnu++14 gcov: 12 failures in line counts, 0 in branch percentages, 0 in return percentages, 0 in intermediate format
FAIL: g++.dg/gcov/pr16855-priority.C -std=gnu++14 line 14: is 2:should be 1
FAIL: g++.dg/gcov/pr16855-priority.C -std=gnu++14 line 21: is 2:should be 1
FAIL: g++.dg/gcov/pr16855-priority.C -std=gnu++14 line 22: is #####:should be 1
FAIL: g++.dg/gcov/pr16855-priority.C -std=gnu++14 line 35: is 2:should be 1
FAIL: g++.dg/gcov/pr16855-priority.C -std=gnu++14 line 41: is 2:should be 1
FAIL: g++.dg/gcov/pr16855-priority.C -std=gnu++14 line 46: is 2:should be 1
FAIL: g++.dg/gcov/pr16855-priority.C -std=gnu++14 line 51: is 2:should be 1
FAIL: g++.dg/gcov/pr16855-priority.C -std=gnu++14 line 56: is 2:should be 1
FAIL: g++.dg/gcov/pr16855-priority.C -std=gnu++14 line 61: is 2:should be 1
FAIL: g++.dg/gcov/pr16855-priority.C -std=gnu++14 line 66: is 2:should be 1
FAIL: g++.dg/gcov/pr16855-priority.C -std=gnu++14 line 71: is 2:should be 1
FAIL: g++.dg/gcov/pr16855-priority.C -std=gnu++14 line 76: is 2:should be 1
FAIL: g++.dg/gcov/pr16855-priority.C -std=gnu++17 gcov: 12 failures in line counts, 0 in branch percentages, 0 in return percentages, 0 in intermediate format
FAIL: g++.dg/gcov/pr16855-priority.C -std=gnu++17 line 14: is 3:should be 1
FAIL: g++.dg/gcov/pr16855-priority.C -std=gnu++17 line 21: is 3:should be 1
FAIL: g++.dg/gcov/pr16855-priority.C -std=gnu++17 line 22: is #####:should be 1
FAIL: g++.dg/gcov/pr16855-priority.C -std=gnu++17 line 35: is 3:should be 1
FAIL: g++.dg/gcov/pr16855-priority.C -std=gnu++17 line 41: is 3:should be 1
FAIL: g++.dg/gcov/pr16855-priority.C -std=gnu++17 line 46: is 3:should be 1
FAIL: g++.dg/gcov/pr16855-priority.C -std=gnu++17 line 51: is 3:should be 1
FAIL: g++.dg/gcov/pr16855-priority.C -std=gnu++17 line 56: is 3:should be 1
FAIL: g++.dg/gcov/pr16855-priority.C -std=gnu++17 line 61: is 3:should be 1
FAIL: g++.dg/gcov/pr16855-priority.C -std=gnu++17 line 66: is 3:should be 1
FAIL: g++.dg/gcov/pr16855-priority.C -std=gnu++17 line 71: is 3:should be 1
FAIL: g++.dg/gcov/pr16855-priority.C -std=gnu++17 line 76: is 3:should be 1
FAIL: g++.dg/gcov/pr16855-priority.C -std=gnu++2a gcov: 12 failures in line counts, 0 in branch percentages, 0 in return percentages, 0 in intermediate format
FAIL: g++.dg/gcov/pr16855-priority.C -std=gnu++2a line 14: is 4:should be 1
FAIL: g++.dg/gcov/pr16855-priority.C -std=gnu++2a line 21: is 4:should be 1
FAIL: g++.dg/gcov/pr16855-priority.C -std=gnu++2a line 22: is #####:should be 1
FAIL: g++.dg/gcov/pr16855-priority.C -std=gnu++2a line 35: is 4:should be 1
FAIL: g++.dg/gcov/pr16855-priority.C -std=gnu++2a line 41: is 4:should be 1
FAIL: g++.dg/gcov/pr16855-priority.C -std=gnu++2a line 46: is 4:should be 1
FAIL: g++.dg/gcov/pr16855-priority.C -std=gnu++2a line 51: is 4:should be 1
FAIL: g++.dg/gcov/pr16855-priority.C -std=gnu++2a line 56: is 4:should be 1
FAIL: g++.dg/gcov/pr16855-priority.C -std=gnu++2a line 61: is 4:should be 1
FAIL: g++.dg/gcov/pr16855-priority.C -std=gnu++2a line 66: is 4:should be 1
FAIL: g++.dg/gcov/pr16855-priority.C -std=gnu++2a line 71: is 4:should be 1
FAIL: g++.dg/gcov/pr16855-priority.C -std=gnu++2a line 76: is 4:should be 1
FAIL: g++.dg/gcov/pr16855-priority.C -std=gnu++98 gcov: 1 failures in line counts, 0 in branch percentages, 0 in return percentages, 0 in intermediate format
FAIL: g++.dg/gcov/pr16855-priority.C -std=gnu++98 line 22: is #####:should be 1
FAIL: g++.dg/gcov/pr16855.C -std=gnu++14 gcov: 6 failures in line counts, 0 in branch percentages, 0 in return percentages, 0 in intermediate format
FAIL: g++.dg/gcov/pr16855.C -std=gnu++14 line 15: is 2:should be 1
FAIL: g++.dg/gcov/pr16855.C -std=gnu++14 line 22: is 2:should be 1
FAIL: g++.dg/gcov/pr16855.C -std=gnu++14 line 24: is #####:should be 1
FAIL: g++.dg/gcov/pr16855.C -std=gnu++14 line 38: is 2:should be 1
FAIL: g++.dg/gcov/pr16855.C -std=gnu++14 line 44: is 2:should be 1
FAIL: g++.dg/gcov/pr16855.C -std=gnu++14 line 49: is 2:should be 1
FAIL: g++.dg/gcov/pr16855.C -std=gnu++17 gcov: 6 failures in line counts, 0 in branch percentages, 0 in return percentages, 0 in intermediate format
FAIL: g++.dg/gcov/pr16855.C -std=gnu++17 line 15: is 3:should be 1
FAIL: g++.dg/gcov/pr16855.C -std=gnu++17 line 22: is 3:should be 1
FAIL: g++.dg/gcov/pr16855.C -std=gnu++17 line 24: is #####:should be 1
FAIL: g++.dg/gcov/pr16855.C -std=gnu++17 line 38: is 3:should be 1
FAIL: g++.dg/gcov/pr16855.C -std=gnu++17 line 44: is 3:should be 1
FAIL: g++.dg/gcov/pr16855.C -std=gnu++17 line 49: is 3:should be 1
FAIL: g++.dg/gcov/pr16855.C -std=gnu++2a gcov: 6 failures in line counts, 0 in branch percentages, 0 in return percentages, 0 in intermediate format
FAIL: g++.dg/gcov/pr16855.C -std=gnu++2a line 15: is 4:should be 1
FAIL: g++.dg/gcov/pr16855.C -std=gnu++2a line 22: is 4:should be 1
FAIL: g++.dg/gcov/pr16855.C -std=gnu++2a line 24: is #####:should be 1
FAIL: g++.dg/gcov/pr16855.C -std=gnu++2a line 38: is 4:should be 1
FAIL: g++.dg/gcov/pr16855.C -std=gnu++2a line 44: is 4:should be 1
FAIL: g++.dg/gcov/pr16855.C -std=gnu++2a line 49: is 4:should be 1
FAIL: g++.dg/gcov/pr16855.C -std=gnu++98 gcov: 1 failures in line counts, 0 in branch percentages, 0 in return percentages, 0 in intermediate format
FAIL: g++.dg/gcov/pr16855.C -std=gnu++98 line 24: is #####:should be 1
FAIL: g++.dg/modules/stdio-1_a.H -std=c++17 scan-lang-dump module "Depset:0 decl entity:[0-9]* function_decl:'::printf'"
FAIL: g++.dg/modules/stdio-1_a.H -std=c++2a scan-lang-dump module "Depset:0 decl entity:[0-9]* function_decl:'::printf'"
FAIL: g++.dg/modules/stdio-1_a.H -std=c++2b scan-lang-dump module "Depset:0 decl entity:[0-9]* function_decl:'::printf'"
FAIL: g++.dg/modules/xtreme-header-3_a.H -std=c++17 (internal compiler error: tree check: expected var_decl or function_decl or field_decl or type_decl or concept_decl or template_decl, have namespace_decl in get_merge_kind, at cp/module.cc:10074)
FAIL: g++.dg/modules/xtreme-header-3_a.H -std=c++17 (test for excess errors)
FAIL: g++.dg/modules/xtreme-header-3_a.H -std=c++2a (internal compiler error: tree check: expected var_decl or function_decl or field_decl or type_decl or concept_decl or template_decl, have namespace_decl in get_merge_kind, at cp/module.cc:10074)
FAIL: g++.dg/modules/xtreme-header-3_a.H -std=c++2a (test for excess errors)
FAIL: g++.dg/modules/xtreme-header-3_a.H -std=c++2b (internal compiler error: tree check: expected var_decl or function_decl or field_decl or type_decl or concept_decl or template_decl, have namespace_decl in get_merge_kind, at cp/module.cc:10074)
FAIL: g++.dg/modules/xtreme-header-3_a.H -std=c++2b (test for excess errors)
FAIL: g++.dg/modules/xtreme-header-3_a.H module-cmi (gcm.cache/\$srcdir/g++.dg/modules/xtreme-header-3_a.H.gcm)
FAIL: g++.dg/modules/xtreme-header-3_a.H module-cmi (gcm.cache/\$srcdir/g++.dg/modules/xtreme-header-3_a.H.gcm)
FAIL: g++.dg/modules/xtreme-header-3_a.H module-cmi (gcm.cache/\$srcdir/g++.dg/modules/xtreme-header-3_a.H.gcm)
FAIL: g++.dg/modules/xtreme-header-3_b.C -std=c++17 (test for excess errors)
FAIL: g++.dg/modules/xtreme-header-3_b.C -std=c++2a (test for excess errors)
FAIL: g++.dg/modules/xtreme-header-3_b.C -std=c++2b (test for excess errors)
FAIL: g++.dg/modules/xtreme-header-3_c.C -std=c++17 (test for excess errors)
FAIL: g++.dg/modules/xtreme-header-3_c.C -std=c++2a (test for excess errors)
FAIL: g++.dg/modules/xtreme-header-3_c.C -std=c++2b (test for excess errors)
FAIL: g++.dg/modules/xtreme-header-5_a.H -std=c++2a (internal compiler error: tree check: expected var_decl or function_decl or field_decl or type_decl or concept_decl or template_decl, have namespace_decl in get_merge_kind, at cp/module.cc:10074)
FAIL: g++.dg/modules/xtreme-header-5_a.H -std=c++2a (test for excess errors)
FAIL: g++.dg/modules/xtreme-header-5_a.H -std=c++2b (internal compiler error: tree check: expected var_decl or function_decl or field_decl or type_decl or concept_decl or template_decl, have namespace_decl in get_merge_kind, at cp/module.cc:10074)
FAIL: g++.dg/modules/xtreme-header-5_a.H -std=c++2b (test for excess errors)
FAIL: g++.dg/modules/xtreme-header-5_a.H module-cmi (gcm.cache/\$srcdir/g++.dg/modules/xtreme-header-5_a.H.gcm)
FAIL: g++.dg/modules/xtreme-header-5_a.H module-cmi (gcm.cache/\$srcdir/g++.dg/modules/xtreme-header-5_a.H.gcm)
FAIL: g++.dg/modules/xtreme-header-5_b.C -std=c++2a (test for excess errors)
FAIL: g++.dg/modules/xtreme-header-5_b.C -std=c++2b (test for excess errors)
FAIL: g++.dg/modules/xtreme-header-5_c.C -std=c++2a (test for excess errors)
FAIL: g++.dg/modules/xtreme-header-5_c.C -std=c++2b (test for excess errors)
FAIL: g++.dg/modules/xtreme-header_a.H -std=c++17 (internal compiler error: tree check: expected var_decl or function_decl or field_decl or type_decl or concept_decl or template_decl, have namespace_decl in get_merge_kind, at cp/module.cc:10074)
FAIL: g++.dg/modules/xtreme-header_a.H -std=c++17 (test for excess errors)
FAIL: g++.dg/modules/xtreme-header_a.H -std=c++2a (internal compiler error: tree check: expected var_decl or function_decl or field_decl or type_decl or concept_decl or template_decl, have namespace_decl in get_merge_kind, at cp/module.cc:10074)
FAIL: g++.dg/modules/xtreme-header_a.H -std=c++2a (test for excess errors)
FAIL: g++.dg/modules/xtreme-header_a.H -std=c++2b (internal compiler error: tree check: expected var_decl or function_decl or field_decl or type_decl or concept_decl or template_decl, have namespace_decl in get_merge_kind, at cp/module.cc:10074)
FAIL: g++.dg/modules/xtreme-header_a.H -std=c++2b (test for excess errors)
FAIL: g++.dg/modules/xtreme-header_a.H module-cmi (gcm.cache/\$srcdir/g++.dg/modules/xtreme-header_a.H.gcm)
FAIL: g++.dg/modules/xtreme-header_a.H module-cmi (gcm.cache/\$srcdir/g++.dg/modules/xtreme-header_a.H.gcm)
FAIL: g++.dg/modules/xtreme-header_a.H module-cmi (gcm.cache/\$srcdir/g++.dg/modules/xtreme-header_a.H.gcm)
FAIL: g++.dg/modules/xtreme-header_b.C -std=c++17 (test for excess errors)
FAIL: g++.dg/modules/xtreme-header_b.C -std=c++2a (test for excess errors)
FAIL: g++.dg/modules/xtreme-header_b.C -std=c++2b (test for excess errors)
FAIL: g++.dg/torture/pr80334.C -O0 execution test
FAIL: g++.dg/torture/pr80334.C -O1 execution test
FAIL: g++.dg/torture/pr80334.C -O2 execution test
FAIL: g++.dg/torture/pr80334.C -O2 -flto execution test
FAIL: g++.dg/torture/pr80334.C -O2 -flto -flto-partition=none execution test
FAIL: g++.dg/torture/pr80334.C -O3 -fomit-frame-pointer -funroll-loops -fpeel-loops -ftracer -finline-functions execution test
FAIL: g++.dg/torture/pr80334.C -O3 -g execution test
FAIL: g++.dg/torture/pr80334.C -Os execution test
XPASS: g++.dg/vect/slp-pr98855.cc -std=c++14 scan-tree-dump-times slp1 "not vectorized: vectorization is not profitable" 2
XPASS: g++.dg/vect/slp-pr98855.cc -std=c++17 scan-tree-dump-times slp1 "not vectorized: vectorization is not profitable" 2
XPASS: g++.dg/vect/slp-pr98855.cc -std=c++2a scan-tree-dump-times slp1 "not vectorized: vectorization is not profitable" 2
XPASS: g++.dg/vect/slp-pr98855.cc -std=c++98 scan-tree-dump-times slp1 "not vectorized: vectorization is not profitable" 2
=== g++ Summary for unix/-m32 ===
# of expected passes 219075
# of unexpected failures 131
# of unexpected successes 4
# of expected failures 1416
# of unresolved testcases 4
# of unsupported tests 9931
=== g++ Summary ===
# of expected passes 438538
# of unexpected failures 239
# of unexpected successes 4
# of expected failures 2844
# of unresolved testcases 8
# of unsupported tests 19804
/var/gcc/regression/master/11.4-gcc-gas-64/build/gcc/xg++ version 12.0.0 20211217 (experimental) [master revision 411ac94611f164fac7ec1cd5953549c0a56cf43a] (GCC)
=== gcc tests ===
Running target unix
FAIL: gcc.dg/ipa/iinline-attr.c scan-ipa-dump inline "hooray[^\\\\n]*inline copy in test"
FAIL: gcc.dg/ipa/ipa-icf-38.c scan-ltrans-tree-dump-not optimized "Function bar"
FAIL: gcc-dg-lto-modref-3-01.exe scan-wpa-ipa-dump modref "parm 1 flags: no_direct_clobber no_direct_escape"
FAIL: gcc-dg-lto-modref-4-01.exe scan-wpa-ipa-dump modref "parm 1 flags: no_direct_clobber no_direct_escape"
FAIL: gcc.dg/lto/modref-3 c_lto_modref-3_0.o-c_lto_modref-3_1.o execute -O2 -flto-partition=max -fdump-ipa-modref -fno-ipa-sra -fno-ipa-cp -flto
FAIL: gcc.dg/lto/modref-4 c_lto_modref-4_0.o-c_lto_modref-4_1.o execute -O2 -flto-partition=max -fdump-ipa-modref -fno-ipa-sra -flto
=== gcc Summary for unix ===
# of expected passes 167257
# of unexpected failures 6
# of expected failures 1266
# of unsupported tests 2830
Running target unix/-m32
FAIL: gcc.c-torture/execute/builtins/memcpy-chk.c execution, -O1
FAIL: gcc.c-torture/execute/builtins/memcpy-chk.c execution, -O2
FAIL: gcc.c-torture/execute/builtins/memcpy-chk.c execution, -O2 -flto
FAIL: gcc.c-torture/execute/builtins/memcpy-chk.c execution, -O2 -flto -flto-partition=none
FAIL: gcc.c-torture/execute/builtins/memcpy-chk.c execution, -O3 -fomit-frame-pointer -funroll-loops -fpeel-loops -ftracer -finline-functions
FAIL: gcc.c-torture/execute/builtins/memcpy-chk.c execution, -O3 -g
FAIL: gcc.c-torture/execute/builtins/memcpy-chk.c execution, -Og -g
FAIL: gcc.c-torture/execute/builtins/memcpy-chk.c execution, -Os
FAIL: gcc.c-torture/execute/builtins/memmove-chk.c execution, -O1
FAIL: gcc.c-torture/execute/builtins/memmove-chk.c execution, -O2
FAIL: gcc.c-torture/execute/builtins/memmove-chk.c execution, -O2 -flto
FAIL: gcc.c-torture/execute/builtins/memmove-chk.c execution, -O2 -flto -flto-partition=none
FAIL: gcc.c-torture/execute/builtins/memmove-chk.c execution, -O3 -fomit-frame-pointer -funroll-loops -fpeel-loops -ftracer -finline-functions
FAIL: gcc.c-torture/execute/builtins/memmove-chk.c execution, -O3 -g
FAIL: gcc.c-torture/execute/builtins/memmove-chk.c execution, -Og -g
FAIL: gcc.c-torture/execute/builtins/memmove-chk.c execution, -Os
FAIL: gcc.c-torture/execute/builtins/mempcpy-chk.c execution, -O1
FAIL: gcc.c-torture/execute/builtins/mempcpy-chk.c execution, -O2
FAIL: gcc.c-torture/execute/builtins/mempcpy-chk.c execution, -O2 -flto
FAIL: gcc.c-torture/execute/builtins/mempcpy-chk.c execution, -O2 -flto -flto-partition=none
FAIL: gcc.c-torture/execute/builtins/mempcpy-chk.c execution, -O3 -fomit-frame-pointer -funroll-loops -fpeel-loops -ftracer -finline-functions
FAIL: gcc.c-torture/execute/builtins/mempcpy-chk.c execution, -O3 -g
FAIL: gcc.c-torture/execute/builtins/mempcpy-chk.c execution, -Og -g
FAIL: gcc.c-torture/execute/builtins/mempcpy-chk.c execution, -Os
FAIL: gcc.c-torture/execute/builtins/memset-chk.c execution, -O1
FAIL: gcc.c-torture/execute/builtins/memset-chk.c execution, -O2
FAIL: gcc.c-torture/execute/builtins/memset-chk.c execution, -O2 -flto
FAIL: gcc.c-torture/execute/builtins/memset-chk.c execution, -O2 -flto -flto-partition=none
FAIL: gcc.c-torture/execute/builtins/memset-chk.c execution, -O3 -fomit-frame-pointer -funroll-loops -fpeel-loops -ftracer -finline-functions
FAIL: gcc.c-torture/execute/builtins/memset-chk.c execution, -O3 -g
FAIL: gcc.c-torture/execute/builtins/memset-chk.c execution, -Og -g
FAIL: gcc.c-torture/execute/builtins/memset-chk.c execution, -Os
FAIL: gcc.c-torture/execute/builtins/stpcpy-chk.c execution, -O1
FAIL: gcc.c-torture/execute/builtins/stpcpy-chk.c execution, -O2
FAIL: gcc.c-torture/execute/builtins/stpcpy-chk.c execution, -O2 -flto
FAIL: gcc.c-torture/execute/builtins/stpcpy-chk.c execution, -O2 -flto -flto-partition=none
FAIL: gcc.c-torture/execute/builtins/stpcpy-chk.c execution, -O3 -fomit-frame-pointer -funroll-loops -fpeel-loops -ftracer -finline-functions
FAIL: gcc.c-torture/execute/builtins/stpcpy-chk.c execution, -O3 -g
FAIL: gcc.c-torture/execute/builtins/stpcpy-chk.c execution, -Og -g
FAIL: gcc.c-torture/execute/builtins/stpcpy-chk.c execution, -Os
FAIL: c-c++-common/asan/swapcontext-test-1.c -O0 execution test
FAIL: c-c++-common/asan/swapcontext-test-1.c -O1 execution test
FAIL: c-c++-common/asan/swapcontext-test-1.c -O2 execution test
FAIL: c-c++-common/asan/swapcontext-test-1.c -O2 -flto execution test
FAIL: c-c++-common/asan/swapcontext-test-1.c -O2 -flto -flto-partition=none execution test
FAIL: c-c++-common/asan/swapcontext-test-1.c -O3 -fomit-frame-pointer -funroll-loops -fpeel-loops -ftracer -finline-functions execution test
FAIL: c-c++-common/asan/swapcontext-test-1.c -O3 -g execution test
FAIL: c-c++-common/asan/swapcontext-test-1.c -Os execution test
FAIL: gcc.dg/builtin-dynamic-object-size-1.c execution test
FAIL: gcc.dg/builtin-dynamic-object-size-2.c execution test
FAIL: gcc.dg/builtin-object-size-1.c execution test
FAIL: gcc.dg/builtin-object-size-2.c execution test
FAIL: gcc.dg/ipa/iinline-attr.c scan-ipa-dump inline "hooray[^\\\\n]*inline copy in test"
FAIL: gcc.dg/ipa/ipa-icf-38.c scan-ltrans-tree-dump-not optimized "Function bar"
FAIL: gcc-dg-lto-modref-3-01.exe scan-wpa-ipa-dump modref "parm 1 flags: no_direct_clobber no_direct_escape"
FAIL: gcc-dg-lto-modref-4-01.exe scan-wpa-ipa-dump modref "parm 1 flags: no_direct_clobber no_direct_escape"
FAIL: gcc.dg/lto/modref-3 c_lto_modref-3_0.o-c_lto_modref-3_1.o execute -O2 -flto-partition=max -fdump-ipa-modref -fno-ipa-sra -fno-ipa-cp -flto
FAIL: gcc.dg/lto/modref-4 c_lto_modref-4_0.o-c_lto_modref-4_1.o execute -O2 -flto-partition=max -fdump-ipa-modref -fno-ipa-sra -flto
FAIL: gcc.dg/tree-ssa/scev-3.c scan-tree-dump-times ivopts "&a" 1
FAIL: gcc.dg/tree-ssa/scev-4.c scan-tree-dump-times ivopts "&a" 1
FAIL: gcc.dg/tree-ssa/scev-5.c scan-tree-dump-times ivopts "&a" 1
FAIL: gcc.dg/vect/bb-slp-17.c -flto -ffat-lto-objects scan-tree-dump-times slp2 "optimized: basic block" 1
FAIL: gcc.dg/vect/bb-slp-17.c scan-tree-dump-times slp2 "optimized: basic block" 1
FAIL: gcc.target/i386/pr100711-1.c scan-assembler-times pandn 2
=== gcc Summary for unix/-m32 ===
# of expected passes 165944
# of unexpected failures 64
# of expected failures 1274
# of unsupported tests 3677
=== gcc Summary ===
# of expected passes 333201
# of unexpected failures 70
# of expected failures 2540
# of unsupported tests 6507
/var/gcc/regression/master/11.4-gcc-gas-64/build/gcc/xgcc version 12.0.0 20211217 (experimental) [master revision 411ac94611f164fac7ec1cd5953549c0a56cf43a] (GCC)
=== gdc tests ===
Running target unix
UNRESOLVED: gdc.test/runnable/complex.d compilation failed to produce executable
UNRESOLVED: gdc.test/runnable/complex.d -shared-libphobos compilation failed to produce executable
UNRESOLVED: gdc.test/runnable/constfold.d compilation failed to produce executable
UNRESOLVED: gdc.test/runnable/constfold.d -shared-libphobos compilation failed to produce executable
UNRESOLVED: gdc.test/runnable/dhry.d compilation failed to produce executable
UNRESOLVED: gdc.test/runnable/dhry.d -shared-libphobos compilation failed to produce executable
UNRESOLVED: gdc.test/runnable_cxx/cppa.d compilation failed to produce executable
UNRESOLVED: gdc.test/runnable_cxx/cppa.d -g compilation failed to produce executable
UNRESOLVED: gdc.test/runnable_cxx/cppa.d -g -shared-libphobos compilation failed to produce executable
UNRESOLVED: gdc.test/runnable_cxx/cppa.d -shared-libphobos compilation failed to produce executable
UNRESOLVED: gdc.test/runnable_cxx/stdint.d compilation failed to produce executable
UNRESOLVED: gdc.test/runnable_cxx/stdint.d -shared-libphobos compilation failed to produce executable
=== gdc Summary for unix ===
# of expected passes 10861
# of unresolved testcases 12
# of unsupported tests 412
Running target unix/-m32
UNRESOLVED: gdc.test/runnable/complex.d compilation failed to produce executable
UNRESOLVED: gdc.test/runnable/complex.d -shared-libphobos compilation failed to produce executable
UNRESOLVED: gdc.test/runnable/constfold.d compilation failed to produce executable
UNRESOLVED: gdc.test/runnable/constfold.d -shared-libphobos compilation failed to produce executable
UNRESOLVED: gdc.test/runnable/dhry.d compilation failed to produce executable
UNRESOLVED: gdc.test/runnable/dhry.d -shared-libphobos compilation failed to produce executable
UNRESOLVED: gdc.test/runnable_cxx/cppa.d compilation failed to produce executable
UNRESOLVED: gdc.test/runnable_cxx/cppa.d -g compilation failed to produce executable
UNRESOLVED: gdc.test/runnable_cxx/cppa.d -g -shared-libphobos compilation failed to produce executable
UNRESOLVED: gdc.test/runnable_cxx/cppa.d -shared-libphobos compilation failed to produce executable
UNRESOLVED: gdc.test/runnable_cxx/stdint.d compilation failed to produce executable
UNRESOLVED: gdc.test/runnable_cxx/stdint.d -shared-libphobos compilation failed to produce executable
=== gdc Summary for unix/-m32 ===
# of expected passes 10862
# of unresolved testcases 12
# of unsupported tests 412
=== gdc Summary ===
# of expected passes 21723
# of unresolved testcases 24
# of unsupported tests 824
/var/gcc/regression/master/11.4-gcc-gas-64/build/gcc/gdc version 12.0.0 20211217 (experimental) [master revision 411ac94611f164fac7ec1cd5953549c0a56cf43a] (GCC)
=== gfortran tests ===
Running target unix
FAIL: gfortran.dg/unlimited_polymorphic_3.f03 -Os execution test
FAIL: gfortran.dg/vector_subscript_1.f90 -O1 execution test
FAIL: gfortran.dg/vector_subscript_1.f90 -O2 execution test
FAIL: gfortran.dg/vector_subscript_1.f90 -O3 -fomit-frame-pointer -funroll-loops -fpeel-loops -ftracer -finline-functions execution test
FAIL: gfortran.dg/vector_subscript_1.f90 -O3 -g execution test
FAIL: gfortran.dg/vector_subscript_1.f90 -Os execution test
=== gfortran Summary for unix ===
# of expected passes 64935
# of unexpected failures 6
# of expected failures 241
# of unsupported tests 98
Running target unix/-m32
FAIL: gfortran.dg/default_format_1.f90 -O0 execution test
FAIL: gfortran.dg/default_format_1.f90 -O1 execution test
FAIL: gfortran.dg/default_format_1.f90 -O2 execution test
FAIL: gfortran.dg/default_format_1.f90 -O3 -fomit-frame-pointer -funroll-loops -fpeel-loops -ftracer -finline-functions execution test
FAIL: gfortran.dg/default_format_1.f90 -O3 -g execution test
FAIL: gfortran.dg/default_format_1.f90 -Os execution test
FAIL: gfortran.dg/fmt_g0_1.f08 -O0 execution test
FAIL: gfortran.dg/fmt_g0_1.f08 -O1 execution test
FAIL: gfortran.dg/fmt_g0_1.f08 -O2 execution test
FAIL: gfortran.dg/fmt_g0_1.f08 -O3 -fomit-frame-pointer -funroll-loops -fpeel-loops -ftracer -finline-functions execution test
FAIL: gfortran.dg/fmt_g0_1.f08 -O3 -g execution test
FAIL: gfortran.dg/fmt_g0_1.f08 -Os execution test
FAIL: gfortran.dg/round_4.f90 -O0 execution test
FAIL: gfortran.dg/round_4.f90 -O1 execution test
FAIL: gfortran.dg/round_4.f90 -O2 execution test
FAIL: gfortran.dg/round_4.f90 -O3 -fomit-frame-pointer -funroll-loops -fpeel-loops -ftracer -finline-functions execution test
FAIL: gfortran.dg/round_4.f90 -O3 -g execution test
FAIL: gfortran.dg/round_4.f90 -Os execution test
FAIL: gfortran.dg/unlimited_polymorphic_3.f03 -Os execution test
FAIL: gfortran.dg/vector_subscript_1.f90 -O1 execution test
FAIL: gfortran.dg/vector_subscript_1.f90 -O2 execution test
FAIL: gfortran.dg/vector_subscript_1.f90 -O3 -fomit-frame-pointer -funroll-loops -fpeel-loops -ftracer -finline-functions execution test
FAIL: gfortran.dg/vector_subscript_1.f90 -O3 -g execution test
FAIL: gfortran.dg/vector_subscript_1.f90 -Os execution test
=== gfortran Summary for unix/-m32 ===
# of expected passes 64656
# of unexpected failures 24
# of expected failures 243
# of unsupported tests 225
=== gfortran Summary ===
# of expected passes 129591
# of unexpected failures 30
# of expected failures 484
# of unsupported tests 323
/var/gcc/regression/master/11.4-gcc-gas-64/build/gcc/gfortran version 12.0.0 20211217 (experimental) [master revision 411ac94611f164fac7ec1cd5953549c0a56cf43a] (GCC)
=== gnat tests ===
Running target unix
=== gnat Summary for unix ===
# of expected passes 3363
# of expected failures 23
# of unsupported tests 10
Running target unix/-m32
=== gnat Summary for unix/-m32 ===
# of expected passes 3362
# of expected failures 23
# of unsupported tests 12
=== gnat Summary ===
# of expected passes 6725
# of expected failures 46
# of unsupported tests 22
/var/gcc/regression/master/11.4-gcc-gas-64/build/gcc/gnatmake version 12.0.0 20211217 (experimental) [master revision 411ac94611f164fac7ec1cd5953549c0a56cf43a]
=== go tests ===
Running target unix
FAIL: ./index0-out.go execution, -O0 -g -fno-var-tracking-assignments
FAIL: go.test/test/fixedbugs/issue10441.go -O (test for excess errors)
FAIL: go.test/test/fixedbugs/issue27836.dir/Ãfoo.go -O -I. (test for excess errors)
FAIL: go.test/test/fixedbugs/issue27836.dir/Ãmain.go -O -I. (test for excess errors)
=== go Summary for unix ===
# of expected passes 8885
# of unexpected failures 4
# of untested testcases 10
# of unsupported tests 28
Running target unix/-m32
FAIL: ./index0-out.go execution, -O0 -g -fno-var-tracking-assignments
FAIL: go.test/test/fixedbugs/issue10441.go -O (test for excess errors)
FAIL: go.test/test/fixedbugs/issue16016.go execution, -O2 -g
FAIL: go.test/test/fixedbugs/issue27836.dir/Ãfoo.go -O -I. (test for excess errors)
FAIL: go.test/test/fixedbugs/issue27836.dir/Ãmain.go -O -I. (test for excess errors)
=== go Summary for unix/-m32 ===
# of expected passes 8996
# of unexpected failures 5
# of untested testcases 10
# of unsupported tests 34
=== go Summary ===
# of expected passes 17881
# of unexpected failures 9
# of untested testcases 20
# of unsupported tests 62
=== obj-c++ tests ===
Running target unix/-m32
=== obj-c++ Summary for unix/-m32 ===
# of expected passes 1510
# of expected failures 2
# of unsupported tests 79
Running target unix
=== obj-c++ Summary for unix ===
# of expected passes 1502
# of expected failures 10
# of unsupported tests 79
=== obj-c++ Summary ===
# of expected passes 3012
# of expected failures 12
# of unsupported tests 158
/var/gcc/regression/master/11.4-gcc-gas-64/build/gcc/xg++ version 12.0.0 20211217 (experimental) [master revision 411ac94611f164fac7ec1cd5953549c0a56cf43a] (GCC)
=== objc tests ===
Running target unix
=== objc Summary for unix ===
# of expected passes 2838
# of expected failures 6
# of unsupported tests 71
Running target unix/-m32
=== objc Summary for unix/-m32 ===
# of expected passes 2838
# of expected failures 6
# of unsupported tests 71
=== objc Summary ===
# of expected passes 5676
# of expected failures 12
# of unsupported tests 142
/var/gcc/regression/master/11.4-gcc-gas-64/build/gcc/xgcc version 12.0.0 20211217 (experimental) [master revision 411ac94611f164fac7ec1cd5953549c0a56cf43a] (GCC)
=== gotools tests ===
FAIL: TestScript
FAIL: go test cmd/go
=== gotools Summary ===
# of expected passes 395
# of unexpected failures 2
# of untested testcases 128
/var/gcc/regression/master/11.4-gcc-gas-64/build/./gcc/gccgo version 12.0.0 20211217 (experimental) [master revision 411ac94611f164fac7ec1cd5953549c0a56cf43a] (GCC)
Compiler version: 12.0.0 20211217 (experimental) [master revision 411ac94611f164fac7ec1cd5953549c0a56cf43a] (GCC)
Platform: x86_64-pc-solaris2.11
configure flags: --prefix=/vol/gcc --target=amd64-pc-solaris2.11 --enable-objc-gc --with-target-bdw-gc-include=/vol/gcc/include --with-target-bdw-gc-lib=/vol/gcc/lib/amd64,32=/vol/gcc/lib --with-as=/vol/gcc/bin/amd64/gas-2.37 --with-gnu-as --with-gmp-include=/vol/gcc/include --with-gmp-lib=/vol/gcc/lib/amd64 --with-mpfr-include=/vol/gcc/include --with-mpfr-lib=/vol/gcc/lib/amd64 --with-mpc-include=/vol/gcc/include --with-mpc-lib=/vol/gcc/lib/amd64 --enable-languages=all,ada,obj-c++,go --with-isl-include=/vol/gcc/include --with-isl-lib=/vol/gcc/lib/amd64 --with-zstd-include=/vol/gcc/include --with-zstd-lib=/vol/gcc/lib/amd64 --build=amd64-pc-solaris2.11 --host=amd64-pc-solaris2.11
BOOT_CFLAGS=-g -O2
More information about the Gcc-testresults
mailing list