Results for 9.4.0 (Debian 9.4.0-4+b1) testsuite on aarch64-unknown-linux-gnu
Matthias Klose
doko@debian.org
Mon Dec 13 17:54:44 GMT 2021
LAST_UPDATED: Obtained from git: releases/gcc-9.4.0 revision 13c83c4cc679ad5383ed57f359e53e8d518b7842
Native configuration is aarch64-unknown-linux-gnu
=== libatomic tests ===
Running target unix
=== libatomic Summary for unix ===
# of expected passes 54
Running target unix/-fstack-protector
=== libatomic Summary for unix/-fstack-protector ===
# of expected passes 54
=== libatomic Summary ===
# of expected passes 108
=== libffi tests ===
Running target unix
=== libffi Summary for unix ===
# of expected passes 2214
Running target unix/-fstack-protector
=== libffi Summary for unix/-fstack-protector ===
# of expected passes 2214
=== libffi Summary ===
# of expected passes 4428
=== libgo tests ===
Running target unix
FAIL: os
=== libgo Summary ===
# of expected passes 183
# of unexpected failures 1
/build/gcc-9-r4s7uh/gcc-9-9.4.0/build/./gcc/gccgo version 9.4.0 (Debian 9.4.0-4+b1)
=== libgomp tests ===
Running target unix
=== libgomp Summary for unix ===
# of expected passes 6407
# of expected failures 4
# of unsupported tests 454
Running target unix/-fstack-protector
=== libgomp Summary for unix/-fstack-protector ===
# of expected passes 6407
# of expected failures 4
# of unsupported tests 454
=== libgomp Summary ===
# of expected passes 12814
# of expected failures 8
# of unsupported tests 908
=== libitm tests ===
Running target unix
=== libitm Summary for unix ===
# of expected passes 44
# of expected failures 3
# of unsupported tests 1
Running target unix/-fstack-protector
=== libitm Summary for unix/-fstack-protector ===
# of expected passes 44
# of expected failures 3
# of unsupported tests 1
=== libitm Summary ===
# of expected passes 88
# of expected failures 6
# of unsupported tests 2
=== libphobos tests ===
Running target unix
FAIL: libphobos.phobos/std/datetime/systime.d execution test
FAIL: libphobos.phobos/std/internal/math/errorfunction.d execution test
FAIL: libphobos.phobos/std/internal/math/gammafunction.d execution test
FAIL: libphobos.phobos/std/math.d execution test
FAIL: libphobos.phobos/std/numeric.d execution test
FAIL: libphobos.phobos/std/zip.d execution test
FAIL: libphobos.phobos_shared/std/datetime/systime.d execution test
FAIL: libphobos.phobos_shared/std/internal/math/errorfunction.d execution test
FAIL: libphobos.phobos_shared/std/internal/math/gammafunction.d execution test
FAIL: libphobos.phobos_shared/std/math.d execution test
FAIL: libphobos.phobos_shared/std/numeric.d execution test
FAIL: libphobos.phobos_shared/std/zip.d execution test
=== libphobos Summary for unix ===
# of expected passes 740
# of unexpected failures 12
# of unsupported tests 2
Running target unix/-fstack-protector
FAIL: libphobos.phobos/std/datetime/systime.d execution test
FAIL: libphobos.phobos/std/internal/math/errorfunction.d execution test
FAIL: libphobos.phobos/std/internal/math/gammafunction.d execution test
FAIL: libphobos.phobos/std/math.d execution test
FAIL: libphobos.phobos/std/numeric.d execution test
FAIL: libphobos.phobos/std/zip.d execution test
FAIL: libphobos.phobos_shared/std/datetime/systime.d execution test
FAIL: libphobos.phobos_shared/std/internal/math/errorfunction.d execution test
FAIL: libphobos.phobos_shared/std/internal/math/gammafunction.d execution test
FAIL: libphobos.phobos_shared/std/math.d execution test
FAIL: libphobos.phobos_shared/std/numeric.d execution test
FAIL: libphobos.phobos_shared/std/zip.d execution test
=== libphobos Summary for unix/-fstack-protector ===
# of expected passes 740
# of unexpected failures 12
# of unsupported tests 2
=== libphobos Summary ===
# of expected passes 1480
# of unexpected failures 24
# of unsupported tests 4
=== libstdc++ tests ===
Running target unix
FAIL: 22_locale/numpunct/members/char/3.cc execution test
FAIL: 22_locale/time_get/get_time/char/2.cc execution test
FAIL: 22_locale/time_get/get_time/char/wrapped_env.cc execution test
FAIL: 22_locale/time_get/get_time/char/wrapped_locale.cc execution test
FAIL: 22_locale/time_get/get_time/wchar_t/2.cc execution test
FAIL: 22_locale/time_get/get_time/wchar_t/wrapped_env.cc execution test
FAIL: 22_locale/time_get/get_time/wchar_t/wrapped_locale.cc execution test
=== libstdc++ Summary for unix ===
# of expected passes 12918
# of unexpected failures 7
# of expected failures 80
# of unsupported tests 364
Running target unix/-fstack-protector
FAIL: 22_locale/numpunct/members/char/3.cc execution test
FAIL: 22_locale/time_get/get_time/char/2.cc execution test
FAIL: 22_locale/time_get/get_time/char/wrapped_env.cc execution test
FAIL: 22_locale/time_get/get_time/char/wrapped_locale.cc execution test
FAIL: 22_locale/time_get/get_time/wchar_t/2.cc execution test
FAIL: 22_locale/time_get/get_time/wchar_t/wrapped_env.cc execution test
FAIL: 22_locale/time_get/get_time/wchar_t/wrapped_locale.cc execution test
=== libstdc++ Summary for unix/-fstack-protector ===
# of expected passes 12918
# of unexpected failures 7
# of expected failures 80
# of unsupported tests 364
=== libstdc++ Summary ===
# of expected passes 25836
# of unexpected failures 14
# of expected failures 160
# of unsupported tests 728
=== acats tests ===
=== acats Summary ===
# of expected passes 2320
# of unexpected failures 0
=== g++ tests ===
Running target unix
FAIL: g++.dg/other/anon5.C -std=gnu++98 (test for excess errors)
FAIL: g++.dg/other/anon5.C -std=gnu++14 (test for excess errors)
FAIL: g++.dg/other/anon5.C -std=gnu++17 (test for excess errors)
=== g++ Summary for unix ===
# of expected passes 132839
# of unexpected failures 3
# of expected failures 538
# of unsupported tests 6622
Running target unix/-fstack-protector
FAIL: g++.dg/other/anon5.C -std=gnu++98 (test for excess errors)
FAIL: g++.dg/other/anon5.C -std=gnu++14 (test for excess errors)
FAIL: g++.dg/other/anon5.C -std=gnu++17 (test for excess errors)
=== g++ Summary for unix/-fstack-protector ===
# of expected passes 132839
# of unexpected failures 3
# of expected failures 538
# of unsupported tests 6622
=== g++ Summary ===
# of expected passes 265678
# of unexpected failures 6
# of expected failures 1076
# of unsupported tests 13244
/build/gcc-9-r4s7uh/gcc-9-9.4.0/build/gcc/xg++ version 9.4.0 (Debian 9.4.0-4+b1)
=== gcc tests ===
Running target unix
FAIL: gcc.dg/graphite/interchange-1.c scan-tree-dump graphite "tiled"
FAIL: gcc.dg/graphite/interchange-10.c scan-tree-dump graphite "tiled"
FAIL: gcc.dg/graphite/interchange-11.c scan-tree-dump graphite "tiled"
FAIL: gcc.dg/graphite/interchange-3.c scan-tree-dump graphite "tiled"
FAIL: gcc.dg/graphite/interchange-4.c scan-tree-dump graphite "tiled"
FAIL: gcc.dg/graphite/interchange-7.c scan-tree-dump graphite "tiled"
FAIL: gcc.dg/graphite/interchange-9.c scan-tree-dump graphite "tiled"
FAIL: gcc.dg/graphite/uns-interchange-9.c scan-tree-dump graphite "tiled"
FAIL: gcc.dg/tls/pr78796.c (test for excess errors)
UNRESOLVED: gcc.dg/tls/pr78796.c compilation failed to produce executable
FAIL: gcc.target/aarch64/aapcs64/test_1.c compilation, -O0
UNRESOLVED: gcc.target/aarch64/aapcs64/test_1.c execution, -O0
FAIL: gcc.target/aarch64/aapcs64/test_1.c compilation, -O1
UNRESOLVED: gcc.target/aarch64/aapcs64/test_1.c execution, -O1
FAIL: gcc.target/aarch64/aapcs64/test_1.c compilation, -O2
UNRESOLVED: gcc.target/aarch64/aapcs64/test_1.c execution, -O2
FAIL: gcc.target/aarch64/aapcs64/test_1.c compilation, -O3 -g
UNRESOLVED: gcc.target/aarch64/aapcs64/test_1.c execution, -O3 -g
FAIL: gcc.target/aarch64/aapcs64/test_1.c compilation, -Os
UNRESOLVED: gcc.target/aarch64/aapcs64/test_1.c execution, -Os
FAIL: gcc.target/aarch64/aapcs64/test_1.c compilation, -Og -g
UNRESOLVED: gcc.target/aarch64/aapcs64/test_1.c execution, -Og -g
FAIL: gcc.target/aarch64/aapcs64/test_10.c compilation, -O0
UNRESOLVED: gcc.target/aarch64/aapcs64/test_10.c execution, -O0
FAIL: gcc.target/aarch64/aapcs64/test_10.c compilation, -O1
UNRESOLVED: gcc.target/aarch64/aapcs64/test_10.c execution, -O1
FAIL: gcc.target/aarch64/aapcs64/test_10.c compilation, -O2
UNRESOLVED: gcc.target/aarch64/aapcs64/test_10.c execution, -O2
FAIL: gcc.target/aarch64/aapcs64/test_10.c compilation, -O3 -g
UNRESOLVED: gcc.target/aarch64/aapcs64/test_10.c execution, -O3 -g
FAIL: gcc.target/aarch64/aapcs64/test_10.c compilation, -Os
UNRESOLVED: gcc.target/aarch64/aapcs64/test_10.c execution, -Os
FAIL: gcc.target/aarch64/aapcs64/test_10.c compilation, -Og -g
UNRESOLVED: gcc.target/aarch64/aapcs64/test_10.c execution, -Og -g
FAIL: gcc.target/aarch64/aapcs64/test_11.c compilation, -O0
UNRESOLVED: gcc.target/aarch64/aapcs64/test_11.c execution, -O0
FAIL: gcc.target/aarch64/aapcs64/test_11.c compilation, -O1
UNRESOLVED: gcc.target/aarch64/aapcs64/test_11.c execution, -O1
FAIL: gcc.target/aarch64/aapcs64/test_11.c compilation, -O2
UNRESOLVED: gcc.target/aarch64/aapcs64/test_11.c execution, -O2
FAIL: gcc.target/aarch64/aapcs64/test_11.c compilation, -O3 -g
UNRESOLVED: gcc.target/aarch64/aapcs64/test_11.c execution, -O3 -g
FAIL: gcc.target/aarch64/aapcs64/test_11.c compilation, -Os
UNRESOLVED: gcc.target/aarch64/aapcs64/test_11.c execution, -Os
FAIL: gcc.target/aarch64/aapcs64/test_11.c compilation, -Og -g
UNRESOLVED: gcc.target/aarch64/aapcs64/test_11.c execution, -Og -g
FAIL: gcc.target/aarch64/aapcs64/test_12.c compilation, -O0
UNRESOLVED: gcc.target/aarch64/aapcs64/test_12.c execution, -O0
FAIL: gcc.target/aarch64/aapcs64/test_12.c compilation, -O1
UNRESOLVED: gcc.target/aarch64/aapcs64/test_12.c execution, -O1
FAIL: gcc.target/aarch64/aapcs64/test_12.c compilation, -O2
UNRESOLVED: gcc.target/aarch64/aapcs64/test_12.c execution, -O2
FAIL: gcc.target/aarch64/aapcs64/test_12.c compilation, -O3 -g
UNRESOLVED: gcc.target/aarch64/aapcs64/test_12.c execution, -O3 -g
FAIL: gcc.target/aarch64/aapcs64/test_12.c compilation, -Os
UNRESOLVED: gcc.target/aarch64/aapcs64/test_12.c execution, -Os
FAIL: gcc.target/aarch64/aapcs64/test_12.c compilation, -Og -g
UNRESOLVED: gcc.target/aarch64/aapcs64/test_12.c execution, -Og -g
FAIL: gcc.target/aarch64/aapcs64/test_13.c compilation, -O0
UNRESOLVED: gcc.target/aarch64/aapcs64/test_13.c execution, -O0
FAIL: gcc.target/aarch64/aapcs64/test_13.c compilation, -O1
UNRESOLVED: gcc.target/aarch64/aapcs64/test_13.c execution, -O1
FAIL: gcc.target/aarch64/aapcs64/test_13.c compilation, -O2
UNRESOLVED: gcc.target/aarch64/aapcs64/test_13.c execution, -O2
FAIL: gcc.target/aarch64/aapcs64/test_13.c compilation, -O3 -g
UNRESOLVED: gcc.target/aarch64/aapcs64/test_13.c execution, -O3 -g
FAIL: gcc.target/aarch64/aapcs64/test_13.c compilation, -Os
UNRESOLVED: gcc.target/aarch64/aapcs64/test_13.c execution, -Os
FAIL: gcc.target/aarch64/aapcs64/test_13.c compilation, -Og -g
UNRESOLVED: gcc.target/aarch64/aapcs64/test_13.c execution, -Og -g
FAIL: gcc.target/aarch64/aapcs64/test_14.c compilation, -O0
UNRESOLVED: gcc.target/aarch64/aapcs64/test_14.c execution, -O0
FAIL: gcc.target/aarch64/aapcs64/test_14.c compilation, -O1
UNRESOLVED: gcc.target/aarch64/aapcs64/test_14.c execution, -O1
FAIL: gcc.target/aarch64/aapcs64/test_14.c compilation, -O2
UNRESOLVED: gcc.target/aarch64/aapcs64/test_14.c execution, -O2
FAIL: gcc.target/aarch64/aapcs64/test_14.c compilation, -O3 -g
UNRESOLVED: gcc.target/aarch64/aapcs64/test_14.c execution, -O3 -g
FAIL: gcc.target/aarch64/aapcs64/test_14.c compilation, -Os
UNRESOLVED: gcc.target/aarch64/aapcs64/test_14.c execution, -Os
FAIL: gcc.target/aarch64/aapcs64/test_14.c compilation, -Og -g
UNRESOLVED: gcc.target/aarch64/aapcs64/test_14.c execution, -Og -g
FAIL: gcc.target/aarch64/aapcs64/test_15.c compilation, -O0
UNRESOLVED: gcc.target/aarch64/aapcs64/test_15.c execution, -O0
FAIL: gcc.target/aarch64/aapcs64/test_15.c compilation, -O1
UNRESOLVED: gcc.target/aarch64/aapcs64/test_15.c execution, -O1
FAIL: gcc.target/aarch64/aapcs64/test_15.c compilation, -O2
UNRESOLVED: gcc.target/aarch64/aapcs64/test_15.c execution, -O2
FAIL: gcc.target/aarch64/aapcs64/test_15.c compilation, -O3 -g
UNRESOLVED: gcc.target/aarch64/aapcs64/test_15.c execution, -O3 -g
FAIL: gcc.target/aarch64/aapcs64/test_15.c compilation, -Os
UNRESOLVED: gcc.target/aarch64/aapcs64/test_15.c execution, -Os
FAIL: gcc.target/aarch64/aapcs64/test_15.c compilation, -Og -g
UNRESOLVED: gcc.target/aarch64/aapcs64/test_15.c execution, -Og -g
FAIL: gcc.target/aarch64/aapcs64/test_16.c compilation, -O0
UNRESOLVED: gcc.target/aarch64/aapcs64/test_16.c execution, -O0
FAIL: gcc.target/aarch64/aapcs64/test_16.c compilation, -O1
UNRESOLVED: gcc.target/aarch64/aapcs64/test_16.c execution, -O1
FAIL: gcc.target/aarch64/aapcs64/test_16.c compilation, -O2
UNRESOLVED: gcc.target/aarch64/aapcs64/test_16.c execution, -O2
FAIL: gcc.target/aarch64/aapcs64/test_16.c compilation, -O3 -g
UNRESOLVED: gcc.target/aarch64/aapcs64/test_16.c execution, -O3 -g
FAIL: gcc.target/aarch64/aapcs64/test_16.c compilation, -Os
UNRESOLVED: gcc.target/aarch64/aapcs64/test_16.c execution, -Os
FAIL: gcc.target/aarch64/aapcs64/test_16.c compilation, -Og -g
UNRESOLVED: gcc.target/aarch64/aapcs64/test_16.c execution, -Og -g
FAIL: gcc.target/aarch64/aapcs64/test_17.c compilation, -O0
UNRESOLVED: gcc.target/aarch64/aapcs64/test_17.c execution, -O0
FAIL: gcc.target/aarch64/aapcs64/test_17.c compilation, -O1
UNRESOLVED: gcc.target/aarch64/aapcs64/test_17.c execution, -O1
FAIL: gcc.target/aarch64/aapcs64/test_17.c compilation, -O2
UNRESOLVED: gcc.target/aarch64/aapcs64/test_17.c execution, -O2
FAIL: gcc.target/aarch64/aapcs64/test_17.c compilation, -O3 -g
UNRESOLVED: gcc.target/aarch64/aapcs64/test_17.c execution, -O3 -g
FAIL: gcc.target/aarch64/aapcs64/test_17.c compilation, -Os
UNRESOLVED: gcc.target/aarch64/aapcs64/test_17.c execution, -Os
FAIL: gcc.target/aarch64/aapcs64/test_17.c compilation, -Og -g
UNRESOLVED: gcc.target/aarch64/aapcs64/test_17.c execution, -Og -g
FAIL: gcc.target/aarch64/aapcs64/test_18.c compilation, -O0
UNRESOLVED: gcc.target/aarch64/aapcs64/test_18.c execution, -O0
FAIL: gcc.target/aarch64/aapcs64/test_18.c compilation, -O1
UNRESOLVED: gcc.target/aarch64/aapcs64/test_18.c execution, -O1
FAIL: gcc.target/aarch64/aapcs64/test_18.c compilation, -O2
UNRESOLVED: gcc.target/aarch64/aapcs64/test_18.c execution, -O2
FAIL: gcc.target/aarch64/aapcs64/test_18.c compilation, -O3 -g
UNRESOLVED: gcc.target/aarch64/aapcs64/test_18.c execution, -O3 -g
FAIL: gcc.target/aarch64/aapcs64/test_18.c compilation, -Os
UNRESOLVED: gcc.target/aarch64/aapcs64/test_18.c execution, -Os
FAIL: gcc.target/aarch64/aapcs64/test_18.c compilation, -Og -g
UNRESOLVED: gcc.target/aarch64/aapcs64/test_18.c execution, -Og -g
FAIL: gcc.target/aarch64/aapcs64/test_19.c compilation, -O0
UNRESOLVED: gcc.target/aarch64/aapcs64/test_19.c execution, -O0
FAIL: gcc.target/aarch64/aapcs64/test_19.c compilation, -O1
UNRESOLVED: gcc.target/aarch64/aapcs64/test_19.c execution, -O1
FAIL: gcc.target/aarch64/aapcs64/test_19.c compilation, -O2
UNRESOLVED: gcc.target/aarch64/aapcs64/test_19.c execution, -O2
FAIL: gcc.target/aarch64/aapcs64/test_19.c compilation, -O3 -g
UNRESOLVED: gcc.target/aarch64/aapcs64/test_19.c execution, -O3 -g
FAIL: gcc.target/aarch64/aapcs64/test_19.c compilation, -Os
UNRESOLVED: gcc.target/aarch64/aapcs64/test_19.c execution, -Os
FAIL: gcc.target/aarch64/aapcs64/test_19.c compilation, -Og -g
UNRESOLVED: gcc.target/aarch64/aapcs64/test_19.c execution, -Og -g
FAIL: gcc.target/aarch64/aapcs64/test_2.c compilation, -O0
UNRESOLVED: gcc.target/aarch64/aapcs64/test_2.c execution, -O0
FAIL: gcc.target/aarch64/aapcs64/test_2.c compilation, -O1
UNRESOLVED: gcc.target/aarch64/aapcs64/test_2.c execution, -O1
FAIL: gcc.target/aarch64/aapcs64/test_2.c compilation, -O2
UNRESOLVED: gcc.target/aarch64/aapcs64/test_2.c execution, -O2
FAIL: gcc.target/aarch64/aapcs64/test_2.c compilation, -O3 -g
UNRESOLVED: gcc.target/aarch64/aapcs64/test_2.c execution, -O3 -g
FAIL: gcc.target/aarch64/aapcs64/test_2.c compilation, -Os
UNRESOLVED: gcc.target/aarch64/aapcs64/test_2.c execution, -Os
FAIL: gcc.target/aarch64/aapcs64/test_2.c compilation, -Og -g
UNRESOLVED: gcc.target/aarch64/aapcs64/test_2.c execution, -Og -g
FAIL: gcc.target/aarch64/aapcs64/test_20.c compilation, -O0
UNRESOLVED: gcc.target/aarch64/aapcs64/test_20.c execution, -O0
FAIL: gcc.target/aarch64/aapcs64/test_20.c compilation, -O1
UNRESOLVED: gcc.target/aarch64/aapcs64/test_20.c execution, -O1
FAIL: gcc.target/aarch64/aapcs64/test_20.c compilation, -O2
UNRESOLVED: gcc.target/aarch64/aapcs64/test_20.c execution, -O2
FAIL: gcc.target/aarch64/aapcs64/test_20.c compilation, -O3 -g
UNRESOLVED: gcc.target/aarch64/aapcs64/test_20.c execution, -O3 -g
FAIL: gcc.target/aarch64/aapcs64/test_20.c compilation, -Os
UNRESOLVED: gcc.target/aarch64/aapcs64/test_20.c execution, -Os
FAIL: gcc.target/aarch64/aapcs64/test_20.c compilation, -Og -g
UNRESOLVED: gcc.target/aarch64/aapcs64/test_20.c execution, -Og -g
FAIL: gcc.target/aarch64/aapcs64/test_21.c compilation, -O0
UNRESOLVED: gcc.target/aarch64/aapcs64/test_21.c execution, -O0
FAIL: gcc.target/aarch64/aapcs64/test_21.c compilation, -O1
UNRESOLVED: gcc.target/aarch64/aapcs64/test_21.c execution, -O1
FAIL: gcc.target/aarch64/aapcs64/test_21.c compilation, -O2
UNRESOLVED: gcc.target/aarch64/aapcs64/test_21.c execution, -O2
FAIL: gcc.target/aarch64/aapcs64/test_21.c compilation, -O3 -g
UNRESOLVED: gcc.target/aarch64/aapcs64/test_21.c execution, -O3 -g
FAIL: gcc.target/aarch64/aapcs64/test_21.c compilation, -Os
UNRESOLVED: gcc.target/aarch64/aapcs64/test_21.c execution, -Os
FAIL: gcc.target/aarch64/aapcs64/test_21.c compilation, -Og -g
UNRESOLVED: gcc.target/aarch64/aapcs64/test_21.c execution, -Og -g
FAIL: gcc.target/aarch64/aapcs64/test_22.c compilation, -O0
UNRESOLVED: gcc.target/aarch64/aapcs64/test_22.c execution, -O0
FAIL: gcc.target/aarch64/aapcs64/test_22.c compilation, -O1
UNRESOLVED: gcc.target/aarch64/aapcs64/test_22.c execution, -O1
FAIL: gcc.target/aarch64/aapcs64/test_22.c compilation, -O2
UNRESOLVED: gcc.target/aarch64/aapcs64/test_22.c execution, -O2
FAIL: gcc.target/aarch64/aapcs64/test_22.c compilation, -O3 -g
UNRESOLVED: gcc.target/aarch64/aapcs64/test_22.c execution, -O3 -g
FAIL: gcc.target/aarch64/aapcs64/test_22.c compilation, -Os
UNRESOLVED: gcc.target/aarch64/aapcs64/test_22.c execution, -Os
FAIL: gcc.target/aarch64/aapcs64/test_22.c compilation, -Og -g
UNRESOLVED: gcc.target/aarch64/aapcs64/test_22.c execution, -Og -g
FAIL: gcc.target/aarch64/aapcs64/test_23.c compilation, -O0
UNRESOLVED: gcc.target/aarch64/aapcs64/test_23.c execution, -O0
FAIL: gcc.target/aarch64/aapcs64/test_23.c compilation, -O1
UNRESOLVED: gcc.target/aarch64/aapcs64/test_23.c execution, -O1
FAIL: gcc.target/aarch64/aapcs64/test_23.c compilation, -O2
UNRESOLVED: gcc.target/aarch64/aapcs64/test_23.c execution, -O2
FAIL: gcc.target/aarch64/aapcs64/test_23.c compilation, -O3 -g
UNRESOLVED: gcc.target/aarch64/aapcs64/test_23.c execution, -O3 -g
FAIL: gcc.target/aarch64/aapcs64/test_23.c compilation, -Os
UNRESOLVED: gcc.target/aarch64/aapcs64/test_23.c execution, -Os
FAIL: gcc.target/aarch64/aapcs64/test_23.c compilation, -Og -g
UNRESOLVED: gcc.target/aarch64/aapcs64/test_23.c execution, -Og -g
FAIL: gcc.target/aarch64/aapcs64/test_24.c compilation, -O0
UNRESOLVED: gcc.target/aarch64/aapcs64/test_24.c execution, -O0
FAIL: gcc.target/aarch64/aapcs64/test_24.c compilation, -O1
UNRESOLVED: gcc.target/aarch64/aapcs64/test_24.c execution, -O1
FAIL: gcc.target/aarch64/aapcs64/test_24.c compilation, -O2
UNRESOLVED: gcc.target/aarch64/aapcs64/test_24.c execution, -O2
FAIL: gcc.target/aarch64/aapcs64/test_24.c compilation, -O3 -g
UNRESOLVED: gcc.target/aarch64/aapcs64/test_24.c execution, -O3 -g
FAIL: gcc.target/aarch64/aapcs64/test_24.c compilation, -Os
UNRESOLVED: gcc.target/aarch64/aapcs64/test_24.c execution, -Os
FAIL: gcc.target/aarch64/aapcs64/test_24.c compilation, -Og -g
UNRESOLVED: gcc.target/aarch64/aapcs64/test_24.c execution, -Og -g
FAIL: gcc.target/aarch64/aapcs64/test_25.c compilation, -O0
UNRESOLVED: gcc.target/aarch64/aapcs64/test_25.c execution, -O0
FAIL: gcc.target/aarch64/aapcs64/test_25.c compilation, -O1
UNRESOLVED: gcc.target/aarch64/aapcs64/test_25.c execution, -O1
FAIL: gcc.target/aarch64/aapcs64/test_25.c compilation, -O2
UNRESOLVED: gcc.target/aarch64/aapcs64/test_25.c execution, -O2
FAIL: gcc.target/aarch64/aapcs64/test_25.c compilation, -O3 -g
UNRESOLVED: gcc.target/aarch64/aapcs64/test_25.c execution, -O3 -g
FAIL: gcc.target/aarch64/aapcs64/test_25.c compilation, -Os
UNRESOLVED: gcc.target/aarch64/aapcs64/test_25.c execution, -Os
FAIL: gcc.target/aarch64/aapcs64/test_25.c compilation, -Og -g
UNRESOLVED: gcc.target/aarch64/aapcs64/test_25.c execution, -Og -g
FAIL: gcc.target/aarch64/aapcs64/test_26.c compilation, -O0
UNRESOLVED: gcc.target/aarch64/aapcs64/test_26.c execution, -O0
FAIL: gcc.target/aarch64/aapcs64/test_26.c compilation, -O1
UNRESOLVED: gcc.target/aarch64/aapcs64/test_26.c execution, -O1
FAIL: gcc.target/aarch64/aapcs64/test_26.c compilation, -O2
UNRESOLVED: gcc.target/aarch64/aapcs64/test_26.c execution, -O2
FAIL: gcc.target/aarch64/aapcs64/test_26.c compilation, -O3 -g
UNRESOLVED: gcc.target/aarch64/aapcs64/test_26.c execution, -O3 -g
FAIL: gcc.target/aarch64/aapcs64/test_26.c compilation, -Os
UNRESOLVED: gcc.target/aarch64/aapcs64/test_26.c execution, -Os
FAIL: gcc.target/aarch64/aapcs64/test_26.c compilation, -Og -g
UNRESOLVED: gcc.target/aarch64/aapcs64/test_26.c execution, -Og -g
FAIL: gcc.target/aarch64/aapcs64/test_27.c compilation, -O0
UNRESOLVED: gcc.target/aarch64/aapcs64/test_27.c execution, -O0
FAIL: gcc.target/aarch64/aapcs64/test_27.c compilation, -O1
UNRESOLVED: gcc.target/aarch64/aapcs64/test_27.c execution, -O1
FAIL: gcc.target/aarch64/aapcs64/test_27.c compilation, -O2
UNRESOLVED: gcc.target/aarch64/aapcs64/test_27.c execution, -O2
FAIL: gcc.target/aarch64/aapcs64/test_27.c compilation, -O3 -g
UNRESOLVED: gcc.target/aarch64/aapcs64/test_27.c execution, -O3 -g
FAIL: gcc.target/aarch64/aapcs64/test_27.c compilation, -Os
UNRESOLVED: gcc.target/aarch64/aapcs64/test_27.c execution, -Os
FAIL: gcc.target/aarch64/aapcs64/test_27.c compilation, -Og -g
UNRESOLVED: gcc.target/aarch64/aapcs64/test_27.c execution, -Og -g
FAIL: gcc.target/aarch64/aapcs64/test_3.c compilation, -O0
UNRESOLVED: gcc.target/aarch64/aapcs64/test_3.c execution, -O0
FAIL: gcc.target/aarch64/aapcs64/test_3.c compilation, -O1
UNRESOLVED: gcc.target/aarch64/aapcs64/test_3.c execution, -O1
FAIL: gcc.target/aarch64/aapcs64/test_3.c compilation, -O2
UNRESOLVED: gcc.target/aarch64/aapcs64/test_3.c execution, -O2
FAIL: gcc.target/aarch64/aapcs64/test_3.c compilation, -O3 -g
UNRESOLVED: gcc.target/aarch64/aapcs64/test_3.c execution, -O3 -g
FAIL: gcc.target/aarch64/aapcs64/test_3.c compilation, -Os
UNRESOLVED: gcc.target/aarch64/aapcs64/test_3.c execution, -Os
FAIL: gcc.target/aarch64/aapcs64/test_3.c compilation, -Og -g
UNRESOLVED: gcc.target/aarch64/aapcs64/test_3.c execution, -Og -g
FAIL: gcc.target/aarch64/aapcs64/test_4.c compilation, -O0
UNRESOLVED: gcc.target/aarch64/aapcs64/test_4.c execution, -O0
FAIL: gcc.target/aarch64/aapcs64/test_4.c compilation, -O1
UNRESOLVED: gcc.target/aarch64/aapcs64/test_4.c execution, -O1
FAIL: gcc.target/aarch64/aapcs64/test_4.c compilation, -O2
UNRESOLVED: gcc.target/aarch64/aapcs64/test_4.c execution, -O2
FAIL: gcc.target/aarch64/aapcs64/test_4.c compilation, -O3 -g
UNRESOLVED: gcc.target/aarch64/aapcs64/test_4.c execution, -O3 -g
FAIL: gcc.target/aarch64/aapcs64/test_4.c compilation, -Os
UNRESOLVED: gcc.target/aarch64/aapcs64/test_4.c execution, -Os
FAIL: gcc.target/aarch64/aapcs64/test_4.c compilation, -Og -g
UNRESOLVED: gcc.target/aarch64/aapcs64/test_4.c execution, -Og -g
FAIL: gcc.target/aarch64/aapcs64/test_5.c compilation, -O0
UNRESOLVED: gcc.target/aarch64/aapcs64/test_5.c execution, -O0
FAIL: gcc.target/aarch64/aapcs64/test_5.c compilation, -O1
UNRESOLVED: gcc.target/aarch64/aapcs64/test_5.c execution, -O1
FAIL: gcc.target/aarch64/aapcs64/test_5.c compilation, -O2
UNRESOLVED: gcc.target/aarch64/aapcs64/test_5.c execution, -O2
FAIL: gcc.target/aarch64/aapcs64/test_5.c compilation, -O3 -g
UNRESOLVED: gcc.target/aarch64/aapcs64/test_5.c execution, -O3 -g
FAIL: gcc.target/aarch64/aapcs64/test_5.c compilation, -Os
UNRESOLVED: gcc.target/aarch64/aapcs64/test_5.c execution, -Os
FAIL: gcc.target/aarch64/aapcs64/test_5.c compilation, -Og -g
UNRESOLVED: gcc.target/aarch64/aapcs64/test_5.c execution, -Og -g
FAIL: gcc.target/aarch64/aapcs64/test_6.c compilation, -O0
UNRESOLVED: gcc.target/aarch64/aapcs64/test_6.c execution, -O0
FAIL: gcc.target/aarch64/aapcs64/test_6.c compilation, -O1
UNRESOLVED: gcc.target/aarch64/aapcs64/test_6.c execution, -O1
FAIL: gcc.target/aarch64/aapcs64/test_6.c compilation, -O2
UNRESOLVED: gcc.target/aarch64/aapcs64/test_6.c execution, -O2
FAIL: gcc.target/aarch64/aapcs64/test_6.c compilation, -O3 -g
UNRESOLVED: gcc.target/aarch64/aapcs64/test_6.c execution, -O3 -g
FAIL: gcc.target/aarch64/aapcs64/test_6.c compilation, -Os
UNRESOLVED: gcc.target/aarch64/aapcs64/test_6.c execution, -Os
FAIL: gcc.target/aarch64/aapcs64/test_6.c compilation, -Og -g
UNRESOLVED: gcc.target/aarch64/aapcs64/test_6.c execution, -Og -g
FAIL: gcc.target/aarch64/aapcs64/test_64x1_1.c compilation, -O0
UNRESOLVED: gcc.target/aarch64/aapcs64/test_64x1_1.c execution, -O0
FAIL: gcc.target/aarch64/aapcs64/test_64x1_1.c compilation, -O1
UNRESOLVED: gcc.target/aarch64/aapcs64/test_64x1_1.c execution, -O1
FAIL: gcc.target/aarch64/aapcs64/test_64x1_1.c compilation, -O2
UNRESOLVED: gcc.target/aarch64/aapcs64/test_64x1_1.c execution, -O2
FAIL: gcc.target/aarch64/aapcs64/test_64x1_1.c compilation, -O3 -g
UNRESOLVED: gcc.target/aarch64/aapcs64/test_64x1_1.c execution, -O3 -g
FAIL: gcc.target/aarch64/aapcs64/test_64x1_1.c compilation, -Os
UNRESOLVED: gcc.target/aarch64/aapcs64/test_64x1_1.c execution, -Os
FAIL: gcc.target/aarch64/aapcs64/test_64x1_1.c compilation, -Og -g
UNRESOLVED: gcc.target/aarch64/aapcs64/test_64x1_1.c execution, -Og -g
FAIL: gcc.target/aarch64/aapcs64/test_7.c compilation, -O0
UNRESOLVED: gcc.target/aarch64/aapcs64/test_7.c execution, -O0
FAIL: gcc.target/aarch64/aapcs64/test_7.c compilation, -O1
UNRESOLVED: gcc.target/aarch64/aapcs64/test_7.c execution, -O1
FAIL: gcc.target/aarch64/aapcs64/test_7.c compilation, -O2
UNRESOLVED: gcc.target/aarch64/aapcs64/test_7.c execution, -O2
FAIL: gcc.target/aarch64/aapcs64/test_7.c compilation, -O3 -g
UNRESOLVED: gcc.target/aarch64/aapcs64/test_7.c execution, -O3 -g
FAIL: gcc.target/aarch64/aapcs64/test_7.c compilation, -Os
UNRESOLVED: gcc.target/aarch64/aapcs64/test_7.c execution, -Os
FAIL: gcc.target/aarch64/aapcs64/test_7.c compilation, -Og -g
UNRESOLVED: gcc.target/aarch64/aapcs64/test_7.c execution, -Og -g
FAIL: gcc.target/aarch64/aapcs64/test_8.c compilation, -O0
UNRESOLVED: gcc.target/aarch64/aapcs64/test_8.c execution, -O0
FAIL: gcc.target/aarch64/aapcs64/test_8.c compilation, -O1
UNRESOLVED: gcc.target/aarch64/aapcs64/test_8.c execution, -O1
FAIL: gcc.target/aarch64/aapcs64/test_8.c compilation, -O2
UNRESOLVED: gcc.target/aarch64/aapcs64/test_8.c execution, -O2
FAIL: gcc.target/aarch64/aapcs64/test_8.c compilation, -O3 -g
UNRESOLVED: gcc.target/aarch64/aapcs64/test_8.c execution, -O3 -g
FAIL: gcc.target/aarch64/aapcs64/test_8.c compilation, -Os
UNRESOLVED: gcc.target/aarch64/aapcs64/test_8.c execution, -Os
FAIL: gcc.target/aarch64/aapcs64/test_8.c compilation, -Og -g
UNRESOLVED: gcc.target/aarch64/aapcs64/test_8.c execution, -Og -g
FAIL: gcc.target/aarch64/aapcs64/test_9.c compilation, -O0
UNRESOLVED: gcc.target/aarch64/aapcs64/test_9.c execution, -O0
FAIL: gcc.target/aarch64/aapcs64/test_9.c compilation, -O1
UNRESOLVED: gcc.target/aarch64/aapcs64/test_9.c execution, -O1
FAIL: gcc.target/aarch64/aapcs64/test_9.c compilation, -O2
UNRESOLVED: gcc.target/aarch64/aapcs64/test_9.c execution, -O2
FAIL: gcc.target/aarch64/aapcs64/test_9.c compilation, -O3 -g
UNRESOLVED: gcc.target/aarch64/aapcs64/test_9.c execution, -O3 -g
FAIL: gcc.target/aarch64/aapcs64/test_9.c compilation, -Os
UNRESOLVED: gcc.target/aarch64/aapcs64/test_9.c execution, -Os
FAIL: gcc.target/aarch64/aapcs64/test_9.c compilation, -Og -g
UNRESOLVED: gcc.target/aarch64/aapcs64/test_9.c execution, -Og -g
FAIL: gcc.target/aarch64/aapcs64/test_align-1.c compilation, -O0
UNRESOLVED: gcc.target/aarch64/aapcs64/test_align-1.c execution, -O0
FAIL: gcc.target/aarch64/aapcs64/test_align-1.c compilation, -O1
UNRESOLVED: gcc.target/aarch64/aapcs64/test_align-1.c execution, -O1
FAIL: gcc.target/aarch64/aapcs64/test_align-1.c compilation, -O2
UNRESOLVED: gcc.target/aarch64/aapcs64/test_align-1.c execution, -O2
FAIL: gcc.target/aarch64/aapcs64/test_align-1.c compilation, -O3 -g
UNRESOLVED: gcc.target/aarch64/aapcs64/test_align-1.c execution, -O3 -g
FAIL: gcc.target/aarch64/aapcs64/test_align-1.c compilation, -Os
UNRESOLVED: gcc.target/aarch64/aapcs64/test_align-1.c execution, -Os
FAIL: gcc.target/aarch64/aapcs64/test_align-1.c compilation, -Og -g
UNRESOLVED: gcc.target/aarch64/aapcs64/test_align-1.c execution, -Og -g
FAIL: gcc.target/aarch64/aapcs64/test_align-10.c compilation, -O0
UNRESOLVED: gcc.target/aarch64/aapcs64/test_align-10.c execution, -O0
FAIL: gcc.target/aarch64/aapcs64/test_align-10.c compilation, -O1
UNRESOLVED: gcc.target/aarch64/aapcs64/test_align-10.c execution, -O1
FAIL: gcc.target/aarch64/aapcs64/test_align-10.c compilation, -O2
UNRESOLVED: gcc.target/aarch64/aapcs64/test_align-10.c execution, -O2
FAIL: gcc.target/aarch64/aapcs64/test_align-10.c compilation, -O3 -g
UNRESOLVED: gcc.target/aarch64/aapcs64/test_align-10.c execution, -O3 -g
FAIL: gcc.target/aarch64/aapcs64/test_align-10.c compilation, -Os
UNRESOLVED: gcc.target/aarch64/aapcs64/test_align-10.c execution, -Os
FAIL: gcc.target/aarch64/aapcs64/test_align-10.c compilation, -Og -g
UNRESOLVED: gcc.target/aarch64/aapcs64/test_align-10.c execution, -Og -g
FAIL: gcc.target/aarch64/aapcs64/test_align-11.c compilation, -O0
UNRESOLVED: gcc.target/aarch64/aapcs64/test_align-11.c execution, -O0
FAIL: gcc.target/aarch64/aapcs64/test_align-11.c compilation, -O1
UNRESOLVED: gcc.target/aarch64/aapcs64/test_align-11.c execution, -O1
FAIL: gcc.target/aarch64/aapcs64/test_align-11.c compilation, -O2
UNRESOLVED: gcc.target/aarch64/aapcs64/test_align-11.c execution, -O2
FAIL: gcc.target/aarch64/aapcs64/test_align-11.c compilation, -O3 -g
UNRESOLVED: gcc.target/aarch64/aapcs64/test_align-11.c execution, -O3 -g
FAIL: gcc.target/aarch64/aapcs64/test_align-11.c compilation, -Os
UNRESOLVED: gcc.target/aarch64/aapcs64/test_align-11.c execution, -Os
FAIL: gcc.target/aarch64/aapcs64/test_align-11.c compilation, -Og -g
UNRESOLVED: gcc.target/aarch64/aapcs64/test_align-11.c execution, -Og -g
FAIL: gcc.target/aarch64/aapcs64/test_align-12.c compilation, -O0
UNRESOLVED: gcc.target/aarch64/aapcs64/test_align-12.c execution, -O0
FAIL: gcc.target/aarch64/aapcs64/test_align-12.c compilation, -O1
UNRESOLVED: gcc.target/aarch64/aapcs64/test_align-12.c execution, -O1
FAIL: gcc.target/aarch64/aapcs64/test_align-12.c compilation, -O2
UNRESOLVED: gcc.target/aarch64/aapcs64/test_align-12.c execution, -O2
FAIL: gcc.target/aarch64/aapcs64/test_align-12.c compilation, -O3 -g
UNRESOLVED: gcc.target/aarch64/aapcs64/test_align-12.c execution, -O3 -g
FAIL: gcc.target/aarch64/aapcs64/test_align-12.c compilation, -Os
UNRESOLVED: gcc.target/aarch64/aapcs64/test_align-12.c execution, -Os
FAIL: gcc.target/aarch64/aapcs64/test_align-12.c compilation, -Og -g
UNRESOLVED: gcc.target/aarch64/aapcs64/test_align-12.c execution, -Og -g
FAIL: gcc.target/aarch64/aapcs64/test_align-2.c compilation, -O0
UNRESOLVED: gcc.target/aarch64/aapcs64/test_align-2.c execution, -O0
FAIL: gcc.target/aarch64/aapcs64/test_align-2.c compilation, -O1
UNRESOLVED: gcc.target/aarch64/aapcs64/test_align-2.c execution, -O1
FAIL: gcc.target/aarch64/aapcs64/test_align-2.c compilation, -O2
UNRESOLVED: gcc.target/aarch64/aapcs64/test_align-2.c execution, -O2
FAIL: gcc.target/aarch64/aapcs64/test_align-2.c compilation, -O3 -g
UNRESOLVED: gcc.target/aarch64/aapcs64/test_align-2.c execution, -O3 -g
FAIL: gcc.target/aarch64/aapcs64/test_align-2.c compilation, -Os
UNRESOLVED: gcc.target/aarch64/aapcs64/test_align-2.c execution, -Os
FAIL: gcc.target/aarch64/aapcs64/test_align-2.c compilation, -Og -g
UNRESOLVED: gcc.target/aarch64/aapcs64/test_align-2.c execution, -Og -g
FAIL: gcc.target/aarch64/aapcs64/test_align-3.c compilation, -O0
UNRESOLVED: gcc.target/aarch64/aapcs64/test_align-3.c execution, -O0
FAIL: gcc.target/aarch64/aapcs64/test_align-3.c compilation, -O1
UNRESOLVED: gcc.target/aarch64/aapcs64/test_align-3.c execution, -O1
FAIL: gcc.target/aarch64/aapcs64/test_align-3.c compilation, -O2
UNRESOLVED: gcc.target/aarch64/aapcs64/test_align-3.c execution, -O2
FAIL: gcc.target/aarch64/aapcs64/test_align-3.c compilation, -O3 -g
UNRESOLVED: gcc.target/aarch64/aapcs64/test_align-3.c execution, -O3 -g
FAIL: gcc.target/aarch64/aapcs64/test_align-3.c compilation, -Os
UNRESOLVED: gcc.target/aarch64/aapcs64/test_align-3.c execution, -Os
FAIL: gcc.target/aarch64/aapcs64/test_align-3.c compilation, -Og -g
UNRESOLVED: gcc.target/aarch64/aapcs64/test_align-3.c execution, -Og -g
FAIL: gcc.target/aarch64/aapcs64/test_align-4.c compilation, -O0
UNRESOLVED: gcc.target/aarch64/aapcs64/test_align-4.c execution, -O0
FAIL: gcc.target/aarch64/aapcs64/test_align-4.c compilation, -O1
UNRESOLVED: gcc.target/aarch64/aapcs64/test_align-4.c execution, -O1
FAIL: gcc.target/aarch64/aapcs64/test_align-4.c compilation, -O2
UNRESOLVED: gcc.target/aarch64/aapcs64/test_align-4.c execution, -O2
FAIL: gcc.target/aarch64/aapcs64/test_align-4.c compilation, -O3 -g
UNRESOLVED: gcc.target/aarch64/aapcs64/test_align-4.c execution, -O3 -g
FAIL: gcc.target/aarch64/aapcs64/test_align-4.c compilation, -Os
UNRESOLVED: gcc.target/aarch64/aapcs64/test_align-4.c execution, -Os
FAIL: gcc.target/aarch64/aapcs64/test_align-4.c compilation, -Og -g
UNRESOLVED: gcc.target/aarch64/aapcs64/test_align-4.c execution, -Og -g
FAIL: gcc.target/aarch64/aapcs64/test_align-5.c compilation, -O0
UNRESOLVED: gcc.target/aarch64/aapcs64/test_align-5.c execution, -O0
FAIL: gcc.target/aarch64/aapcs64/test_align-5.c compilation, -O1
UNRESOLVED: gcc.target/aarch64/aapcs64/test_align-5.c execution, -O1
FAIL: gcc.target/aarch64/aapcs64/test_align-5.c compilation, -O2
UNRESOLVED: gcc.target/aarch64/aapcs64/test_align-5.c execution, -O2
FAIL: gcc.target/aarch64/aapcs64/test_align-5.c compilation, -O3 -g
UNRESOLVED: gcc.target/aarch64/aapcs64/test_align-5.c execution, -O3 -g
FAIL: gcc.target/aarch64/aapcs64/test_align-5.c compilation, -Os
UNRESOLVED: gcc.target/aarch64/aapcs64/test_align-5.c execution, -Os
FAIL: gcc.target/aarch64/aapcs64/test_align-5.c compilation, -Og -g
UNRESOLVED: gcc.target/aarch64/aapcs64/test_align-5.c execution, -Og -g
FAIL: gcc.target/aarch64/aapcs64/test_align-6.c compilation, -O0
UNRESOLVED: gcc.target/aarch64/aapcs64/test_align-6.c execution, -O0
FAIL: gcc.target/aarch64/aapcs64/test_align-6.c compilation, -O1
UNRESOLVED: gcc.target/aarch64/aapcs64/test_align-6.c execution, -O1
FAIL: gcc.target/aarch64/aapcs64/test_align-6.c compilation, -O2
UNRESOLVED: gcc.target/aarch64/aapcs64/test_align-6.c execution, -O2
FAIL: gcc.target/aarch64/aapcs64/test_align-6.c compilation, -O3 -g
UNRESOLVED: gcc.target/aarch64/aapcs64/test_align-6.c execution, -O3 -g
FAIL: gcc.target/aarch64/aapcs64/test_align-6.c compilation, -Os
UNRESOLVED: gcc.target/aarch64/aapcs64/test_align-6.c execution, -Os
FAIL: gcc.target/aarch64/aapcs64/test_align-6.c compilation, -Og -g
UNRESOLVED: gcc.target/aarch64/aapcs64/test_align-6.c execution, -Og -g
FAIL: gcc.target/aarch64/aapcs64/test_align-7.c compilation, -O0
UNRESOLVED: gcc.target/aarch64/aapcs64/test_align-7.c execution, -O0
FAIL: gcc.target/aarch64/aapcs64/test_align-7.c compilation, -O1
UNRESOLVED: gcc.target/aarch64/aapcs64/test_align-7.c execution, -O1
FAIL: gcc.target/aarch64/aapcs64/test_align-7.c compilation, -O2
UNRESOLVED: gcc.target/aarch64/aapcs64/test_align-7.c execution, -O2
FAIL: gcc.target/aarch64/aapcs64/test_align-7.c compilation, -O3 -g
UNRESOLVED: gcc.target/aarch64/aapcs64/test_align-7.c execution, -O3 -g
FAIL: gcc.target/aarch64/aapcs64/test_align-7.c compilation, -Os
UNRESOLVED: gcc.target/aarch64/aapcs64/test_align-7.c execution, -Os
FAIL: gcc.target/aarch64/aapcs64/test_align-7.c compilation, -Og -g
UNRESOLVED: gcc.target/aarch64/aapcs64/test_align-7.c execution, -Og -g
FAIL: gcc.target/aarch64/aapcs64/test_align-8.c compilation, -O0
UNRESOLVED: gcc.target/aarch64/aapcs64/test_align-8.c execution, -O0
FAIL: gcc.target/aarch64/aapcs64/test_align-8.c compilation, -O1
UNRESOLVED: gcc.target/aarch64/aapcs64/test_align-8.c execution, -O1
FAIL: gcc.target/aarch64/aapcs64/test_align-8.c compilation, -O2
UNRESOLVED: gcc.target/aarch64/aapcs64/test_align-8.c execution, -O2
FAIL: gcc.target/aarch64/aapcs64/test_align-8.c compilation, -O3 -g
UNRESOLVED: gcc.target/aarch64/aapcs64/test_align-8.c execution, -O3 -g
FAIL: gcc.target/aarch64/aapcs64/test_align-8.c compilation, -Os
UNRESOLVED: gcc.target/aarch64/aapcs64/test_align-8.c execution, -Os
FAIL: gcc.target/aarch64/aapcs64/test_align-8.c compilation, -Og -g
UNRESOLVED: gcc.target/aarch64/aapcs64/test_align-8.c execution, -Og -g
FAIL: gcc.target/aarch64/aapcs64/test_align-9.c compilation, -O0
UNRESOLVED: gcc.target/aarch64/aapcs64/test_align-9.c execution, -O0
FAIL: gcc.target/aarch64/aapcs64/test_align-9.c compilation, -O1
UNRESOLVED: gcc.target/aarch64/aapcs64/test_align-9.c execution, -O1
FAIL: gcc.target/aarch64/aapcs64/test_align-9.c compilation, -O2
UNRESOLVED: gcc.target/aarch64/aapcs64/test_align-9.c execution, -O2
FAIL: gcc.target/aarch64/aapcs64/test_align-9.c compilation, -O3 -g
UNRESOLVED: gcc.target/aarch64/aapcs64/test_align-9.c execution, -O3 -g
FAIL: gcc.target/aarch64/aapcs64/test_align-9.c compilation, -Os
UNRESOLVED: gcc.target/aarch64/aapcs64/test_align-9.c execution, -Os
FAIL: gcc.target/aarch64/aapcs64/test_align-9.c compilation, -Og -g
UNRESOLVED: gcc.target/aarch64/aapcs64/test_align-9.c execution, -Og -g
FAIL: gcc.target/aarch64/aapcs64/test_complex.c compilation, -O0
UNRESOLVED: gcc.target/aarch64/aapcs64/test_complex.c execution, -O0
FAIL: gcc.target/aarch64/aapcs64/test_complex.c compilation, -O1
UNRESOLVED: gcc.target/aarch64/aapcs64/test_complex.c execution, -O1
FAIL: gcc.target/aarch64/aapcs64/test_complex.c compilation, -O2
UNRESOLVED: gcc.target/aarch64/aapcs64/test_complex.c execution, -O2
FAIL: gcc.target/aarch64/aapcs64/test_complex.c compilation, -O3 -g
UNRESOLVED: gcc.target/aarch64/aapcs64/test_complex.c execution, -O3 -g
FAIL: gcc.target/aarch64/aapcs64/test_complex.c compilation, -Os
UNRESOLVED: gcc.target/aarch64/aapcs64/test_complex.c execution, -Os
FAIL: gcc.target/aarch64/aapcs64/test_complex.c compilation, -Og -g
UNRESOLVED: gcc.target/aarch64/aapcs64/test_complex.c execution, -Og -g
FAIL: gcc.target/aarch64/aapcs64/test_int128.c compilation, -O0
UNRESOLVED: gcc.target/aarch64/aapcs64/test_int128.c execution, -O0
FAIL: gcc.target/aarch64/aapcs64/test_int128.c compilation, -O1
UNRESOLVED: gcc.target/aarch64/aapcs64/test_int128.c execution, -O1
FAIL: gcc.target/aarch64/aapcs64/test_int128.c compilation, -O2
UNRESOLVED: gcc.target/aarch64/aapcs64/test_int128.c execution, -O2
FAIL: gcc.target/aarch64/aapcs64/test_int128.c compilation, -O3 -g
UNRESOLVED: gcc.target/aarch64/aapcs64/test_int128.c execution, -O3 -g
FAIL: gcc.target/aarch64/aapcs64/test_int128.c compilation, -Os
UNRESOLVED: gcc.target/aarch64/aapcs64/test_int128.c execution, -Os
FAIL: gcc.target/aarch64/aapcs64/test_int128.c compilation, -Og -g
UNRESOLVED: gcc.target/aarch64/aapcs64/test_int128.c execution, -Og -g
FAIL: gcc.target/aarch64/aapcs64/test_quad_double.c compilation, -O0
UNRESOLVED: gcc.target/aarch64/aapcs64/test_quad_double.c execution, -O0
FAIL: gcc.target/aarch64/aapcs64/test_quad_double.c compilation, -O1
UNRESOLVED: gcc.target/aarch64/aapcs64/test_quad_double.c execution, -O1
FAIL: gcc.target/aarch64/aapcs64/test_quad_double.c compilation, -O2
UNRESOLVED: gcc.target/aarch64/aapcs64/test_quad_double.c execution, -O2
FAIL: gcc.target/aarch64/aapcs64/test_quad_double.c compilation, -O3 -g
UNRESOLVED: gcc.target/aarch64/aapcs64/test_quad_double.c execution, -O3 -g
FAIL: gcc.target/aarch64/aapcs64/test_quad_double.c compilation, -Os
UNRESOLVED: gcc.target/aarch64/aapcs64/test_quad_double.c execution, -Os
FAIL: gcc.target/aarch64/aapcs64/test_quad_double.c compilation, -Og -g
UNRESOLVED: gcc.target/aarch64/aapcs64/test_quad_double.c execution, -Og -g
FAIL: gcc.target/aarch64/aapcs64/va_arg-1.c compilation, -O0
UNRESOLVED: gcc.target/aarch64/aapcs64/va_arg-1.c execution, -O0
FAIL: gcc.target/aarch64/aapcs64/va_arg-1.c compilation, -O1
UNRESOLVED: gcc.target/aarch64/aapcs64/va_arg-1.c execution, -O1
FAIL: gcc.target/aarch64/aapcs64/va_arg-1.c compilation, -O2
UNRESOLVED: gcc.target/aarch64/aapcs64/va_arg-1.c execution, -O2
FAIL: gcc.target/aarch64/aapcs64/va_arg-1.c compilation, -O3 -g
UNRESOLVED: gcc.target/aarch64/aapcs64/va_arg-1.c execution, -O3 -g
FAIL: gcc.target/aarch64/aapcs64/va_arg-1.c compilation, -Os
UNRESOLVED: gcc.target/aarch64/aapcs64/va_arg-1.c execution, -Os
FAIL: gcc.target/aarch64/aapcs64/va_arg-1.c compilation, -Og -g
UNRESOLVED: gcc.target/aarch64/aapcs64/va_arg-1.c execution, -Og -g
FAIL: gcc.target/aarch64/aapcs64/va_arg-10.c compilation, -O0
UNRESOLVED: gcc.target/aarch64/aapcs64/va_arg-10.c execution, -O0
FAIL: gcc.target/aarch64/aapcs64/va_arg-10.c compilation, -O1
UNRESOLVED: gcc.target/aarch64/aapcs64/va_arg-10.c execution, -O1
FAIL: gcc.target/aarch64/aapcs64/va_arg-10.c compilation, -O2
UNRESOLVED: gcc.target/aarch64/aapcs64/va_arg-10.c execution, -O2
FAIL: gcc.target/aarch64/aapcs64/va_arg-10.c compilation, -O3 -g
UNRESOLVED: gcc.target/aarch64/aapcs64/va_arg-10.c execution, -O3 -g
FAIL: gcc.target/aarch64/aapcs64/va_arg-10.c compilation, -Os
UNRESOLVED: gcc.target/aarch64/aapcs64/va_arg-10.c execution, -Os
FAIL: gcc.target/aarch64/aapcs64/va_arg-10.c compilation, -Og -g
UNRESOLVED: gcc.target/aarch64/aapcs64/va_arg-10.c execution, -Og -g
FAIL: gcc.target/aarch64/aapcs64/va_arg-11.c compilation, -O0
UNRESOLVED: gcc.target/aarch64/aapcs64/va_arg-11.c execution, -O0
FAIL: gcc.target/aarch64/aapcs64/va_arg-11.c compilation, -O1
UNRESOLVED: gcc.target/aarch64/aapcs64/va_arg-11.c execution, -O1
FAIL: gcc.target/aarch64/aapcs64/va_arg-11.c compilation, -O2
UNRESOLVED: gcc.target/aarch64/aapcs64/va_arg-11.c execution, -O2
FAIL: gcc.target/aarch64/aapcs64/va_arg-11.c compilation, -O3 -g
UNRESOLVED: gcc.target/aarch64/aapcs64/va_arg-11.c execution, -O3 -g
FAIL: gcc.target/aarch64/aapcs64/va_arg-11.c compilation, -Os
UNRESOLVED: gcc.target/aarch64/aapcs64/va_arg-11.c execution, -Os
FAIL: gcc.target/aarch64/aapcs64/va_arg-11.c compilation, -Og -g
UNRESOLVED: gcc.target/aarch64/aapcs64/va_arg-11.c execution, -Og -g
FAIL: gcc.target/aarch64/aapcs64/va_arg-12.c compilation, -O0
UNRESOLVED: gcc.target/aarch64/aapcs64/va_arg-12.c execution, -O0
FAIL: gcc.target/aarch64/aapcs64/va_arg-12.c compilation, -O1
UNRESOLVED: gcc.target/aarch64/aapcs64/va_arg-12.c execution, -O1
FAIL: gcc.target/aarch64/aapcs64/va_arg-12.c compilation, -O2
UNRESOLVED: gcc.target/aarch64/aapcs64/va_arg-12.c execution, -O2
FAIL: gcc.target/aarch64/aapcs64/va_arg-12.c compilation, -O3 -g
UNRESOLVED: gcc.target/aarch64/aapcs64/va_arg-12.c execution, -O3 -g
FAIL: gcc.target/aarch64/aapcs64/va_arg-12.c compilation, -Os
UNRESOLVED: gcc.target/aarch64/aapcs64/va_arg-12.c execution, -Os
FAIL: gcc.target/aarch64/aapcs64/va_arg-12.c compilation, -Og -g
UNRESOLVED: gcc.target/aarch64/aapcs64/va_arg-12.c execution, -Og -g
FAIL: gcc.target/aarch64/aapcs64/va_arg-13.c compilation, -O0
UNRESOLVED: gcc.target/aarch64/aapcs64/va_arg-13.c execution, -O0
FAIL: gcc.target/aarch64/aapcs64/va_arg-13.c compilation, -O1
UNRESOLVED: gcc.target/aarch64/aapcs64/va_arg-13.c execution, -O1
FAIL: gcc.target/aarch64/aapcs64/va_arg-13.c compilation, -O2
UNRESOLVED: gcc.target/aarch64/aapcs64/va_arg-13.c execution, -O2
FAIL: gcc.target/aarch64/aapcs64/va_arg-13.c compilation, -O3 -g
UNRESOLVED: gcc.target/aarch64/aapcs64/va_arg-13.c execution, -O3 -g
FAIL: gcc.target/aarch64/aapcs64/va_arg-13.c compilation, -Os
UNRESOLVED: gcc.target/aarch64/aapcs64/va_arg-13.c execution, -Os
FAIL: gcc.target/aarch64/aapcs64/va_arg-13.c compilation, -Og -g
UNRESOLVED: gcc.target/aarch64/aapcs64/va_arg-13.c execution, -Og -g
FAIL: gcc.target/aarch64/aapcs64/va_arg-14.c compilation, -O0
UNRESOLVED: gcc.target/aarch64/aapcs64/va_arg-14.c execution, -O0
FAIL: gcc.target/aarch64/aapcs64/va_arg-14.c compilation, -O1
UNRESOLVED: gcc.target/aarch64/aapcs64/va_arg-14.c execution, -O1
FAIL: gcc.target/aarch64/aapcs64/va_arg-14.c compilation, -O2
UNRESOLVED: gcc.target/aarch64/aapcs64/va_arg-14.c execution, -O2
FAIL: gcc.target/aarch64/aapcs64/va_arg-14.c compilation, -O3 -g
UNRESOLVED: gcc.target/aarch64/aapcs64/va_arg-14.c execution, -O3 -g
FAIL: gcc.target/aarch64/aapcs64/va_arg-14.c compilation, -Os
UNRESOLVED: gcc.target/aarch64/aapcs64/va_arg-14.c execution, -Os
FAIL: gcc.target/aarch64/aapcs64/va_arg-14.c compilation, -Og -g
UNRESOLVED: gcc.target/aarch64/aapcs64/va_arg-14.c execution, -Og -g
FAIL: gcc.target/aarch64/aapcs64/va_arg-15.c compilation, -O0
UNRESOLVED: gcc.target/aarch64/aapcs64/va_arg-15.c execution, -O0
FAIL: gcc.target/aarch64/aapcs64/va_arg-15.c compilation, -O1
UNRESOLVED: gcc.target/aarch64/aapcs64/va_arg-15.c execution, -O1
FAIL: gcc.target/aarch64/aapcs64/va_arg-15.c compilation, -O2
UNRESOLVED: gcc.target/aarch64/aapcs64/va_arg-15.c execution, -O2
FAIL: gcc.target/aarch64/aapcs64/va_arg-15.c compilation, -O3 -g
UNRESOLVED: gcc.target/aarch64/aapcs64/va_arg-15.c execution, -O3 -g
FAIL: gcc.target/aarch64/aapcs64/va_arg-15.c compilation, -Os
UNRESOLVED: gcc.target/aarch64/aapcs64/va_arg-15.c execution, -Os
FAIL: gcc.target/aarch64/aapcs64/va_arg-15.c compilation, -Og -g
UNRESOLVED: gcc.target/aarch64/aapcs64/va_arg-15.c execution, -Og -g
FAIL: gcc.target/aarch64/aapcs64/va_arg-16.c compilation, -O0
UNRESOLVED: gcc.target/aarch64/aapcs64/va_arg-16.c execution, -O0
FAIL: gcc.target/aarch64/aapcs64/va_arg-16.c compilation, -O1
UNRESOLVED: gcc.target/aarch64/aapcs64/va_arg-16.c execution, -O1
FAIL: gcc.target/aarch64/aapcs64/va_arg-16.c compilation, -O2
UNRESOLVED: gcc.target/aarch64/aapcs64/va_arg-16.c execution, -O2
FAIL: gcc.target/aarch64/aapcs64/va_arg-16.c compilation, -O3 -g
UNRESOLVED: gcc.target/aarch64/aapcs64/va_arg-16.c execution, -O3 -g
FAIL: gcc.target/aarch64/aapcs64/va_arg-16.c compilation, -Os
UNRESOLVED: gcc.target/aarch64/aapcs64/va_arg-16.c execution, -Os
FAIL: gcc.target/aarch64/aapcs64/va_arg-16.c compilation, -Og -g
UNRESOLVED: gcc.target/aarch64/aapcs64/va_arg-16.c execution, -Og -g
FAIL: gcc.target/aarch64/aapcs64/va_arg-2.c compilation, -O0
UNRESOLVED: gcc.target/aarch64/aapcs64/va_arg-2.c execution, -O0
FAIL: gcc.target/aarch64/aapcs64/va_arg-2.c compilation, -O1
UNRESOLVED: gcc.target/aarch64/aapcs64/va_arg-2.c execution, -O1
FAIL: gcc.target/aarch64/aapcs64/va_arg-2.c compilation, -O2
UNRESOLVED: gcc.target/aarch64/aapcs64/va_arg-2.c execution, -O2
FAIL: gcc.target/aarch64/aapcs64/va_arg-2.c compilation, -O3 -g
UNRESOLVED: gcc.target/aarch64/aapcs64/va_arg-2.c execution, -O3 -g
FAIL: gcc.target/aarch64/aapcs64/va_arg-2.c compilation, -Os
UNRESOLVED: gcc.target/aarch64/aapcs64/va_arg-2.c execution, -Os
FAIL: gcc.target/aarch64/aapcs64/va_arg-2.c compilation, -Og -g
UNRESOLVED: gcc.target/aarch64/aapcs64/va_arg-2.c execution, -Og -g
FAIL: gcc.target/aarch64/aapcs64/va_arg-3.c compilation, -O0
UNRESOLVED: gcc.target/aarch64/aapcs64/va_arg-3.c execution, -O0
FAIL: gcc.target/aarch64/aapcs64/va_arg-3.c compilation, -O1
UNRESOLVED: gcc.target/aarch64/aapcs64/va_arg-3.c execution, -O1
FAIL: gcc.target/aarch64/aapcs64/va_arg-3.c compilation, -O2
UNRESOLVED: gcc.target/aarch64/aapcs64/va_arg-3.c execution, -O2
FAIL: gcc.target/aarch64/aapcs64/va_arg-3.c compilation, -O3 -g
UNRESOLVED: gcc.target/aarch64/aapcs64/va_arg-3.c execution, -O3 -g
FAIL: gcc.target/aarch64/aapcs64/va_arg-3.c compilation, -Os
UNRESOLVED: gcc.target/aarch64/aapcs64/va_arg-3.c execution, -Os
FAIL: gcc.target/aarch64/aapcs64/va_arg-3.c compilation, -Og -g
UNRESOLVED: gcc.target/aarch64/aapcs64/va_arg-3.c execution, -Og -g
FAIL: gcc.target/aarch64/aapcs64/va_arg-4.c compilation, -O0
UNRESOLVED: gcc.target/aarch64/aapcs64/va_arg-4.c execution, -O0
FAIL: gcc.target/aarch64/aapcs64/va_arg-4.c compilation, -O1
UNRESOLVED: gcc.target/aarch64/aapcs64/va_arg-4.c execution, -O1
FAIL: gcc.target/aarch64/aapcs64/va_arg-4.c compilation, -O2
UNRESOLVED: gcc.target/aarch64/aapcs64/va_arg-4.c execution, -O2
FAIL: gcc.target/aarch64/aapcs64/va_arg-4.c compilation, -O3 -g
UNRESOLVED: gcc.target/aarch64/aapcs64/va_arg-4.c execution, -O3 -g
FAIL: gcc.target/aarch64/aapcs64/va_arg-4.c compilation, -Os
UNRESOLVED: gcc.target/aarch64/aapcs64/va_arg-4.c execution, -Os
FAIL: gcc.target/aarch64/aapcs64/va_arg-4.c compilation, -Og -g
UNRESOLVED: gcc.target/aarch64/aapcs64/va_arg-4.c execution, -Og -g
FAIL: gcc.target/aarch64/aapcs64/va_arg-5.c compilation, -O0
UNRESOLVED: gcc.target/aarch64/aapcs64/va_arg-5.c execution, -O0
FAIL: gcc.target/aarch64/aapcs64/va_arg-5.c compilation, -O1
UNRESOLVED: gcc.target/aarch64/aapcs64/va_arg-5.c execution, -O1
FAIL: gcc.target/aarch64/aapcs64/va_arg-5.c compilation, -O2
UNRESOLVED: gcc.target/aarch64/aapcs64/va_arg-5.c execution, -O2
FAIL: gcc.target/aarch64/aapcs64/va_arg-5.c compilation, -O3 -g
UNRESOLVED: gcc.target/aarch64/aapcs64/va_arg-5.c execution, -O3 -g
FAIL: gcc.target/aarch64/aapcs64/va_arg-5.c compilation, -Os
UNRESOLVED: gcc.target/aarch64/aapcs64/va_arg-5.c execution, -Os
FAIL: gcc.target/aarch64/aapcs64/va_arg-5.c compilation, -Og -g
UNRESOLVED: gcc.target/aarch64/aapcs64/va_arg-5.c execution, -Og -g
FAIL: gcc.target/aarch64/aapcs64/va_arg-6.c compilation, -O0
UNRESOLVED: gcc.target/aarch64/aapcs64/va_arg-6.c execution, -O0
FAIL: gcc.target/aarch64/aapcs64/va_arg-6.c compilation, -O1
UNRESOLVED: gcc.target/aarch64/aapcs64/va_arg-6.c execution, -O1
FAIL: gcc.target/aarch64/aapcs64/va_arg-6.c compilation, -O2
UNRESOLVED: gcc.target/aarch64/aapcs64/va_arg-6.c execution, -O2
FAIL: gcc.target/aarch64/aapcs64/va_arg-6.c compilation, -O3 -g
UNRESOLVED: gcc.target/aarch64/aapcs64/va_arg-6.c execution, -O3 -g
FAIL: gcc.target/aarch64/aapcs64/va_arg-6.c compilation, -Os
UNRESOLVED: gcc.target/aarch64/aapcs64/va_arg-6.c execution, -Os
FAIL: gcc.target/aarch64/aapcs64/va_arg-6.c compilation, -Og -g
UNRESOLVED: gcc.target/aarch64/aapcs64/va_arg-6.c execution, -Og -g
FAIL: gcc.target/aarch64/aapcs64/va_arg-7.c compilation, -O0
UNRESOLVED: gcc.target/aarch64/aapcs64/va_arg-7.c execution, -O0
FAIL: gcc.target/aarch64/aapcs64/va_arg-7.c compilation, -O1
UNRESOLVED: gcc.target/aarch64/aapcs64/va_arg-7.c execution, -O1
FAIL: gcc.target/aarch64/aapcs64/va_arg-7.c compilation, -O2
UNRESOLVED: gcc.target/aarch64/aapcs64/va_arg-7.c execution, -O2
FAIL: gcc.target/aarch64/aapcs64/va_arg-7.c compilation, -O3 -g
UNRESOLVED: gcc.target/aarch64/aapcs64/va_arg-7.c execution, -O3 -g
FAIL: gcc.target/aarch64/aapcs64/va_arg-7.c compilation, -Os
UNRESOLVED: gcc.target/aarch64/aapcs64/va_arg-7.c execution, -Os
FAIL: gcc.target/aarch64/aapcs64/va_arg-7.c compilation, -Og -g
UNRESOLVED: gcc.target/aarch64/aapcs64/va_arg-7.c execution, -Og -g
FAIL: gcc.target/aarch64/aapcs64/va_arg-8.c compilation, -O0
UNRESOLVED: gcc.target/aarch64/aapcs64/va_arg-8.c execution, -O0
FAIL: gcc.target/aarch64/aapcs64/va_arg-8.c compilation, -O1
UNRESOLVED: gcc.target/aarch64/aapcs64/va_arg-8.c execution, -O1
FAIL: gcc.target/aarch64/aapcs64/va_arg-8.c compilation, -O2
UNRESOLVED: gcc.target/aarch64/aapcs64/va_arg-8.c execution, -O2
FAIL: gcc.target/aarch64/aapcs64/va_arg-8.c compilation, -O3 -g
UNRESOLVED: gcc.target/aarch64/aapcs64/va_arg-8.c execution, -O3 -g
FAIL: gcc.target/aarch64/aapcs64/va_arg-8.c compilation, -Os
UNRESOLVED: gcc.target/aarch64/aapcs64/va_arg-8.c execution, -Os
FAIL: gcc.target/aarch64/aapcs64/va_arg-8.c compilation, -Og -g
UNRESOLVED: gcc.target/aarch64/aapcs64/va_arg-8.c execution, -Og -g
FAIL: gcc.target/aarch64/aapcs64/va_arg-9.c compilation, -O0
UNRESOLVED: gcc.target/aarch64/aapcs64/va_arg-9.c execution, -O0
FAIL: gcc.target/aarch64/aapcs64/va_arg-9.c compilation, -O1
UNRESOLVED: gcc.target/aarch64/aapcs64/va_arg-9.c execution, -O1
FAIL: gcc.target/aarch64/aapcs64/va_arg-9.c compilation, -O2
UNRESOLVED: gcc.target/aarch64/aapcs64/va_arg-9.c execution, -O2
FAIL: gcc.target/aarch64/aapcs64/va_arg-9.c compilation, -O3 -g
UNRESOLVED: gcc.target/aarch64/aapcs64/va_arg-9.c execution, -O3 -g
FAIL: gcc.target/aarch64/aapcs64/va_arg-9.c compilation, -Os
UNRESOLVED: gcc.target/aarch64/aapcs64/va_arg-9.c execution, -Os
FAIL: gcc.target/aarch64/aapcs64/va_arg-9.c compilation, -Og -g
UNRESOLVED: gcc.target/aarch64/aapcs64/va_arg-9.c execution, -Og -g
FAIL: gcc.target/aarch64/fuse_adrp_add_1.c scan-assembler adrp\\tx.*, fixed_regs\\n\\tadd\\tx.*, x.*fixed_regs
FAIL: gcc.target/aarch64/insv_1.c scan-assembler bfi\\tx[0-9]+, x[0-9]+, 0, 8
FAIL: gcc.target/aarch64/insv_1.c scan-assembler bfi\\tx[0-9]+, x[0-9]+, 16, 5
FAIL: gcc.target/aarch64/insv_1.c scan-assembler movk\\tx[0-9]+, 0x1d6b, lsl 32
FAIL: gcc.target/aarch64/ldp_stp_6.c scan-assembler stp\\td[0-9]+, d[0-9]+, \\\\[x[0-9]+\\\\]
FAIL: gcc.target/aarch64/lsl_asr_sbfiz.c scan-assembler sbfiz\\tw
FAIL: gcc.target/aarch64/pr63304_1.c (test for excess errors)
FAIL: gcc.target/aarch64/pr63304_1.c scan-assembler-times adrp 6
FAIL: gcc.target/aarch64/pr70120-2.c (test for excess errors)
FAIL: gcc.target/aarch64/pr78733.c (test for excess errors)
UNRESOLVED: gcc.target/aarch64/pr78733.c scan-assembler adr
UNRESOLVED: gcc.target/aarch64/pr78733.c scan-assembler-not adrp
FAIL: gcc.target/aarch64/pr79041-2.c (test for excess errors)
UNRESOLVED: gcc.target/aarch64/pr79041-2.c scan-assembler adr
UNRESOLVED: gcc.target/aarch64/pr79041-2.c scan-assembler-not adrp
FAIL: gcc.target/aarch64/pr94530.c (test for excess errors)
FAIL: gcc.target/aarch64/reload-valid-spoff.c (test for excess errors)
FAIL: gcc.target/aarch64/vec_init_1.c scan-assembler-times ins\\\\t 2
FAIL: gcc.target/aarch64/vect-add-sub-cond.c scan-assembler-not \\tld[^\\t]*\\t[wx]
FAIL: gcc.target/aarch64/sve/nopeel_1.c -march=armv8.2-a+sve scan-assembler-not [wx][0-9]*, \\\\[
FAIL: gcc.target/aarch64/sve/peel_ind_1.c -march=armv8.2-a+sve scan-assembler \\\\t(adrp|adr)\\\\tx[0-9]+, x\\\\n
FAIL: gcc.target/aarch64/sve/peel_ind_2.c -march=armv8.2-a+sve scan-assembler \\\\t(adrp|adr)\\\\tx[0-9]+, x\\\\n
FAIL: gcc.target/aarch64/sve/peel_ind_3.c -march=armv8.2-a+sve scan-assembler \\\\t(adrp|adr)\\\\tx[0-9]+, x\\\\n
FAIL: gcc.target/aarch64/sve/slp_1.c -march=armv8.2-a+sve scan-assembler-not \\\\tldr
FAIL: gcc.target/aarch64/sve/slp_1.c -march=armv8.2-a+sve scan-assembler-times \\\\tstr 2
FAIL: gcc.target/aarch64/sve/tls_preserve_1.c -march=armv8.2-a+sve scan-assembler-not \\\\tst[rp]\\\\t[dqv]
=== gcc Summary for unix ===
# of expected passes 133731
# of unexpected failures 388
# of expected failures 617
# of unresolved testcases 359
# of unsupported tests 3605
Running target unix/-fstack-protector
FAIL: gcc.dg/stack-usage-1.c scan-stack-usage foo\\t(256|264)\\tstatic
FAIL: gcc.dg/superblock.c scan-rtl-dump-times sched2 "ADVANCING TO" 2
FAIL: gcc.dg/graphite/interchange-1.c scan-tree-dump graphite "tiled"
FAIL: gcc.dg/graphite/interchange-10.c scan-tree-dump graphite "tiled"
FAIL: gcc.dg/graphite/interchange-11.c scan-tree-dump graphite "tiled"
FAIL: gcc.dg/graphite/interchange-3.c scan-tree-dump graphite "tiled"
FAIL: gcc.dg/graphite/interchange-4.c scan-tree-dump graphite "tiled"
FAIL: gcc.dg/graphite/interchange-7.c scan-tree-dump graphite "tiled"
FAIL: gcc.dg/graphite/interchange-9.c scan-tree-dump graphite "tiled"
FAIL: gcc.dg/graphite/uns-interchange-9.c scan-tree-dump graphite "tiled"
FAIL: gcc.dg/tls/pr78796.c (test for excess errors)
UNRESOLVED: gcc.dg/tls/pr78796.c compilation failed to produce executable
FAIL: gcc.target/aarch64/aapcs64/test_1.c compilation, -O0
UNRESOLVED: gcc.target/aarch64/aapcs64/test_1.c execution, -O0
FAIL: gcc.target/aarch64/aapcs64/test_1.c compilation, -O1
UNRESOLVED: gcc.target/aarch64/aapcs64/test_1.c execution, -O1
FAIL: gcc.target/aarch64/aapcs64/test_1.c compilation, -O2
UNRESOLVED: gcc.target/aarch64/aapcs64/test_1.c execution, -O2
FAIL: gcc.target/aarch64/aapcs64/test_1.c compilation, -O3 -g
UNRESOLVED: gcc.target/aarch64/aapcs64/test_1.c execution, -O3 -g
FAIL: gcc.target/aarch64/aapcs64/test_1.c compilation, -Os
UNRESOLVED: gcc.target/aarch64/aapcs64/test_1.c execution, -Os
FAIL: gcc.target/aarch64/aapcs64/test_1.c compilation, -Og -g
UNRESOLVED: gcc.target/aarch64/aapcs64/test_1.c execution, -Og -g
FAIL: gcc.target/aarch64/aapcs64/test_10.c compilation, -O0
UNRESOLVED: gcc.target/aarch64/aapcs64/test_10.c execution, -O0
FAIL: gcc.target/aarch64/aapcs64/test_10.c compilation, -O1
UNRESOLVED: gcc.target/aarch64/aapcs64/test_10.c execution, -O1
FAIL: gcc.target/aarch64/aapcs64/test_10.c compilation, -O2
UNRESOLVED: gcc.target/aarch64/aapcs64/test_10.c execution, -O2
FAIL: gcc.target/aarch64/aapcs64/test_10.c compilation, -O3 -g
UNRESOLVED: gcc.target/aarch64/aapcs64/test_10.c execution, -O3 -g
FAIL: gcc.target/aarch64/aapcs64/test_10.c compilation, -Os
UNRESOLVED: gcc.target/aarch64/aapcs64/test_10.c execution, -Os
FAIL: gcc.target/aarch64/aapcs64/test_10.c compilation, -Og -g
UNRESOLVED: gcc.target/aarch64/aapcs64/test_10.c execution, -Og -g
FAIL: gcc.target/aarch64/aapcs64/test_11.c compilation, -O0
UNRESOLVED: gcc.target/aarch64/aapcs64/test_11.c execution, -O0
FAIL: gcc.target/aarch64/aapcs64/test_11.c compilation, -O1
UNRESOLVED: gcc.target/aarch64/aapcs64/test_11.c execution, -O1
FAIL: gcc.target/aarch64/aapcs64/test_11.c compilation, -O2
UNRESOLVED: gcc.target/aarch64/aapcs64/test_11.c execution, -O2
FAIL: gcc.target/aarch64/aapcs64/test_11.c compilation, -O3 -g
UNRESOLVED: gcc.target/aarch64/aapcs64/test_11.c execution, -O3 -g
FAIL: gcc.target/aarch64/aapcs64/test_11.c compilation, -Os
UNRESOLVED: gcc.target/aarch64/aapcs64/test_11.c execution, -Os
FAIL: gcc.target/aarch64/aapcs64/test_11.c compilation, -Og -g
UNRESOLVED: gcc.target/aarch64/aapcs64/test_11.c execution, -Og -g
FAIL: gcc.target/aarch64/aapcs64/test_12.c compilation, -O0
UNRESOLVED: gcc.target/aarch64/aapcs64/test_12.c execution, -O0
FAIL: gcc.target/aarch64/aapcs64/test_12.c compilation, -O1
UNRESOLVED: gcc.target/aarch64/aapcs64/test_12.c execution, -O1
FAIL: gcc.target/aarch64/aapcs64/test_12.c compilation, -O2
UNRESOLVED: gcc.target/aarch64/aapcs64/test_12.c execution, -O2
FAIL: gcc.target/aarch64/aapcs64/test_12.c compilation, -O3 -g
UNRESOLVED: gcc.target/aarch64/aapcs64/test_12.c execution, -O3 -g
FAIL: gcc.target/aarch64/aapcs64/test_12.c compilation, -Os
UNRESOLVED: gcc.target/aarch64/aapcs64/test_12.c execution, -Os
FAIL: gcc.target/aarch64/aapcs64/test_12.c compilation, -Og -g
UNRESOLVED: gcc.target/aarch64/aapcs64/test_12.c execution, -Og -g
FAIL: gcc.target/aarch64/aapcs64/test_13.c compilation, -O0
UNRESOLVED: gcc.target/aarch64/aapcs64/test_13.c execution, -O0
FAIL: gcc.target/aarch64/aapcs64/test_13.c compilation, -O1
UNRESOLVED: gcc.target/aarch64/aapcs64/test_13.c execution, -O1
FAIL: gcc.target/aarch64/aapcs64/test_13.c compilation, -O2
UNRESOLVED: gcc.target/aarch64/aapcs64/test_13.c execution, -O2
FAIL: gcc.target/aarch64/aapcs64/test_13.c compilation, -O3 -g
UNRESOLVED: gcc.target/aarch64/aapcs64/test_13.c execution, -O3 -g
FAIL: gcc.target/aarch64/aapcs64/test_13.c compilation, -Os
UNRESOLVED: gcc.target/aarch64/aapcs64/test_13.c execution, -Os
FAIL: gcc.target/aarch64/aapcs64/test_13.c compilation, -Og -g
UNRESOLVED: gcc.target/aarch64/aapcs64/test_13.c execution, -Og -g
FAIL: gcc.target/aarch64/aapcs64/test_14.c compilation, -O0
UNRESOLVED: gcc.target/aarch64/aapcs64/test_14.c execution, -O0
FAIL: gcc.target/aarch64/aapcs64/test_14.c compilation, -O1
UNRESOLVED: gcc.target/aarch64/aapcs64/test_14.c execution, -O1
FAIL: gcc.target/aarch64/aapcs64/test_14.c compilation, -O2
UNRESOLVED: gcc.target/aarch64/aapcs64/test_14.c execution, -O2
FAIL: gcc.target/aarch64/aapcs64/test_14.c compilation, -O3 -g
UNRESOLVED: gcc.target/aarch64/aapcs64/test_14.c execution, -O3 -g
FAIL: gcc.target/aarch64/aapcs64/test_14.c compilation, -Os
UNRESOLVED: gcc.target/aarch64/aapcs64/test_14.c execution, -Os
FAIL: gcc.target/aarch64/aapcs64/test_14.c compilation, -Og -g
UNRESOLVED: gcc.target/aarch64/aapcs64/test_14.c execution, -Og -g
FAIL: gcc.target/aarch64/aapcs64/test_15.c compilation, -O0
UNRESOLVED: gcc.target/aarch64/aapcs64/test_15.c execution, -O0
FAIL: gcc.target/aarch64/aapcs64/test_15.c compilation, -O1
UNRESOLVED: gcc.target/aarch64/aapcs64/test_15.c execution, -O1
FAIL: gcc.target/aarch64/aapcs64/test_15.c compilation, -O2
UNRESOLVED: gcc.target/aarch64/aapcs64/test_15.c execution, -O2
FAIL: gcc.target/aarch64/aapcs64/test_15.c compilation, -O3 -g
UNRESOLVED: gcc.target/aarch64/aapcs64/test_15.c execution, -O3 -g
FAIL: gcc.target/aarch64/aapcs64/test_15.c compilation, -Os
UNRESOLVED: gcc.target/aarch64/aapcs64/test_15.c execution, -Os
FAIL: gcc.target/aarch64/aapcs64/test_15.c compilation, -Og -g
UNRESOLVED: gcc.target/aarch64/aapcs64/test_15.c execution, -Og -g
FAIL: gcc.target/aarch64/aapcs64/test_16.c compilation, -O0
UNRESOLVED: gcc.target/aarch64/aapcs64/test_16.c execution, -O0
FAIL: gcc.target/aarch64/aapcs64/test_16.c compilation, -O1
UNRESOLVED: gcc.target/aarch64/aapcs64/test_16.c execution, -O1
FAIL: gcc.target/aarch64/aapcs64/test_16.c compilation, -O2
UNRESOLVED: gcc.target/aarch64/aapcs64/test_16.c execution, -O2
FAIL: gcc.target/aarch64/aapcs64/test_16.c compilation, -O3 -g
UNRESOLVED: gcc.target/aarch64/aapcs64/test_16.c execution, -O3 -g
FAIL: gcc.target/aarch64/aapcs64/test_16.c compilation, -Os
UNRESOLVED: gcc.target/aarch64/aapcs64/test_16.c execution, -Os
FAIL: gcc.target/aarch64/aapcs64/test_16.c compilation, -Og -g
UNRESOLVED: gcc.target/aarch64/aapcs64/test_16.c execution, -Og -g
FAIL: gcc.target/aarch64/aapcs64/test_17.c compilation, -O0
UNRESOLVED: gcc.target/aarch64/aapcs64/test_17.c execution, -O0
FAIL: gcc.target/aarch64/aapcs64/test_17.c compilation, -O1
UNRESOLVED: gcc.target/aarch64/aapcs64/test_17.c execution, -O1
FAIL: gcc.target/aarch64/aapcs64/test_17.c compilation, -O2
UNRESOLVED: gcc.target/aarch64/aapcs64/test_17.c execution, -O2
FAIL: gcc.target/aarch64/aapcs64/test_17.c compilation, -O3 -g
UNRESOLVED: gcc.target/aarch64/aapcs64/test_17.c execution, -O3 -g
FAIL: gcc.target/aarch64/aapcs64/test_17.c compilation, -Os
UNRESOLVED: gcc.target/aarch64/aapcs64/test_17.c execution, -Os
FAIL: gcc.target/aarch64/aapcs64/test_17.c compilation, -Og -g
UNRESOLVED: gcc.target/aarch64/aapcs64/test_17.c execution, -Og -g
FAIL: gcc.target/aarch64/aapcs64/test_18.c compilation, -O0
UNRESOLVED: gcc.target/aarch64/aapcs64/test_18.c execution, -O0
FAIL: gcc.target/aarch64/aapcs64/test_18.c compilation, -O1
UNRESOLVED: gcc.target/aarch64/aapcs64/test_18.c execution, -O1
FAIL: gcc.target/aarch64/aapcs64/test_18.c compilation, -O2
UNRESOLVED: gcc.target/aarch64/aapcs64/test_18.c execution, -O2
FAIL: gcc.target/aarch64/aapcs64/test_18.c compilation, -O3 -g
UNRESOLVED: gcc.target/aarch64/aapcs64/test_18.c execution, -O3 -g
FAIL: gcc.target/aarch64/aapcs64/test_18.c compilation, -Os
UNRESOLVED: gcc.target/aarch64/aapcs64/test_18.c execution, -Os
FAIL: gcc.target/aarch64/aapcs64/test_18.c compilation, -Og -g
UNRESOLVED: gcc.target/aarch64/aapcs64/test_18.c execution, -Og -g
FAIL: gcc.target/aarch64/aapcs64/test_19.c compilation, -O0
UNRESOLVED: gcc.target/aarch64/aapcs64/test_19.c execution, -O0
FAIL: gcc.target/aarch64/aapcs64/test_19.c compilation, -O1
UNRESOLVED: gcc.target/aarch64/aapcs64/test_19.c execution, -O1
FAIL: gcc.target/aarch64/aapcs64/test_19.c compilation, -O2
UNRESOLVED: gcc.target/aarch64/aapcs64/test_19.c execution, -O2
FAIL: gcc.target/aarch64/aapcs64/test_19.c compilation, -O3 -g
UNRESOLVED: gcc.target/aarch64/aapcs64/test_19.c execution, -O3 -g
FAIL: gcc.target/aarch64/aapcs64/test_19.c compilation, -Os
UNRESOLVED: gcc.target/aarch64/aapcs64/test_19.c execution, -Os
FAIL: gcc.target/aarch64/aapcs64/test_19.c compilation, -Og -g
UNRESOLVED: gcc.target/aarch64/aapcs64/test_19.c execution, -Og -g
FAIL: gcc.target/aarch64/aapcs64/test_2.c compilation, -O0
UNRESOLVED: gcc.target/aarch64/aapcs64/test_2.c execution, -O0
FAIL: gcc.target/aarch64/aapcs64/test_2.c compilation, -O1
UNRESOLVED: gcc.target/aarch64/aapcs64/test_2.c execution, -O1
FAIL: gcc.target/aarch64/aapcs64/test_2.c compilation, -O2
UNRESOLVED: gcc.target/aarch64/aapcs64/test_2.c execution, -O2
FAIL: gcc.target/aarch64/aapcs64/test_2.c compilation, -O3 -g
UNRESOLVED: gcc.target/aarch64/aapcs64/test_2.c execution, -O3 -g
FAIL: gcc.target/aarch64/aapcs64/test_2.c compilation, -Os
UNRESOLVED: gcc.target/aarch64/aapcs64/test_2.c execution, -Os
FAIL: gcc.target/aarch64/aapcs64/test_2.c compilation, -Og -g
UNRESOLVED: gcc.target/aarch64/aapcs64/test_2.c execution, -Og -g
FAIL: gcc.target/aarch64/aapcs64/test_20.c compilation, -O0
UNRESOLVED: gcc.target/aarch64/aapcs64/test_20.c execution, -O0
FAIL: gcc.target/aarch64/aapcs64/test_20.c compilation, -O1
UNRESOLVED: gcc.target/aarch64/aapcs64/test_20.c execution, -O1
FAIL: gcc.target/aarch64/aapcs64/test_20.c compilation, -O2
UNRESOLVED: gcc.target/aarch64/aapcs64/test_20.c execution, -O2
FAIL: gcc.target/aarch64/aapcs64/test_20.c compilation, -O3 -g
UNRESOLVED: gcc.target/aarch64/aapcs64/test_20.c execution, -O3 -g
FAIL: gcc.target/aarch64/aapcs64/test_20.c compilation, -Os
UNRESOLVED: gcc.target/aarch64/aapcs64/test_20.c execution, -Os
FAIL: gcc.target/aarch64/aapcs64/test_20.c compilation, -Og -g
UNRESOLVED: gcc.target/aarch64/aapcs64/test_20.c execution, -Og -g
FAIL: gcc.target/aarch64/aapcs64/test_21.c compilation, -O0
UNRESOLVED: gcc.target/aarch64/aapcs64/test_21.c execution, -O0
FAIL: gcc.target/aarch64/aapcs64/test_21.c compilation, -O1
UNRESOLVED: gcc.target/aarch64/aapcs64/test_21.c execution, -O1
FAIL: gcc.target/aarch64/aapcs64/test_21.c compilation, -O2
UNRESOLVED: gcc.target/aarch64/aapcs64/test_21.c execution, -O2
FAIL: gcc.target/aarch64/aapcs64/test_21.c compilation, -O3 -g
UNRESOLVED: gcc.target/aarch64/aapcs64/test_21.c execution, -O3 -g
FAIL: gcc.target/aarch64/aapcs64/test_21.c compilation, -Os
UNRESOLVED: gcc.target/aarch64/aapcs64/test_21.c execution, -Os
FAIL: gcc.target/aarch64/aapcs64/test_21.c compilation, -Og -g
UNRESOLVED: gcc.target/aarch64/aapcs64/test_21.c execution, -Og -g
FAIL: gcc.target/aarch64/aapcs64/test_22.c compilation, -O0
UNRESOLVED: gcc.target/aarch64/aapcs64/test_22.c execution, -O0
FAIL: gcc.target/aarch64/aapcs64/test_22.c compilation, -O1
UNRESOLVED: gcc.target/aarch64/aapcs64/test_22.c execution, -O1
FAIL: gcc.target/aarch64/aapcs64/test_22.c compilation, -O2
UNRESOLVED: gcc.target/aarch64/aapcs64/test_22.c execution, -O2
FAIL: gcc.target/aarch64/aapcs64/test_22.c compilation, -O3 -g
UNRESOLVED: gcc.target/aarch64/aapcs64/test_22.c execution, -O3 -g
FAIL: gcc.target/aarch64/aapcs64/test_22.c compilation, -Os
UNRESOLVED: gcc.target/aarch64/aapcs64/test_22.c execution, -Os
FAIL: gcc.target/aarch64/aapcs64/test_22.c compilation, -Og -g
UNRESOLVED: gcc.target/aarch64/aapcs64/test_22.c execution, -Og -g
FAIL: gcc.target/aarch64/aapcs64/test_23.c compilation, -O0
UNRESOLVED: gcc.target/aarch64/aapcs64/test_23.c execution, -O0
FAIL: gcc.target/aarch64/aapcs64/test_23.c compilation, -O1
UNRESOLVED: gcc.target/aarch64/aapcs64/test_23.c execution, -O1
FAIL: gcc.target/aarch64/aapcs64/test_23.c compilation, -O2
UNRESOLVED: gcc.target/aarch64/aapcs64/test_23.c execution, -O2
FAIL: gcc.target/aarch64/aapcs64/test_23.c compilation, -O3 -g
UNRESOLVED: gcc.target/aarch64/aapcs64/test_23.c execution, -O3 -g
FAIL: gcc.target/aarch64/aapcs64/test_23.c compilation, -Os
UNRESOLVED: gcc.target/aarch64/aapcs64/test_23.c execution, -Os
FAIL: gcc.target/aarch64/aapcs64/test_23.c compilation, -Og -g
UNRESOLVED: gcc.target/aarch64/aapcs64/test_23.c execution, -Og -g
FAIL: gcc.target/aarch64/aapcs64/test_24.c compilation, -O0
UNRESOLVED: gcc.target/aarch64/aapcs64/test_24.c execution, -O0
FAIL: gcc.target/aarch64/aapcs64/test_24.c compilation, -O1
UNRESOLVED: gcc.target/aarch64/aapcs64/test_24.c execution, -O1
FAIL: gcc.target/aarch64/aapcs64/test_24.c compilation, -O2
UNRESOLVED: gcc.target/aarch64/aapcs64/test_24.c execution, -O2
FAIL: gcc.target/aarch64/aapcs64/test_24.c compilation, -O3 -g
UNRESOLVED: gcc.target/aarch64/aapcs64/test_24.c execution, -O3 -g
FAIL: gcc.target/aarch64/aapcs64/test_24.c compilation, -Os
UNRESOLVED: gcc.target/aarch64/aapcs64/test_24.c execution, -Os
FAIL: gcc.target/aarch64/aapcs64/test_24.c compilation, -Og -g
UNRESOLVED: gcc.target/aarch64/aapcs64/test_24.c execution, -Og -g
FAIL: gcc.target/aarch64/aapcs64/test_25.c compilation, -O0
UNRESOLVED: gcc.target/aarch64/aapcs64/test_25.c execution, -O0
FAIL: gcc.target/aarch64/aapcs64/test_25.c compilation, -O1
UNRESOLVED: gcc.target/aarch64/aapcs64/test_25.c execution, -O1
FAIL: gcc.target/aarch64/aapcs64/test_25.c compilation, -O2
UNRESOLVED: gcc.target/aarch64/aapcs64/test_25.c execution, -O2
FAIL: gcc.target/aarch64/aapcs64/test_25.c compilation, -O3 -g
UNRESOLVED: gcc.target/aarch64/aapcs64/test_25.c execution, -O3 -g
FAIL: gcc.target/aarch64/aapcs64/test_25.c compilation, -Os
UNRESOLVED: gcc.target/aarch64/aapcs64/test_25.c execution, -Os
FAIL: gcc.target/aarch64/aapcs64/test_25.c compilation, -Og -g
UNRESOLVED: gcc.target/aarch64/aapcs64/test_25.c execution, -Og -g
FAIL: gcc.target/aarch64/aapcs64/test_26.c compilation, -O0
UNRESOLVED: gcc.target/aarch64/aapcs64/test_26.c execution, -O0
FAIL: gcc.target/aarch64/aapcs64/test_26.c compilation, -O1
UNRESOLVED: gcc.target/aarch64/aapcs64/test_26.c execution, -O1
FAIL: gcc.target/aarch64/aapcs64/test_26.c compilation, -O2
UNRESOLVED: gcc.target/aarch64/aapcs64/test_26.c execution, -O2
FAIL: gcc.target/aarch64/aapcs64/test_26.c compilation, -O3 -g
UNRESOLVED: gcc.target/aarch64/aapcs64/test_26.c execution, -O3 -g
FAIL: gcc.target/aarch64/aapcs64/test_26.c compilation, -Os
UNRESOLVED: gcc.target/aarch64/aapcs64/test_26.c execution, -Os
FAIL: gcc.target/aarch64/aapcs64/test_26.c compilation, -Og -g
UNRESOLVED: gcc.target/aarch64/aapcs64/test_26.c execution, -Og -g
FAIL: gcc.target/aarch64/aapcs64/test_27.c compilation, -O0
UNRESOLVED: gcc.target/aarch64/aapcs64/test_27.c execution, -O0
FAIL: gcc.target/aarch64/aapcs64/test_27.c compilation, -O1
UNRESOLVED: gcc.target/aarch64/aapcs64/test_27.c execution, -O1
FAIL: gcc.target/aarch64/aapcs64/test_27.c compilation, -O2
UNRESOLVED: gcc.target/aarch64/aapcs64/test_27.c execution, -O2
FAIL: gcc.target/aarch64/aapcs64/test_27.c compilation, -O3 -g
UNRESOLVED: gcc.target/aarch64/aapcs64/test_27.c execution, -O3 -g
FAIL: gcc.target/aarch64/aapcs64/test_27.c compilation, -Os
UNRESOLVED: gcc.target/aarch64/aapcs64/test_27.c execution, -Os
FAIL: gcc.target/aarch64/aapcs64/test_27.c compilation, -Og -g
UNRESOLVED: gcc.target/aarch64/aapcs64/test_27.c execution, -Og -g
FAIL: gcc.target/aarch64/aapcs64/test_3.c compilation, -O0
UNRESOLVED: gcc.target/aarch64/aapcs64/test_3.c execution, -O0
FAIL: gcc.target/aarch64/aapcs64/test_3.c compilation, -O1
UNRESOLVED: gcc.target/aarch64/aapcs64/test_3.c execution, -O1
FAIL: gcc.target/aarch64/aapcs64/test_3.c compilation, -O2
UNRESOLVED: gcc.target/aarch64/aapcs64/test_3.c execution, -O2
FAIL: gcc.target/aarch64/aapcs64/test_3.c compilation, -O3 -g
UNRESOLVED: gcc.target/aarch64/aapcs64/test_3.c execution, -O3 -g
FAIL: gcc.target/aarch64/aapcs64/test_3.c compilation, -Os
UNRESOLVED: gcc.target/aarch64/aapcs64/test_3.c execution, -Os
FAIL: gcc.target/aarch64/aapcs64/test_3.c compilation, -Og -g
UNRESOLVED: gcc.target/aarch64/aapcs64/test_3.c execution, -Og -g
FAIL: gcc.target/aarch64/aapcs64/test_4.c compilation, -O0
UNRESOLVED: gcc.target/aarch64/aapcs64/test_4.c execution, -O0
FAIL: gcc.target/aarch64/aapcs64/test_4.c compilation, -O1
UNRESOLVED: gcc.target/aarch64/aapcs64/test_4.c execution, -O1
FAIL: gcc.target/aarch64/aapcs64/test_4.c compilation, -O2
UNRESOLVED: gcc.target/aarch64/aapcs64/test_4.c execution, -O2
FAIL: gcc.target/aarch64/aapcs64/test_4.c compilation, -O3 -g
UNRESOLVED: gcc.target/aarch64/aapcs64/test_4.c execution, -O3 -g
FAIL: gcc.target/aarch64/aapcs64/test_4.c compilation, -Os
UNRESOLVED: gcc.target/aarch64/aapcs64/test_4.c execution, -Os
FAIL: gcc.target/aarch64/aapcs64/test_4.c compilation, -Og -g
UNRESOLVED: gcc.target/aarch64/aapcs64/test_4.c execution, -Og -g
FAIL: gcc.target/aarch64/aapcs64/test_5.c compilation, -O0
UNRESOLVED: gcc.target/aarch64/aapcs64/test_5.c execution, -O0
FAIL: gcc.target/aarch64/aapcs64/test_5.c compilation, -O1
UNRESOLVED: gcc.target/aarch64/aapcs64/test_5.c execution, -O1
FAIL: gcc.target/aarch64/aapcs64/test_5.c compilation, -O2
UNRESOLVED: gcc.target/aarch64/aapcs64/test_5.c execution, -O2
FAIL: gcc.target/aarch64/aapcs64/test_5.c compilation, -O3 -g
UNRESOLVED: gcc.target/aarch64/aapcs64/test_5.c execution, -O3 -g
FAIL: gcc.target/aarch64/aapcs64/test_5.c compilation, -Os
UNRESOLVED: gcc.target/aarch64/aapcs64/test_5.c execution, -Os
FAIL: gcc.target/aarch64/aapcs64/test_5.c compilation, -Og -g
UNRESOLVED: gcc.target/aarch64/aapcs64/test_5.c execution, -Og -g
FAIL: gcc.target/aarch64/aapcs64/test_6.c compilation, -O0
UNRESOLVED: gcc.target/aarch64/aapcs64/test_6.c execution, -O0
FAIL: gcc.target/aarch64/aapcs64/test_6.c compilation, -O1
UNRESOLVED: gcc.target/aarch64/aapcs64/test_6.c execution, -O1
FAIL: gcc.target/aarch64/aapcs64/test_6.c compilation, -O2
UNRESOLVED: gcc.target/aarch64/aapcs64/test_6.c execution, -O2
FAIL: gcc.target/aarch64/aapcs64/test_6.c compilation, -O3 -g
UNRESOLVED: gcc.target/aarch64/aapcs64/test_6.c execution, -O3 -g
FAIL: gcc.target/aarch64/aapcs64/test_6.c compilation, -Os
UNRESOLVED: gcc.target/aarch64/aapcs64/test_6.c execution, -Os
FAIL: gcc.target/aarch64/aapcs64/test_6.c compilation, -Og -g
UNRESOLVED: gcc.target/aarch64/aapcs64/test_6.c execution, -Og -g
FAIL: gcc.target/aarch64/aapcs64/test_64x1_1.c compilation, -O0
UNRESOLVED: gcc.target/aarch64/aapcs64/test_64x1_1.c execution, -O0
FAIL: gcc.target/aarch64/aapcs64/test_64x1_1.c compilation, -O1
UNRESOLVED: gcc.target/aarch64/aapcs64/test_64x1_1.c execution, -O1
FAIL: gcc.target/aarch64/aapcs64/test_64x1_1.c compilation, -O2
UNRESOLVED: gcc.target/aarch64/aapcs64/test_64x1_1.c execution, -O2
FAIL: gcc.target/aarch64/aapcs64/test_64x1_1.c compilation, -O3 -g
UNRESOLVED: gcc.target/aarch64/aapcs64/test_64x1_1.c execution, -O3 -g
FAIL: gcc.target/aarch64/aapcs64/test_64x1_1.c compilation, -Os
UNRESOLVED: gcc.target/aarch64/aapcs64/test_64x1_1.c execution, -Os
FAIL: gcc.target/aarch64/aapcs64/test_64x1_1.c compilation, -Og -g
UNRESOLVED: gcc.target/aarch64/aapcs64/test_64x1_1.c execution, -Og -g
FAIL: gcc.target/aarch64/aapcs64/test_7.c compilation, -O0
UNRESOLVED: gcc.target/aarch64/aapcs64/test_7.c execution, -O0
FAIL: gcc.target/aarch64/aapcs64/test_7.c compilation, -O1
UNRESOLVED: gcc.target/aarch64/aapcs64/test_7.c execution, -O1
FAIL: gcc.target/aarch64/aapcs64/test_7.c compilation, -O2
UNRESOLVED: gcc.target/aarch64/aapcs64/test_7.c execution, -O2
FAIL: gcc.target/aarch64/aapcs64/test_7.c compilation, -O3 -g
UNRESOLVED: gcc.target/aarch64/aapcs64/test_7.c execution, -O3 -g
FAIL: gcc.target/aarch64/aapcs64/test_7.c compilation, -Os
UNRESOLVED: gcc.target/aarch64/aapcs64/test_7.c execution, -Os
FAIL: gcc.target/aarch64/aapcs64/test_7.c compilation, -Og -g
UNRESOLVED: gcc.target/aarch64/aapcs64/test_7.c execution, -Og -g
FAIL: gcc.target/aarch64/aapcs64/test_8.c compilation, -O0
UNRESOLVED: gcc.target/aarch64/aapcs64/test_8.c execution, -O0
FAIL: gcc.target/aarch64/aapcs64/test_8.c compilation, -O1
UNRESOLVED: gcc.target/aarch64/aapcs64/test_8.c execution, -O1
FAIL: gcc.target/aarch64/aapcs64/test_8.c compilation, -O2
UNRESOLVED: gcc.target/aarch64/aapcs64/test_8.c execution, -O2
FAIL: gcc.target/aarch64/aapcs64/test_8.c compilation, -O3 -g
UNRESOLVED: gcc.target/aarch64/aapcs64/test_8.c execution, -O3 -g
FAIL: gcc.target/aarch64/aapcs64/test_8.c compilation, -Os
UNRESOLVED: gcc.target/aarch64/aapcs64/test_8.c execution, -Os
FAIL: gcc.target/aarch64/aapcs64/test_8.c compilation, -Og -g
UNRESOLVED: gcc.target/aarch64/aapcs64/test_8.c execution, -Og -g
FAIL: gcc.target/aarch64/aapcs64/test_9.c compilation, -O0
UNRESOLVED: gcc.target/aarch64/aapcs64/test_9.c execution, -O0
FAIL: gcc.target/aarch64/aapcs64/test_9.c compilation, -O1
UNRESOLVED: gcc.target/aarch64/aapcs64/test_9.c execution, -O1
FAIL: gcc.target/aarch64/aapcs64/test_9.c compilation, -O2
UNRESOLVED: gcc.target/aarch64/aapcs64/test_9.c execution, -O2
FAIL: gcc.target/aarch64/aapcs64/test_9.c compilation, -O3 -g
UNRESOLVED: gcc.target/aarch64/aapcs64/test_9.c execution, -O3 -g
FAIL: gcc.target/aarch64/aapcs64/test_9.c compilation, -Os
UNRESOLVED: gcc.target/aarch64/aapcs64/test_9.c execution, -Os
FAIL: gcc.target/aarch64/aapcs64/test_9.c compilation, -Og -g
UNRESOLVED: gcc.target/aarch64/aapcs64/test_9.c execution, -Og -g
FAIL: gcc.target/aarch64/aapcs64/test_align-1.c compilation, -O0
UNRESOLVED: gcc.target/aarch64/aapcs64/test_align-1.c execution, -O0
FAIL: gcc.target/aarch64/aapcs64/test_align-1.c compilation, -O1
UNRESOLVED: gcc.target/aarch64/aapcs64/test_align-1.c execution, -O1
FAIL: gcc.target/aarch64/aapcs64/test_align-1.c compilation, -O2
UNRESOLVED: gcc.target/aarch64/aapcs64/test_align-1.c execution, -O2
FAIL: gcc.target/aarch64/aapcs64/test_align-1.c compilation, -O3 -g
UNRESOLVED: gcc.target/aarch64/aapcs64/test_align-1.c execution, -O3 -g
FAIL: gcc.target/aarch64/aapcs64/test_align-1.c compilation, -Os
UNRESOLVED: gcc.target/aarch64/aapcs64/test_align-1.c execution, -Os
FAIL: gcc.target/aarch64/aapcs64/test_align-1.c compilation, -Og -g
UNRESOLVED: gcc.target/aarch64/aapcs64/test_align-1.c execution, -Og -g
FAIL: gcc.target/aarch64/aapcs64/test_align-10.c compilation, -O0
UNRESOLVED: gcc.target/aarch64/aapcs64/test_align-10.c execution, -O0
FAIL: gcc.target/aarch64/aapcs64/test_align-10.c compilation, -O1
UNRESOLVED: gcc.target/aarch64/aapcs64/test_align-10.c execution, -O1
FAIL: gcc.target/aarch64/aapcs64/test_align-10.c compilation, -O2
UNRESOLVED: gcc.target/aarch64/aapcs64/test_align-10.c execution, -O2
FAIL: gcc.target/aarch64/aapcs64/test_align-10.c compilation, -O3 -g
UNRESOLVED: gcc.target/aarch64/aapcs64/test_align-10.c execution, -O3 -g
FAIL: gcc.target/aarch64/aapcs64/test_align-10.c compilation, -Os
UNRESOLVED: gcc.target/aarch64/aapcs64/test_align-10.c execution, -Os
FAIL: gcc.target/aarch64/aapcs64/test_align-10.c compilation, -Og -g
UNRESOLVED: gcc.target/aarch64/aapcs64/test_align-10.c execution, -Og -g
FAIL: gcc.target/aarch64/aapcs64/test_align-11.c compilation, -O0
UNRESOLVED: gcc.target/aarch64/aapcs64/test_align-11.c execution, -O0
FAIL: gcc.target/aarch64/aapcs64/test_align-11.c compilation, -O1
UNRESOLVED: gcc.target/aarch64/aapcs64/test_align-11.c execution, -O1
FAIL: gcc.target/aarch64/aapcs64/test_align-11.c compilation, -O2
UNRESOLVED: gcc.target/aarch64/aapcs64/test_align-11.c execution, -O2
FAIL: gcc.target/aarch64/aapcs64/test_align-11.c compilation, -O3 -g
UNRESOLVED: gcc.target/aarch64/aapcs64/test_align-11.c execution, -O3 -g
FAIL: gcc.target/aarch64/aapcs64/test_align-11.c compilation, -Os
UNRESOLVED: gcc.target/aarch64/aapcs64/test_align-11.c execution, -Os
FAIL: gcc.target/aarch64/aapcs64/test_align-11.c compilation, -Og -g
UNRESOLVED: gcc.target/aarch64/aapcs64/test_align-11.c execution, -Og -g
FAIL: gcc.target/aarch64/aapcs64/test_align-12.c compilation, -O0
UNRESOLVED: gcc.target/aarch64/aapcs64/test_align-12.c execution, -O0
FAIL: gcc.target/aarch64/aapcs64/test_align-12.c compilation, -O1
UNRESOLVED: gcc.target/aarch64/aapcs64/test_align-12.c execution, -O1
FAIL: gcc.target/aarch64/aapcs64/test_align-12.c compilation, -O2
UNRESOLVED: gcc.target/aarch64/aapcs64/test_align-12.c execution, -O2
FAIL: gcc.target/aarch64/aapcs64/test_align-12.c compilation, -O3 -g
UNRESOLVED: gcc.target/aarch64/aapcs64/test_align-12.c execution, -O3 -g
FAIL: gcc.target/aarch64/aapcs64/test_align-12.c compilation, -Os
UNRESOLVED: gcc.target/aarch64/aapcs64/test_align-12.c execution, -Os
FAIL: gcc.target/aarch64/aapcs64/test_align-12.c compilation, -Og -g
UNRESOLVED: gcc.target/aarch64/aapcs64/test_align-12.c execution, -Og -g
FAIL: gcc.target/aarch64/aapcs64/test_align-2.c compilation, -O0
UNRESOLVED: gcc.target/aarch64/aapcs64/test_align-2.c execution, -O0
FAIL: gcc.target/aarch64/aapcs64/test_align-2.c compilation, -O1
UNRESOLVED: gcc.target/aarch64/aapcs64/test_align-2.c execution, -O1
FAIL: gcc.target/aarch64/aapcs64/test_align-2.c compilation, -O2
UNRESOLVED: gcc.target/aarch64/aapcs64/test_align-2.c execution, -O2
FAIL: gcc.target/aarch64/aapcs64/test_align-2.c compilation, -O3 -g
UNRESOLVED: gcc.target/aarch64/aapcs64/test_align-2.c execution, -O3 -g
FAIL: gcc.target/aarch64/aapcs64/test_align-2.c compilation, -Os
UNRESOLVED: gcc.target/aarch64/aapcs64/test_align-2.c execution, -Os
FAIL: gcc.target/aarch64/aapcs64/test_align-2.c compilation, -Og -g
UNRESOLVED: gcc.target/aarch64/aapcs64/test_align-2.c execution, -Og -g
FAIL: gcc.target/aarch64/aapcs64/test_align-3.c compilation, -O0
UNRESOLVED: gcc.target/aarch64/aapcs64/test_align-3.c execution, -O0
FAIL: gcc.target/aarch64/aapcs64/test_align-3.c compilation, -O1
UNRESOLVED: gcc.target/aarch64/aapcs64/test_align-3.c execution, -O1
FAIL: gcc.target/aarch64/aapcs64/test_align-3.c compilation, -O2
UNRESOLVED: gcc.target/aarch64/aapcs64/test_align-3.c execution, -O2
FAIL: gcc.target/aarch64/aapcs64/test_align-3.c compilation, -O3 -g
UNRESOLVED: gcc.target/aarch64/aapcs64/test_align-3.c execution, -O3 -g
FAIL: gcc.target/aarch64/aapcs64/test_align-3.c compilation, -Os
UNRESOLVED: gcc.target/aarch64/aapcs64/test_align-3.c execution, -Os
FAIL: gcc.target/aarch64/aapcs64/test_align-3.c compilation, -Og -g
UNRESOLVED: gcc.target/aarch64/aapcs64/test_align-3.c execution, -Og -g
FAIL: gcc.target/aarch64/aapcs64/test_align-4.c compilation, -O0
UNRESOLVED: gcc.target/aarch64/aapcs64/test_align-4.c execution, -O0
FAIL: gcc.target/aarch64/aapcs64/test_align-4.c compilation, -O1
UNRESOLVED: gcc.target/aarch64/aapcs64/test_align-4.c execution, -O1
FAIL: gcc.target/aarch64/aapcs64/test_align-4.c compilation, -O2
UNRESOLVED: gcc.target/aarch64/aapcs64/test_align-4.c execution, -O2
FAIL: gcc.target/aarch64/aapcs64/test_align-4.c compilation, -O3 -g
UNRESOLVED: gcc.target/aarch64/aapcs64/test_align-4.c execution, -O3 -g
FAIL: gcc.target/aarch64/aapcs64/test_align-4.c compilation, -Os
UNRESOLVED: gcc.target/aarch64/aapcs64/test_align-4.c execution, -Os
FAIL: gcc.target/aarch64/aapcs64/test_align-4.c compilation, -Og -g
UNRESOLVED: gcc.target/aarch64/aapcs64/test_align-4.c execution, -Og -g
FAIL: gcc.target/aarch64/aapcs64/test_align-5.c compilation, -O0
UNRESOLVED: gcc.target/aarch64/aapcs64/test_align-5.c execution, -O0
FAIL: gcc.target/aarch64/aapcs64/test_align-5.c compilation, -O1
UNRESOLVED: gcc.target/aarch64/aapcs64/test_align-5.c execution, -O1
FAIL: gcc.target/aarch64/aapcs64/test_align-5.c compilation, -O2
UNRESOLVED: gcc.target/aarch64/aapcs64/test_align-5.c execution, -O2
FAIL: gcc.target/aarch64/aapcs64/test_align-5.c compilation, -O3 -g
UNRESOLVED: gcc.target/aarch64/aapcs64/test_align-5.c execution, -O3 -g
FAIL: gcc.target/aarch64/aapcs64/test_align-5.c compilation, -Os
UNRESOLVED: gcc.target/aarch64/aapcs64/test_align-5.c execution, -Os
FAIL: gcc.target/aarch64/aapcs64/test_align-5.c compilation, -Og -g
UNRESOLVED: gcc.target/aarch64/aapcs64/test_align-5.c execution, -Og -g
FAIL: gcc.target/aarch64/aapcs64/test_align-6.c compilation, -O0
UNRESOLVED: gcc.target/aarch64/aapcs64/test_align-6.c execution, -O0
FAIL: gcc.target/aarch64/aapcs64/test_align-6.c compilation, -O1
UNRESOLVED: gcc.target/aarch64/aapcs64/test_align-6.c execution, -O1
FAIL: gcc.target/aarch64/aapcs64/test_align-6.c compilation, -O2
UNRESOLVED: gcc.target/aarch64/aapcs64/test_align-6.c execution, -O2
FAIL: gcc.target/aarch64/aapcs64/test_align-6.c compilation, -O3 -g
UNRESOLVED: gcc.target/aarch64/aapcs64/test_align-6.c execution, -O3 -g
FAIL: gcc.target/aarch64/aapcs64/test_align-6.c compilation, -Os
UNRESOLVED: gcc.target/aarch64/aapcs64/test_align-6.c execution, -Os
FAIL: gcc.target/aarch64/aapcs64/test_align-6.c compilation, -Og -g
UNRESOLVED: gcc.target/aarch64/aapcs64/test_align-6.c execution, -Og -g
FAIL: gcc.target/aarch64/aapcs64/test_align-7.c compilation, -O0
UNRESOLVED: gcc.target/aarch64/aapcs64/test_align-7.c execution, -O0
FAIL: gcc.target/aarch64/aapcs64/test_align-7.c compilation, -O1
UNRESOLVED: gcc.target/aarch64/aapcs64/test_align-7.c execution, -O1
FAIL: gcc.target/aarch64/aapcs64/test_align-7.c compilation, -O2
UNRESOLVED: gcc.target/aarch64/aapcs64/test_align-7.c execution, -O2
FAIL: gcc.target/aarch64/aapcs64/test_align-7.c compilation, -O3 -g
UNRESOLVED: gcc.target/aarch64/aapcs64/test_align-7.c execution, -O3 -g
FAIL: gcc.target/aarch64/aapcs64/test_align-7.c compilation, -Os
UNRESOLVED: gcc.target/aarch64/aapcs64/test_align-7.c execution, -Os
FAIL: gcc.target/aarch64/aapcs64/test_align-7.c compilation, -Og -g
UNRESOLVED: gcc.target/aarch64/aapcs64/test_align-7.c execution, -Og -g
FAIL: gcc.target/aarch64/aapcs64/test_align-8.c compilation, -O0
UNRESOLVED: gcc.target/aarch64/aapcs64/test_align-8.c execution, -O0
FAIL: gcc.target/aarch64/aapcs64/test_align-8.c compilation, -O1
UNRESOLVED: gcc.target/aarch64/aapcs64/test_align-8.c execution, -O1
FAIL: gcc.target/aarch64/aapcs64/test_align-8.c compilation, -O2
UNRESOLVED: gcc.target/aarch64/aapcs64/test_align-8.c execution, -O2
FAIL: gcc.target/aarch64/aapcs64/test_align-8.c compilation, -O3 -g
UNRESOLVED: gcc.target/aarch64/aapcs64/test_align-8.c execution, -O3 -g
FAIL: gcc.target/aarch64/aapcs64/test_align-8.c compilation, -Os
UNRESOLVED: gcc.target/aarch64/aapcs64/test_align-8.c execution, -Os
FAIL: gcc.target/aarch64/aapcs64/test_align-8.c compilation, -Og -g
UNRESOLVED: gcc.target/aarch64/aapcs64/test_align-8.c execution, -Og -g
FAIL: gcc.target/aarch64/aapcs64/test_align-9.c compilation, -O0
UNRESOLVED: gcc.target/aarch64/aapcs64/test_align-9.c execution, -O0
FAIL: gcc.target/aarch64/aapcs64/test_align-9.c compilation, -O1
UNRESOLVED: gcc.target/aarch64/aapcs64/test_align-9.c execution, -O1
FAIL: gcc.target/aarch64/aapcs64/test_align-9.c compilation, -O2
UNRESOLVED: gcc.target/aarch64/aapcs64/test_align-9.c execution, -O2
FAIL: gcc.target/aarch64/aapcs64/test_align-9.c compilation, -O3 -g
UNRESOLVED: gcc.target/aarch64/aapcs64/test_align-9.c execution, -O3 -g
FAIL: gcc.target/aarch64/aapcs64/test_align-9.c compilation, -Os
UNRESOLVED: gcc.target/aarch64/aapcs64/test_align-9.c execution, -Os
FAIL: gcc.target/aarch64/aapcs64/test_align-9.c compilation, -Og -g
UNRESOLVED: gcc.target/aarch64/aapcs64/test_align-9.c execution, -Og -g
FAIL: gcc.target/aarch64/aapcs64/test_complex.c compilation, -O0
UNRESOLVED: gcc.target/aarch64/aapcs64/test_complex.c execution, -O0
FAIL: gcc.target/aarch64/aapcs64/test_complex.c compilation, -O1
UNRESOLVED: gcc.target/aarch64/aapcs64/test_complex.c execution, -O1
FAIL: gcc.target/aarch64/aapcs64/test_complex.c compilation, -O2
UNRESOLVED: gcc.target/aarch64/aapcs64/test_complex.c execution, -O2
FAIL: gcc.target/aarch64/aapcs64/test_complex.c compilation, -O3 -g
UNRESOLVED: gcc.target/aarch64/aapcs64/test_complex.c execution, -O3 -g
FAIL: gcc.target/aarch64/aapcs64/test_complex.c compilation, -Os
UNRESOLVED: gcc.target/aarch64/aapcs64/test_complex.c execution, -Os
FAIL: gcc.target/aarch64/aapcs64/test_complex.c compilation, -Og -g
UNRESOLVED: gcc.target/aarch64/aapcs64/test_complex.c execution, -Og -g
FAIL: gcc.target/aarch64/aapcs64/test_int128.c compilation, -O0
UNRESOLVED: gcc.target/aarch64/aapcs64/test_int128.c execution, -O0
FAIL: gcc.target/aarch64/aapcs64/test_int128.c compilation, -O1
UNRESOLVED: gcc.target/aarch64/aapcs64/test_int128.c execution, -O1
FAIL: gcc.target/aarch64/aapcs64/test_int128.c compilation, -O2
UNRESOLVED: gcc.target/aarch64/aapcs64/test_int128.c execution, -O2
FAIL: gcc.target/aarch64/aapcs64/test_int128.c compilation, -O3 -g
UNRESOLVED: gcc.target/aarch64/aapcs64/test_int128.c execution, -O3 -g
FAIL: gcc.target/aarch64/aapcs64/test_int128.c compilation, -Os
UNRESOLVED: gcc.target/aarch64/aapcs64/test_int128.c execution, -Os
FAIL: gcc.target/aarch64/aapcs64/test_int128.c compilation, -Og -g
UNRESOLVED: gcc.target/aarch64/aapcs64/test_int128.c execution, -Og -g
FAIL: gcc.target/aarch64/aapcs64/test_quad_double.c compilation, -O0
UNRESOLVED: gcc.target/aarch64/aapcs64/test_quad_double.c execution, -O0
FAIL: gcc.target/aarch64/aapcs64/test_quad_double.c compilation, -O1
UNRESOLVED: gcc.target/aarch64/aapcs64/test_quad_double.c execution, -O1
FAIL: gcc.target/aarch64/aapcs64/test_quad_double.c compilation, -O2
UNRESOLVED: gcc.target/aarch64/aapcs64/test_quad_double.c execution, -O2
FAIL: gcc.target/aarch64/aapcs64/test_quad_double.c compilation, -O3 -g
UNRESOLVED: gcc.target/aarch64/aapcs64/test_quad_double.c execution, -O3 -g
FAIL: gcc.target/aarch64/aapcs64/test_quad_double.c compilation, -Os
UNRESOLVED: gcc.target/aarch64/aapcs64/test_quad_double.c execution, -Os
FAIL: gcc.target/aarch64/aapcs64/test_quad_double.c compilation, -Og -g
UNRESOLVED: gcc.target/aarch64/aapcs64/test_quad_double.c execution, -Og -g
FAIL: gcc.target/aarch64/aapcs64/va_arg-1.c compilation, -O0
UNRESOLVED: gcc.target/aarch64/aapcs64/va_arg-1.c execution, -O0
FAIL: gcc.target/aarch64/aapcs64/va_arg-1.c compilation, -O1
UNRESOLVED: gcc.target/aarch64/aapcs64/va_arg-1.c execution, -O1
FAIL: gcc.target/aarch64/aapcs64/va_arg-1.c compilation, -O2
UNRESOLVED: gcc.target/aarch64/aapcs64/va_arg-1.c execution, -O2
FAIL: gcc.target/aarch64/aapcs64/va_arg-1.c compilation, -O3 -g
UNRESOLVED: gcc.target/aarch64/aapcs64/va_arg-1.c execution, -O3 -g
FAIL: gcc.target/aarch64/aapcs64/va_arg-1.c compilation, -Os
UNRESOLVED: gcc.target/aarch64/aapcs64/va_arg-1.c execution, -Os
FAIL: gcc.target/aarch64/aapcs64/va_arg-1.c compilation, -Og -g
UNRESOLVED: gcc.target/aarch64/aapcs64/va_arg-1.c execution, -Og -g
FAIL: gcc.target/aarch64/aapcs64/va_arg-10.c compilation, -O0
UNRESOLVED: gcc.target/aarch64/aapcs64/va_arg-10.c execution, -O0
FAIL: gcc.target/aarch64/aapcs64/va_arg-10.c compilation, -O1
UNRESOLVED: gcc.target/aarch64/aapcs64/va_arg-10.c execution, -O1
FAIL: gcc.target/aarch64/aapcs64/va_arg-10.c compilation, -O2
UNRESOLVED: gcc.target/aarch64/aapcs64/va_arg-10.c execution, -O2
FAIL: gcc.target/aarch64/aapcs64/va_arg-10.c compilation, -O3 -g
UNRESOLVED: gcc.target/aarch64/aapcs64/va_arg-10.c execution, -O3 -g
FAIL: gcc.target/aarch64/aapcs64/va_arg-10.c compilation, -Os
UNRESOLVED: gcc.target/aarch64/aapcs64/va_arg-10.c execution, -Os
FAIL: gcc.target/aarch64/aapcs64/va_arg-10.c compilation, -Og -g
UNRESOLVED: gcc.target/aarch64/aapcs64/va_arg-10.c execution, -Og -g
FAIL: gcc.target/aarch64/aapcs64/va_arg-11.c compilation, -O0
UNRESOLVED: gcc.target/aarch64/aapcs64/va_arg-11.c execution, -O0
FAIL: gcc.target/aarch64/aapcs64/va_arg-11.c compilation, -O1
UNRESOLVED: gcc.target/aarch64/aapcs64/va_arg-11.c execution, -O1
FAIL: gcc.target/aarch64/aapcs64/va_arg-11.c compilation, -O2
UNRESOLVED: gcc.target/aarch64/aapcs64/va_arg-11.c execution, -O2
FAIL: gcc.target/aarch64/aapcs64/va_arg-11.c compilation, -O3 -g
UNRESOLVED: gcc.target/aarch64/aapcs64/va_arg-11.c execution, -O3 -g
FAIL: gcc.target/aarch64/aapcs64/va_arg-11.c compilation, -Os
UNRESOLVED: gcc.target/aarch64/aapcs64/va_arg-11.c execution, -Os
FAIL: gcc.target/aarch64/aapcs64/va_arg-11.c compilation, -Og -g
UNRESOLVED: gcc.target/aarch64/aapcs64/va_arg-11.c execution, -Og -g
FAIL: gcc.target/aarch64/aapcs64/va_arg-12.c compilation, -O0
UNRESOLVED: gcc.target/aarch64/aapcs64/va_arg-12.c execution, -O0
FAIL: gcc.target/aarch64/aapcs64/va_arg-12.c compilation, -O1
UNRESOLVED: gcc.target/aarch64/aapcs64/va_arg-12.c execution, -O1
FAIL: gcc.target/aarch64/aapcs64/va_arg-12.c compilation, -O2
UNRESOLVED: gcc.target/aarch64/aapcs64/va_arg-12.c execution, -O2
FAIL: gcc.target/aarch64/aapcs64/va_arg-12.c compilation, -O3 -g
UNRESOLVED: gcc.target/aarch64/aapcs64/va_arg-12.c execution, -O3 -g
FAIL: gcc.target/aarch64/aapcs64/va_arg-12.c compilation, -Os
UNRESOLVED: gcc.target/aarch64/aapcs64/va_arg-12.c execution, -Os
FAIL: gcc.target/aarch64/aapcs64/va_arg-12.c compilation, -Og -g
UNRESOLVED: gcc.target/aarch64/aapcs64/va_arg-12.c execution, -Og -g
FAIL: gcc.target/aarch64/aapcs64/va_arg-13.c compilation, -O0
UNRESOLVED: gcc.target/aarch64/aapcs64/va_arg-13.c execution, -O0
FAIL: gcc.target/aarch64/aapcs64/va_arg-13.c compilation, -O1
UNRESOLVED: gcc.target/aarch64/aapcs64/va_arg-13.c execution, -O1
FAIL: gcc.target/aarch64/aapcs64/va_arg-13.c compilation, -O2
UNRESOLVED: gcc.target/aarch64/aapcs64/va_arg-13.c execution, -O2
FAIL: gcc.target/aarch64/aapcs64/va_arg-13.c compilation, -O3 -g
UNRESOLVED: gcc.target/aarch64/aapcs64/va_arg-13.c execution, -O3 -g
FAIL: gcc.target/aarch64/aapcs64/va_arg-13.c compilation, -Os
UNRESOLVED: gcc.target/aarch64/aapcs64/va_arg-13.c execution, -Os
FAIL: gcc.target/aarch64/aapcs64/va_arg-13.c compilation, -Og -g
UNRESOLVED: gcc.target/aarch64/aapcs64/va_arg-13.c execution, -Og -g
FAIL: gcc.target/aarch64/aapcs64/va_arg-14.c compilation, -O0
UNRESOLVED: gcc.target/aarch64/aapcs64/va_arg-14.c execution, -O0
FAIL: gcc.target/aarch64/aapcs64/va_arg-14.c compilation, -O1
UNRESOLVED: gcc.target/aarch64/aapcs64/va_arg-14.c execution, -O1
FAIL: gcc.target/aarch64/aapcs64/va_arg-14.c compilation, -O2
UNRESOLVED: gcc.target/aarch64/aapcs64/va_arg-14.c execution, -O2
FAIL: gcc.target/aarch64/aapcs64/va_arg-14.c compilation, -O3 -g
UNRESOLVED: gcc.target/aarch64/aapcs64/va_arg-14.c execution, -O3 -g
FAIL: gcc.target/aarch64/aapcs64/va_arg-14.c compilation, -Os
UNRESOLVED: gcc.target/aarch64/aapcs64/va_arg-14.c execution, -Os
FAIL: gcc.target/aarch64/aapcs64/va_arg-14.c compilation, -Og -g
UNRESOLVED: gcc.target/aarch64/aapcs64/va_arg-14.c execution, -Og -g
FAIL: gcc.target/aarch64/aapcs64/va_arg-15.c compilation, -O0
UNRESOLVED: gcc.target/aarch64/aapcs64/va_arg-15.c execution, -O0
FAIL: gcc.target/aarch64/aapcs64/va_arg-15.c compilation, -O1
UNRESOLVED: gcc.target/aarch64/aapcs64/va_arg-15.c execution, -O1
FAIL: gcc.target/aarch64/aapcs64/va_arg-15.c compilation, -O2
UNRESOLVED: gcc.target/aarch64/aapcs64/va_arg-15.c execution, -O2
FAIL: gcc.target/aarch64/aapcs64/va_arg-15.c compilation, -O3 -g
UNRESOLVED: gcc.target/aarch64/aapcs64/va_arg-15.c execution, -O3 -g
FAIL: gcc.target/aarch64/aapcs64/va_arg-15.c compilation, -Os
UNRESOLVED: gcc.target/aarch64/aapcs64/va_arg-15.c execution, -Os
FAIL: gcc.target/aarch64/aapcs64/va_arg-15.c compilation, -Og -g
UNRESOLVED: gcc.target/aarch64/aapcs64/va_arg-15.c execution, -Og -g
FAIL: gcc.target/aarch64/aapcs64/va_arg-16.c compilation, -O0
UNRESOLVED: gcc.target/aarch64/aapcs64/va_arg-16.c execution, -O0
FAIL: gcc.target/aarch64/aapcs64/va_arg-16.c compilation, -O1
UNRESOLVED: gcc.target/aarch64/aapcs64/va_arg-16.c execution, -O1
FAIL: gcc.target/aarch64/aapcs64/va_arg-16.c compilation, -O2
UNRESOLVED: gcc.target/aarch64/aapcs64/va_arg-16.c execution, -O2
FAIL: gcc.target/aarch64/aapcs64/va_arg-16.c compilation, -O3 -g
UNRESOLVED: gcc.target/aarch64/aapcs64/va_arg-16.c execution, -O3 -g
FAIL: gcc.target/aarch64/aapcs64/va_arg-16.c compilation, -Os
UNRESOLVED: gcc.target/aarch64/aapcs64/va_arg-16.c execution, -Os
FAIL: gcc.target/aarch64/aapcs64/va_arg-16.c compilation, -Og -g
UNRESOLVED: gcc.target/aarch64/aapcs64/va_arg-16.c execution, -Og -g
FAIL: gcc.target/aarch64/aapcs64/va_arg-2.c compilation, -O0
UNRESOLVED: gcc.target/aarch64/aapcs64/va_arg-2.c execution, -O0
FAIL: gcc.target/aarch64/aapcs64/va_arg-2.c compilation, -O1
UNRESOLVED: gcc.target/aarch64/aapcs64/va_arg-2.c execution, -O1
FAIL: gcc.target/aarch64/aapcs64/va_arg-2.c compilation, -O2
UNRESOLVED: gcc.target/aarch64/aapcs64/va_arg-2.c execution, -O2
FAIL: gcc.target/aarch64/aapcs64/va_arg-2.c compilation, -O3 -g
UNRESOLVED: gcc.target/aarch64/aapcs64/va_arg-2.c execution, -O3 -g
FAIL: gcc.target/aarch64/aapcs64/va_arg-2.c compilation, -Os
UNRESOLVED: gcc.target/aarch64/aapcs64/va_arg-2.c execution, -Os
FAIL: gcc.target/aarch64/aapcs64/va_arg-2.c compilation, -Og -g
UNRESOLVED: gcc.target/aarch64/aapcs64/va_arg-2.c execution, -Og -g
FAIL: gcc.target/aarch64/aapcs64/va_arg-3.c compilation, -O0
UNRESOLVED: gcc.target/aarch64/aapcs64/va_arg-3.c execution, -O0
FAIL: gcc.target/aarch64/aapcs64/va_arg-3.c compilation, -O1
UNRESOLVED: gcc.target/aarch64/aapcs64/va_arg-3.c execution, -O1
FAIL: gcc.target/aarch64/aapcs64/va_arg-3.c compilation, -O2
UNRESOLVED: gcc.target/aarch64/aapcs64/va_arg-3.c execution, -O2
FAIL: gcc.target/aarch64/aapcs64/va_arg-3.c compilation, -O3 -g
UNRESOLVED: gcc.target/aarch64/aapcs64/va_arg-3.c execution, -O3 -g
FAIL: gcc.target/aarch64/aapcs64/va_arg-3.c compilation, -Os
UNRESOLVED: gcc.target/aarch64/aapcs64/va_arg-3.c execution, -Os
FAIL: gcc.target/aarch64/aapcs64/va_arg-3.c compilation, -Og -g
UNRESOLVED: gcc.target/aarch64/aapcs64/va_arg-3.c execution, -Og -g
FAIL: gcc.target/aarch64/aapcs64/va_arg-4.c compilation, -O0
UNRESOLVED: gcc.target/aarch64/aapcs64/va_arg-4.c execution, -O0
FAIL: gcc.target/aarch64/aapcs64/va_arg-4.c compilation, -O1
UNRESOLVED: gcc.target/aarch64/aapcs64/va_arg-4.c execution, -O1
FAIL: gcc.target/aarch64/aapcs64/va_arg-4.c compilation, -O2
UNRESOLVED: gcc.target/aarch64/aapcs64/va_arg-4.c execution, -O2
FAIL: gcc.target/aarch64/aapcs64/va_arg-4.c compilation, -O3 -g
UNRESOLVED: gcc.target/aarch64/aapcs64/va_arg-4.c execution, -O3 -g
FAIL: gcc.target/aarch64/aapcs64/va_arg-4.c compilation, -Os
UNRESOLVED: gcc.target/aarch64/aapcs64/va_arg-4.c execution, -Os
FAIL: gcc.target/aarch64/aapcs64/va_arg-4.c compilation, -Og -g
UNRESOLVED: gcc.target/aarch64/aapcs64/va_arg-4.c execution, -Og -g
FAIL: gcc.target/aarch64/aapcs64/va_arg-5.c compilation, -O0
UNRESOLVED: gcc.target/aarch64/aapcs64/va_arg-5.c execution, -O0
FAIL: gcc.target/aarch64/aapcs64/va_arg-5.c compilation, -O1
UNRESOLVED: gcc.target/aarch64/aapcs64/va_arg-5.c execution, -O1
FAIL: gcc.target/aarch64/aapcs64/va_arg-5.c compilation, -O2
UNRESOLVED: gcc.target/aarch64/aapcs64/va_arg-5.c execution, -O2
FAIL: gcc.target/aarch64/aapcs64/va_arg-5.c compilation, -O3 -g
UNRESOLVED: gcc.target/aarch64/aapcs64/va_arg-5.c execution, -O3 -g
FAIL: gcc.target/aarch64/aapcs64/va_arg-5.c compilation, -Os
UNRESOLVED: gcc.target/aarch64/aapcs64/va_arg-5.c execution, -Os
FAIL: gcc.target/aarch64/aapcs64/va_arg-5.c compilation, -Og -g
UNRESOLVED: gcc.target/aarch64/aapcs64/va_arg-5.c execution, -Og -g
FAIL: gcc.target/aarch64/aapcs64/va_arg-6.c compilation, -O0
UNRESOLVED: gcc.target/aarch64/aapcs64/va_arg-6.c execution, -O0
FAIL: gcc.target/aarch64/aapcs64/va_arg-6.c compilation, -O1
UNRESOLVED: gcc.target/aarch64/aapcs64/va_arg-6.c execution, -O1
FAIL: gcc.target/aarch64/aapcs64/va_arg-6.c compilation, -O2
UNRESOLVED: gcc.target/aarch64/aapcs64/va_arg-6.c execution, -O2
FAIL: gcc.target/aarch64/aapcs64/va_arg-6.c compilation, -O3 -g
UNRESOLVED: gcc.target/aarch64/aapcs64/va_arg-6.c execution, -O3 -g
FAIL: gcc.target/aarch64/aapcs64/va_arg-6.c compilation, -Os
UNRESOLVED: gcc.target/aarch64/aapcs64/va_arg-6.c execution, -Os
FAIL: gcc.target/aarch64/aapcs64/va_arg-6.c compilation, -Og -g
UNRESOLVED: gcc.target/aarch64/aapcs64/va_arg-6.c execution, -Og -g
FAIL: gcc.target/aarch64/aapcs64/va_arg-7.c compilation, -O0
UNRESOLVED: gcc.target/aarch64/aapcs64/va_arg-7.c execution, -O0
FAIL: gcc.target/aarch64/aapcs64/va_arg-7.c compilation, -O1
UNRESOLVED: gcc.target/aarch64/aapcs64/va_arg-7.c execution, -O1
FAIL: gcc.target/aarch64/aapcs64/va_arg-7.c compilation, -O2
UNRESOLVED: gcc.target/aarch64/aapcs64/va_arg-7.c execution, -O2
FAIL: gcc.target/aarch64/aapcs64/va_arg-7.c compilation, -O3 -g
UNRESOLVED: gcc.target/aarch64/aapcs64/va_arg-7.c execution, -O3 -g
FAIL: gcc.target/aarch64/aapcs64/va_arg-7.c compilation, -Os
UNRESOLVED: gcc.target/aarch64/aapcs64/va_arg-7.c execution, -Os
FAIL: gcc.target/aarch64/aapcs64/va_arg-7.c compilation, -Og -g
UNRESOLVED: gcc.target/aarch64/aapcs64/va_arg-7.c execution, -Og -g
FAIL: gcc.target/aarch64/aapcs64/va_arg-8.c compilation, -O0
UNRESOLVED: gcc.target/aarch64/aapcs64/va_arg-8.c execution, -O0
FAIL: gcc.target/aarch64/aapcs64/va_arg-8.c compilation, -O1
UNRESOLVED: gcc.target/aarch64/aapcs64/va_arg-8.c execution, -O1
FAIL: gcc.target/aarch64/aapcs64/va_arg-8.c compilation, -O2
UNRESOLVED: gcc.target/aarch64/aapcs64/va_arg-8.c execution, -O2
FAIL: gcc.target/aarch64/aapcs64/va_arg-8.c compilation, -O3 -g
UNRESOLVED: gcc.target/aarch64/aapcs64/va_arg-8.c execution, -O3 -g
FAIL: gcc.target/aarch64/aapcs64/va_arg-8.c compilation, -Os
UNRESOLVED: gcc.target/aarch64/aapcs64/va_arg-8.c execution, -Os
FAIL: gcc.target/aarch64/aapcs64/va_arg-8.c compilation, -Og -g
UNRESOLVED: gcc.target/aarch64/aapcs64/va_arg-8.c execution, -Og -g
FAIL: gcc.target/aarch64/aapcs64/va_arg-9.c compilation, -O0
UNRESOLVED: gcc.target/aarch64/aapcs64/va_arg-9.c execution, -O0
FAIL: gcc.target/aarch64/aapcs64/va_arg-9.c compilation, -O1
UNRESOLVED: gcc.target/aarch64/aapcs64/va_arg-9.c execution, -O1
FAIL: gcc.target/aarch64/aapcs64/va_arg-9.c compilation, -O2
UNRESOLVED: gcc.target/aarch64/aapcs64/va_arg-9.c execution, -O2
FAIL: gcc.target/aarch64/aapcs64/va_arg-9.c compilation, -O3 -g
UNRESOLVED: gcc.target/aarch64/aapcs64/va_arg-9.c execution, -O3 -g
FAIL: gcc.target/aarch64/aapcs64/va_arg-9.c compilation, -Os
UNRESOLVED: gcc.target/aarch64/aapcs64/va_arg-9.c execution, -Os
FAIL: gcc.target/aarch64/aapcs64/va_arg-9.c compilation, -Og -g
UNRESOLVED: gcc.target/aarch64/aapcs64/va_arg-9.c execution, -Og -g
FAIL: gcc.target/aarch64/fuse_adrp_add_1.c scan-assembler adrp\\tx.*, fixed_regs\\n\\tadd\\tx.*, x.*fixed_regs
FAIL: gcc.target/aarch64/insv_1.c scan-assembler bfi\\tx[0-9]+, x[0-9]+, 0, 8
FAIL: gcc.target/aarch64/insv_1.c scan-assembler bfi\\tx[0-9]+, x[0-9]+, 16, 5
FAIL: gcc.target/aarch64/insv_1.c scan-assembler movk\\tx[0-9]+, 0x1d6b, lsl 32
FAIL: gcc.target/aarch64/ldp_stp_6.c scan-assembler stp\\td[0-9]+, d[0-9]+, \\\\[x[0-9]+\\\\]
FAIL: gcc.target/aarch64/lsl_asr_sbfiz.c scan-assembler sbfiz\\tw
FAIL: gcc.target/aarch64/pr63304_1.c (test for excess errors)
FAIL: gcc.target/aarch64/pr63304_1.c scan-assembler-times adrp 6
FAIL: gcc.target/aarch64/pr70120-2.c (test for excess errors)
FAIL: gcc.target/aarch64/pr78733.c (test for excess errors)
UNRESOLVED: gcc.target/aarch64/pr78733.c scan-assembler adr
UNRESOLVED: gcc.target/aarch64/pr78733.c scan-assembler-not adrp
FAIL: gcc.target/aarch64/pr79041-2.c (test for excess errors)
UNRESOLVED: gcc.target/aarch64/pr79041-2.c scan-assembler adr
UNRESOLVED: gcc.target/aarch64/pr79041-2.c scan-assembler-not adrp
FAIL: gcc.target/aarch64/pr94530.c (test for excess errors)
FAIL: gcc.target/aarch64/reload-valid-spoff.c (test for excess errors)
FAIL: gcc.target/aarch64/stack-check-cfa-1.c scan-assembler-times \\\\.cfi_def_cfa_offset 131072 1
FAIL: gcc.target/aarch64/stack-check-cfa-2.c scan-assembler-times \\\\.cfi_def_cfa_offset 1311232 1
FAIL: gcc.target/aarch64/test_frame_10.c scan-assembler-times stp\\tx19, x30, \\\\[sp, [0-9]+\\\\] 1
FAIL: gcc.target/aarch64/test_frame_10.c scan-assembler ldp\\tx19, x30, \\\\[sp, [0-9]+\\\\]
FAIL: gcc.target/aarch64/test_frame_8.c scan-assembler-times str\\tx30, \\\\[sp, [0-9]+\\\\] 1
FAIL: gcc.target/aarch64/test_frame_8.c scan-assembler ldr\\tx30, \\\\[sp, [0-9]+\\\\]
FAIL: gcc.target/aarch64/vec_init_1.c scan-assembler-times ins\\\\t 2
FAIL: gcc.target/aarch64/vect-add-sub-cond.c scan-assembler-not \\tld[^\\t]*\\t[wx]
FAIL: gcc.target/aarch64/sve/nopeel_1.c -march=armv8.2-a+sve scan-assembler-not [wx][0-9]*, \\\\[
FAIL: gcc.target/aarch64/sve/peel_ind_1.c -march=armv8.2-a+sve scan-assembler \\\\t(adrp|adr)\\\\tx[0-9]+, x\\\\n
FAIL: gcc.target/aarch64/sve/peel_ind_2.c -march=armv8.2-a+sve scan-assembler \\\\t(adrp|adr)\\\\tx[0-9]+, x\\\\n
FAIL: gcc.target/aarch64/sve/peel_ind_3.c -march=armv8.2-a+sve scan-assembler \\\\t(adrp|adr)\\\\tx[0-9]+, x\\\\n
FAIL: gcc.target/aarch64/sve/slp_1.c -march=armv8.2-a+sve scan-assembler-not \\\\tldr
FAIL: gcc.target/aarch64/sve/slp_1.c -march=armv8.2-a+sve scan-assembler-times \\\\tstr 2
FAIL: gcc.target/aarch64/sve/tls_preserve_1.c -march=armv8.2-a+sve scan-assembler-not \\\\tst[rp]\\\\t[dqv]
=== gcc Summary for unix/-fstack-protector ===
# of expected passes 133709
# of unexpected failures 396
# of expected failures 617
# of unresolved testcases 359
# of unsupported tests 3607
=== gcc Summary ===
# of expected passes 267440
# of unexpected failures 784
# of expected failures 1234
# of unresolved testcases 718
# of unsupported tests 7212
/build/gcc-9-r4s7uh/gcc-9-9.4.0/build/gcc/xgcc version 9.4.0 (Debian 9.4.0-4+b1)
=== gfortran tests ===
Running target unix
FAIL: gfortran.dg/pr95091.f90 -O (internal compiler error)
FAIL: gfortran.dg/pr95091.f90 -O (test for excess errors)
FAIL: gfortran.dg/graphite/interchange-3.f90 -O scan-tree-dump graphite "tiled"
FAIL: gfortran.dg/ieee/ieee_6.f90 -O0 execution test
FAIL: gfortran.dg/ieee/ieee_6.f90 -O1 execution test
FAIL: gfortran.dg/ieee/ieee_6.f90 -O2 execution test
FAIL: gfortran.dg/ieee/ieee_6.f90 -O3 -fomit-frame-pointer -funroll-loops -fpeel-loops -ftracer -finline-functions execution test
FAIL: gfortran.dg/ieee/ieee_6.f90 -O3 -g execution test
FAIL: gfortran.dg/ieee/ieee_6.f90 -Os execution test
XPASS: gfortran.dg/ieee/ieee_8.f90 -O0 execution test
XPASS: gfortran.dg/ieee/ieee_8.f90 -O1 execution test
XPASS: gfortran.dg/ieee/ieee_8.f90 -O2 execution test
XPASS: gfortran.dg/ieee/ieee_8.f90 -O3 -fomit-frame-pointer -funroll-loops -fpeel-loops -ftracer -finline-functions execution test
XPASS: gfortran.dg/ieee/ieee_8.f90 -O3 -g execution test
XPASS: gfortran.dg/ieee/ieee_8.f90 -Os execution test
=== gfortran Summary for unix ===
# of expected passes 50946
# of unexpected failures 9
# of unexpected successes 6
# of expected failures 187
# of unsupported tests 102
Running target unix/-fstack-protector
FAIL: gfortran.dg/pr95091.f90 -O (internal compiler error)
FAIL: gfortran.dg/pr95091.f90 -O (test for excess errors)
FAIL: gfortran.dg/graphite/interchange-3.f90 -O scan-tree-dump graphite "tiled"
FAIL: gfortran.dg/ieee/ieee_6.f90 -O0 execution test
FAIL: gfortran.dg/ieee/ieee_6.f90 -O1 execution test
FAIL: gfortran.dg/ieee/ieee_6.f90 -O2 execution test
FAIL: gfortran.dg/ieee/ieee_6.f90 -O3 -fomit-frame-pointer -funroll-loops -fpeel-loops -ftracer -finline-functions execution test
FAIL: gfortran.dg/ieee/ieee_6.f90 -O3 -g execution test
FAIL: gfortran.dg/ieee/ieee_6.f90 -Os execution test
XPASS: gfortran.dg/ieee/ieee_8.f90 -O0 execution test
XPASS: gfortran.dg/ieee/ieee_8.f90 -O1 execution test
XPASS: gfortran.dg/ieee/ieee_8.f90 -O2 execution test
XPASS: gfortran.dg/ieee/ieee_8.f90 -O3 -fomit-frame-pointer -funroll-loops -fpeel-loops -ftracer -finline-functions execution test
XPASS: gfortran.dg/ieee/ieee_8.f90 -O3 -g execution test
XPASS: gfortran.dg/ieee/ieee_8.f90 -Os execution test
=== gfortran Summary for unix/-fstack-protector ===
# of expected passes 50946
# of unexpected failures 9
# of unexpected successes 6
# of expected failures 187
# of unsupported tests 102
=== gfortran Summary ===
# of expected passes 101892
# of unexpected failures 18
# of unexpected successes 12
# of expected failures 374
# of unsupported tests 204
/build/gcc-9-r4s7uh/gcc-9-9.4.0/build/gcc/gfortran version 9.4.0 (Debian 9.4.0-4+b1)
=== gm2 tests ===
Running target unix
FAIL: gm2/pim/fail/TestLong4.mod, -g
FAIL: gm2/pim/fail/TestLong4.mod, -O
FAIL: gm2/pim/fail/TestLong4.mod, -O -g
FAIL: gm2/pim/fail/TestLong4.mod, -Os
FAIL: gm2/pim/fail/TestLong4.mod, -O3 -fomit-frame-pointer
FAIL: gm2/pim/fail/TestLong4.mod, -O3 -fomit-frame-pointer -finline-functions
=== gm2 Summary for unix ===
# of expected passes 11714
# of unexpected failures 6
Running target unix/-fstack-protector
FAIL: gm2/pim/fail/TestLong4.mod, -g
FAIL: gm2/pim/fail/TestLong4.mod, -O
FAIL: gm2/pim/fail/TestLong4.mod, -O -g
FAIL: gm2/pim/fail/TestLong4.mod, -Os
FAIL: gm2/pim/fail/TestLong4.mod, -O3 -fomit-frame-pointer
FAIL: gm2/pim/fail/TestLong4.mod, -O3 -fomit-frame-pointer -finline-functions
=== gm2 Summary for unix/-fstack-protector ===
# of expected passes 11714
# of unexpected failures 6
=== gm2 Summary ===
# of expected passes 23428
# of unexpected failures 12
=== gnat tests ===
Running target unix
=== gnat Summary for unix ===
# of expected passes 2975
# of expected failures 23
# of unsupported tests 21
Running target unix/-fstack-protector
=== gnat Summary for unix/-fstack-protector ===
# of expected passes 2975
# of expected failures 23
# of unsupported tests 21
=== gnat Summary ===
# of expected passes 5950
# of expected failures 46
# of unsupported tests 42
/build/gcc-9-r4s7uh/gcc-9-9.4.0/build/gcc/gnatmake version 9.4.0
=== go tests ===
Running target unix
=== go Summary for unix ===
# of expected passes 582
# of untested testcases 834
Running target unix/-fstack-protector
=== go Summary for unix/-fstack-protector ===
# of expected passes 582
# of untested testcases 834
=== go Summary ===
# of expected passes 1164
# of untested testcases 1668
/build/gcc-9-r4s7uh/gcc-9-9.4.0/build/gcc/gccgo version 9.4.0 (Debian 9.4.0-4+b1)
=== jit tests ===
Running target unix
=== jit Summary ===
# of expected passes 10319
=== obj-c++ tests ===
Running target unix
=== obj-c++ Summary for unix ===
# of expected passes 1458
# of expected failures 10
# of unsupported tests 77
Running target unix/-fstack-protector
=== obj-c++ Summary for unix/-fstack-protector ===
# of expected passes 1458
# of expected failures 10
# of unsupported tests 77
=== obj-c++ Summary ===
# of expected passes 2916
# of expected failures 20
# of unsupported tests 154
/build/gcc-9-r4s7uh/gcc-9-9.4.0/build/gcc/xg++ version 9.4.0 (Debian 9.4.0-4+b1)
=== objc tests ===
Running target unix
=== objc Summary for unix ===
# of expected passes 2802
# of unsupported tests 69
Running target unix/-fstack-protector
=== objc Summary for unix/-fstack-protector ===
# of expected passes 2802
# of unsupported tests 69
=== objc Summary ===
# of expected passes 5604
# of unsupported tests 138
/build/gcc-9-r4s7uh/gcc-9-9.4.0/build/gcc/xgcc version 9.4.0 (Debian 9.4.0-4+b1)
=== gotools tests ===
FAIL: go test misc/cgo/test
=== gotools Summary ===
# of expected passes 333
# of unexpected failures 1
# of untested testcases 182
/build/gcc-9-r4s7uh/gcc-9-9.4.0/build/./gcc/gccgo version 9.4.0 (Debian 9.4.0-4+b1)
Compiler version: 9.4.0 (Debian 9.4.0-4+b1)
Platform: aarch64-unknown-linux-gnu
configure flags: -v --with-pkgversion='Debian 9.4.0-4+b1' --with-bugurl=file:///usr/share/doc/gcc-9/README.Bugs --enable-languages=c,ada,c++,go,d,fortran,objc,obj-c++,gm2 --prefix=/usr --with-gcc-major-version-only --program-suffix=-9 --program-prefix=aarch64-linux-gnu- --enable-shared --enable-linker-build-id --libexecdir=/usr/lib --without-included-gettext --enable-threads=posix --libdir=/usr/lib --enable-nls --enable-bootstrap --enable-clocale=gnu --enable-libstdcxx-debug --enable-libstdcxx-time=yes --with-default-libstdcxx-abi=new --enable-gnu-unique-object --disable-libquadmath --disable-libquadmath-support --enable-plugin --enable-default-pie --with-system-zlib --with-target-system-zlib=auto --enable-objc-gc=auto --enable-multiarch --enable-fix-cortex-a53-843419 --disable-werror --enable-checking=release --build=aarch64-linux-gnu --host=aarch64-linux-gnu --target=aarch64-linux-gnu --with-build-config=bootstrap-lto-lean --enable-link-mutex
BOOT_CFLAGS=
Build Dependencies:
Desired=Unknown/Install/Remove/Purge/Hold
| Status=Not/Inst/Conf-files/Unpacked/halF-conf/Half-inst/trig-aWait/Trig-pend
|/ Err?=(none)/Reinst-required (Status,Err: uppercase=bad)
||/ Name Version Architecture Description
+++-==========================-==============-============-===============================================================================
ii binutils 2.37-10 arm64 GNU assembler, linker and binary utilities
ii binutils-aarch64-linux-gnu 2.37-10 arm64 GNU binary utilities, for aarch64-linux-gnu target
ii binutils-common:arm64 2.37-10 arm64 Common files for the GNU assembler, linker and binary utilities
ii g++-11 11.2.0-12 arm64 GNU C++ compiler
ii g++-9 9.4.0-4 arm64 GNU C++ compiler
ii libc6:arm64 2.33-1 arm64 GNU C Library: Shared libraries
ii libgmp-dev:arm64 2:6.2.1+dfsg-3 arm64 Multiprecision arithmetic library developers tools
ii libisl-dev:arm64 0.24-2 arm64 manipulating sets and relations of integer points bounded by linear constraints
ii libmpc-dev:arm64 1.2.1-1 arm64 multiple precision complex floating-point library development package
ii libmpfr-dev:arm64 4.1.0-3 arm64 multiple precision floating-point computation developers tools
git-updates:
updates from the 9 branch upto 20211117 (9093613d8b9).
gcc-lto-jobserver:
Backport LTO jobserver support.
gcc-lto-pick-compile-time-g:
Make LTO link pick up compile-time -g
gcc-gfdl-build:
Build a dummy s-tm-texi without access to the texinfo sources
gcc-textdomain:
Set gettext's domain and textdomain to the versioned package name.
gcc-distro-specs:
Add empty distro and hardening specs
gcc-driver-extra-langs:
Add options and specs for languages that are not built from a source
(but built from separate sources).
gcc-hash-style-gnu:
Link using --hash-style=gnu (aarch64, alpha, amd64, armel, armhf, ia64,
i386, powerpc, ppc64, riscv64, s390, sparc)
libstdc++-pic:
Build and install libstdc++_pic.a library.
libstdc++-doclink:
adjust hrefs to point to the local documentation
libstdc++-man-3cxx:
Install libstdc++ man pages with suffix .3cxx instead of .3
libstdc++-test-installed:
Add support to run the libstdc++-v3 testsuite using the
installed shared libraries.
alpha-no-ev4-directive:
never emit .ev4 directive.
note-gnu-stack:
Add .note.GNU-stack sections for gcc's crt files, libffi and boehm-gc
Taken from FC.
libgomp-omp_h-multilib:
Fix up omp.h for multilibs.
libgo-testsuite:
Only run the libgo testsuite for flags configured in RUNTESTFLAGS
libgo-cleanfiles:
gcc-target-include-asm:
Search \$(builddir)/sys-include for the asm header files
libgo-revert-timeout-exp:
libgo-setcontext-config:
libgo: Overwrite the setcontext_clobbers_tls check on mips*
gcc-auto-build:
Fix cross building a native compiler.
kfreebsd-unwind:
DWARF2 EH unwinding support for AMD x86-64 and x86 KFreeBSD.
libitm-no-fortify-source:
Build libitm with -U_FORTIFY_SOURCE on x86 and x86_64.
sparc64-biarch-long-double-128:
Fix --with-long-double-128 for sparc32 when defaulting to 64-bit.
pr66368:
PR go/66368, build libgo with -fno-stack-protector
pr67590:
Fix PR67590, setting objdump macro.
libjit-ldflags:
libffi-pax:
libffi-race-condition:
gcc-foffload-default:
Allow setting offload targets by OFFLOAD_TARGET_DEFAULT
cuda-float128:
libffi-mipsen-r6:
libffi: mips/n32.S: disable .set mips4 on mips r6
t-libunwind-elf-Wl-z-defs:
strip -z,defs from linker options for internal libunwind.
gcc-force-cross-layout:
Add FORCE_CROSS_LAYOUT env var to force a cross directory layout.
gcc-search-prefixed-as-ld:
Search for the <triplet>-as / -ld before serching for as / ld.
kfreebsd-decimal-float:
Enable decimal float support on kfreebsd-amd64
pr87808:
Fix PR jit/87808.
libgomp-no-werror:
Disable -Werror for libgomp. PR libgomp/90585
gdc-cross-build:
Fix cross building gdc
verbose-lto-linker:
Emit some stderr output while doing the LTO Links
libstdc++-futex:
Fix GCC_LINUX_FUTEX to work with C99 compilers
pr91307:
Fix PR lto/91307, reproducible LTO builds, taken from the trunk.
pr93272:
Fix PR rtl-optimization/93272, taken from the trunk.
pr95604:
Fix PR lto/95604, proposed patch
pr96203:
LTO: Add -fcf-protection=check
pr99264-follow-up:
Ada: Keep the alternate stack size at 16 * 1024
See https://gcc.gnu.org/pipermail/gcc-patches/2021-March/566674.html
gm2:
gm2-install-man:
gm2-bootstrap-compare:
Ignore gm2 M2Version.o bootstrap comparison
gm2-jit-def:
gm2: Define lang_register_spec_functions for jit.
ada-gcc-name:
ada-verbose:
ada-link-lib:
ada-libgnatvsn:
ada-gnattools-cross:
- When building a cross gnat, link against the libgnatvsnBV-dev
package.
This link will be done by /usr/bin/\$(host_alias)-gnat*, thus
the native gnat with the same major version will be required.
ada-lib-info-source-date-epoch:
ada-armel-libatomic:
ada-749574:
ada-perl-shebang:
Fix perl shebang for the gnathtml binary.
ada-repinfo-input:
gdc-texinfo:
Add macros for the gdc texinfo documentation.
disable-gdc-tests:
Disable D tests, hang on many buildds
sys-auxv-header:
Check for the sys/auxv.h header file.
gdc-dynamic-link-phobos:
Dynamically link the phobos library.
ia64-disable-selective-scheduling:
gcc-ice-dump:
For ICEs, dump the preprocessed source file to stderr
when in a distro build environment.
gcc-ice-apport:
Report an ICE to apport (if apport is available
and the environment variable GCC_NOAPPORT is not set)
skip-bootstrap-multilib:
Skip non-default multilib and libstdc++-v3 debug builds in bootstrap builds
libffi-ro-eh_frame_sect:
PR libffi/47248, force a read only eh frame section.
libffi-mips:
Backport Mips go closure support, taken from libffi issue #197.
ada-kfreebsd:
gcc-multiarch:
- Remaining multiarch patches, not yet submitted upstream.
- Add MULTIARCH_DIRNAME definitions for multilib configurations,
which are used for the non-multilib builds.
config-ml:
- Disable some biarch libraries for biarch builds.
- Fix multilib builds on kernels which don't support all multilibs.
g++-multiarch-incdir:
Use /usr/include/<multiarch>/c++/4.x as the include directory
for host dependent c++ header files.
canonical-cpppath:
Don't use any relative path names for the standard include paths.
gcc-multilib-multiarch:
Don't auto-detect multilib osdirnames.
gcc-as-needed:
On linux targets pass --as-needed by default to the linker, but always
link the sanitizer libraries with --no-as-needed.
gcc-as-needed-gold:
Use --push-state/--pop-state for gold as well when linking libtsan.
libgomp-kfreebsd-testsuite:
Disable lock-2.c test on kfreebsd-*
go-testsuite:
Skip Go testcase on AArch64 which hangs on the buildds.
ada-changes-in-autogen-output:
Counting all warnings,
there are 0 warnings in stage3 of this bootstrap.
Number of warnings per file:
Number of warning types:
More information about the Gcc-testresults
mailing list