Results for 12.0.0 20211210 (experimental) [master revision 9c7d5e8846edb28e5421211ee8eaad93e234de2c] (GCC) testsuite on sparc-sun-solaris2.11
Rainer Orth
ro@CeBiTec.Uni-Bielefeld.DE
Sat Dec 11 15:47:00 GMT 2021
LAST_UPDATED: Fri Dec 10 09:36:25 UTC 2021 (revision 9c7d5e8846edb28e5421211ee8eaad93e234de2c)
=== acats tests ===
=== acats Summary ===
# of expected passes 2328
# of unexpected failures 0
Native configuration is sparc-sun-solaris2.11
=== g++ tests ===
Running target unix
FAIL: g++.dg/warn/string1.C (test for warnings, line 17)
FAIL: g++.dg/modules/pr98531-1_a.H module-cmi (gcm.cache/\$srcdir/g++.dg/modules/pr98531-1_a.H.gcm)
FAIL: g++.dg/modules/pr98531-1_a.H module-cmi (gcm.cache/\$srcdir/g++.dg/modules/pr98531-1_a.H.gcm)
FAIL: g++.dg/modules/pr98531-1_a.H module-cmi (gcm.cache/\$srcdir/g++.dg/modules/pr98531-1_a.H.gcm)
FAIL: g++.dg/modules/stdio-1_a.H -std=c++17 scan-lang-dump module "Depset:0 decl entity:[0-9]* function_decl:'::printf'"
FAIL: g++.dg/modules/stdio-1_a.H -std=c++2a scan-lang-dump module "Depset:0 decl entity:[0-9]* function_decl:'::printf'"
FAIL: g++.dg/modules/stdio-1_a.H -std=c++2b scan-lang-dump module "Depset:0 decl entity:[0-9]* function_decl:'::printf'"
FAIL: g++.dg/modules/xtreme-header-3_a.H -std=c++17 (internal compiler error)
FAIL: g++.dg/modules/xtreme-header-3_a.H -std=c++17 (test for excess errors)
FAIL: g++.dg/modules/xtreme-header-3_a.H -std=c++2a (internal compiler error)
FAIL: g++.dg/modules/xtreme-header-3_a.H -std=c++2a (test for excess errors)
FAIL: g++.dg/modules/xtreme-header-3_a.H -std=c++2b (internal compiler error)
FAIL: g++.dg/modules/xtreme-header-3_a.H -std=c++2b (test for excess errors)
FAIL: g++.dg/modules/xtreme-header-3_a.H module-cmi (gcm.cache/\$srcdir/g++.dg/modules/xtreme-header-3_a.H.gcm)
FAIL: g++.dg/modules/xtreme-header-3_a.H module-cmi (gcm.cache/\$srcdir/g++.dg/modules/xtreme-header-3_a.H.gcm)
FAIL: g++.dg/modules/xtreme-header-3_a.H module-cmi (gcm.cache/\$srcdir/g++.dg/modules/xtreme-header-3_a.H.gcm)
FAIL: g++.dg/modules/xtreme-header-3_b.C -std=c++17 (test for excess errors)
FAIL: g++.dg/modules/xtreme-header-3_b.C -std=c++2a (test for excess errors)
FAIL: g++.dg/modules/xtreme-header-3_b.C -std=c++2b (test for excess errors)
FAIL: g++.dg/modules/xtreme-header-3_c.C -std=c++17 (test for excess errors)
FAIL: g++.dg/modules/xtreme-header-3_c.C -std=c++2a (test for excess errors)
FAIL: g++.dg/modules/xtreme-header-3_c.C -std=c++2b (test for excess errors)
FAIL: g++.dg/modules/xtreme-header-5_a.H -std=c++2a (internal compiler error)
FAIL: g++.dg/modules/xtreme-header-5_a.H -std=c++2a (test for excess errors)
FAIL: g++.dg/modules/xtreme-header-5_a.H -std=c++2b (internal compiler error)
FAIL: g++.dg/modules/xtreme-header-5_a.H -std=c++2b (test for excess errors)
FAIL: g++.dg/modules/xtreme-header-5_a.H module-cmi (gcm.cache/\$srcdir/g++.dg/modules/xtreme-header-5_a.H.gcm)
FAIL: g++.dg/modules/xtreme-header-5_a.H module-cmi (gcm.cache/\$srcdir/g++.dg/modules/xtreme-header-5_a.H.gcm)
FAIL: g++.dg/modules/xtreme-header-5_b.C -std=c++2a (test for excess errors)
FAIL: g++.dg/modules/xtreme-header-5_b.C -std=c++2b (test for excess errors)
FAIL: g++.dg/modules/xtreme-header-5_c.C -std=c++2a (test for excess errors)
FAIL: g++.dg/modules/xtreme-header-5_c.C -std=c++2b (test for excess errors)
FAIL: g++.dg/modules/xtreme-header_a.H -std=c++17 (internal compiler error)
FAIL: g++.dg/modules/xtreme-header_a.H -std=c++17 (test for excess errors)
FAIL: g++.dg/modules/xtreme-header_a.H -std=c++2a (internal compiler error)
FAIL: g++.dg/modules/xtreme-header_a.H -std=c++2a (test for excess errors)
FAIL: g++.dg/modules/xtreme-header_a.H -std=c++2b (internal compiler error)
FAIL: g++.dg/modules/xtreme-header_a.H -std=c++2b (test for excess errors)
FAIL: g++.dg/modules/xtreme-header_a.H module-cmi (gcm.cache/\$srcdir/g++.dg/modules/xtreme-header_a.H.gcm)
FAIL: g++.dg/modules/xtreme-header_a.H module-cmi (gcm.cache/\$srcdir/g++.dg/modules/xtreme-header_a.H.gcm)
FAIL: g++.dg/modules/xtreme-header_a.H module-cmi (gcm.cache/\$srcdir/g++.dg/modules/xtreme-header_a.H.gcm)
FAIL: g++.dg/modules/xtreme-header_b.C -std=c++17 (test for excess errors)
FAIL: g++.dg/modules/xtreme-header_b.C -std=c++2a (test for excess errors)
FAIL: g++.dg/modules/xtreme-header_b.C -std=c++2b (test for excess errors)
=== g++ Summary for unix ===
# of expected passes 215392
# of unexpected failures 44
# of expected failures 1415
# of unsupported tests 10574
Running target unix/-m64
FAIL: g++.dg/warn/string1.C (test for warnings, line 17)
FAIL: g++.dg/modules/pr98531-1_a.H module-cmi (gcm.cache/\$srcdir/g++.dg/modules/pr98531-1_a.H.gcm)
FAIL: g++.dg/modules/pr98531-1_a.H module-cmi (gcm.cache/\$srcdir/g++.dg/modules/pr98531-1_a.H.gcm)
FAIL: g++.dg/modules/pr98531-1_a.H module-cmi (gcm.cache/\$srcdir/g++.dg/modules/pr98531-1_a.H.gcm)
FAIL: g++.dg/modules/stdio-1_a.H -std=c++17 scan-lang-dump module "Depset:0 decl entity:[0-9]* function_decl:'::printf'"
FAIL: g++.dg/modules/stdio-1_a.H -std=c++2a scan-lang-dump module "Depset:0 decl entity:[0-9]* function_decl:'::printf'"
FAIL: g++.dg/modules/stdio-1_a.H -std=c++2b scan-lang-dump module "Depset:0 decl entity:[0-9]* function_decl:'::printf'"
FAIL: g++.dg/modules/xtreme-header-3_a.H -std=c++17 (internal compiler error)
FAIL: g++.dg/modules/xtreme-header-3_a.H -std=c++17 (test for excess errors)
FAIL: g++.dg/modules/xtreme-header-3_a.H -std=c++2a (internal compiler error)
FAIL: g++.dg/modules/xtreme-header-3_a.H -std=c++2a (test for excess errors)
FAIL: g++.dg/modules/xtreme-header-3_a.H -std=c++2b (internal compiler error)
FAIL: g++.dg/modules/xtreme-header-3_a.H -std=c++2b (test for excess errors)
FAIL: g++.dg/modules/xtreme-header-3_a.H module-cmi (gcm.cache/\$srcdir/g++.dg/modules/xtreme-header-3_a.H.gcm)
FAIL: g++.dg/modules/xtreme-header-3_a.H module-cmi (gcm.cache/\$srcdir/g++.dg/modules/xtreme-header-3_a.H.gcm)
FAIL: g++.dg/modules/xtreme-header-3_a.H module-cmi (gcm.cache/\$srcdir/g++.dg/modules/xtreme-header-3_a.H.gcm)
FAIL: g++.dg/modules/xtreme-header-3_b.C -std=c++17 (test for excess errors)
FAIL: g++.dg/modules/xtreme-header-3_b.C -std=c++2a (test for excess errors)
FAIL: g++.dg/modules/xtreme-header-3_b.C -std=c++2b (test for excess errors)
FAIL: g++.dg/modules/xtreme-header-3_c.C -std=c++17 (test for excess errors)
FAIL: g++.dg/modules/xtreme-header-3_c.C -std=c++2a (test for excess errors)
FAIL: g++.dg/modules/xtreme-header-3_c.C -std=c++2b (test for excess errors)
FAIL: g++.dg/modules/xtreme-header-5_a.H -std=c++2a (internal compiler error)
FAIL: g++.dg/modules/xtreme-header-5_a.H -std=c++2a (test for excess errors)
FAIL: g++.dg/modules/xtreme-header-5_a.H -std=c++2b (internal compiler error)
FAIL: g++.dg/modules/xtreme-header-5_a.H -std=c++2b (test for excess errors)
FAIL: g++.dg/modules/xtreme-header-5_a.H module-cmi (gcm.cache/\$srcdir/g++.dg/modules/xtreme-header-5_a.H.gcm)
FAIL: g++.dg/modules/xtreme-header-5_a.H module-cmi (gcm.cache/\$srcdir/g++.dg/modules/xtreme-header-5_a.H.gcm)
FAIL: g++.dg/modules/xtreme-header-5_b.C -std=c++2a (test for excess errors)
FAIL: g++.dg/modules/xtreme-header-5_b.C -std=c++2b (test for excess errors)
FAIL: g++.dg/modules/xtreme-header-5_c.C -std=c++2a (test for excess errors)
FAIL: g++.dg/modules/xtreme-header-5_c.C -std=c++2b (test for excess errors)
FAIL: g++.dg/modules/xtreme-header_a.H -std=c++17 (internal compiler error)
FAIL: g++.dg/modules/xtreme-header_a.H -std=c++17 (test for excess errors)
FAIL: g++.dg/modules/xtreme-header_a.H -std=c++2a (internal compiler error)
FAIL: g++.dg/modules/xtreme-header_a.H -std=c++2a (test for excess errors)
FAIL: g++.dg/modules/xtreme-header_a.H -std=c++2b (internal compiler error)
FAIL: g++.dg/modules/xtreme-header_a.H -std=c++2b (test for excess errors)
FAIL: g++.dg/modules/xtreme-header_a.H module-cmi (gcm.cache/\$srcdir/g++.dg/modules/xtreme-header_a.H.gcm)
FAIL: g++.dg/modules/xtreme-header_a.H module-cmi (gcm.cache/\$srcdir/g++.dg/modules/xtreme-header_a.H.gcm)
FAIL: g++.dg/modules/xtreme-header_a.H module-cmi (gcm.cache/\$srcdir/g++.dg/modules/xtreme-header_a.H.gcm)
FAIL: g++.dg/modules/xtreme-header_b.C -std=c++17 (test for excess errors)
FAIL: g++.dg/modules/xtreme-header_b.C -std=c++2a (test for excess errors)
FAIL: g++.dg/modules/xtreme-header_b.C -std=c++2b (test for excess errors)
=== g++ Summary for unix/-m64 ===
# of expected passes 216123
# of unexpected failures 44
# of expected failures 1423
# of unsupported tests 10262
=== g++ Summary ===
# of expected passes 431515
# of unexpected failures 88
# of expected failures 2838
# of unsupported tests 20836
/var/gcc/regression/master/11.3-gcc/build/gcc/xg++ version 12.0.0 20211210 (experimental) [master revision 9c7d5e8846edb28e5421211ee8eaad93e234de2c] (GCC)
=== gcc tests ===
Running target unix
FAIL: gcc.dg/analyzer/getchar-1.c (test for excess errors)
FAIL: gcc.dg/analyzer/pr103526.c (test for bogus messages, line 31)
FAIL: gcc.dg/analyzer/pr94851-1.c (test for excess errors)
XPASS: gcc.dg/debug/dwarf2/inline5.c scan-assembler-not \\\\(DIE \\\\(0x([0-9a-f]*)\\\\) DW_TAG_lexical_block\\\\)[^#/!@;\\\\|]*[#/!@;\\\\|]+ +DW_AT.*DW_TAG_lexical_block\\\\)[^#/!@;\\\\|x]*x\\\\1[^#/!@;\\\\|]*[#/!@;\\\\|] +DW_AT_abstract_origin
FAIL: gcc.dg/pr102892-1.c (test for excess errors)
FAIL: gcc.dg/signbit-2.c scan-tree-dump optimized "\\\\s+>\\\\s+{ 0(, 0)+ }"
FAIL: gcc.dg/visibility-22.c execution test
FAIL: gcc.dg/ipa/iinline-attr.c scan-ipa-dump inline "hooray[^\\\\n]*inline copy in test"
FAIL: gcc.dg/ipa/ipa-icf-38.c scan-ltrans-tree-dump-not optimized "Function bar"
FAIL: gcc-dg-lto-modref-3-01.exe scan-wpa-ipa-dump modref "parm 1 flags: no_direct_clobber no_direct_escape"
FAIL: gcc-dg-lto-modref-4-01.exe scan-wpa-ipa-dump modref "parm 1 flags: no_direct_clobber no_direct_escape"
FAIL: gcc.dg/lto/modref-3 c_lto_modref-3_0.o-c_lto_modref-3_1.o execute -O2 -flto-partition=max -fdump-ipa-modref -fno-ipa-sra -fno-ipa-cp -flto
FAIL: gcc.dg/lto/modref-4 c_lto_modref-4_0.o-c_lto_modref-4_1.o execute -O2 -flto-partition=max -fdump-ipa-modref -fno-ipa-sra -flto
FAIL: gcc.dg/simulate-thread/atomic-other-int.c -O2 -g thread simulation test
FAIL: gcc.dg/simulate-thread/atomic-other-int.c -O3 -g thread simulation test
FAIL: gcc.dg/simulate-thread/speculative-store-4.c -O0 -g thread simulation test
FAIL: gcc.dg/simulate-thread/speculative-store-4.c -O2 -g thread simulation test
FAIL: gcc.dg/simulate-thread/speculative-store-4.c -O3 -g thread simulation test
FAIL: gcc.dg/simulate-thread/speculative-store.c -O0 -g thread simulation test
FAIL: gcc.dg/torture/pr60092.c -O0 execution test
FAIL: gcc.dg/vect/bb-slp-21.c -flto -ffat-lto-objects scan-tree-dump-times slp2 "optimized: basic block" 1
FAIL: gcc.dg/vect/bb-slp-21.c scan-tree-dump-times slp2 "optimized: basic block" 1
FAIL: gcc.dg/vect/bb-slp-22.c -flto -ffat-lto-objects scan-tree-dump-times slp2 "optimized: basic block" 1
FAIL: gcc.dg/vect/bb-slp-22.c scan-tree-dump-times slp2 "optimized: basic block" 1
XPASS: gcc.dg/vect/bb-slp-32.c -flto -ffat-lto-objects scan-tree-dump slp2 "vectorization is not profitable"
XPASS: gcc.dg/vect/bb-slp-32.c scan-tree-dump slp2 "vectorization is not profitable"
FAIL: gcc.dg/vect/pr97428.c -flto -ffat-lto-objects scan-tree-dump vect "Detected interleaving load of size 8"
FAIL: gcc.dg/vect/pr97428.c -flto -ffat-lto-objects scan-tree-dump vect "Detected interleaving store of size 16"
FAIL: gcc.dg/vect/pr97428.c scan-tree-dump vect "Detected interleaving load of size 8"
FAIL: gcc.dg/vect/pr97428.c scan-tree-dump vect "Detected interleaving store of size 16"
FAIL: gcc.dg/vect/slp-47.c -flto -ffat-lto-objects scan-tree-dump-times vect "vectorizing stmts using SLP" 2
FAIL: gcc.dg/vect/slp-47.c scan-tree-dump-times vect "vectorizing stmts using SLP" 2
FAIL: gcc.dg/vect/slp-48.c -flto -ffat-lto-objects scan-tree-dump-times vect "vectorizing stmts using SLP" 2
FAIL: gcc.dg/vect/slp-48.c scan-tree-dump-times vect "vectorizing stmts using SLP" 2
XPASS: gcc.dg/vect/vect-alias-check-1.c -flto -ffat-lto-objects scan-tree-dump vect "using an address-based overlap test"
XPASS: gcc.dg/vect/vect-alias-check-1.c scan-tree-dump vect "using an address-based overlap test"
FAIL: gcc.dg/vect/vect-bic-bitmask-10.c -flto -ffat-lto-objects scan-tree-dump dce7 "<=\\\\s*.+{ 255,.+}"
FAIL: gcc.dg/vect/vect-bic-bitmask-10.c scan-tree-dump dce7 "<=\\\\s*.+{ 255,.+}"
FAIL: gcc.dg/vect/vect-bic-bitmask-11.c -flto -ffat-lto-objects scan-tree-dump dce7 ">\\\\s*.+{ 255,.+}"
FAIL: gcc.dg/vect/vect-bic-bitmask-11.c scan-tree-dump dce7 ">\\\\s*.+{ 255,.+}"
FAIL: gcc.dg/vect/vect-bic-bitmask-12.c -flto -ffat-lto-objects scan-tree-dump dce7 "<=\\\\s*.+{ 255,.+}"
FAIL: gcc.dg/vect/vect-bic-bitmask-12.c scan-tree-dump dce7 "<=\\\\s*.+{ 255,.+}"
FAIL: gcc.dg/vect/vect-bic-bitmask-2.c -flto -ffat-lto-objects scan-tree-dump-times dce7 "<=\\\\s*.+{ 255,.+}" 1
FAIL: gcc.dg/vect/vect-bic-bitmask-2.c scan-tree-dump-times dce7 "<=\\\\s*.+{ 255,.+}" 1
FAIL: gcc.dg/vect/vect-bic-bitmask-23.c -flto -ffat-lto-objects scan-tree-dump dce7 "<=\\\\s*.+{ 255, 15, 1, 65535 }"
FAIL: gcc.dg/vect/vect-bic-bitmask-23.c scan-tree-dump dce7 "<=\\\\s*.+{ 255, 15, 1, 65535 }"
FAIL: gcc.dg/vect/vect-bic-bitmask-3.c -flto -ffat-lto-objects scan-tree-dump-times dce7 "<=\\\\s*.+{ 255,.+}" 1
FAIL: gcc.dg/vect/vect-bic-bitmask-3.c scan-tree-dump-times dce7 "<=\\\\s*.+{ 255,.+}" 1
FAIL: gcc.dg/vect/vect-bic-bitmask-5.c -flto -ffat-lto-objects scan-tree-dump-times dce7 ">\\\\s*.+{ 255,.+}" 1
FAIL: gcc.dg/vect/vect-bic-bitmask-5.c scan-tree-dump-times dce7 ">\\\\s*.+{ 255,.+}" 1
FAIL: gcc.dg/vect/vect-bic-bitmask-6.c -flto -ffat-lto-objects scan-tree-dump-times dce7 "<=\\\\s*.+{ 255,.+}" 1
FAIL: gcc.dg/vect/vect-bic-bitmask-6.c scan-tree-dump-times dce7 "<=\\\\s*.+{ 255,.+}" 1
FAIL: gcc.dg/vect/vect-bic-bitmask-8.c -flto -ffat-lto-objects scan-tree-dump-times dce7 ">\\\\s*.+{ 1,.+}" 1
FAIL: gcc.dg/vect/vect-bic-bitmask-8.c scan-tree-dump-times dce7 ">\\\\s*.+{ 1,.+}" 1
FAIL: gcc.dg/vect/vect-bic-bitmask-9.c -flto -ffat-lto-objects scan-tree-dump dce7 "&\\\\s*.+{ 4294967290,.+}"
FAIL: gcc.dg/vect/vect-bic-bitmask-9.c scan-tree-dump dce7 "&\\\\s*.+{ 4294967290,.+}"
FAIL: gcc.dg/vect/vect-cost-model-1.c -flto -ffat-lto-objects scan-tree-dump vect "LOOP VECTORIZED"
FAIL: gcc.dg/vect/vect-cost-model-1.c scan-tree-dump vect "LOOP VECTORIZED"
FAIL: gcc.dg/vect/vect-cost-model-3.c -flto -ffat-lto-objects scan-tree-dump vect "LOOP VECTORIZED"
FAIL: gcc.dg/vect/vect-cost-model-3.c scan-tree-dump vect "LOOP VECTORIZED"
FAIL: gcc.dg/vect/vect-cost-model-5.c -flto -ffat-lto-objects scan-tree-dump vect "LOOP VECTORIZED"
FAIL: gcc.dg/vect/vect-cost-model-5.c scan-tree-dump vect "LOOP VECTORIZED"
FAIL: gcc.dg/vect/vect-fmax-1.c -flto -ffat-lto-objects scan-tree-dump vect "Detected reduction"
FAIL: gcc.dg/vect/vect-fmax-1.c scan-tree-dump vect "Detected reduction"
FAIL: gcc.dg/vect/vect-fmax-2.c -flto -ffat-lto-objects scan-tree-dump vect "Detected reduction"
FAIL: gcc.dg/vect/vect-fmax-2.c scan-tree-dump vect "Detected reduction"
FAIL: gcc.dg/vect/vect-fmax-3.c -flto -ffat-lto-objects scan-tree-dump vect "Detected reduction"
FAIL: gcc.dg/vect/vect-fmax-3.c scan-tree-dump vect "Detected reduction"
FAIL: gcc.dg/vect/vect-fmin-1.c -flto -ffat-lto-objects scan-tree-dump vect "Detected reduction"
FAIL: gcc.dg/vect/vect-fmin-1.c -flto -ffat-lto-objects scan-tree-dump vect "Detected reduction"
FAIL: gcc.dg/vect/vect-fmin-1.c scan-tree-dump vect "Detected reduction"
FAIL: gcc.dg/vect/vect-fmin-1.c scan-tree-dump vect "Detected reduction"
FAIL: gcc.dg/vect/vect-fmin-2.c -flto -ffat-lto-objects scan-tree-dump vect "Detected reduction"
FAIL: gcc.dg/vect/vect-fmin-2.c scan-tree-dump vect "Detected reduction"
FAIL: gcc.dg/vect/vect-fmin-3.c -flto -ffat-lto-objects scan-tree-dump vect "Detected reduction"
FAIL: gcc.dg/vect/vect-fmin-3.c scan-tree-dump vect "Detected reduction"
FAIL: compiler driver --help=param option(s): "^ +-.*[^:.]\$" absent from output: " --param=max-inline-functions-called-once-loop-depth= Maximum loop depth of a call which is considered for inlining functions called once"
FAIL: compiler driver --help=params option(s): "[^.]\$" absent from output: "e"
=== gcc Summary for unix ===
# of expected passes 138424
# of unexpected failures 73
# of unexpected successes 5
# of expected failures 1163
# of unsupported tests 4368
Running target unix/-m64
FAIL: gcc.dg/analyzer/pr103526.c (test for bogus messages, line 31)
XPASS: gcc.dg/debug/dwarf2/inline5.c scan-assembler-not \\\\(DIE \\\\(0x([0-9a-f]*)\\\\) DW_TAG_lexical_block\\\\)[^#/!@;\\\\|]*[#/!@;\\\\|]+ +DW_AT.*DW_TAG_lexical_block\\\\)[^#/!@;\\\\|x]*x\\\\1[^#/!@;\\\\|]*[#/!@;\\\\|] +DW_AT_abstract_origin
FAIL: gcc.dg/Warray-bounds-48.c pr102706 (test for warnings, line 133)
FAIL: gcc.dg/Warray-bounds-48.c pr102706 (test for warnings, line 33)
FAIL: gcc.dg/Wzero-length-array-bounds-2.c (test for excess errors)
FAIL: gcc.dg/pr102892-1.c (test for excess errors)
XPASS: gcc.dg/pr84877.c execution test
FAIL: gcc.dg/signbit-2.c scan-tree-dump optimized "\\\\s+>\\\\s+{ 0(, 0)+ }"
FAIL: gcc.dg/visibility-22.c execution test
FAIL: gcc.dg/ipa/ipa-icf-38.c scan-ltrans-tree-dump-not optimized "Function bar"
FAIL: gcc-dg-lto-modref-3-01.exe scan-wpa-ipa-dump modref "parm 1 flags: no_direct_clobber no_direct_escape"
FAIL: gcc-dg-lto-modref-4-01.exe scan-wpa-ipa-dump modref "parm 1 flags: no_direct_clobber no_direct_escape"
FAIL: gcc.dg/lto/modref-3 c_lto_modref-3_0.o-c_lto_modref-3_1.o execute -O2 -flto-partition=max -fdump-ipa-modref -fno-ipa-sra -fno-ipa-cp -flto
FAIL: gcc.dg/lto/modref-4 c_lto_modref-4_0.o-c_lto_modref-4_1.o execute -O2 -flto-partition=max -fdump-ipa-modref -fno-ipa-sra -flto
FAIL: gcc.dg/torture/pr60092.c -O0 execution test
FAIL: gcc.dg/vect/bb-slp-21.c -flto -ffat-lto-objects scan-tree-dump-times slp2 "optimized: basic block" 1
FAIL: gcc.dg/vect/bb-slp-21.c scan-tree-dump-times slp2 "optimized: basic block" 1
FAIL: gcc.dg/vect/bb-slp-22.c -flto -ffat-lto-objects scan-tree-dump-times slp2 "optimized: basic block" 1
FAIL: gcc.dg/vect/bb-slp-22.c scan-tree-dump-times slp2 "optimized: basic block" 1
XPASS: gcc.dg/vect/bb-slp-32.c -flto -ffat-lto-objects scan-tree-dump slp2 "vectorization is not profitable"
XPASS: gcc.dg/vect/bb-slp-32.c scan-tree-dump slp2 "vectorization is not profitable"
XPASS: gcc.dg/vect/pr33804.c -flto -ffat-lto-objects scan-tree-dump-times vect "vectorized 1 loops" 1
XPASS: gcc.dg/vect/pr33804.c -flto -ffat-lto-objects scan-tree-dump-times vect "vectorizing stmts using SLP" 1
XPASS: gcc.dg/vect/pr33804.c scan-tree-dump-times vect "vectorized 1 loops" 1
XPASS: gcc.dg/vect/pr33804.c scan-tree-dump-times vect "vectorizing stmts using SLP" 1
FAIL: gcc.dg/vect/pr97428.c -flto -ffat-lto-objects scan-tree-dump vect "Detected interleaving load of size 8"
FAIL: gcc.dg/vect/pr97428.c -flto -ffat-lto-objects scan-tree-dump vect "Detected interleaving store of size 16"
FAIL: gcc.dg/vect/pr97428.c scan-tree-dump vect "Detected interleaving load of size 8"
FAIL: gcc.dg/vect/pr97428.c scan-tree-dump vect "Detected interleaving store of size 16"
FAIL: gcc.dg/vect/slp-47.c -flto -ffat-lto-objects scan-tree-dump-times vect "vectorizing stmts using SLP" 2
FAIL: gcc.dg/vect/slp-47.c scan-tree-dump-times vect "vectorizing stmts using SLP" 2
FAIL: gcc.dg/vect/slp-48.c -flto -ffat-lto-objects scan-tree-dump-times vect "vectorizing stmts using SLP" 2
FAIL: gcc.dg/vect/slp-48.c scan-tree-dump-times vect "vectorizing stmts using SLP" 2
XPASS: gcc.dg/vect/slp-multitypes-3.c -flto -ffat-lto-objects scan-tree-dump-times vect "vectorized 1 loops" 1
XPASS: gcc.dg/vect/slp-multitypes-3.c -flto -ffat-lto-objects scan-tree-dump-times vect "vectorizing stmts using SLP" 2
XPASS: gcc.dg/vect/slp-multitypes-3.c scan-tree-dump-times vect "vectorized 1 loops" 1
XPASS: gcc.dg/vect/slp-multitypes-3.c scan-tree-dump-times vect "vectorizing stmts using SLP" 2
XPASS: gcc.dg/vect/vect-alias-check-1.c -flto -ffat-lto-objects scan-tree-dump vect "using an address-based overlap test"
XPASS: gcc.dg/vect/vect-alias-check-1.c scan-tree-dump vect "using an address-based overlap test"
FAIL: gcc.dg/vect/vect-bic-bitmask-10.c -flto -ffat-lto-objects scan-tree-dump dce7 "<=\\\\s*.+{ 255,.+}"
FAIL: gcc.dg/vect/vect-bic-bitmask-10.c scan-tree-dump dce7 "<=\\\\s*.+{ 255,.+}"
FAIL: gcc.dg/vect/vect-bic-bitmask-11.c -flto -ffat-lto-objects scan-tree-dump dce7 ">\\\\s*.+{ 255,.+}"
FAIL: gcc.dg/vect/vect-bic-bitmask-11.c scan-tree-dump dce7 ">\\\\s*.+{ 255,.+}"
FAIL: gcc.dg/vect/vect-bic-bitmask-12.c -flto -ffat-lto-objects scan-tree-dump dce7 "<=\\\\s*.+{ 255,.+}"
FAIL: gcc.dg/vect/vect-bic-bitmask-12.c scan-tree-dump dce7 "<=\\\\s*.+{ 255,.+}"
FAIL: gcc.dg/vect/vect-bic-bitmask-2.c -flto -ffat-lto-objects scan-tree-dump-times dce7 "<=\\\\s*.+{ 255,.+}" 1
FAIL: gcc.dg/vect/vect-bic-bitmask-2.c scan-tree-dump-times dce7 "<=\\\\s*.+{ 255,.+}" 1
FAIL: gcc.dg/vect/vect-bic-bitmask-23.c -flto -ffat-lto-objects scan-tree-dump dce7 "<=\\\\s*.+{ 255, 15, 1, 65535 }"
FAIL: gcc.dg/vect/vect-bic-bitmask-23.c scan-tree-dump dce7 "<=\\\\s*.+{ 255, 15, 1, 65535 }"
FAIL: gcc.dg/vect/vect-bic-bitmask-3.c -flto -ffat-lto-objects scan-tree-dump-times dce7 "<=\\\\s*.+{ 255,.+}" 1
FAIL: gcc.dg/vect/vect-bic-bitmask-3.c scan-tree-dump-times dce7 "<=\\\\s*.+{ 255,.+}" 1
FAIL: gcc.dg/vect/vect-bic-bitmask-5.c -flto -ffat-lto-objects scan-tree-dump-times dce7 ">\\\\s*.+{ 255,.+}" 1
FAIL: gcc.dg/vect/vect-bic-bitmask-5.c scan-tree-dump-times dce7 ">\\\\s*.+{ 255,.+}" 1
FAIL: gcc.dg/vect/vect-bic-bitmask-6.c -flto -ffat-lto-objects scan-tree-dump-times dce7 "<=\\\\s*.+{ 255,.+}" 1
FAIL: gcc.dg/vect/vect-bic-bitmask-6.c scan-tree-dump-times dce7 "<=\\\\s*.+{ 255,.+}" 1
FAIL: gcc.dg/vect/vect-bic-bitmask-8.c -flto -ffat-lto-objects scan-tree-dump-times dce7 ">\\\\s*.+{ 1,.+}" 1
FAIL: gcc.dg/vect/vect-bic-bitmask-8.c scan-tree-dump-times dce7 ">\\\\s*.+{ 1,.+}" 1
FAIL: gcc.dg/vect/vect-bic-bitmask-9.c -flto -ffat-lto-objects scan-tree-dump dce7 "&\\\\s*.+{ 4294967290,.+}"
FAIL: gcc.dg/vect/vect-bic-bitmask-9.c scan-tree-dump dce7 "&\\\\s*.+{ 4294967290,.+}"
FAIL: gcc.dg/vect/vect-cost-model-1.c -flto -ffat-lto-objects scan-tree-dump vect "LOOP VECTORIZED"
FAIL: gcc.dg/vect/vect-cost-model-1.c scan-tree-dump vect "LOOP VECTORIZED"
FAIL: gcc.dg/vect/vect-cost-model-3.c -flto -ffat-lto-objects scan-tree-dump vect "LOOP VECTORIZED"
FAIL: gcc.dg/vect/vect-cost-model-3.c scan-tree-dump vect "LOOP VECTORIZED"
FAIL: gcc.dg/vect/vect-cost-model-5.c -flto -ffat-lto-objects scan-tree-dump vect "LOOP VECTORIZED"
FAIL: gcc.dg/vect/vect-cost-model-5.c scan-tree-dump vect "LOOP VECTORIZED"
FAIL: gcc.dg/vect/vect-fmax-1.c -flto -ffat-lto-objects scan-tree-dump vect "Detected reduction"
FAIL: gcc.dg/vect/vect-fmax-1.c scan-tree-dump vect "Detected reduction"
FAIL: gcc.dg/vect/vect-fmax-2.c -flto -ffat-lto-objects scan-tree-dump vect "Detected reduction"
FAIL: gcc.dg/vect/vect-fmax-2.c scan-tree-dump vect "Detected reduction"
FAIL: gcc.dg/vect/vect-fmax-3.c -flto -ffat-lto-objects scan-tree-dump vect "Detected reduction"
FAIL: gcc.dg/vect/vect-fmax-3.c scan-tree-dump vect "Detected reduction"
FAIL: gcc.dg/vect/vect-fmin-1.c -flto -ffat-lto-objects scan-tree-dump vect "Detected reduction"
FAIL: gcc.dg/vect/vect-fmin-1.c -flto -ffat-lto-objects scan-tree-dump vect "Detected reduction"
FAIL: gcc.dg/vect/vect-fmin-1.c scan-tree-dump vect "Detected reduction"
FAIL: gcc.dg/vect/vect-fmin-1.c scan-tree-dump vect "Detected reduction"
FAIL: gcc.dg/vect/vect-fmin-2.c -flto -ffat-lto-objects scan-tree-dump vect "Detected reduction"
FAIL: gcc.dg/vect/vect-fmin-2.c scan-tree-dump vect "Detected reduction"
FAIL: gcc.dg/vect/vect-fmin-3.c -flto -ffat-lto-objects scan-tree-dump vect "Detected reduction"
FAIL: gcc.dg/vect/vect-fmin-3.c scan-tree-dump vect "Detected reduction"
FAIL: compiler driver --help=param option(s): "^ +-.*[^:.]\$" absent from output: " --param=max-inline-functions-called-once-loop-depth= Maximum loop depth of a call which is considered for inlining functions called once"
FAIL: compiler driver --help=params option(s): "[^.]\$" absent from output: "e"
=== gcc Summary for unix/-m64 ===
# of expected passes 138037
# of unexpected failures 67
# of unexpected successes 14
# of expected failures 1145
# of unsupported tests 3674
=== gcc Summary ===
# of expected passes 276461
# of unexpected failures 140
# of unexpected successes 19
# of expected failures 2308
# of unsupported tests 8042
/var/gcc/regression/master/11.3-gcc/build/gcc/xgcc version 12.0.0 20211210 (experimental) [master revision 9c7d5e8846edb28e5421211ee8eaad93e234de2c] (GCC)
=== gdc tests ===
Running target unix
FAIL: gdc.dg/simd_ctfe.d (test for excess errors)
FAIL: gdc.test/compilable/b18489.d output-exists b18489.s
UNRESOLVED: gdc.test/runnable/complex.d compilation failed to produce executable
UNRESOLVED: gdc.test/runnable/complex.d -shared-libphobos compilation failed to produce executable
UNRESOLVED: gdc.test/runnable/constfold.d compilation failed to produce executable
UNRESOLVED: gdc.test/runnable/constfold.d -shared-libphobos compilation failed to produce executable
UNRESOLVED: gdc.test/runnable/dhry.d compilation failed to produce executable
UNRESOLVED: gdc.test/runnable/dhry.d -shared-libphobos compilation failed to produce executable
UNRESOLVED: gdc.test/runnable/ice21727.d compilation failed to produce executable
UNRESOLVED: gdc.test/runnable/ice21727.d -shared-libphobos compilation failed to produce executable
UNRESOLVED: gdc.test/runnable/mangle.d compilation failed to produce executable
UNRESOLVED: gdc.test/runnable/mangle.d -shared-libphobos compilation failed to produce executable
UNRESOLVED: gdc.test/runnable/previewin.d compilation failed to produce executable
UNRESOLVED: gdc.test/runnable/previewin.d -shared-libphobos compilation failed to produce executable
FAIL: gdc.test/runnable/sdtor.d execution test
FAIL: gdc.test/runnable/sdtor.d -O2 execution test
FAIL: gdc.test/runnable/sdtor.d -O2 -fPIC execution test
FAIL: gdc.test/runnable/sdtor.d -O2 -fPIC -finline-functions execution test
FAIL: gdc.test/runnable/sdtor.d -O2 -fPIC -finline-functions -frelease execution test
FAIL: gdc.test/runnable/sdtor.d -O2 -fPIC -finline-functions -frelease -funittest execution test
FAIL: gdc.test/runnable/sdtor.d -O2 -fPIC -finline-functions -frelease -funittest -g execution test
FAIL: gdc.test/runnable/sdtor.d -O2 -fPIC -finline-functions -frelease -funittest -g -shared-libphobos execution test
FAIL: gdc.test/runnable/sdtor.d -O2 -fPIC -finline-functions -frelease -funittest -shared-libphobos execution test
FAIL: gdc.test/runnable/sdtor.d -O2 -fPIC -finline-functions -frelease -g execution test
FAIL: gdc.test/runnable/sdtor.d -O2 -fPIC -finline-functions -frelease -g -shared-libphobos execution test
FAIL: gdc.test/runnable/sdtor.d -O2 -fPIC -finline-functions -frelease -shared-libphobos execution test
FAIL: gdc.test/runnable/sdtor.d -O2 -fPIC -finline-functions -funittest execution test
FAIL: gdc.test/runnable/sdtor.d -O2 -fPIC -finline-functions -funittest -g execution test
FAIL: gdc.test/runnable/sdtor.d -O2 -fPIC -finline-functions -funittest -g -shared-libphobos execution test
FAIL: gdc.test/runnable/sdtor.d -O2 -fPIC -finline-functions -funittest -shared-libphobos execution test
FAIL: gdc.test/runnable/sdtor.d -O2 -fPIC -finline-functions -g execution test
FAIL: gdc.test/runnable/sdtor.d -O2 -fPIC -finline-functions -g -shared-libphobos execution test
FAIL: gdc.test/runnable/sdtor.d -O2 -fPIC -finline-functions -shared-libphobos execution test
FAIL: gdc.test/runnable/sdtor.d -O2 -fPIC -frelease execution test
FAIL: gdc.test/runnable/sdtor.d -O2 -fPIC -frelease -funittest execution test
FAIL: gdc.test/runnable/sdtor.d -O2 -fPIC -frelease -funittest -g execution test
FAIL: gdc.test/runnable/sdtor.d -O2 -fPIC -frelease -funittest -g -shared-libphobos execution test
FAIL: gdc.test/runnable/sdtor.d -O2 -fPIC -frelease -funittest -shared-libphobos execution test
FAIL: gdc.test/runnable/sdtor.d -O2 -fPIC -frelease -g execution test
FAIL: gdc.test/runnable/sdtor.d -O2 -fPIC -frelease -g -shared-libphobos execution test
FAIL: gdc.test/runnable/sdtor.d -O2 -fPIC -frelease -shared-libphobos execution test
FAIL: gdc.test/runnable/sdtor.d -O2 -fPIC -funittest execution test
FAIL: gdc.test/runnable/sdtor.d -O2 -fPIC -funittest -g execution test
FAIL: gdc.test/runnable/sdtor.d -O2 -fPIC -funittest -g -shared-libphobos execution test
FAIL: gdc.test/runnable/sdtor.d -O2 -fPIC -funittest -shared-libphobos execution test
FAIL: gdc.test/runnable/sdtor.d -O2 -fPIC -g execution test
FAIL: gdc.test/runnable/sdtor.d -O2 -fPIC -g -shared-libphobos execution test
FAIL: gdc.test/runnable/sdtor.d -O2 -fPIC -shared-libphobos execution test
FAIL: gdc.test/runnable/sdtor.d -O2 -finline-functions execution test
FAIL: gdc.test/runnable/sdtor.d -O2 -finline-functions -frelease execution test
FAIL: gdc.test/runnable/sdtor.d -O2 -finline-functions -frelease -funittest execution test
FAIL: gdc.test/runnable/sdtor.d -O2 -finline-functions -frelease -funittest -g execution test
FAIL: gdc.test/runnable/sdtor.d -O2 -finline-functions -frelease -funittest -g -shared-libphobos execution test
FAIL: gdc.test/runnable/sdtor.d -O2 -finline-functions -frelease -funittest -shared-libphobos execution test
FAIL: gdc.test/runnable/sdtor.d -O2 -finline-functions -frelease -g execution test
FAIL: gdc.test/runnable/sdtor.d -O2 -finline-functions -frelease -g -shared-libphobos execution test
FAIL: gdc.test/runnable/sdtor.d -O2 -finline-functions -frelease -shared-libphobos execution test
FAIL: gdc.test/runnable/sdtor.d -O2 -finline-functions -funittest execution test
FAIL: gdc.test/runnable/sdtor.d -O2 -finline-functions -funittest -g execution test
FAIL: gdc.test/runnable/sdtor.d -O2 -finline-functions -funittest -g -shared-libphobos execution test
FAIL: gdc.test/runnable/sdtor.d -O2 -finline-functions -funittest -shared-libphobos execution test
FAIL: gdc.test/runnable/sdtor.d -O2 -finline-functions -g execution test
FAIL: gdc.test/runnable/sdtor.d -O2 -finline-functions -g -shared-libphobos execution test
FAIL: gdc.test/runnable/sdtor.d -O2 -finline-functions -shared-libphobos execution test
FAIL: gdc.test/runnable/sdtor.d -O2 -frelease execution test
FAIL: gdc.test/runnable/sdtor.d -O2 -frelease -funittest execution test
FAIL: gdc.test/runnable/sdtor.d -O2 -frelease -funittest -g execution test
FAIL: gdc.test/runnable/sdtor.d -O2 -frelease -funittest -g -shared-libphobos execution test
FAIL: gdc.test/runnable/sdtor.d -O2 -frelease -funittest -shared-libphobos execution test
FAIL: gdc.test/runnable/sdtor.d -O2 -frelease -g execution test
FAIL: gdc.test/runnable/sdtor.d -O2 -frelease -g -shared-libphobos execution test
FAIL: gdc.test/runnable/sdtor.d -O2 -frelease -shared-libphobos execution test
FAIL: gdc.test/runnable/sdtor.d -O2 -funittest execution test
FAIL: gdc.test/runnable/sdtor.d -O2 -funittest -g execution test
FAIL: gdc.test/runnable/sdtor.d -O2 -funittest -g -shared-libphobos execution test
FAIL: gdc.test/runnable/sdtor.d -O2 -funittest -shared-libphobos execution test
FAIL: gdc.test/runnable/sdtor.d -O2 -g execution test
FAIL: gdc.test/runnable/sdtor.d -O2 -g -shared-libphobos execution test
FAIL: gdc.test/runnable/sdtor.d -O2 -shared-libphobos execution test
FAIL: gdc.test/runnable/sdtor.d -fPIC execution test
FAIL: gdc.test/runnable/sdtor.d -fPIC -finline-functions execution test
FAIL: gdc.test/runnable/sdtor.d -fPIC -finline-functions -frelease execution test
FAIL: gdc.test/runnable/sdtor.d -fPIC -finline-functions -frelease -funittest execution test
FAIL: gdc.test/runnable/sdtor.d -fPIC -finline-functions -frelease -funittest -g execution test
FAIL: gdc.test/runnable/sdtor.d -fPIC -finline-functions -frelease -funittest -g -shared-libphobos execution test
FAIL: gdc.test/runnable/sdtor.d -fPIC -finline-functions -frelease -funittest -shared-libphobos execution test
FAIL: gdc.test/runnable/sdtor.d -fPIC -finline-functions -frelease -g execution test
FAIL: gdc.test/runnable/sdtor.d -fPIC -finline-functions -frelease -g -shared-libphobos execution test
FAIL: gdc.test/runnable/sdtor.d -fPIC -finline-functions -frelease -shared-libphobos execution test
FAIL: gdc.test/runnable/sdtor.d -fPIC -finline-functions -funittest execution test
FAIL: gdc.test/runnable/sdtor.d -fPIC -finline-functions -funittest -g execution test
FAIL: gdc.test/runnable/sdtor.d -fPIC -finline-functions -funittest -g -shared-libphobos execution test
FAIL: gdc.test/runnable/sdtor.d -fPIC -finline-functions -funittest -shared-libphobos execution test
FAIL: gdc.test/runnable/sdtor.d -fPIC -finline-functions -g execution test
FAIL: gdc.test/runnable/sdtor.d -fPIC -finline-functions -g -shared-libphobos execution test
FAIL: gdc.test/runnable/sdtor.d -fPIC -finline-functions -shared-libphobos execution test
FAIL: gdc.test/runnable/sdtor.d -fPIC -frelease execution test
FAIL: gdc.test/runnable/sdtor.d -fPIC -frelease -funittest execution test
FAIL: gdc.test/runnable/sdtor.d -fPIC -frelease -funittest -g execution test
FAIL: gdc.test/runnable/sdtor.d -fPIC -frelease -funittest -g -shared-libphobos execution test
FAIL: gdc.test/runnable/sdtor.d -fPIC -frelease -funittest -shared-libphobos execution test
FAIL: gdc.test/runnable/sdtor.d -fPIC -frelease -g execution test
FAIL: gdc.test/runnable/sdtor.d -fPIC -frelease -g -shared-libphobos execution test
FAIL: gdc.test/runnable/sdtor.d -fPIC -frelease -shared-libphobos execution test
FAIL: gdc.test/runnable/sdtor.d -fPIC -funittest execution test
FAIL: gdc.test/runnable/sdtor.d -fPIC -funittest -g execution test
FAIL: gdc.test/runnable/sdtor.d -fPIC -funittest -g -shared-libphobos execution test
FAIL: gdc.test/runnable/sdtor.d -fPIC -funittest -shared-libphobos execution test
FAIL: gdc.test/runnable/sdtor.d -fPIC -g execution test
FAIL: gdc.test/runnable/sdtor.d -fPIC -g -shared-libphobos execution test
FAIL: gdc.test/runnable/sdtor.d -fPIC -shared-libphobos execution test
FAIL: gdc.test/runnable/sdtor.d -finline-functions execution test
FAIL: gdc.test/runnable/sdtor.d -finline-functions -frelease execution test
FAIL: gdc.test/runnable/sdtor.d -finline-functions -frelease -funittest execution test
FAIL: gdc.test/runnable/sdtor.d -finline-functions -frelease -funittest -g execution test
FAIL: gdc.test/runnable/sdtor.d -finline-functions -frelease -funittest -g -shared-libphobos execution test
FAIL: gdc.test/runnable/sdtor.d -finline-functions -frelease -funittest -shared-libphobos execution test
FAIL: gdc.test/runnable/sdtor.d -finline-functions -frelease -g execution test
FAIL: gdc.test/runnable/sdtor.d -finline-functions -frelease -g -shared-libphobos execution test
FAIL: gdc.test/runnable/sdtor.d -finline-functions -frelease -shared-libphobos execution test
FAIL: gdc.test/runnable/sdtor.d -finline-functions -funittest execution test
FAIL: gdc.test/runnable/sdtor.d -finline-functions -funittest -g execution test
FAIL: gdc.test/runnable/sdtor.d -finline-functions -funittest -g -shared-libphobos execution test
FAIL: gdc.test/runnable/sdtor.d -finline-functions -funittest -shared-libphobos execution test
FAIL: gdc.test/runnable/sdtor.d -finline-functions -g execution test
FAIL: gdc.test/runnable/sdtor.d -finline-functions -g -shared-libphobos execution test
FAIL: gdc.test/runnable/sdtor.d -finline-functions -shared-libphobos execution test
FAIL: gdc.test/runnable/sdtor.d -frelease execution test
FAIL: gdc.test/runnable/sdtor.d -frelease -funittest execution test
FAIL: gdc.test/runnable/sdtor.d -frelease -funittest -g execution test
FAIL: gdc.test/runnable/sdtor.d -frelease -funittest -g -shared-libphobos execution test
FAIL: gdc.test/runnable/sdtor.d -frelease -funittest -shared-libphobos execution test
FAIL: gdc.test/runnable/sdtor.d -frelease -g execution test
FAIL: gdc.test/runnable/sdtor.d -frelease -g -shared-libphobos execution test
FAIL: gdc.test/runnable/sdtor.d -frelease -shared-libphobos execution test
FAIL: gdc.test/runnable/sdtor.d -funittest execution test
FAIL: gdc.test/runnable/sdtor.d -funittest -g execution test
FAIL: gdc.test/runnable/sdtor.d -funittest -g -shared-libphobos execution test
FAIL: gdc.test/runnable/sdtor.d -funittest -shared-libphobos execution test
FAIL: gdc.test/runnable/sdtor.d -g execution test
FAIL: gdc.test/runnable/sdtor.d -g -shared-libphobos execution test
FAIL: gdc.test/runnable/sdtor.d -shared-libphobos execution test
FAIL: gdc.test/runnable/test15.d execution test
FAIL: gdc.test/runnable/test15.d -shared-libphobos execution test
WARNING: gdc.test/runnable/test17338.d (test for excess errors) program timed out.
UNRESOLVED: gdc.test/runnable/test17338.d compilation failed to produce executable
FAIL: gdc.test/runnable/testaa.d execution test
FAIL: gdc.test/runnable/testaa.d -fPIC execution test
FAIL: gdc.test/runnable/testaa.d -fPIC -shared-libphobos execution test
FAIL: gdc.test/runnable/testaa.d -shared-libphobos execution test
UNRESOLVED: gdc.test/runnable/testmodule.d compilation failed to produce executable
UNRESOLVED: gdc.test/runnable/testmodule.d -shared-libphobos compilation failed to produce executable
UNRESOLVED: gdc.test/runnable/ufcs.d compilation failed to produce executable
UNRESOLVED: gdc.test/runnable/ufcs.d -shared-libphobos compilation failed to produce executable
UNRESOLVED: gdc.test/runnable_cxx/cppa.d compilation failed to produce executable
UNRESOLVED: gdc.test/runnable_cxx/cppa.d -g compilation failed to produce executable
UNRESOLVED: gdc.test/runnable_cxx/cppa.d -g -shared-libphobos compilation failed to produce executable
UNRESOLVED: gdc.test/runnable_cxx/cppa.d -shared-libphobos compilation failed to produce executable
UNRESOLVED: gdc.test/runnable_cxx/stdint.d compilation failed to produce executable
UNRESOLVED: gdc.test/runnable_cxx/stdint.d -shared-libphobos compilation failed to produce executable
=== gdc Summary for unix ===
# of expected passes 10668
# of unexpected failures 136
# of unresolved testcases 23
# of unsupported tests 417
Running target unix/-m64
FAIL: gdc.dg/simd_ctfe.d (test for excess errors)
FAIL: gdc.dg/torture/pr96152.d -O0 execution test
FAIL: gdc.dg/torture/pr96152.d -O0 -frelease execution test
FAIL: gdc.dg/torture/pr96152.d -O0 -frelease -g execution test
FAIL: gdc.dg/torture/pr96152.d -O0 -g execution test
FAIL: gdc.dg/torture/pr96152.d -O1 execution test
FAIL: gdc.dg/torture/pr96152.d -O1 -frelease execution test
FAIL: gdc.dg/torture/pr96152.d -O1 -frelease -g execution test
FAIL: gdc.dg/torture/pr96152.d -O1 -g execution test
FAIL: gdc.dg/torture/pr96152.d -O2 execution test
FAIL: gdc.dg/torture/pr96152.d -O2 -frelease execution test
FAIL: gdc.dg/torture/pr96152.d -O2 -frelease -g execution test
FAIL: gdc.dg/torture/pr96152.d -O2 -g execution test
FAIL: gdc.dg/torture/pr96152.d -O3 execution test
FAIL: gdc.dg/torture/pr96152.d -O3 -frelease execution test
FAIL: gdc.dg/torture/pr96152.d -O3 -frelease -g execution test
FAIL: gdc.dg/torture/pr96152.d -O3 -g execution test
FAIL: gdc.dg/torture/pr96152.d -Os execution test
FAIL: gdc.dg/torture/pr96152.d -Os -frelease execution test
FAIL: gdc.dg/torture/pr96152.d -Os -frelease -g execution test
FAIL: gdc.dg/torture/pr96152.d -Os -g execution test
FAIL: gdc.test/compilable/b18489.d output-exists b18489.s
UNRESOLVED: gdc.test/runnable/complex.d compilation failed to produce executable
UNRESOLVED: gdc.test/runnable/complex.d -shared-libphobos compilation failed to produce executable
UNRESOLVED: gdc.test/runnable/constfold.d compilation failed to produce executable
UNRESOLVED: gdc.test/runnable/constfold.d -shared-libphobos compilation failed to produce executable
UNRESOLVED: gdc.test/runnable/dhry.d compilation failed to produce executable
UNRESOLVED: gdc.test/runnable/dhry.d -shared-libphobos compilation failed to produce executable
UNRESOLVED: gdc.test/runnable/ice21727.d compilation failed to produce executable
UNRESOLVED: gdc.test/runnable/ice21727.d -shared-libphobos compilation failed to produce executable
FAIL: gdc.test/runnable/inline.d execution test
FAIL: gdc.test/runnable/inline.d -shared-libphobos execution test
UNRESOLVED: gdc.test/runnable/mangle.d compilation failed to produce executable
UNRESOLVED: gdc.test/runnable/mangle.d -shared-libphobos compilation failed to produce executable
FAIL: gdc.test/runnable/sdtor.d execution test
FAIL: gdc.test/runnable/sdtor.d -O2 execution test
FAIL: gdc.test/runnable/sdtor.d -O2 -fPIC execution test
FAIL: gdc.test/runnable/sdtor.d -O2 -fPIC -finline-functions execution test
FAIL: gdc.test/runnable/sdtor.d -O2 -fPIC -finline-functions -frelease execution test
FAIL: gdc.test/runnable/sdtor.d -O2 -fPIC -finline-functions -frelease -funittest execution test
FAIL: gdc.test/runnable/sdtor.d -O2 -fPIC -finline-functions -frelease -funittest -g execution test
FAIL: gdc.test/runnable/sdtor.d -O2 -fPIC -finline-functions -frelease -funittest -g -shared-libphobos execution test
FAIL: gdc.test/runnable/sdtor.d -O2 -fPIC -finline-functions -frelease -funittest -shared-libphobos execution test
FAIL: gdc.test/runnable/sdtor.d -O2 -fPIC -finline-functions -frelease -g execution test
FAIL: gdc.test/runnable/sdtor.d -O2 -fPIC -finline-functions -frelease -g -shared-libphobos execution test
FAIL: gdc.test/runnable/sdtor.d -O2 -fPIC -finline-functions -frelease -shared-libphobos execution test
FAIL: gdc.test/runnable/sdtor.d -O2 -fPIC -finline-functions -funittest execution test
FAIL: gdc.test/runnable/sdtor.d -O2 -fPIC -finline-functions -funittest -g execution test
FAIL: gdc.test/runnable/sdtor.d -O2 -fPIC -finline-functions -funittest -g -shared-libphobos execution test
FAIL: gdc.test/runnable/sdtor.d -O2 -fPIC -finline-functions -funittest -shared-libphobos execution test
FAIL: gdc.test/runnable/sdtor.d -O2 -fPIC -finline-functions -g execution test
FAIL: gdc.test/runnable/sdtor.d -O2 -fPIC -finline-functions -g -shared-libphobos execution test
FAIL: gdc.test/runnable/sdtor.d -O2 -fPIC -finline-functions -shared-libphobos execution test
FAIL: gdc.test/runnable/sdtor.d -O2 -fPIC -frelease execution test
FAIL: gdc.test/runnable/sdtor.d -O2 -fPIC -frelease -funittest execution test
FAIL: gdc.test/runnable/sdtor.d -O2 -fPIC -frelease -funittest -g execution test
FAIL: gdc.test/runnable/sdtor.d -O2 -fPIC -frelease -funittest -g -shared-libphobos execution test
FAIL: gdc.test/runnable/sdtor.d -O2 -fPIC -frelease -funittest -shared-libphobos execution test
FAIL: gdc.test/runnable/sdtor.d -O2 -fPIC -frelease -g execution test
FAIL: gdc.test/runnable/sdtor.d -O2 -fPIC -frelease -g -shared-libphobos execution test
FAIL: gdc.test/runnable/sdtor.d -O2 -fPIC -frelease -shared-libphobos execution test
FAIL: gdc.test/runnable/sdtor.d -O2 -fPIC -funittest execution test
FAIL: gdc.test/runnable/sdtor.d -O2 -fPIC -funittest -g execution test
FAIL: gdc.test/runnable/sdtor.d -O2 -fPIC -funittest -g -shared-libphobos execution test
FAIL: gdc.test/runnable/sdtor.d -O2 -fPIC -funittest -shared-libphobos execution test
FAIL: gdc.test/runnable/sdtor.d -O2 -fPIC -g execution test
FAIL: gdc.test/runnable/sdtor.d -O2 -fPIC -g -shared-libphobos execution test
FAIL: gdc.test/runnable/sdtor.d -O2 -fPIC -shared-libphobos execution test
FAIL: gdc.test/runnable/sdtor.d -O2 -finline-functions execution test
FAIL: gdc.test/runnable/sdtor.d -O2 -finline-functions -frelease execution test
FAIL: gdc.test/runnable/sdtor.d -O2 -finline-functions -frelease -funittest execution test
FAIL: gdc.test/runnable/sdtor.d -O2 -finline-functions -frelease -funittest -g execution test
FAIL: gdc.test/runnable/sdtor.d -O2 -finline-functions -frelease -funittest -g -shared-libphobos execution test
FAIL: gdc.test/runnable/sdtor.d -O2 -finline-functions -frelease -funittest -shared-libphobos execution test
FAIL: gdc.test/runnable/sdtor.d -O2 -finline-functions -frelease -g execution test
FAIL: gdc.test/runnable/sdtor.d -O2 -finline-functions -frelease -g -shared-libphobos execution test
FAIL: gdc.test/runnable/sdtor.d -O2 -finline-functions -frelease -shared-libphobos execution test
FAIL: gdc.test/runnable/sdtor.d -O2 -finline-functions -funittest execution test
FAIL: gdc.test/runnable/sdtor.d -O2 -finline-functions -funittest -g execution test
FAIL: gdc.test/runnable/sdtor.d -O2 -finline-functions -funittest -g -shared-libphobos execution test
FAIL: gdc.test/runnable/sdtor.d -O2 -finline-functions -funittest -shared-libphobos execution test
FAIL: gdc.test/runnable/sdtor.d -O2 -finline-functions -g execution test
FAIL: gdc.test/runnable/sdtor.d -O2 -finline-functions -g -shared-libphobos execution test
FAIL: gdc.test/runnable/sdtor.d -O2 -finline-functions -shared-libphobos execution test
FAIL: gdc.test/runnable/sdtor.d -O2 -frelease execution test
FAIL: gdc.test/runnable/sdtor.d -O2 -frelease -funittest execution test
FAIL: gdc.test/runnable/sdtor.d -O2 -frelease -funittest -g execution test
FAIL: gdc.test/runnable/sdtor.d -O2 -frelease -funittest -g -shared-libphobos execution test
FAIL: gdc.test/runnable/sdtor.d -O2 -frelease -funittest -shared-libphobos execution test
FAIL: gdc.test/runnable/sdtor.d -O2 -frelease -g execution test
FAIL: gdc.test/runnable/sdtor.d -O2 -frelease -g -shared-libphobos execution test
FAIL: gdc.test/runnable/sdtor.d -O2 -frelease -shared-libphobos execution test
FAIL: gdc.test/runnable/sdtor.d -O2 -funittest execution test
FAIL: gdc.test/runnable/sdtor.d -O2 -funittest -g execution test
FAIL: gdc.test/runnable/sdtor.d -O2 -funittest -g -shared-libphobos execution test
FAIL: gdc.test/runnable/sdtor.d -O2 -funittest -shared-libphobos execution test
FAIL: gdc.test/runnable/sdtor.d -O2 -g execution test
FAIL: gdc.test/runnable/sdtor.d -O2 -g -shared-libphobos execution test
FAIL: gdc.test/runnable/sdtor.d -O2 -shared-libphobos execution test
FAIL: gdc.test/runnable/sdtor.d -fPIC execution test
FAIL: gdc.test/runnable/sdtor.d -fPIC -finline-functions execution test
FAIL: gdc.test/runnable/sdtor.d -fPIC -finline-functions -frelease execution test
FAIL: gdc.test/runnable/sdtor.d -fPIC -finline-functions -frelease -funittest execution test
FAIL: gdc.test/runnable/sdtor.d -fPIC -finline-functions -frelease -funittest -g execution test
FAIL: gdc.test/runnable/sdtor.d -fPIC -finline-functions -frelease -funittest -g -shared-libphobos execution test
FAIL: gdc.test/runnable/sdtor.d -fPIC -finline-functions -frelease -funittest -shared-libphobos execution test
FAIL: gdc.test/runnable/sdtor.d -fPIC -finline-functions -frelease -g execution test
FAIL: gdc.test/runnable/sdtor.d -fPIC -finline-functions -frelease -g -shared-libphobos execution test
FAIL: gdc.test/runnable/sdtor.d -fPIC -finline-functions -frelease -shared-libphobos execution test
FAIL: gdc.test/runnable/sdtor.d -fPIC -finline-functions -funittest execution test
FAIL: gdc.test/runnable/sdtor.d -fPIC -finline-functions -funittest -g execution test
FAIL: gdc.test/runnable/sdtor.d -fPIC -finline-functions -funittest -g -shared-libphobos execution test
FAIL: gdc.test/runnable/sdtor.d -fPIC -finline-functions -funittest -shared-libphobos execution test
FAIL: gdc.test/runnable/sdtor.d -fPIC -finline-functions -g execution test
FAIL: gdc.test/runnable/sdtor.d -fPIC -finline-functions -g -shared-libphobos execution test
FAIL: gdc.test/runnable/sdtor.d -fPIC -finline-functions -shared-libphobos execution test
FAIL: gdc.test/runnable/sdtor.d -fPIC -frelease execution test
FAIL: gdc.test/runnable/sdtor.d -fPIC -frelease -funittest execution test
FAIL: gdc.test/runnable/sdtor.d -fPIC -frelease -funittest -g execution test
FAIL: gdc.test/runnable/sdtor.d -fPIC -frelease -funittest -g -shared-libphobos execution test
FAIL: gdc.test/runnable/sdtor.d -fPIC -frelease -funittest -shared-libphobos execution test
FAIL: gdc.test/runnable/sdtor.d -fPIC -frelease -g execution test
FAIL: gdc.test/runnable/sdtor.d -fPIC -frelease -g -shared-libphobos execution test
FAIL: gdc.test/runnable/sdtor.d -fPIC -frelease -shared-libphobos execution test
FAIL: gdc.test/runnable/sdtor.d -fPIC -funittest execution test
FAIL: gdc.test/runnable/sdtor.d -fPIC -funittest -g execution test
FAIL: gdc.test/runnable/sdtor.d -fPIC -funittest -g -shared-libphobos execution test
FAIL: gdc.test/runnable/sdtor.d -fPIC -funittest -shared-libphobos execution test
FAIL: gdc.test/runnable/sdtor.d -fPIC -g execution test
FAIL: gdc.test/runnable/sdtor.d -fPIC -g -shared-libphobos execution test
FAIL: gdc.test/runnable/sdtor.d -fPIC -shared-libphobos execution test
FAIL: gdc.test/runnable/sdtor.d -finline-functions execution test
FAIL: gdc.test/runnable/sdtor.d -finline-functions -frelease execution test
FAIL: gdc.test/runnable/sdtor.d -finline-functions -frelease -funittest execution test
FAIL: gdc.test/runnable/sdtor.d -finline-functions -frelease -funittest -g execution test
FAIL: gdc.test/runnable/sdtor.d -finline-functions -frelease -funittest -g -shared-libphobos execution test
FAIL: gdc.test/runnable/sdtor.d -finline-functions -frelease -funittest -shared-libphobos execution test
FAIL: gdc.test/runnable/sdtor.d -finline-functions -frelease -g execution test
FAIL: gdc.test/runnable/sdtor.d -finline-functions -frelease -g -shared-libphobos execution test
FAIL: gdc.test/runnable/sdtor.d -finline-functions -frelease -shared-libphobos execution test
FAIL: gdc.test/runnable/sdtor.d -finline-functions -funittest execution test
FAIL: gdc.test/runnable/sdtor.d -finline-functions -funittest -g execution test
FAIL: gdc.test/runnable/sdtor.d -finline-functions -funittest -g -shared-libphobos execution test
FAIL: gdc.test/runnable/sdtor.d -finline-functions -funittest -shared-libphobos execution test
FAIL: gdc.test/runnable/sdtor.d -finline-functions -g execution test
FAIL: gdc.test/runnable/sdtor.d -finline-functions -g -shared-libphobos execution test
FAIL: gdc.test/runnable/sdtor.d -finline-functions -shared-libphobos execution test
FAIL: gdc.test/runnable/sdtor.d -frelease execution test
FAIL: gdc.test/runnable/sdtor.d -frelease -funittest execution test
FAIL: gdc.test/runnable/sdtor.d -frelease -funittest -g execution test
FAIL: gdc.test/runnable/sdtor.d -frelease -funittest -g -shared-libphobos execution test
FAIL: gdc.test/runnable/sdtor.d -frelease -funittest -shared-libphobos execution test
FAIL: gdc.test/runnable/sdtor.d -frelease -g execution test
FAIL: gdc.test/runnable/sdtor.d -frelease -g -shared-libphobos execution test
FAIL: gdc.test/runnable/sdtor.d -frelease -shared-libphobos execution test
FAIL: gdc.test/runnable/sdtor.d -funittest execution test
FAIL: gdc.test/runnable/sdtor.d -funittest -g execution test
FAIL: gdc.test/runnable/sdtor.d -funittest -g -shared-libphobos execution test
FAIL: gdc.test/runnable/sdtor.d -funittest -shared-libphobos execution test
FAIL: gdc.test/runnable/sdtor.d -g execution test
FAIL: gdc.test/runnable/sdtor.d -g -shared-libphobos execution test
FAIL: gdc.test/runnable/sdtor.d -shared-libphobos execution test
FAIL: gdc.test/runnable/test15.d execution test
FAIL: gdc.test/runnable/test15.d -shared-libphobos execution test
FAIL: gdc.test/runnable/test42.d execution test
FAIL: gdc.test/runnable/test42.d -shared-libphobos execution test
FAIL: gdc.test/runnable/testaa.d execution test
FAIL: gdc.test/runnable/testaa.d -fPIC execution test
FAIL: gdc.test/runnable/testaa.d -fPIC -shared-libphobos execution test
FAIL: gdc.test/runnable/testaa.d -shared-libphobos execution test
UNRESOLVED: gdc.test/runnable/testmodule.d compilation failed to produce executable
UNRESOLVED: gdc.test/runnable/testmodule.d -shared-libphobos compilation failed to produce executable
UNRESOLVED: gdc.test/runnable/traits_getPointerBitmap.d compilation failed to produce executable
UNRESOLVED: gdc.test/runnable/traits_getPointerBitmap.d -shared-libphobos compilation failed to produce executable
UNRESOLVED: gdc.test/runnable/ufcs.d compilation failed to produce executable
UNRESOLVED: gdc.test/runnable/ufcs.d -shared-libphobos compilation failed to produce executable
UNRESOLVED: gdc.test/runnable_cxx/cppa.d compilation failed to produce executable
UNRESOLVED: gdc.test/runnable_cxx/cppa.d -g compilation failed to produce executable
UNRESOLVED: gdc.test/runnable_cxx/cppa.d -g -shared-libphobos compilation failed to produce executable
UNRESOLVED: gdc.test/runnable_cxx/cppa.d -shared-libphobos compilation failed to produce executable
UNRESOLVED: gdc.test/runnable_cxx/stdint.d compilation failed to produce executable
UNRESOLVED: gdc.test/runnable_cxx/stdint.d -shared-libphobos compilation failed to produce executable
=== gdc Summary for unix/-m64 ===
# of expected passes 10644
# of unexpected failures 160
# of unresolved testcases 22
# of unsupported tests 417
=== gdc Summary ===
# of expected passes 21312
# of unexpected failures 296
# of unresolved testcases 45
# of unsupported tests 834
/var/gcc/regression/master/11.3-gcc/build/gcc/gdc version 12.0.0 20211210 (experimental) [master revision 9c7d5e8846edb28e5421211ee8eaad93e234de2c] (GCC)
=== gfortran tests ===
Running target unix
FAIL: gfortran.dg/vector_subscript_1.f90 -O1 execution test
FAIL: gfortran.dg/vector_subscript_1.f90 -O2 execution test
FAIL: gfortran.dg/vector_subscript_1.f90 -O3 -fomit-frame-pointer -funroll-loops -fpeel-loops -ftracer -finline-functions execution test
FAIL: gfortran.dg/vector_subscript_1.f90 -O3 -g execution test
FAIL: gfortran.dg/vector_subscript_1.f90 -Os execution test
=== gfortran Summary for unix ===
# of expected passes 64349
# of unexpected failures 5
# of expected failures 244
# of unsupported tests 354
Running target unix/-m64
FAIL: gfortran.dg/vector_subscript_1.f90 -O1 execution test
FAIL: gfortran.dg/vector_subscript_1.f90 -O2 execution test
FAIL: gfortran.dg/vector_subscript_1.f90 -O3 -fomit-frame-pointer -funroll-loops -fpeel-loops -ftracer -finline-functions execution test
FAIL: gfortran.dg/vector_subscript_1.f90 -O3 -g execution test
FAIL: gfortran.dg/vector_subscript_1.f90 -Os execution test
=== gfortran Summary for unix/-m64 ===
# of expected passes 64640
# of unexpected failures 5
# of expected failures 242
# of unsupported tests 209
=== gfortran Summary ===
# of expected passes 128989
# of unexpected failures 10
# of expected failures 486
# of unsupported tests 563
/var/gcc/regression/master/11.3-gcc/build/gcc/gfortran version 12.0.0 20211210 (experimental) [master revision 9c7d5e8846edb28e5421211ee8eaad93e234de2c] (GCC)
=== gnat tests ===
Running target unix
=== gnat Summary for unix ===
# of expected passes 3315
# of expected failures 23
# of unsupported tests 36
Running target unix/-m64
=== gnat Summary for unix/-m64 ===
# of expected passes 3316
# of expected failures 23
# of unsupported tests 34
=== gnat Summary ===
# of expected passes 6631
# of expected failures 46
# of unsupported tests 70
/var/gcc/regression/master/11.3-gcc/build/gcc/gnatmake version 12.0.0 20211210 (experimental) [master revision 9c7d5e8846edb28e5421211ee8eaad93e234de2c]
=== go tests ===
Running target unix
FAIL: ./index0-out.go execution, -O0 -g -fno-var-tracking-assignments
WARNING: go.test/test/cmplxdivide.go program timed out.
FAIL: go.test/test/cmplxdivide.go
FAIL: go.test/test/fixedbugs/issue10441.go -O (test for excess errors)
FAIL: go.test/test/fixedbugs/issue13160.go execution, -O2 -g
FAIL: go.test/test/fixedbugs/issue22881.go execution, -O2 -g
FAIL: go.test/test/fixedbugs/issue27836.dir/Ãfoo.go -O -I. (test for excess errors)
FAIL: go.test/test/fixedbugs/issue27836.dir/Ãmain.go -O -I. (test for excess errors)
FAIL: go.test/test/fixedbugs/issue34123.go execution, -O2 -g
FAIL: go.test/test/fixedbugs/issue4562.go execution, -O2 -g
FAIL: go.test/test/nil.go execution, -O2 -g
=== go Summary for unix ===
# of expected passes 8990
# of unexpected failures 10
# of untested testcases 11
# of unsupported tests 34
Running target unix/-m64
FAIL: ./index0-out.go execution, -O0 -g -fno-var-tracking-assignments
WARNING: go.test/test/cmplxdivide.go program timed out.
FAIL: go.test/test/cmplxdivide.go
FAIL: go.test/test/fixedbugs/issue10441.go -O (test for excess errors)
FAIL: go.test/test/fixedbugs/issue27836.dir/Ãfoo.go -O -I. (test for excess errors)
FAIL: go.test/test/fixedbugs/issue27836.dir/Ãmain.go -O -I. (test for excess errors)
=== go Summary for unix/-m64 ===
# of expected passes 8877
# of unexpected failures 5
# of untested testcases 11
# of unsupported tests 32
=== go Summary ===
# of expected passes 17867
# of unexpected failures 15
# of untested testcases 22
# of unsupported tests 66
=== obj-c++ tests ===
Running target unix
=== obj-c++ Summary for unix ===
# of expected passes 1510
# of expected failures 2
# of unsupported tests 79
Running target unix/-m64
=== obj-c++ Summary for unix/-m64 ===
# of expected passes 1502
# of expected failures 10
# of unsupported tests 79
=== obj-c++ Summary ===
# of expected passes 3012
# of expected failures 12
# of unsupported tests 158
/var/gcc/regression/master/11.3-gcc/build/gcc/xg++ version 12.0.0 20211210 (experimental) [master revision 9c7d5e8846edb28e5421211ee8eaad93e234de2c] (GCC)
=== objc tests ===
Running target unix
=== objc Summary for unix ===
# of expected passes 2844
# of unsupported tests 71
Running target unix/-m64
=== objc Summary for unix/-m64 ===
# of expected passes 2844
# of unsupported tests 71
=== objc Summary ===
# of expected passes 5688
# of unsupported tests 142
/var/gcc/regression/master/11.3-gcc/build/gcc/xgcc version 12.0.0 20211210 (experimental) [master revision 9c7d5e8846edb28e5421211ee8eaad93e234de2c] (GCC)
=== gotools tests ===
FAIL: TestScript
FAIL: go test cmd/go
FAIL: TestBreakpoint
FAIL: TestCgoSignalDeadlock
FAIL: TestGccgoCrashTracebackNodebug
FAIL: TestMemmoveAtomicity
FAIL: TestNeedmDeadlock
FAIL: TestPanicInlined
FAIL: TestSegv
FAIL: go test runtime
FAIL: go test misc/cgo/test
FAIL: TestCompileWithoutShared
FAIL: TestEarlySignalHandler
FAIL: TestOsSignal
FAIL: TestPIE
FAIL: TestSigaltstack
FAIL: TestSignalForwarding
FAIL: TestSignalForwardingExternal
FAIL: go test misc/cgo/testcarchive
FAIL: TestVet
FAIL: go test cmd/vet
=== gotools Summary ===
# of expected passes 237
# of unexpected failures 21
# of untested testcases 105
/var/gcc/regression/master/11.3-gcc/build/./gcc/gccgo version 12.0.0 20211210 (experimental) [master revision 9c7d5e8846edb28e5421211ee8eaad93e234de2c] (GCC)
=== libatomic tests ===
Running target unix
=== libatomic Summary for unix ===
# of expected passes 44
# of unsupported tests 5
Running target unix/-m64
=== libatomic Summary for unix/-m64 ===
# of expected passes 54
=== libatomic Summary ===
# of expected passes 98
# of unsupported tests 5
=== libffi tests ===
Running target unix
FAIL: libffi.closures/single_entry_structs2.c -W -Wall -Wno-psabi -O0 execution test
=== libffi Summary for unix ===
# of expected passes 1572
# of unexpected failures 1
Running target unix/-m64
=== libffi Summary for unix/-m64 ===
# of expected passes 1574
=== libffi Summary ===
# of expected passes 3146
# of unexpected failures 1
=== libgo tests ===
Running target unix
FAIL: cmd/go/internal/load
FAIL: go/types
FAIL: math/big
FAIL: net
FAIL: net/http/pprof
FAIL: os/signal
FAIL: runtime
FAIL: runtime/pprof
FAIL: sync/atomic
=== libgo Summary for unix ===
# of expected passes 181
# of unexpected failures 9
Running target unix/-m64
FAIL: encoding/json
FAIL: math/big
FAIL: net
FAIL: runtime
FAIL: sync/atomic
=== libgo Summary for unix/-m64 ===
# of expected passes 185
# of unexpected failures 5
=== libgo Summary ===
# of expected passes 366
# of unexpected failures 14
/var/gcc/regression/master/11.3-gcc/build/./gcc/gccgo version 12.0.0 20211210 (experimental) [master revision 9c7d5e8846edb28e5421211ee8eaad93e234de2c] (GCC)
=== libgomp tests ===
Running target unix
WARNING: libgomp.c++/task-reduction-11.C execution test program timed out.
FAIL: libgomp.c++/task-reduction-11.C execution test
WARNING: libgomp.c++/task-reduction-13.C execution test program timed out.
FAIL: libgomp.c++/task-reduction-13.C execution test
WARNING: libgomp.c++/task-reduction-8.C execution test program timed out.
FAIL: libgomp.c++/task-reduction-8.C execution test
FAIL: libgomp.oacc-c++/../libgomp.oacc-c-c++-common/host_data-7.c -DACC_DEVICE_TYPE_host=1 -DACC_MEM_SHARED=1 -foffload=disable -O2 (test for excess errors)
FAIL: libgomp.oacc-c/../libgomp.oacc-c-c++-common/host_data-7.c -DACC_DEVICE_TYPE_host=1 -DACC_MEM_SHARED=1 -foffload=disable -O2 (test for excess errors)
=== libgomp Summary for unix ===
# of expected passes 11743
# of unexpected failures 5
# of expected failures 103
# of unsupported tests 620
Running target unix/-m64
WARNING: libgomp.c++/task-reduction-10.C execution test program timed out.
FAIL: libgomp.c++/task-reduction-10.C execution test
FAIL: libgomp.oacc-c++/../libgomp.oacc-c-c++-common/host_data-7.c -DACC_DEVICE_TYPE_host=1 -DACC_MEM_SHARED=1 -foffload=disable -O2 (test for excess errors)
FAIL: libgomp.oacc-c/../libgomp.oacc-c-c++-common/host_data-7.c -DACC_DEVICE_TYPE_host=1 -DACC_MEM_SHARED=1 -foffload=disable -O2 (test for excess errors)
=== libgomp Summary for unix/-m64 ===
# of expected passes 11745
# of unexpected failures 3
# of expected failures 103
# of unsupported tests 620
=== libgomp Summary ===
# of expected passes 23488
# of unexpected failures 8
# of expected failures 206
# of unsupported tests 1240
=== libitm tests ===
Running target unix
=== libitm Summary for unix ===
# of expected passes 44
# of expected failures 3
# of unsupported tests 1
Running target unix/-m64
=== libitm Summary for unix/-m64 ===
# of expected passes 44
# of expected failures 3
# of unsupported tests 1
=== libitm Summary ===
# of expected passes 88
# of expected failures 6
# of unsupported tests 2
=== libphobos tests ===
Running target unix
FAIL: libphobos.druntime/core/time.d execution test
FAIL: libphobos.druntime/rt/aaA.d execution test
FAIL: libphobos.druntime_shared/core/time.d execution test
FAIL: libphobos.druntime_shared/rt/aaA.d execution test
FAIL: libphobos.exceptions/invalid_memory_operation.d output pattern test
WARNING: libphobos.gc/forkgc2.d execution test program timed out.
FAIL: libphobos.gc/forkgc2.d execution test
WARNING: libphobos.gc/startbackgc.d execution test program timed out.
FAIL: libphobos.gc/startbackgc.d execution test
FAIL: libphobos.phobos/std/complex.d execution test
FAIL: libphobos.phobos/std/datetime/date.d execution test
FAIL: libphobos.phobos/std/datetime/systime.d execution test
FAIL: libphobos.phobos/std/datetime/timezone.d execution test
FAIL: libphobos.phobos/std/digest/murmurhash.d execution test
FAIL: libphobos.phobos/std/experimental/allocator/building_blocks/region.d execution test
FAIL: libphobos.phobos/std/experimental/logger/core.d execution test
FAIL: libphobos.phobos/std/experimental/logger/filelogger.d execution test
FAIL: libphobos.phobos/std/format/internal/floats.d (test for excess errors)
FAIL: libphobos.phobos/std/internal/math/gammafunction.d execution test
FAIL: libphobos.phobos/std/math/algebraic.d execution test
FAIL: libphobos.phobos/std/math/trigonometry.d execution test
FAIL: libphobos.phobos/std/mmfile.d execution test
WARNING: libphobos.phobos/std/net/curl.d execution test program timed out.
FAIL: libphobos.phobos/std/net/curl.d execution test
FAIL: libphobos.phobos/std/numeric.d execution test
FAIL: libphobos.phobos/std/parallelism.d execution test
FAIL: libphobos.phobos/std/regex/internal/kickstart.d execution test
FAIL: libphobos.phobos/std/regex/internal/tests.d execution test
FAIL: libphobos.phobos/std/regex/internal/tests2.d execution test
FAIL: libphobos.phobos/std/regex/package.d execution test
FAIL: libphobos.phobos/std/socket.d execution test
FAIL: libphobos.phobos_shared/std/complex.d execution test
FAIL: libphobos.phobos_shared/std/datetime/date.d execution test
FAIL: libphobos.phobos_shared/std/datetime/systime.d execution test
FAIL: libphobos.phobos_shared/std/datetime/timezone.d execution test
FAIL: libphobos.phobos_shared/std/digest/murmurhash.d execution test
FAIL: libphobos.phobos_shared/std/experimental/allocator/building_blocks/region.d execution test
FAIL: libphobos.phobos_shared/std/experimental/logger/filelogger.d execution test
FAIL: libphobos.phobos_shared/std/experimental/logger/multilogger.d execution test
FAIL: libphobos.phobos_shared/std/format/internal/floats.d (test for excess errors)
FAIL: libphobos.phobos_shared/std/internal/math/gammafunction.d execution test
FAIL: libphobos.phobos_shared/std/math/algebraic.d execution test
FAIL: libphobos.phobos_shared/std/math/trigonometry.d execution test
FAIL: libphobos.phobos_shared/std/mmfile.d execution test
WARNING: libphobos.phobos_shared/std/net/curl.d execution test program timed out.
FAIL: libphobos.phobos_shared/std/net/curl.d execution test
FAIL: libphobos.phobos_shared/std/numeric.d execution test
FAIL: libphobos.phobos_shared/std/parallelism.d execution test
FAIL: libphobos.phobos_shared/std/regex/internal/kickstart.d execution test
FAIL: libphobos.phobos_shared/std/regex/internal/tests.d execution test
FAIL: libphobos.phobos_shared/std/regex/internal/tests2.d execution test
FAIL: libphobos.phobos_shared/std/regex/package.d execution test
FAIL: libphobos.phobos_shared/std/socket.d execution test
FAIL: libphobos.phobos_shared/std/stdio.d execution test
FAIL: libphobos.shared/finalize.d -shared-libphobos -ldl execution test
FAIL: libphobos.shared/load.d -shared-libphobos -ldl execution test
FAIL: libphobos.shared/load_13414.d -shared-libphobos -ldl execution test
FAIL: libphobos.shared/load_linkdep.d -shared-libphobos -ldl execution test
=== libphobos Summary for unix ===
# of expected passes 1040
# of unexpected failures 54
Running target unix/-m64
FAIL: libphobos.druntime/core/time.d execution test
FAIL: libphobos.druntime/rt/aaA.d execution test
FAIL: libphobos.druntime/rt/lifetime.d execution test
FAIL: libphobos.druntime_shared/core/time.d execution test
FAIL: libphobos.druntime_shared/rt/aaA.d execution test
FAIL: libphobos.druntime_shared/rt/lifetime.d execution test
FAIL: libphobos.exceptions/invalid_memory_operation.d output pattern test
WARNING: libphobos.gc/forkgc2.d execution test program timed out.
FAIL: libphobos.gc/forkgc2.d execution test
WARNING: libphobos.gc/startbackgc.d execution test program timed out.
FAIL: libphobos.gc/startbackgc.d execution test
FAIL: libphobos.phobos/std/array.d execution test
FAIL: libphobos.phobos/std/complex.d execution test
FAIL: libphobos.phobos/std/datetime/date.d execution test
FAIL: libphobos.phobos/std/datetime/systime.d execution test
FAIL: libphobos.phobos/std/datetime/timezone.d execution test
FAIL: libphobos.phobos/std/digest/murmurhash.d execution test
FAIL: libphobos.phobos/std/experimental/allocator/building_blocks/region.d execution test
FAIL: libphobos.phobos/std/file.d execution test
FAIL: libphobos.phobos/std/format/internal/floats.d (test for excess errors)
FAIL: libphobos.phobos/std/internal/math/gammafunction.d execution test
FAIL: libphobos.phobos/std/math/algebraic.d execution test
FAIL: libphobos.phobos/std/math/trigonometry.d execution test
FAIL: libphobos.phobos/std/numeric.d execution test
FAIL: libphobos.phobos/std/parallelism.d execution test
FAIL: libphobos.phobos/std/regex/internal/kickstart.d execution test
FAIL: libphobos.phobos/std/regex/internal/tests.d execution test
FAIL: libphobos.phobos/std/regex/internal/tests2.d execution test
FAIL: libphobos.phobos/std/regex/package.d execution test
FAIL: libphobos.phobos/std/socket.d execution test
FAIL: libphobos.phobos/std/variant.d execution test
FAIL: libphobos.phobos_shared/std/array.d execution test
FAIL: libphobos.phobos_shared/std/complex.d execution test
FAIL: libphobos.phobos_shared/std/datetime/systime.d execution test
FAIL: libphobos.phobos_shared/std/datetime/timezone.d execution test
FAIL: libphobos.phobos_shared/std/digest/murmurhash.d execution test
FAIL: libphobos.phobos_shared/std/experimental/allocator/building_blocks/region.d execution test
FAIL: libphobos.phobos_shared/std/file.d execution test
FAIL: libphobos.phobos_shared/std/format/internal/floats.d (test for excess errors)
FAIL: libphobos.phobos_shared/std/internal/math/gammafunction.d execution test
FAIL: libphobos.phobos_shared/std/math/algebraic.d execution test
FAIL: libphobos.phobos_shared/std/math/trigonometry.d execution test
FAIL: libphobos.phobos_shared/std/numeric.d execution test
FAIL: libphobos.phobos_shared/std/parallelism.d execution test
FAIL: libphobos.phobos_shared/std/regex/internal/kickstart.d execution test
FAIL: libphobos.phobos_shared/std/regex/internal/tests.d execution test
FAIL: libphobos.phobos_shared/std/regex/internal/tests2.d execution test
FAIL: libphobos.phobos_shared/std/regex/package.d execution test
FAIL: libphobos.phobos_shared/std/socket.d execution test
FAIL: libphobos.phobos_shared/std/variant.d execution test
FAIL: libphobos.shared/finalize.d -shared-libphobos -ldl execution test
FAIL: libphobos.shared/load.d -shared-libphobos -ldl execution test
FAIL: libphobos.shared/load_13414.d -shared-libphobos -ldl execution test
FAIL: libphobos.shared/load_linkdep.d -shared-libphobos -ldl execution test
=== libphobos Summary for unix/-m64 ===
# of expected passes 1042
# of unexpected failures 52
=== libphobos Summary ===
# of expected passes 2082
# of unexpected failures 106
=== libstdc++ tests ===
Running target unix
FAIL: 27_io/basic_ofstream/open/char/noreplace.cc execution test
FAIL: 27_io/basic_ofstream/open/wchar_t/noreplace.cc execution test
WARNING: 29_atomics/atomic_ref/wait_notify.cc execution test program timed out.
FAIL: 29_atomics/atomic_ref/wait_notify.cc execution test
=== libstdc++ Summary for unix ===
# of expected passes 14929
# of unexpected failures 3
# of expected failures 96
# of unsupported tests 759
Running target unix/-m64
FAIL: 27_io/basic_ofstream/open/char/noreplace.cc execution test
FAIL: 27_io/basic_ofstream/open/wchar_t/noreplace.cc execution test
WARNING: 30_threads/barrier/completion.cc execution test program timed out.
FAIL: 30_threads/barrier/completion.cc execution test
WARNING: 30_threads/semaphore/try_acquire_until.cc execution test program timed out.
FAIL: 30_threads/semaphore/try_acquire_until.cc execution test
=== libstdc++ Summary for unix/-m64 ===
# of expected passes 14924
# of unexpected failures 4
# of expected failures 96
# of unsupported tests 761
=== libstdc++ Summary ===
# of expected passes 29853
# of unexpected failures 7
# of expected failures 192
# of unsupported tests 1520
Compiler version: 12.0.0 20211210 (experimental) [master revision 9c7d5e8846edb28e5421211ee8eaad93e234de2c] (GCC)
Platform: sparc-sun-solaris2.11
configure flags: --prefix=/vol/gcc --target=sparc-sun-solaris2.11 --enable-objc-gc --with-target-bdw-gc-include=/vol/gcc/include --with-target-bdw-gc-lib=/vol/gcc/lib,sparcv9=/vol/gcc/lib/sparcv9 --with-as=/usr/ccs/bin/as --without-gnu-as --with-gmp-include=/vol/gcc/include --with-gmp-lib=/vol/gcc/lib --with-mpfr-include=/vol/gcc/include --with-mpfr-lib=/vol/gcc/lib --with-mpc-include=/vol/gcc/include --with-mpc-lib=/vol/gcc/lib --enable-languages=all,ada,obj-c++,go --with-isl-include=/vol/gcc/include --with-isl-lib=/vol/gcc/lib --with-zstd-include=/vol/gcc/include --with-zstd-lib=/vol/gcc/lib --build=sparc-sun-solaris2.11 --host=sparc-sun-solaris2.11
BOOT_CFLAGS=-g -O2
More information about the Gcc-testresults
mailing list