Results for 12.0.0 20211208 (experimental) [master revision r12-5846-g7add7f7bb3d3] (GCC) testsuite on i686-apple-darwin17
Iain Sandoe
iains.gcc@gmail.com
Fri Dec 10 16:50:20 GMT 2021
LAST_UPDATED: Wed Dec 8 20:14:27 UTC 2021 (revision r12-5846-g7add7f7bb3d3)
=== acats tests ===
=== acats Summary ===
# of expected passes 2328
# of unexpected failures 0
Native configuration is i686-apple-darwin17
=== g++ tests ===
Running target unix/-m32
FAIL: c-c++-common/asan/alloca_big_alignment.c -Os output pattern test
FAIL: c-c++-common/asan/alloca_detect_custom_size.c -Os output pattern test
FAIL: c-c++-common/asan/alloca_overflow_partial.c -Os output pattern test
FAIL: c-c++-common/asan/alloca_overflow_right.c -Os output pattern test
FAIL: c-c++-common/asan/alloca_underflow_left.c -Os output pattern test
FAIL: g++.dg/asan/pr69276.C -O0 output pattern test
FAIL: g++.dg/ext/pr84828.C -std=gnu++14 (internal compiler error)
FAIL: g++.dg/ext/pr84828.C -std=gnu++14 (test for excess errors)
FAIL: g++.dg/ext/pr84828.C -std=gnu++17 (internal compiler error)
FAIL: g++.dg/ext/pr84828.C -std=gnu++17 (test for excess errors)
FAIL: g++.dg/ext/pr84828.C -std=gnu++2a (internal compiler error)
FAIL: g++.dg/ext/pr84828.C -std=gnu++2a (test for excess errors)
FAIL: g++.dg/ext/pr84828.C -std=gnu++98 (internal compiler error)
FAIL: g++.dg/ext/pr84828.C -std=gnu++98 (test for excess errors)
FAIL: g++.dg/ipa/pr67056.C scan-ipa-dump cp "Speculative outer type:struct CompositeClass"
FAIL: g++.dg/lto/pr65276 cp_lto_pr65276_0.o-cp_lto_pr65276_1.o link, -flto -O0 -std=c++11
FAIL: g++.dg/modules/xtreme-header-3_a.H -std=c++17 (internal compiler error)
FAIL: g++.dg/modules/xtreme-header-3_a.H -std=c++17 (test for excess errors)
FAIL: g++.dg/modules/xtreme-header-3_a.H -std=c++2a (internal compiler error)
FAIL: g++.dg/modules/xtreme-header-3_a.H -std=c++2a (test for excess errors)
FAIL: g++.dg/modules/xtreme-header-3_a.H -std=c++2b (internal compiler error)
FAIL: g++.dg/modules/xtreme-header-3_a.H -std=c++2b (test for excess errors)
FAIL: g++.dg/modules/xtreme-header-3_a.H module-cmi (gcm.cache/\$srcdir/g++.dg/modules/xtreme-header-3_a.H.gcm)
FAIL: g++.dg/modules/xtreme-header-3_a.H module-cmi (gcm.cache/\$srcdir/g++.dg/modules/xtreme-header-3_a.H.gcm)
FAIL: g++.dg/modules/xtreme-header-3_a.H module-cmi (gcm.cache/\$srcdir/g++.dg/modules/xtreme-header-3_a.H.gcm)
FAIL: g++.dg/modules/xtreme-header-3_b.C -std=c++17 (test for excess errors)
FAIL: g++.dg/modules/xtreme-header-3_b.C -std=c++2a (test for excess errors)
FAIL: g++.dg/modules/xtreme-header-3_b.C -std=c++2b (test for excess errors)
FAIL: g++.dg/modules/xtreme-header-3_c.C -std=c++17 (test for excess errors)
FAIL: g++.dg/modules/xtreme-header-3_c.C -std=c++2a (test for excess errors)
FAIL: g++.dg/modules/xtreme-header-3_c.C -std=c++2b (test for excess errors)
FAIL: g++.dg/modules/xtreme-header-5_a.H -std=c++17 (internal compiler error)
FAIL: g++.dg/modules/xtreme-header-5_a.H -std=c++17 (test for excess errors)
FAIL: g++.dg/modules/xtreme-header-5_a.H -std=c++2a (internal compiler error)
FAIL: g++.dg/modules/xtreme-header-5_a.H -std=c++2a (test for excess errors)
FAIL: g++.dg/modules/xtreme-header-5_a.H -std=c++2b (internal compiler error)
FAIL: g++.dg/modules/xtreme-header-5_a.H -std=c++2b (test for excess errors)
FAIL: g++.dg/modules/xtreme-header-5_a.H module-cmi (gcm.cache/\$srcdir/g++.dg/modules/xtreme-header-5_a.H.gcm)
FAIL: g++.dg/modules/xtreme-header-5_a.H module-cmi (gcm.cache/\$srcdir/g++.dg/modules/xtreme-header-5_a.H.gcm)
FAIL: g++.dg/modules/xtreme-header-5_a.H module-cmi (gcm.cache/\$srcdir/g++.dg/modules/xtreme-header-5_a.H.gcm)
FAIL: g++.dg/modules/xtreme-header-5_b.C -std=c++17 (test for excess errors)
FAIL: g++.dg/modules/xtreme-header-5_b.C -std=c++2a (test for excess errors)
FAIL: g++.dg/modules/xtreme-header-5_b.C -std=c++2b (test for excess errors)
FAIL: g++.dg/modules/xtreme-header-5_c.C -std=c++17 (test for excess errors)
FAIL: g++.dg/modules/xtreme-header-5_c.C -std=c++2a (test for excess errors)
FAIL: g++.dg/modules/xtreme-header-5_c.C -std=c++2b (test for excess errors)
FAIL: g++.dg/modules/xtreme-header_a.H -std=c++17 (internal compiler error)
FAIL: g++.dg/modules/xtreme-header_a.H -std=c++17 (test for excess errors)
FAIL: g++.dg/modules/xtreme-header_a.H -std=c++2a (internal compiler error)
FAIL: g++.dg/modules/xtreme-header_a.H -std=c++2a (test for excess errors)
FAIL: g++.dg/modules/xtreme-header_a.H -std=c++2b (internal compiler error)
FAIL: g++.dg/modules/xtreme-header_a.H -std=c++2b (test for excess errors)
FAIL: g++.dg/modules/xtreme-header_a.H module-cmi (gcm.cache/\$srcdir/g++.dg/modules/xtreme-header_a.H.gcm)
FAIL: g++.dg/modules/xtreme-header_a.H module-cmi (gcm.cache/\$srcdir/g++.dg/modules/xtreme-header_a.H.gcm)
FAIL: g++.dg/modules/xtreme-header_a.H module-cmi (gcm.cache/\$srcdir/g++.dg/modules/xtreme-header_a.H.gcm)
FAIL: g++.dg/modules/xtreme-header_b.C -std=c++17 (test for excess errors)
FAIL: g++.dg/modules/xtreme-header_b.C -std=c++2a (test for excess errors)
FAIL: g++.dg/modules/xtreme-header_b.C -std=c++2b (test for excess errors)
FAIL: g++.dg/torture/pr31863.C -O2 -flto (test for excess errors)
XPASS: g++.dg/vect/slp-pr98855.cc -std=c++14 scan-tree-dump-times slp1 "not vectorized: vectorization is not profitable" 2
XPASS: g++.dg/vect/slp-pr98855.cc -std=c++17 scan-tree-dump-times slp1 "not vectorized: vectorization is not profitable" 2
XPASS: g++.dg/vect/slp-pr98855.cc -std=c++2a scan-tree-dump-times slp1 "not vectorized: vectorization is not profitable" 2
XPASS: g++.dg/vect/slp-pr98855.cc -std=c++98 scan-tree-dump-times slp1 "not vectorized: vectorization is not profitable" 2
=== g++ Summary for unix/-m32 ===
# of expected passes 215520
# of unexpected failures 59
# of unexpected successes 4
# of expected failures 1422
# of unsupported tests 10149
Running target unix/-m64
FAIL: c-c++-common/asan/alloca_big_alignment.c -Os output pattern test
FAIL: c-c++-common/asan/alloca_detect_custom_size.c -Os output pattern test
FAIL: c-c++-common/asan/alloca_overflow_partial.c -Os output pattern test
FAIL: c-c++-common/asan/alloca_overflow_right.c -Os output pattern test
FAIL: c-c++-common/asan/alloca_underflow_left.c -Os output pattern test
FAIL: g++.dg/asan/pr69276.C -O0 output pattern test
FAIL: g++.dg/ipa/pr67056.C scan-ipa-dump cp "Speculative outer type:struct CompositeClass"
FAIL: g++.dg/lto/pr65276 cp_lto_pr65276_0.o-cp_lto_pr65276_1.o link, -flto -O0 -std=c++11
FAIL: g++.dg/modules/xtreme-header-3_a.H -std=c++17 (internal compiler error)
FAIL: g++.dg/modules/xtreme-header-3_a.H -std=c++17 (test for excess errors)
FAIL: g++.dg/modules/xtreme-header-3_a.H -std=c++2a (internal compiler error)
FAIL: g++.dg/modules/xtreme-header-3_a.H -std=c++2a (test for excess errors)
FAIL: g++.dg/modules/xtreme-header-3_a.H -std=c++2b (internal compiler error)
FAIL: g++.dg/modules/xtreme-header-3_a.H -std=c++2b (test for excess errors)
FAIL: g++.dg/modules/xtreme-header-3_a.H module-cmi (gcm.cache/\$srcdir/g++.dg/modules/xtreme-header-3_a.H.gcm)
FAIL: g++.dg/modules/xtreme-header-3_a.H module-cmi (gcm.cache/\$srcdir/g++.dg/modules/xtreme-header-3_a.H.gcm)
FAIL: g++.dg/modules/xtreme-header-3_a.H module-cmi (gcm.cache/\$srcdir/g++.dg/modules/xtreme-header-3_a.H.gcm)
FAIL: g++.dg/modules/xtreme-header-3_b.C -std=c++17 (test for excess errors)
FAIL: g++.dg/modules/xtreme-header-3_b.C -std=c++2a (test for excess errors)
FAIL: g++.dg/modules/xtreme-header-3_b.C -std=c++2b (test for excess errors)
FAIL: g++.dg/modules/xtreme-header-3_c.C -std=c++17 (test for excess errors)
FAIL: g++.dg/modules/xtreme-header-3_c.C -std=c++2a (test for excess errors)
FAIL: g++.dg/modules/xtreme-header-3_c.C -std=c++2b (test for excess errors)
FAIL: g++.dg/modules/xtreme-header-5_a.H -std=c++17 (internal compiler error)
FAIL: g++.dg/modules/xtreme-header-5_a.H -std=c++17 (test for excess errors)
FAIL: g++.dg/modules/xtreme-header-5_a.H -std=c++2a (internal compiler error)
FAIL: g++.dg/modules/xtreme-header-5_a.H -std=c++2a (test for excess errors)
FAIL: g++.dg/modules/xtreme-header-5_a.H -std=c++2b (internal compiler error)
FAIL: g++.dg/modules/xtreme-header-5_a.H -std=c++2b (test for excess errors)
FAIL: g++.dg/modules/xtreme-header-5_a.H module-cmi (gcm.cache/\$srcdir/g++.dg/modules/xtreme-header-5_a.H.gcm)
FAIL: g++.dg/modules/xtreme-header-5_a.H module-cmi (gcm.cache/\$srcdir/g++.dg/modules/xtreme-header-5_a.H.gcm)
FAIL: g++.dg/modules/xtreme-header-5_a.H module-cmi (gcm.cache/\$srcdir/g++.dg/modules/xtreme-header-5_a.H.gcm)
FAIL: g++.dg/modules/xtreme-header-5_b.C -std=c++17 (test for excess errors)
FAIL: g++.dg/modules/xtreme-header-5_b.C -std=c++2a (test for excess errors)
FAIL: g++.dg/modules/xtreme-header-5_b.C -std=c++2b (test for excess errors)
FAIL: g++.dg/modules/xtreme-header-5_c.C -std=c++17 (test for excess errors)
FAIL: g++.dg/modules/xtreme-header-5_c.C -std=c++2a (test for excess errors)
FAIL: g++.dg/modules/xtreme-header-5_c.C -std=c++2b (test for excess errors)
FAIL: g++.dg/modules/xtreme-header_a.H -std=c++17 (internal compiler error)
FAIL: g++.dg/modules/xtreme-header_a.H -std=c++17 (test for excess errors)
FAIL: g++.dg/modules/xtreme-header_a.H -std=c++2a (internal compiler error)
FAIL: g++.dg/modules/xtreme-header_a.H -std=c++2a (test for excess errors)
FAIL: g++.dg/modules/xtreme-header_a.H -std=c++2b (internal compiler error)
FAIL: g++.dg/modules/xtreme-header_a.H -std=c++2b (test for excess errors)
FAIL: g++.dg/modules/xtreme-header_a.H module-cmi (gcm.cache/\$srcdir/g++.dg/modules/xtreme-header_a.H.gcm)
FAIL: g++.dg/modules/xtreme-header_a.H module-cmi (gcm.cache/\$srcdir/g++.dg/modules/xtreme-header_a.H.gcm)
FAIL: g++.dg/modules/xtreme-header_a.H module-cmi (gcm.cache/\$srcdir/g++.dg/modules/xtreme-header_a.H.gcm)
FAIL: g++.dg/modules/xtreme-header_b.C -std=c++17 (test for excess errors)
FAIL: g++.dg/modules/xtreme-header_b.C -std=c++2a (test for excess errors)
FAIL: g++.dg/modules/xtreme-header_b.C -std=c++2b (test for excess errors)
FAIL: g++.dg/torture/pr31863.C -O2 -flto (test for excess errors)
FAIL: g++.target/i386/avx512vl-pr54700-2a.C (test for excess errors)
UNRESOLVED: g++.target/i386/avx512vl-pr54700-2a.C compilation failed to produce executable
FAIL: g++.target/i386/avx512vl-pr54700-2b.C (test for excess errors)
UNRESOLVED: g++.target/i386/avx512vl-pr54700-2b.C compilation failed to produce executable
=== g++ Summary for unix/-m64 ===
# of expected passes 217839
# of unexpected failures 53
# of expected failures 1434
# of unresolved testcases 2
# of unsupported tests 10303
=== g++ Summary ===
# of expected passes 433359
# of unexpected failures 112
# of unexpected successes 4
# of expected failures 2856
# of unresolved testcases 2
# of unsupported tests 20452
/scratch/10-13-his/gcc-master-i686/gcc/xg++ version 12.0.0 20211208 (experimental) [master revision r12-5846-g7add7f7bb3d3] (GCC)
=== gcc tests ===
Running target unix/-m32
FAIL: gcc.dg/analyzer/data-model-1.c (test for warnings, line 527)
FAIL: gcc.dg/analyzer/data-model-1.c (test for warnings, line 528)
FAIL: gcc.dg/analyzer/data-model-1.c (test for warnings, line 530)
FAIL: gcc.dg/analyzer/data-model-1.c (test for warnings, line 531)
FAIL: gcc.dg/analyzer/data-model-1.c (test for excess errors)
FAIL: gcc.dg/analyzer/pr103526.c (test for bogus messages, line 31)
FAIL: gcc.dg/analyzer/taint-size-1.c event: following true branch at line 22 (test for warnings, line 21)
FAIL: gcc.dg/analyzer/taint-size-1.c event: to here at line 24 (test for warnings, line 23)
FAIL: gcc.dg/analyzer/taint-size-1.c final event at line 28 (test for warnings, line 26)
FAIL: gcc.dg/analyzer/taint-size-1.c warning (test for warnings, line 26)
FAIL: gcc.dg/analyzer/write-to-string-literal-1.c (test for warnings, line 15)
FAIL: c-c++-common/asan/alloca_big_alignment.c -Os output pattern test
FAIL: c-c++-common/asan/alloca_detect_custom_size.c -Os output pattern test
FAIL: c-c++-common/asan/alloca_overflow_partial.c -Os output pattern test
FAIL: c-c++-common/asan/alloca_overflow_right.c -Os output pattern test
FAIL: c-c++-common/asan/alloca_underflow_left.c -Os output pattern test
WARNING: gcc.dg/atomic/c11-atomic-exec-5.c -O0 execution test program timed out.
FAIL: gcc.dg/atomic/c11-atomic-exec-5.c -O0 execution test
WARNING: gcc.dg/atomic/c11-atomic-exec-5.c -O1 execution test program timed out.
FAIL: gcc.dg/atomic/c11-atomic-exec-5.c -O1 execution test
WARNING: gcc.dg/atomic/c11-atomic-exec-5.c -O2 execution test program timed out.
FAIL: gcc.dg/atomic/c11-atomic-exec-5.c -O2 execution test
WARNING: gcc.dg/atomic/c11-atomic-exec-5.c -O2 -flto execution test program timed out.
FAIL: gcc.dg/atomic/c11-atomic-exec-5.c -O2 -flto execution test
WARNING: gcc.dg/atomic/c11-atomic-exec-5.c -O2 -flto -flto-partition=none execution test program timed out.
FAIL: gcc.dg/atomic/c11-atomic-exec-5.c -O2 -flto -flto-partition=none execution test
WARNING: gcc.dg/atomic/c11-atomic-exec-5.c -O3 -fomit-frame-pointer -funroll-loops -fpeel-loops -ftracer -finline-functions execution test program timed out.
FAIL: gcc.dg/atomic/c11-atomic-exec-5.c -O3 -fomit-frame-pointer -funroll-loops -fpeel-loops -ftracer -finline-functions execution test
WARNING: gcc.dg/atomic/c11-atomic-exec-5.c -O3 -g execution test program timed out.
FAIL: gcc.dg/atomic/c11-atomic-exec-5.c -O3 -g execution test
WARNING: gcc.dg/atomic/c11-atomic-exec-5.c -Os execution test program timed out.
FAIL: gcc.dg/atomic/c11-atomic-exec-5.c -Os execution test
FAIL: gcc.dg/debug/dwarf2/inline4.c scan-assembler DW_TAG_inlined_subroutine[^\\\\(]*\\\\([^\\\\)]*\\\\)[^\\\\(]*\\\\(DIE \\\\(0x[0-9a-f]*\\\\) DW_TAG_formal_parameter[^\\\\(]*\\\\(DIE \\\\(0x[0-9a-f]*\\\\) DW_TAG_variable
FAIL: gcc.dg/pr100509.c (test for excess errors)
FAIL: gcc.dg/pr102892-1.c (test for excess errors)
FAIL: gcc.dg/pragma-diag-10.c (test for excess errors)
FAIL: gcc.dg/stack-layout-dynamic-1.c (test for excess errors)
UNRESOLVED: gcc.dg/stack-layout-dynamic-1.c scan-assembler-not cfi_def_cfa_register
FAIL: c-c++-common/goacc/firstprivate-mappings-1.c scan-tree-dump omplower "(?n)#pragma omp target oacc_parallel map\\\\(from:array_so \\\\[len: 4\\\\]\\\\) firstprivate\\\\(array_li.[0-9]+\\\\) map\\\\(tofrom:\\\\(\\\\*array.[0-9]+\\\\) \\\\[len: D\\\\.[0-9]+\\\\]\\\\) map\\\\(firstprivate:array \\\\[pointer assign, bias: 0\\\\]\\\\) \\\\["
FAIL: gcc.dg/graphite/scop-19.c scan-tree-dump-times graphite "number of SCoPs: 0" 1
FAIL: gcc.dg/ipa/ipa-icf-38.c scan-ltrans-tree-dump-not optimized "Function bar"
FAIL: gcc-dg-lto-modref-3-01.exe scan-wpa-ipa-dump modref "parm 1 flags: no_direct_clobber no_direct_escape"
FAIL: gcc-dg-lto-modref-4-01.exe scan-wpa-ipa-dump modref "parm 1 flags: no_direct_clobber no_direct_escape"
FAIL: gcc.dg/lto/modref-3 c_lto_modref-3_0.o-c_lto_modref-3_1.o execute -O2 -flto-partition=max -fdump-ipa-modref -fno-ipa-sra -fno-ipa-cp -flto
FAIL: gcc.dg/lto/modref-4 c_lto_modref-4_0.o-c_lto_modref-4_1.o execute -O2 -flto-partition=max -fdump-ipa-modref -fno-ipa-sra -flto
FAIL: gcc.dg/torture/builtin-self.c -O0 scan-assembler-not \\tcall
FAIL: gcc.dg/torture/pr71522.c -O1 execution test
FAIL: gcc.dg/torture/pr71522.c -O2 execution test
FAIL: gcc.dg/torture/pr71522.c -O2 -flto execution test
FAIL: gcc.dg/torture/pr71522.c -O2 -flto -flto-partition=none execution test
FAIL: gcc.dg/torture/pr71522.c -O3 -g execution test
FAIL: gcc.dg/torture/pr71522.c -Os execution test
FAIL: gcc.dg/tree-ssa/scev-3.c scan-tree-dump-times ivopts "&a" 1
FAIL: gcc.dg/tree-ssa/scev-5.c scan-tree-dump-times ivopts "&a" 1
FAIL: gcc.dg/vect/bb-slp-17.c -flto -ffat-lto-objects scan-tree-dump-times slp2 "optimized: basic block" 1
FAIL: gcc.dg/vect/bb-slp-17.c scan-tree-dump-times slp2 "optimized: basic block" 1
XPASS: gcc.dg/vect/vect-reduc-in-order-1.c -flto -ffat-lto-objects execution test
XPASS: gcc.dg/vect/vect-reduc-in-order-1.c execution test
XPASS: gcc.dg/vect/vect-reduc-in-order-2.c -flto -ffat-lto-objects execution test
XPASS: gcc.dg/vect/vect-reduc-in-order-2.c execution test
XPASS: gcc.dg/vect/vect-reduc-in-order-3.c -flto -ffat-lto-objects execution test
XPASS: gcc.dg/vect/vect-reduc-in-order-3.c execution test
XPASS: gcc.dg/vect/vect-reduc-in-order-4.c -flto -ffat-lto-objects execution test
XPASS: gcc.dg/vect/vect-reduc-in-order-4.c execution test
FAIL: outputs-25 exe savetmp named2-4: outputs.args.3
FAIL: outputs-25 exe savetmp named2-4: std out
FAIL: gcc.target/i386/auto-init-3.c scan-assembler-times fldz 3
FAIL: gcc.target/i386/auto-init-4.c scan-assembler-times long\\t-16843010 3
FAIL: gcc.target/i386/auto-init-5.c scan-assembler-times \\\\.long\\t0 12
FAIL: gcc.target/i386/avx2-shiftqihi-constant-2.c (test for excess errors)
UNRESOLVED: gcc.target/i386/avx2-shiftqihi-constant-2.c compilation failed to produce executable
FAIL: gcc.target/i386/avx512fp16-pr101846.c scan-assembler-times vpmovdw 3
FAIL: gcc.target/i386/avx512fp16-vcvtsh2si-1a.c scan-assembler-times vcvtsh2si[ \\\\t]+[^{\\n]*%xmm[0-9]+[^\\n\\r]*%eax 1
FAIL: gcc.target/i386/avx512fp16-vcvtsh2si-1a.c scan-assembler-times vcvtsh2si[ \\\\t]+{rn-sae}[^{\\n]*%xmm[0-9]+[^\\n\\r]*%eax 1
FAIL: gcc.target/i386/avx512fp16-vcvtsh2usi-1a.c scan-assembler-times vcvtsh2usi[ \\\\t]+[^{\\n]*%xmm[0-9]+[^\\n\\r]*%eax 1
FAIL: gcc.target/i386/avx512fp16-vcvtsh2usi-1a.c scan-assembler-times vcvtsh2usi[ \\\\t]+{rn-sae}[^{\\n]*%xmm[0-9]+[^\\n\\r]*%eax 1
FAIL: gcc.target/i386/avx512fp16-vcvttsh2si-1a.c scan-assembler-times vcvttsh2si[ \\\\t]+[^{\\n]*%xmm[0-9]+[^\\n\\r]*%eax 1
FAIL: gcc.target/i386/avx512fp16-vcvttsh2si-1a.c scan-assembler-times vcvttsh2si[ \\\\t]+{sae}[^{\\n]*%xmm[0-9]+[^\\n\\r]*%eax 1
FAIL: gcc.target/i386/avx512fp16-vcvttsh2usi-1a.c scan-assembler-times vcvttsh2usi[ \\\\t]+[^{\\n]*%xmm[0-9]+[^\\n\\r]*%eax 1
FAIL: gcc.target/i386/avx512fp16-vcvttsh2usi-1a.c scan-assembler-times vcvttsh2usi[ \\\\t]+{sae}[^{\\n]*%xmm[0-9]+[^\\n\\r]*%eax 1
FAIL: gcc.target/i386/avx512fp16-vmovsh-1a.c scan-assembler-times vmovsh[ \\\\t]+%xmm[0-9]+[^\\n\\r]*%[er]ax+[^\\n\\r]*{%k[0-9]}(?:\\n|[ \\\\t]+#) 1
FAIL: gcc.target/i386/avx512fp16-vmovsh-1a.c scan-assembler-times vmovsh[ \\\\t]+[^\\n\\r]*%[er]ax+[^\\n\\r]*%xmm[0-9]+{%k[0-9]}(?:\\n|[ \\\\t]+#) 1
FAIL: gcc.target/i386/avx512fp16-vmovsh-1a.c scan-assembler-times vmovsh[ \\\\t]+[^\\n\\r]*%[er]ax+[^\\n\\r]*%xmm[0-9]+{%k[0-9]}{z}[^\\n\\r]*(?:\\n|[ \\\\t]+#) 1
XPASS: gcc.target/i386/bitwise_mask_op-3.c scan-assembler-times kmovb[\\t ] 4
XPASS: gcc.target/i386/bitwise_mask_op-3.c scan-assembler-times korb[\\t ] 1
XPASS: gcc.target/i386/bitwise_mask_op-3.c scan-assembler-times kxorb[\\t ] 1
FAIL: gcc.target/i386/cond_op_maxmin__Float16-1.c (test for excess errors)
UNRESOLVED: gcc.target/i386/cond_op_maxmin__Float16-1.c scan-assembler-times vmaxph 1
UNRESOLVED: gcc.target/i386/cond_op_maxmin__Float16-1.c scan-assembler-times vminph 1
UNRESOLVED: gcc.target/i386/cond_op_maxmin__Float16-1.c scan-tree-dump optimized ".COND_MAX"
UNRESOLVED: gcc.target/i386/cond_op_maxmin__Float16-1.c scan-tree-dump optimized ".COND_MIN"
FAIL: gcc.target/i386/harden-sls-4.c scan-assembler jmp[ \\t]+\\\\*_?fptr
FAIL: gcc.target/i386/harden-sls-5.c scan-assembler-times ret 1
FAIL: gcc.target/i386/memcpy-strategy-10.c scan-assembler call\\tmemcpy
FAIL: gcc.target/i386/memcpy-strategy-5.c scan-assembler call\\tmemcpy
FAIL: gcc.target/i386/memset-strategy-5.c scan-assembler call\\tmemset
FAIL: gcc.target/i386/memset-strategy-7.c scan-assembler call\\tmemset
FAIL: gcc.target/i386/pad-3.c scan-assembler-not nop
FAIL: gcc.target/i386/pr100704-3.c scan-assembler push[lq]\\tfoooo+
FAIL: gcc.target/i386/pr100865-2.c scan-assembler-not vmovdqa
FAIL: gcc.target/i386/pr100865-2.c scan-assembler-times vpbroadcastb[\\\\t ]+%xmm[0-9]+, %xmm[0-9]+ 1
FAIL: gcc.target/i386/pr100865-3.c scan-assembler-not vmovdqa
FAIL: gcc.target/i386/pr100865-3.c scan-assembler-times vpbroadcastb[\\\\t ]+%(?:r|e)[^\\n]*, %xmm[0-9]+ 1
FAIL: gcc.target/i386/pr100865-4a.c scan-assembler-not vmovdqa
FAIL: gcc.target/i386/pr100865-4a.c scan-assembler-times vpbroadcastb[\\\\t ]+%xmm[0-9]+, %ymm[0-9]+ 1
FAIL: gcc.target/i386/pr100865-4b.c scan-assembler-not vmovdqa
FAIL: gcc.target/i386/pr100865-4b.c scan-assembler-times vpbroadcastb[\\\\t ]+%(?:r|e)[^\\n]*, %ymm[0-9]+ 1
FAIL: gcc.target/i386/pr100865-5a.c scan-assembler-not vmovdqa
FAIL: gcc.target/i386/pr100865-5a.c scan-assembler-times vpbroadcastw[\\\\t ]+%xmm[0-9]+, %ymm[0-9]+ 1
FAIL: gcc.target/i386/pr100865-5b.c scan-assembler-not vmovdqa
FAIL: gcc.target/i386/pr100865-5b.c scan-assembler-times vpbroadcastw[\\\\t ]+%(?:r|e)[^\\n]*, %ymm[0-9]+ 1
FAIL: gcc.target/i386/pr100865-6a.c scan-assembler-not vmovdqa
FAIL: gcc.target/i386/pr100865-6a.c scan-assembler-times vpbroadcastd[\\\\t ]+%xmm[0-9]+, %ymm[0-9]+ 1
FAIL: gcc.target/i386/pr100865-6b.c scan-assembler-not vmovdqa
FAIL: gcc.target/i386/pr100865-6b.c scan-assembler-times vpbroadcastd[\\\\t ]+%(?:r|e)[^\\n]*, %ymm[0-9]+ 1
FAIL: gcc.target/i386/pr100865-6c.c scan-assembler-not vmovdqa
FAIL: gcc.target/i386/pr100865-6c.c scan-assembler-times vbroadcastss 1
FAIL: gcc.target/i386/pr100865-7b.c scan-assembler-not vmovdqa
FAIL: gcc.target/i386/pr100865-7b.c scan-assembler-times vpbroadcastq[\\\\t ]+[^\\n]*, %ymm[0-9]+ 1
FAIL: gcc.target/i386/pr101846-2.c scan-assembler-times vpmovdw 3
FAIL: gcc.target/i386/pr101846-2.c scan-assembler-times vpmovqd 3
FAIL: gcc.target/i386/pr101846-2.c scan-assembler-times vpmovwb 3
FAIL: gcc.target/i386/pr101989-broadcast-1.c scan-assembler-times \\\\{1to4\\\\} 4
FAIL: gcc.target/i386/pr102021.c scan-assembler-not vmovdqa
FAIL: gcc.target/i386/pr102021.c scan-assembler-times vpbroadcastq[\\\\t ]+[^\\n]*, %ymm[0-9]+ 1
FAIL: gcc.target/i386/pr102230.c scan-assembler-times movq[\\\\t ]*%mm2, %mm0 1
FAIL: gcc.target/i386/pr102464-copysign-1.c (test for excess errors)
UNRESOLVED: gcc.target/i386/pr102464-copysign-1.c scan-assembler-not \\\\{1to8\\\\}
UNRESOLVED: gcc.target/i386/pr102464-copysign-1.c scan-assembler-not extendhfxf
UNRESOLVED: gcc.target/i386/pr102464-copysign-1.c scan-assembler-not fld
UNRESOLVED: gcc.target/i386/pr102464-copysign-1.c scan-assembler-not vcvtph2p[sd]
UNRESOLVED: gcc.target/i386/pr102464-copysign-1.c scan-assembler-not vcvtps2pd
UNRESOLVED: gcc.target/i386/pr102464-copysign-1.c scan-assembler-not vcvtsh2s[sd]
UNRESOLVED: gcc.target/i386/pr102464-copysign-1.c scan-assembler-not vcvtss2sd
UNRESOLVED: gcc.target/i386/pr102464-copysign-1.c scan-assembler-times vpternlog 12
UNRESOLVED: gcc.target/i386/pr102464-copysign-1.c scan-tree-dump-times optimized ".COPYSIGN" 12
FAIL: gcc.target/i386/pr102464-fma.c (test for excess errors)
UNRESOLVED: gcc.target/i386/pr102464-fma.c scan-assembler-times vfmadd...pd 1
UNRESOLVED: gcc.target/i386/pr102464-fma.c scan-assembler-times vfmadd...ph 3
UNRESOLVED: gcc.target/i386/pr102464-fma.c scan-assembler-times vfmadd...ps 2
UNRESOLVED: gcc.target/i386/pr102464-fma.c scan-assembler-times vfmadd...sd 1
UNRESOLVED: gcc.target/i386/pr102464-fma.c scan-assembler-times vfmadd...sh 3
UNRESOLVED: gcc.target/i386/pr102464-fma.c scan-assembler-times vfmadd...ss 2
FAIL: gcc.target/i386/pr102464-maxmin.c (test for excess errors)
UNRESOLVED: gcc.target/i386/pr102464-maxmin.c scan-assembler-times vmaxpd 1
UNRESOLVED: gcc.target/i386/pr102464-maxmin.c scan-assembler-times vmaxph 3
UNRESOLVED: gcc.target/i386/pr102464-maxmin.c scan-assembler-times vmaxps 2
UNRESOLVED: gcc.target/i386/pr102464-maxmin.c scan-assembler-times vmaxsd 1
UNRESOLVED: gcc.target/i386/pr102464-maxmin.c scan-assembler-times vmaxsh 3
UNRESOLVED: gcc.target/i386/pr102464-maxmin.c scan-assembler-times vmaxss 2
UNRESOLVED: gcc.target/i386/pr102464-maxmin.c scan-assembler-times vminpd 1
UNRESOLVED: gcc.target/i386/pr102464-maxmin.c scan-assembler-times vminph 3
UNRESOLVED: gcc.target/i386/pr102464-maxmin.c scan-assembler-times vminps 2
UNRESOLVED: gcc.target/i386/pr102464-maxmin.c scan-assembler-times vminsd 1
UNRESOLVED: gcc.target/i386/pr102464-maxmin.c scan-assembler-times vminsh 3
UNRESOLVED: gcc.target/i386/pr102464-maxmin.c scan-assembler-times vminss 2
FAIL: gcc.target/i386/pr102464-sqrtph.c (test for excess errors)
UNRESOLVED: gcc.target/i386/pr102464-sqrtph.c scan-assembler-not extendhfxf
UNRESOLVED: gcc.target/i386/pr102464-sqrtph.c scan-assembler-not vcvtph2p[sd]
UNRESOLVED: gcc.target/i386/pr102464-sqrtph.c scan-assembler-not vcvtsh2s[sd]
UNRESOLVED: gcc.target/i386/pr102464-sqrtph.c scan-assembler-times vsqrtph[^\\n\\r]*xmm[0-9] 3
FAIL: gcc.target/i386/pr102464-sqrtsh.c (test for excess errors)
UNRESOLVED: gcc.target/i386/pr102464-sqrtsh.c scan-assembler-not extendhfxf
UNRESOLVED: gcc.target/i386/pr102464-sqrtsh.c scan-assembler-not vcvtsh2s[sd]
UNRESOLVED: gcc.target/i386/pr102464-sqrtsh.c scan-assembler-times vsqrtsh[^\\n\\r]*xmm[0-9] 3
FAIL: gcc.target/i386/pr102464-vrndscaleph.c (test for excess errors)
UNRESOLVED: gcc.target/i386/pr102464-vrndscaleph.c scan-assembler-not extendhfxf
UNRESOLVED: gcc.target/i386/pr102464-vrndscaleph.c scan-assembler-not vcvtph2p[sd]
UNRESOLVED: gcc.target/i386/pr102464-vrndscaleph.c scan-assembler-not vcvtsh2s[sd]
UNRESOLVED: gcc.target/i386/pr102464-vrndscaleph.c scan-assembler-times vrndscaleph[^\\n\\r]*xmm[0-9] 5
UNRESOLVED: gcc.target/i386/pr102464-vrndscaleph.c scan-assembler-times vrndscaleph[^\\n\\r]*ymm[0-9] 5
UNRESOLVED: gcc.target/i386/pr102464-vrndscaleph.c scan-assembler-times vrndscaleph[^\\n\\r]*zmm[0-9] 5
FAIL: gcc.target/i386/pr11877-2.c scan-assembler-not \\\\\$0,
FAIL: gcc.target/i386/pr11877.c scan-assembler-not \\\\\$0,
FAIL: gcc.target/i386/pr15184-1.c scan-assembler-times movb[ \\\\t]+%al 4
FAIL: gcc.target/i386/pr15184-2.c scan-assembler-times movb[ \\\\t]+%al 2
FAIL: gcc.target/i386/pr36502.c scan-assembler-not esp
FAIL: gcc.target/i386/pr54855-3.c scan-assembler-not movsd
FAIL: gcc.target/i386/pr54855-7.c scan-assembler-not movss
FAIL: gcc.target/i386/pr64110.c scan-assembler vmovd[\\\\t ]
FAIL: gcc.target/i386/pr66334.c scan-assembler movl[ \\\\t].+, %ebx
FAIL: gcc.target/i386/pr71321.c scan-assembler-not lea.*0
FAIL: gcc.target/i386/pr78035.c scan-assembler-times cmp 2
FAIL: gcc.target/i386/pr81736-5.c scan-assembler-not %[re]bp
XPASS: gcc.target/i386/pr84101.c scan-tree-dump-not slp2 "optimized: basic block"
FAIL: gcc.target/i386/pr84278.c scan-assembler-not \\\\(%.sp\\\\)
FAIL: gcc.target/i386/pr85667-6.c scan-assembler-times flds[^\\n\\r]* 1
FAIL: gcc.target/i386/pr90773-17.c scan-assembler-times vpbroadcastb 1
FAIL: gcc.target/i386/pr90773-2.c scan-assembler-times movl[\\\\t ]+\\\\(%[^,]+\\\\), 1
FAIL: gcc.target/i386/pr90773-3.c scan-assembler-times movl[\\\\t ]+\\\\(%[^,]+\\\\), 1
FAIL: gcc.target/i386/pr92651.c scan-assembler-times sub 2
FAIL: gcc.target/i386/pr97873-1.c scan-assembler pabsq
FAIL: gcc.target/i386/pr98060.c scan-assembler-not set
FAIL: gcc.target/i386/ret-thunk-22.c scan-assembler call[ \\\\t]*___x86.get_pc_thunk.cx
FAIL: gcc.target/i386/ret-thunk-23.c scan-assembler call[ \\\\t]*___x86.get_pc_thunk.cx
FAIL: gcc.target/i386/ret-thunk-24.c scan-assembler call[ \\\\t]*___x86.get_pc_thunk.cx
FAIL: gcc.target/i386/sse2-pr94680.c scan-assembler-not pxor
FAIL: gcc.target/i386/vect8-ret.c scan-assembler-times movq 1
=== gcc Summary for unix/-m32 ===
# of expected passes 159401
# of unexpected failures 132
# of unexpected successes 12
# of expected failures 1163
# of unresolved testcases 46
# of unsupported tests 5276
Running target unix/-m64
FAIL: gcc.dg/analyzer/data-model-1.c (test for warnings, line 527)
FAIL: gcc.dg/analyzer/data-model-1.c (test for warnings, line 528)
FAIL: gcc.dg/analyzer/data-model-1.c (test for warnings, line 530)
FAIL: gcc.dg/analyzer/data-model-1.c (test for warnings, line 531)
FAIL: gcc.dg/analyzer/data-model-1.c (test for excess errors)
FAIL: gcc.dg/analyzer/pr103526.c (test for bogus messages, line 31)
FAIL: gcc.dg/analyzer/taint-size-1.c event: following true branch at line 22 (test for warnings, line 21)
FAIL: gcc.dg/analyzer/taint-size-1.c event: to here at line 24 (test for warnings, line 23)
FAIL: gcc.dg/analyzer/taint-size-1.c final event at line 28 (test for warnings, line 26)
FAIL: gcc.dg/analyzer/taint-size-1.c warning (test for warnings, line 26)
FAIL: gcc.dg/analyzer/write-to-string-literal-1.c (test for warnings, line 15)
FAIL: c-c++-common/asan/alloca_big_alignment.c -Os output pattern test
FAIL: c-c++-common/asan/alloca_detect_custom_size.c -Os output pattern test
FAIL: c-c++-common/asan/alloca_overflow_partial.c -Os output pattern test
FAIL: c-c++-common/asan/alloca_overflow_right.c -Os output pattern test
FAIL: c-c++-common/asan/alloca_underflow_left.c -Os output pattern test
WARNING: gcc.dg/atomic/c11-atomic-exec-5.c -O0 execution test program timed out.
FAIL: gcc.dg/atomic/c11-atomic-exec-5.c -O0 execution test
WARNING: gcc.dg/atomic/c11-atomic-exec-5.c -O1 execution test program timed out.
FAIL: gcc.dg/atomic/c11-atomic-exec-5.c -O1 execution test
WARNING: gcc.dg/atomic/c11-atomic-exec-5.c -O2 execution test program timed out.
FAIL: gcc.dg/atomic/c11-atomic-exec-5.c -O2 execution test
WARNING: gcc.dg/atomic/c11-atomic-exec-5.c -O2 -flto execution test program timed out.
FAIL: gcc.dg/atomic/c11-atomic-exec-5.c -O2 -flto execution test
WARNING: gcc.dg/atomic/c11-atomic-exec-5.c -O2 -flto -flto-partition=none execution test program timed out.
FAIL: gcc.dg/atomic/c11-atomic-exec-5.c -O2 -flto -flto-partition=none execution test
WARNING: gcc.dg/atomic/c11-atomic-exec-5.c -O3 -fomit-frame-pointer -funroll-loops -fpeel-loops -ftracer -finline-functions execution test program timed out.
FAIL: gcc.dg/atomic/c11-atomic-exec-5.c -O3 -fomit-frame-pointer -funroll-loops -fpeel-loops -ftracer -finline-functions execution test
WARNING: gcc.dg/atomic/c11-atomic-exec-5.c -O3 -g execution test program timed out.
FAIL: gcc.dg/atomic/c11-atomic-exec-5.c -O3 -g execution test
WARNING: gcc.dg/atomic/c11-atomic-exec-5.c -Os execution test program timed out.
FAIL: gcc.dg/atomic/c11-atomic-exec-5.c -Os execution test
FAIL: gcc.dg/debug/dwarf2/inline4.c scan-assembler DW_TAG_inlined_subroutine[^\\\\(]*\\\\([^\\\\)]*\\\\)[^\\\\(]*\\\\(DIE \\\\(0x[0-9a-f]*\\\\) DW_TAG_formal_parameter[^\\\\(]*\\\\(DIE \\\\(0x[0-9a-f]*\\\\) DW_TAG_variable
FAIL: gcc.dg/pr100509.c (test for excess errors)
FAIL: gcc.dg/pragma-diag-10.c (test for excess errors)
FAIL: gcc.dg/stack-layout-dynamic-1.c (test for excess errors)
UNRESOLVED: gcc.dg/stack-layout-dynamic-1.c scan-assembler-not cfi_def_cfa_register
FAIL: gcc.dg/strlenopt-82.c scan-tree-dump-times optimized "call_in_true_branch_not_eliminated_" 0
FAIL: gcc.dg/graphite/scop-19.c scan-tree-dump-times graphite "number of SCoPs: 0" 1
FAIL: gcc.dg/ipa/ipa-icf-38.c scan-ltrans-tree-dump-not optimized "Function bar"
FAIL: gcc-dg-lto-modref-3-01.exe scan-wpa-ipa-dump modref "parm 1 flags: no_direct_clobber no_direct_escape"
FAIL: gcc-dg-lto-modref-4-01.exe scan-wpa-ipa-dump modref "parm 1 flags: no_direct_clobber no_direct_escape"
FAIL: gcc.dg/lto/modref-3 c_lto_modref-3_0.o-c_lto_modref-3_1.o execute -O2 -flto-partition=max -fdump-ipa-modref -fno-ipa-sra -fno-ipa-cp -flto
FAIL: gcc.dg/lto/modref-4 c_lto_modref-4_0.o-c_lto_modref-4_1.o execute -O2 -flto-partition=max -fdump-ipa-modref -fno-ipa-sra -flto
XPASS: gcc.dg/tree-ssa/builtin-snprintf-6.c scan-tree-dump-times optimized "Function test_assign_aggregate" 1
XPASS: gcc.dg/tree-ssa/pr91091-2.c scan-tree-dump-times fre1 " = [^;]*x;" 1
XPASS: gcc.dg/tree-ssa/pr91091-2.c scan-tree-dump-times fre1 "x = " 1
XPASS: gcc.dg/tree-ssa/ssa-fre-77.c scan-tree-dump fre1 "return 1;"
FAIL: outputs-25 exe savetmp named2-4: outputs.args.3
FAIL: outputs-25 exe savetmp named2-4: std out
FAIL: gcc.target/i386/auto-init-5.c scan-assembler-times \\\\.long\\t0 14
FAIL: gcc.target/i386/auto-init-6.c scan-assembler-times long\\t0 8
FAIL: gcc.target/i386/avx2-shiftqihi-constant-2.c (test for excess errors)
UNRESOLVED: gcc.target/i386/avx2-shiftqihi-constant-2.c compilation failed to produce executable
FAIL: gcc.target/i386/avx512bw-pr88465.c scan-assembler-times kxnor[dq][ \\t] 2
FAIL: gcc.target/i386/avx512dq-pr88465.c scan-assembler-times kxnorb[ \\t] 1
FAIL: gcc.target/i386/avx512f-pr88465.c scan-assembler-times kxnorw[ \\t] 1
XPASS: gcc.target/i386/bitwise_mask_op-3.c scan-assembler-times kmovb[\\t ] 4
XPASS: gcc.target/i386/bitwise_mask_op-3.c scan-assembler-times korb[\\t ] 1
XPASS: gcc.target/i386/bitwise_mask_op-3.c scan-assembler-times kxorb[\\t ] 1
FAIL: gcc.target/i386/cond_op_maxmin__Float16-1.c (test for excess errors)
UNRESOLVED: gcc.target/i386/cond_op_maxmin__Float16-1.c scan-assembler-times vmaxph 1
UNRESOLVED: gcc.target/i386/cond_op_maxmin__Float16-1.c scan-assembler-times vminph 1
UNRESOLVED: gcc.target/i386/cond_op_maxmin__Float16-1.c scan-tree-dump optimized ".COND_MAX"
UNRESOLVED: gcc.target/i386/cond_op_maxmin__Float16-1.c scan-tree-dump optimized ".COND_MIN"
FAIL: gcc.target/i386/harden-sls-4.c scan-assembler jmp[ \\t]+\\\\*_?fptr
FAIL: gcc.target/i386/memcpy-strategy-10.c scan-assembler jmp\\tmemcpy
FAIL: gcc.target/i386/memcpy-strategy-5.c scan-assembler jmp\\tmemcpy
FAIL: gcc.target/i386/memset-strategy-5.c scan-assembler jmp\\tmemset
FAIL: gcc.target/i386/memset-strategy-7.c scan-assembler jmp\\tmemset
FAIL: gcc.target/i386/pr100704-3.c scan-assembler push[lq]\\tfoooo+
FAIL: gcc.target/i386/pr100936.c (test for excess errors)
FAIL: gcc.target/i386/pr102464-copysign-1.c (test for excess errors)
UNRESOLVED: gcc.target/i386/pr102464-copysign-1.c scan-assembler-not \\\\{1to8\\\\}
UNRESOLVED: gcc.target/i386/pr102464-copysign-1.c scan-assembler-not extendhfxf
UNRESOLVED: gcc.target/i386/pr102464-copysign-1.c scan-assembler-not fld
UNRESOLVED: gcc.target/i386/pr102464-copysign-1.c scan-assembler-not vcvtph2p[sd]
UNRESOLVED: gcc.target/i386/pr102464-copysign-1.c scan-assembler-not vcvtps2pd
UNRESOLVED: gcc.target/i386/pr102464-copysign-1.c scan-assembler-not vcvtsh2s[sd]
UNRESOLVED: gcc.target/i386/pr102464-copysign-1.c scan-assembler-not vcvtss2sd
UNRESOLVED: gcc.target/i386/pr102464-copysign-1.c scan-assembler-times vpternlog 12
UNRESOLVED: gcc.target/i386/pr102464-copysign-1.c scan-tree-dump-times optimized ".COPYSIGN" 12
FAIL: gcc.target/i386/pr102464-fma.c (test for excess errors)
UNRESOLVED: gcc.target/i386/pr102464-fma.c scan-assembler-times vfmadd...pd 1
UNRESOLVED: gcc.target/i386/pr102464-fma.c scan-assembler-times vfmadd...ph 3
UNRESOLVED: gcc.target/i386/pr102464-fma.c scan-assembler-times vfmadd...ps 2
UNRESOLVED: gcc.target/i386/pr102464-fma.c scan-assembler-times vfmadd...sd 1
UNRESOLVED: gcc.target/i386/pr102464-fma.c scan-assembler-times vfmadd...sh 3
UNRESOLVED: gcc.target/i386/pr102464-fma.c scan-assembler-times vfmadd...ss 2
FAIL: gcc.target/i386/pr102464-maxmin.c (test for excess errors)
UNRESOLVED: gcc.target/i386/pr102464-maxmin.c scan-assembler-times vmaxpd 1
UNRESOLVED: gcc.target/i386/pr102464-maxmin.c scan-assembler-times vmaxph 3
UNRESOLVED: gcc.target/i386/pr102464-maxmin.c scan-assembler-times vmaxps 2
UNRESOLVED: gcc.target/i386/pr102464-maxmin.c scan-assembler-times vmaxsd 1
UNRESOLVED: gcc.target/i386/pr102464-maxmin.c scan-assembler-times vmaxsh 3
UNRESOLVED: gcc.target/i386/pr102464-maxmin.c scan-assembler-times vmaxss 2
UNRESOLVED: gcc.target/i386/pr102464-maxmin.c scan-assembler-times vminpd 1
UNRESOLVED: gcc.target/i386/pr102464-maxmin.c scan-assembler-times vminph 3
UNRESOLVED: gcc.target/i386/pr102464-maxmin.c scan-assembler-times vminps 2
UNRESOLVED: gcc.target/i386/pr102464-maxmin.c scan-assembler-times vminsd 1
UNRESOLVED: gcc.target/i386/pr102464-maxmin.c scan-assembler-times vminsh 3
UNRESOLVED: gcc.target/i386/pr102464-maxmin.c scan-assembler-times vminss 2
FAIL: gcc.target/i386/pr102464-sqrtph.c (test for excess errors)
UNRESOLVED: gcc.target/i386/pr102464-sqrtph.c scan-assembler-not extendhfxf
UNRESOLVED: gcc.target/i386/pr102464-sqrtph.c scan-assembler-not vcvtph2p[sd]
UNRESOLVED: gcc.target/i386/pr102464-sqrtph.c scan-assembler-not vcvtsh2s[sd]
UNRESOLVED: gcc.target/i386/pr102464-sqrtph.c scan-assembler-times vsqrtph[^\\n\\r]*xmm[0-9] 3
FAIL: gcc.target/i386/pr102464-sqrtsh.c (test for excess errors)
UNRESOLVED: gcc.target/i386/pr102464-sqrtsh.c scan-assembler-not extendhfxf
UNRESOLVED: gcc.target/i386/pr102464-sqrtsh.c scan-assembler-not vcvtsh2s[sd]
UNRESOLVED: gcc.target/i386/pr102464-sqrtsh.c scan-assembler-times vsqrtsh[^\\n\\r]*xmm[0-9] 3
FAIL: gcc.target/i386/pr102464-vrndscaleph.c (test for excess errors)
UNRESOLVED: gcc.target/i386/pr102464-vrndscaleph.c scan-assembler-not extendhfxf
UNRESOLVED: gcc.target/i386/pr102464-vrndscaleph.c scan-assembler-not vcvtph2p[sd]
UNRESOLVED: gcc.target/i386/pr102464-vrndscaleph.c scan-assembler-not vcvtsh2s[sd]
UNRESOLVED: gcc.target/i386/pr102464-vrndscaleph.c scan-assembler-times vrndscaleph[^\\n\\r]*xmm[0-9] 5
UNRESOLVED: gcc.target/i386/pr102464-vrndscaleph.c scan-assembler-times vrndscaleph[^\\n\\r]*ymm[0-9] 5
UNRESOLVED: gcc.target/i386/pr102464-vrndscaleph.c scan-assembler-times vrndscaleph[^\\n\\r]*zmm[0-9] 5
FAIL: gcc.target/i386/pr11877-2.c scan-assembler-not \\\\\$0,
FAIL: gcc.target/i386/pr11877.c scan-assembler-not \\\\\$0,
FAIL: gcc.target/i386/pr34256.c scan-assembler-times mov 5
FAIL: gcc.target/i386/pr71321.c scan-assembler-not lea.*0
FAIL: gcc.target/i386/pr78035.c scan-assembler-times cmp 2
FAIL: gcc.target/i386/pr90773-1.c scan-assembler-times movq[\\\\t ]+\\\\(%[^,]+\\\\), 1
FAIL: gcc.target/i386/pr92651.c scan-assembler-times sub 2
FAIL: gcc.target/i386/pr94650.c scan-assembler-not movabs
FAIL: gcc.target/i386/pr94650.c scan-assembler-times shr 3
FAIL: gcc.target/i386/pr98060.c scan-assembler-not set
FAIL: gcc.target/i386/sse2-v1ti-logic-2.c scan-assembler-times por 2
FAIL: gcc.target/i386/stackalign/pr88483-1.c -mno-stackrealign scan-assembler-not and[lq]?[^\\\\n]*-[0-9]+,[^\\\\n]*sp
FAIL: gcc.target/i386/stackalign/pr88483-1.c -mstackrealign scan-assembler-not and[lq]?[^\\\\n]*-[0-9]+,[^\\\\n]*sp
=== gcc Summary for unix/-m64 ===
# of expected passes 162271
# of unexpected failures 70
# of unexpected successes 7
# of expected failures 1167
# of unresolved testcases 46
# of unsupported tests 4752
=== gcc Summary ===
# of expected passes 321672
# of unexpected failures 202
# of unexpected successes 19
# of expected failures 2330
# of unresolved testcases 92
# of unsupported tests 10028
/scratch/10-13-his/gcc-master-i686/gcc/xgcc version 12.0.0 20211208 (experimental) [master revision r12-5846-g7add7f7bb3d3] (GCC)
=== gfortran tests ===
Running target unix/-m32
FAIL: gfortran.dg/vector_subscript_1.f90 -O1 execution test
FAIL: gfortran.dg/vector_subscript_1.f90 -O2 execution test
FAIL: gfortran.dg/vector_subscript_1.f90 -O3 -fomit-frame-pointer -funroll-loops -fpeel-loops -ftracer -finline-functions execution test
FAIL: gfortran.dg/vector_subscript_1.f90 -O3 -g execution test
FAIL: gfortran.dg/vector_subscript_1.f90 -Os execution test
=== gfortran Summary for unix/-m32 ===
# of expected passes 64538
# of unexpected failures 5
# of expected failures 244
# of unsupported tests 212
Running target unix/-m64
FAIL: gfortran.dg/vector_subscript_1.f90 -O1 execution test
FAIL: gfortran.dg/vector_subscript_1.f90 -O2 execution test
FAIL: gfortran.dg/vector_subscript_1.f90 -O3 -fomit-frame-pointer -funroll-loops -fpeel-loops -ftracer -finline-functions execution test
FAIL: gfortran.dg/vector_subscript_1.f90 -O3 -g execution test
FAIL: gfortran.dg/vector_subscript_1.f90 -Os execution test
=== gfortran Summary for unix/-m64 ===
# of expected passes 64811
# of unexpected failures 5
# of expected failures 242
# of unsupported tests 85
=== gfortran Summary ===
# of expected passes 129349
# of unexpected failures 10
# of expected failures 486
# of unsupported tests 297
/scratch/10-13-his/gcc-master-i686/gcc/gfortran version 12.0.0 20211208 (experimental) [master revision r12-5846-g7add7f7bb3d3] (GCC)
=== gnat tests ===
Running target unix/-m32
FAIL: gnat.dg/bias1.adb scan-assembler DW_AT_GNU_bias
FAIL: gnat.dg/debug18.adb scan-assembler-not DW_AT_lower_bound
=== gnat Summary for unix/-m32 ===
# of expected passes 3353
# of unexpected failures 2
# of expected failures 23
# of unsupported tests 15
Running target unix/-m64
FAIL: gnat.dg/bias1.adb scan-assembler DW_AT_GNU_bias
FAIL: gnat.dg/debug18.adb scan-assembler-not DW_AT_lower_bound
=== gnat Summary for unix/-m64 ===
# of expected passes 3354
# of unexpected failures 2
# of expected failures 23
# of unsupported tests 13
=== gnat Summary ===
# of expected passes 6707
# of unexpected failures 4
# of expected failures 46
# of unsupported tests 28
/scratch/10-13-his/gcc-master-i686/gcc/gnatmake version 12.0.0 20211208 (experimental) [master revision r12-5846-g7add7f7bb3d3]
=== obj-c++ tests ===
Running target unix/-m64
=== obj-c++ Summary for unix/-m64 ===
# of expected passes 3186
# of expected failures 18
# of unsupported tests 71
Running target unix/-m32
=== obj-c++ Summary for unix/-m32 ===
# of expected passes 3218
# of expected failures 2
# of unsupported tests 69
=== obj-c++ Summary ===
# of expected passes 6404
# of expected failures 20
# of unsupported tests 140
/scratch/10-13-his/gcc-master-i686/gcc/xg++ version 12.0.0 20211208 (experimental) [master revision r12-5846-g7add7f7bb3d3] (GCC)
=== objc tests ===
Running target unix/-m32
=== objc Summary for unix/-m32 ===
# of expected passes 5754
# of expected failures 7
# of unsupported tests 86
Running target unix/-m64
=== objc Summary for unix/-m64 ===
# of expected passes 5730
# of expected failures 13
# of unsupported tests 89
=== objc Summary ===
# of expected passes 11484
# of expected failures 20
# of unsupported tests 175
/scratch/10-13-his/gcc-master-i686/gcc/xgcc version 12.0.0 20211208 (experimental) [master revision r12-5846-g7add7f7bb3d3] (GCC)
=== libatomic tests ===
Running target unix/-m64
=== libatomic Summary for unix/-m64 ===
# of expected passes 54
Running target unix/-m32
=== libatomic Summary for unix/-m32 ===
# of expected passes 44
# of unsupported tests 5
=== libatomic Summary ===
# of expected passes 98
# of unsupported tests 5
=== libgomp tests ===
Running target unix/-m64
FAIL: libgomp.c++/target-lambda-1.C execution test
FAIL: libgomp.c++/target-this-3.C execution test
FAIL: libgomp.c++/target-this-4.C execution test
WARNING: program timed out.
FAIL: libgomp.c++/task-reduction-8.C execution test
FAIL: libgomp.oacc-c/../libgomp.oacc-c-c++-common/host_data-7.c -DACC_DEVICE_TYPE_host=1 -DACC_MEM_SHARED=1 -foffload=disable -O2 (test for excess errors)
FAIL: libgomp.oacc-c++/../libgomp.oacc-c-c++-common/host_data-7.c -DACC_DEVICE_TYPE_host=1 -DACC_MEM_SHARED=1 -foffload=disable -O2 (test for excess errors)
=== libgomp Summary for unix/-m64 ===
# of expected passes 11760
# of unexpected failures 6
# of expected failures 103
# of unsupported tests 618
Running target unix/-m32
FAIL: libgomp.c/cancel-parallel-2.c execution test
FAIL: libgomp.c++/target-lambda-1.C execution test
FAIL: libgomp.c++/target-this-3.C execution test
FAIL: libgomp.c++/target-this-4.C execution test
WARNING: program timed out.
FAIL: libgomp.c++/task-reduction-10.C execution test
WARNING: program timed out.
FAIL: libgomp.c++/task-reduction-8.C execution test
FAIL: libgomp.oacc-c/../libgomp.oacc-c-c++-common/host_data-7.c -DACC_DEVICE_TYPE_host=1 -DACC_MEM_SHARED=1 -foffload=disable -O2 (test for excess errors)
FAIL: libgomp.oacc-c++/../libgomp.oacc-c-c++-common/host_data-7.c -DACC_DEVICE_TYPE_host=1 -DACC_MEM_SHARED=1 -foffload=disable -O2 (test for excess errors)
=== libgomp Summary for unix/-m32 ===
# of expected passes 11757
# of unexpected failures 8
# of expected failures 103
# of unsupported tests 619
=== libgomp Summary ===
# of expected passes 23517
# of unexpected failures 14
# of expected failures 206
# of unsupported tests 1237
=== libitm tests ===
Running target unix/-m64
=== libitm Summary for unix/-m64 ===
# of expected passes 42
# of expected failures 3
# of unsupported tests 2
Running target unix/-m32
=== libitm Summary for unix/-m32 ===
# of expected passes 42
# of expected failures 3
# of unsupported tests 2
=== libitm Summary ===
# of expected passes 84
# of expected failures 6
# of unsupported tests 4
=== libstdc++ tests ===
Running target unix/-m32
WARNING: 29_atomics/atomic_integral/wait_notify.cc execution test program timed out.
FAIL: 29_atomics/atomic_integral/wait_notify.cc execution test
WARNING: 29_atomics/atomic_ref/wait_notify.cc execution test program timed out.
FAIL: 29_atomics/atomic_ref/wait_notify.cc execution test
WARNING: 30_threads/barrier/arrive_and_wait.cc execution test program timed out.
FAIL: 30_threads/barrier/arrive_and_wait.cc execution test
WARNING: 30_threads/future/members/93456.cc execution test program timed out.
FAIL: 30_threads/future/members/93456.cc execution test
FAIL: std/ranges/access/ssize.cc (test for excess errors)
UNRESOLVED: std/ranges/access/ssize.cc compilation failed to produce executable
=== libstdc++ Summary for unix/-m32 ===
# of expected passes 14050
# of unexpected failures 5
# of expected failures 96
# of unresolved testcases 1
# of unsupported tests 776
Running target unix/-m64
WARNING: 29_atomics/atomic_integral/wait_notify.cc execution test program timed out.
FAIL: 29_atomics/atomic_integral/wait_notify.cc execution test
WARNING: 29_atomics/atomic_ref/wait_notify.cc execution test program timed out.
FAIL: 29_atomics/atomic_ref/wait_notify.cc execution test
WARNING: 30_threads/barrier/arrive_and_wait.cc execution test program timed out.
FAIL: 30_threads/barrier/arrive_and_wait.cc execution test
WARNING: 30_threads/barrier/completion.cc execution test program timed out.
FAIL: 30_threads/barrier/completion.cc execution test
WARNING: 30_threads/semaphore/try_acquire_until.cc execution test program timed out.
FAIL: 30_threads/semaphore/try_acquire_until.cc execution test
=== libstdc++ Summary for unix/-m64 ===
# of expected passes 14045
# of unexpected failures 5
# of expected failures 96
# of unsupported tests 779
=== libstdc++ Summary ===
# of expected passes 28095
# of unexpected failures 10
# of expected failures 192
# of unresolved testcases 1
# of unsupported tests 1555
Compiler version: 12.0.0 20211208 (experimental) [master revision r12-5846-g7add7f7bb3d3] (GCC)
Platform: i686-apple-darwin17
configure flags: --prefix=/opt/iains/i686-apple-darwin17/gcc-12-0-0 --build=i686-apple-darwin17 --with-sysroot=/Library/Developer/CommandLineTools/SDKs/MacOSX.sdk --enable-languages=all CC='x86_64-apple-darwin17-gcc -m32' CXX='x86_64-apple-darwin17-g++ -m32'
More information about the Gcc-testresults
mailing list