Results for 12.0.0 20211203 (experimental) [master revision 6262e3a22b3d86afc116480bc59a7bb30b0cfd40] (GCC) testsuite on i386-pc-solaris2.11
Rainer Orth
ro@CeBiTec.Uni-Bielefeld.DE
Sat Dec 4 09:25:00 GMT 2021
LAST_UPDATED: Fri Dec 3 10:01:00 UTC 2021 (revision 6262e3a22b3d86afc116480bc59a7bb30b0cfd40)
=== acats tests ===
=== acats Summary ===
# of expected passes 2328
# of unexpected failures 0
Native configuration is i386-pc-solaris2.11
=== g++ tests ===
Running target unix
FAIL: c-c++-common/asan/swapcontext-test-1.c -O0 execution test
FAIL: c-c++-common/asan/swapcontext-test-1.c -O1 execution test
FAIL: c-c++-common/asan/swapcontext-test-1.c -O2 execution test
FAIL: c-c++-common/asan/swapcontext-test-1.c -O2 -flto execution test
FAIL: c-c++-common/asan/swapcontext-test-1.c -O2 -flto -flto-partition=none execution test
FAIL: c-c++-common/asan/swapcontext-test-1.c -O3 -fomit-frame-pointer -funroll-loops -fpeel-loops -ftracer -finline-functions execution test
FAIL: c-c++-common/asan/swapcontext-test-1.c -O3 -g execution test
FAIL: c-c++-common/asan/swapcontext-test-1.c -Os execution test
FAIL: g++.dg/warn/Wstringop-overflow-6.C -std=gnu++14 (test for excess errors)
FAIL: g++.dg/warn/Wstringop-overflow-6.C -std=gnu++17 (test for excess errors)
FAIL: g++.dg/warn/Wstringop-overflow-6.C -std=gnu++2a (test for excess errors)
FAIL: g++.dg/modules/pr98531-1_a.H module-cmi (gcm.cache/\$srcdir/g++.dg/modules/pr98531-1_a.H.gcm)
FAIL: g++.dg/modules/pr98531-1_a.H module-cmi (gcm.cache/\$srcdir/g++.dg/modules/pr98531-1_a.H.gcm)
FAIL: g++.dg/modules/pr98531-1_a.H module-cmi (gcm.cache/\$srcdir/g++.dg/modules/pr98531-1_a.H.gcm)
FAIL: g++.dg/modules/stdio-1_a.H -std=c++17 scan-lang-dump module "Depset:0 decl entity:[0-9]* function_decl:'::printf'"
FAIL: g++.dg/modules/stdio-1_a.H -std=c++2a scan-lang-dump module "Depset:0 decl entity:[0-9]* function_decl:'::printf'"
FAIL: g++.dg/modules/stdio-1_a.H -std=c++2b scan-lang-dump module "Depset:0 decl entity:[0-9]* function_decl:'::printf'"
FAIL: g++.dg/modules/xtreme-header-3_a.H -std=c++17 (internal compiler error)
FAIL: g++.dg/modules/xtreme-header-3_a.H -std=c++17 (test for excess errors)
FAIL: g++.dg/modules/xtreme-header-3_a.H -std=c++2a (internal compiler error)
FAIL: g++.dg/modules/xtreme-header-3_a.H -std=c++2a (test for excess errors)
FAIL: g++.dg/modules/xtreme-header-3_a.H -std=c++2b (internal compiler error)
FAIL: g++.dg/modules/xtreme-header-3_a.H -std=c++2b (test for excess errors)
FAIL: g++.dg/modules/xtreme-header-3_a.H module-cmi (gcm.cache/\$srcdir/g++.dg/modules/xtreme-header-3_a.H.gcm)
FAIL: g++.dg/modules/xtreme-header-3_a.H module-cmi (gcm.cache/\$srcdir/g++.dg/modules/xtreme-header-3_a.H.gcm)
FAIL: g++.dg/modules/xtreme-header-3_a.H module-cmi (gcm.cache/\$srcdir/g++.dg/modules/xtreme-header-3_a.H.gcm)
FAIL: g++.dg/modules/xtreme-header-3_b.C -std=c++17 (test for excess errors)
FAIL: g++.dg/modules/xtreme-header-3_b.C -std=c++2a (test for excess errors)
FAIL: g++.dg/modules/xtreme-header-3_b.C -std=c++2b (test for excess errors)
FAIL: g++.dg/modules/xtreme-header-3_c.C -std=c++17 (test for excess errors)
FAIL: g++.dg/modules/xtreme-header-3_c.C -std=c++2a (test for excess errors)
FAIL: g++.dg/modules/xtreme-header-3_c.C -std=c++2b (test for excess errors)
FAIL: g++.dg/modules/xtreme-header-5_a.H -std=c++2a (internal compiler error)
FAIL: g++.dg/modules/xtreme-header-5_a.H -std=c++2a (test for excess errors)
FAIL: g++.dg/modules/xtreme-header-5_a.H -std=c++2b (internal compiler error)
FAIL: g++.dg/modules/xtreme-header-5_a.H -std=c++2b (test for excess errors)
FAIL: g++.dg/modules/xtreme-header-5_a.H module-cmi (gcm.cache/\$srcdir/g++.dg/modules/xtreme-header-5_a.H.gcm)
FAIL: g++.dg/modules/xtreme-header-5_a.H module-cmi (gcm.cache/\$srcdir/g++.dg/modules/xtreme-header-5_a.H.gcm)
FAIL: g++.dg/modules/xtreme-header-5_b.C -std=c++2a (test for excess errors)
FAIL: g++.dg/modules/xtreme-header-5_b.C -std=c++2b (test for excess errors)
FAIL: g++.dg/modules/xtreme-header-5_c.C -std=c++2a (test for excess errors)
FAIL: g++.dg/modules/xtreme-header-5_c.C -std=c++2b (test for excess errors)
FAIL: g++.dg/modules/xtreme-header_a.H -std=c++17 (internal compiler error)
FAIL: g++.dg/modules/xtreme-header_a.H -std=c++17 (test for excess errors)
FAIL: g++.dg/modules/xtreme-header_a.H -std=c++2a (internal compiler error)
FAIL: g++.dg/modules/xtreme-header_a.H -std=c++2a (test for excess errors)
FAIL: g++.dg/modules/xtreme-header_a.H -std=c++2b (internal compiler error)
FAIL: g++.dg/modules/xtreme-header_a.H -std=c++2b (test for excess errors)
FAIL: g++.dg/modules/xtreme-header_a.H module-cmi (gcm.cache/\$srcdir/g++.dg/modules/xtreme-header_a.H.gcm)
FAIL: g++.dg/modules/xtreme-header_a.H module-cmi (gcm.cache/\$srcdir/g++.dg/modules/xtreme-header_a.H.gcm)
FAIL: g++.dg/modules/xtreme-header_a.H module-cmi (gcm.cache/\$srcdir/g++.dg/modules/xtreme-header_a.H.gcm)
FAIL: g++.dg/modules/xtreme-header_b.C -std=c++17 (test for excess errors)
FAIL: g++.dg/modules/xtreme-header_b.C -std=c++2a (test for excess errors)
FAIL: g++.dg/modules/xtreme-header_b.C -std=c++2b (test for excess errors)
FAIL: g++.dg/torture/pr80334.C -O0 execution test
FAIL: g++.dg/torture/pr80334.C -O1 execution test
FAIL: g++.dg/torture/pr80334.C -O2 execution test
FAIL: g++.dg/torture/pr80334.C -O2 -flto execution test
FAIL: g++.dg/torture/pr80334.C -O2 -flto -flto-partition=none execution test
FAIL: g++.dg/torture/pr80334.C -O3 -fomit-frame-pointer -funroll-loops -fpeel-loops -ftracer -finline-functions execution test
FAIL: g++.dg/torture/pr80334.C -O3 -g execution test
FAIL: g++.dg/torture/pr80334.C -Os execution test
XPASS: g++.dg/vect/slp-pr98855.cc -std=c++14 scan-tree-dump-times slp1 "not vectorized: vectorization is not profitable" 2
XPASS: g++.dg/vect/slp-pr98855.cc -std=c++17 scan-tree-dump-times slp1 "not vectorized: vectorization is not profitable" 2
XPASS: g++.dg/vect/slp-pr98855.cc -std=c++2a scan-tree-dump-times slp1 "not vectorized: vectorization is not profitable" 2
XPASS: g++.dg/vect/slp-pr98855.cc -std=c++98 scan-tree-dump-times slp1 "not vectorized: vectorization is not profitable" 2
=== g++ Summary for unix ===
# of expected passes 218076
# of unexpected failures 62
# of unexpected successes 4
# of expected failures 1411
# of unsupported tests 9975
Running target unix/-m64
FAIL: g++.dg/modules/pr98531-1_a.H module-cmi (gcm.cache/\$srcdir/g++.dg/modules/pr98531-1_a.H.gcm)
FAIL: g++.dg/modules/pr98531-1_a.H module-cmi (gcm.cache/\$srcdir/g++.dg/modules/pr98531-1_a.H.gcm)
FAIL: g++.dg/modules/pr98531-1_a.H module-cmi (gcm.cache/\$srcdir/g++.dg/modules/pr98531-1_a.H.gcm)
FAIL: g++.dg/modules/stdio-1_a.H -std=c++17 scan-lang-dump module "Depset:0 decl entity:[0-9]* function_decl:'::printf'"
FAIL: g++.dg/modules/stdio-1_a.H -std=c++2a scan-lang-dump module "Depset:0 decl entity:[0-9]* function_decl:'::printf'"
FAIL: g++.dg/modules/stdio-1_a.H -std=c++2b scan-lang-dump module "Depset:0 decl entity:[0-9]* function_decl:'::printf'"
FAIL: g++.dg/modules/xtreme-header-3_a.H -std=c++17 (internal compiler error)
FAIL: g++.dg/modules/xtreme-header-3_a.H -std=c++17 (test for excess errors)
FAIL: g++.dg/modules/xtreme-header-3_a.H -std=c++2a (internal compiler error)
FAIL: g++.dg/modules/xtreme-header-3_a.H -std=c++2a (test for excess errors)
FAIL: g++.dg/modules/xtreme-header-3_a.H -std=c++2b (internal compiler error)
FAIL: g++.dg/modules/xtreme-header-3_a.H -std=c++2b (test for excess errors)
FAIL: g++.dg/modules/xtreme-header-3_a.H module-cmi (gcm.cache/\$srcdir/g++.dg/modules/xtreme-header-3_a.H.gcm)
FAIL: g++.dg/modules/xtreme-header-3_a.H module-cmi (gcm.cache/\$srcdir/g++.dg/modules/xtreme-header-3_a.H.gcm)
FAIL: g++.dg/modules/xtreme-header-3_a.H module-cmi (gcm.cache/\$srcdir/g++.dg/modules/xtreme-header-3_a.H.gcm)
FAIL: g++.dg/modules/xtreme-header-3_b.C -std=c++17 (test for excess errors)
FAIL: g++.dg/modules/xtreme-header-3_b.C -std=c++2a (test for excess errors)
FAIL: g++.dg/modules/xtreme-header-3_b.C -std=c++2b (test for excess errors)
FAIL: g++.dg/modules/xtreme-header-3_c.C -std=c++17 (test for excess errors)
FAIL: g++.dg/modules/xtreme-header-3_c.C -std=c++2a (test for excess errors)
FAIL: g++.dg/modules/xtreme-header-3_c.C -std=c++2b (test for excess errors)
FAIL: g++.dg/modules/xtreme-header-5_a.H -std=c++2a (internal compiler error)
FAIL: g++.dg/modules/xtreme-header-5_a.H -std=c++2a (test for excess errors)
FAIL: g++.dg/modules/xtreme-header-5_a.H -std=c++2b (internal compiler error)
FAIL: g++.dg/modules/xtreme-header-5_a.H -std=c++2b (test for excess errors)
FAIL: g++.dg/modules/xtreme-header-5_a.H module-cmi (gcm.cache/\$srcdir/g++.dg/modules/xtreme-header-5_a.H.gcm)
FAIL: g++.dg/modules/xtreme-header-5_a.H module-cmi (gcm.cache/\$srcdir/g++.dg/modules/xtreme-header-5_a.H.gcm)
FAIL: g++.dg/modules/xtreme-header-5_b.C -std=c++2a (test for excess errors)
FAIL: g++.dg/modules/xtreme-header-5_b.C -std=c++2b (test for excess errors)
FAIL: g++.dg/modules/xtreme-header-5_c.C -std=c++2a (test for excess errors)
FAIL: g++.dg/modules/xtreme-header-5_c.C -std=c++2b (test for excess errors)
FAIL: g++.dg/modules/xtreme-header_a.H -std=c++17 (internal compiler error)
FAIL: g++.dg/modules/xtreme-header_a.H -std=c++17 (test for excess errors)
FAIL: g++.dg/modules/xtreme-header_a.H -std=c++2a (internal compiler error)
FAIL: g++.dg/modules/xtreme-header_a.H -std=c++2a (test for excess errors)
FAIL: g++.dg/modules/xtreme-header_a.H -std=c++2b (internal compiler error)
FAIL: g++.dg/modules/xtreme-header_a.H -std=c++2b (test for excess errors)
FAIL: g++.dg/modules/xtreme-header_a.H module-cmi (gcm.cache/\$srcdir/g++.dg/modules/xtreme-header_a.H.gcm)
FAIL: g++.dg/modules/xtreme-header_a.H module-cmi (gcm.cache/\$srcdir/g++.dg/modules/xtreme-header_a.H.gcm)
FAIL: g++.dg/modules/xtreme-header_a.H module-cmi (gcm.cache/\$srcdir/g++.dg/modules/xtreme-header_a.H.gcm)
FAIL: g++.dg/modules/xtreme-header_b.C -std=c++17 (test for excess errors)
FAIL: g++.dg/modules/xtreme-header_b.C -std=c++2a (test for excess errors)
FAIL: g++.dg/modules/xtreme-header_b.C -std=c++2b (test for excess errors)
FAIL: g++.target/i386/pr97054.C -std=gnu++14 (test for excess errors)
UNRESOLVED: g++.target/i386/pr97054.C -std=gnu++14 compilation failed to produce executable
FAIL: g++.target/i386/pr97054.C -std=gnu++17 (test for excess errors)
UNRESOLVED: g++.target/i386/pr97054.C -std=gnu++17 compilation failed to produce executable
FAIL: g++.target/i386/pr97054.C -std=gnu++2a (test for excess errors)
UNRESOLVED: g++.target/i386/pr97054.C -std=gnu++2a compilation failed to produce executable
FAIL: g++.target/i386/pr97054.C -std=gnu++98 (test for excess errors)
UNRESOLVED: g++.target/i386/pr97054.C -std=gnu++98 compilation failed to produce executable
=== g++ Summary for unix/-m64 ===
# of expected passes 218437
# of unexpected failures 47
# of expected failures 1423
# of unresolved testcases 4
# of unsupported tests 9921
=== g++ Summary ===
# of expected passes 436513
# of unexpected failures 109
# of unexpected successes 4
# of expected failures 2834
# of unresolved testcases 4
# of unsupported tests 19896
/var/gcc/regression/master/11.3-gcc-gas/build/gcc/xg++ version 12.0.0 20211203 (experimental) [master revision 6262e3a22b3d86afc116480bc59a7bb30b0cfd40] (GCC)
=== gcc tests ===
Running target unix
FAIL: gcc.dg/analyzer/getchar-1.c (test for excess errors)
FAIL: gcc.dg/analyzer/pr94851-1.c (test for excess errors)
FAIL: c-c++-common/asan/swapcontext-test-1.c -O0 execution test
FAIL: c-c++-common/asan/swapcontext-test-1.c -O1 execution test
FAIL: c-c++-common/asan/swapcontext-test-1.c -O2 execution test
FAIL: c-c++-common/asan/swapcontext-test-1.c -O2 -flto execution test
FAIL: c-c++-common/asan/swapcontext-test-1.c -O2 -flto -flto-partition=none execution test
FAIL: c-c++-common/asan/swapcontext-test-1.c -O3 -fomit-frame-pointer -funroll-loops -fpeel-loops -ftracer -finline-functions execution test
FAIL: c-c++-common/asan/swapcontext-test-1.c -O3 -g execution test
FAIL: c-c++-common/asan/swapcontext-test-1.c -Os execution test
FAIL: gcc.dg/visibility-22.c execution test
FAIL: gcc.dg/ipa/iinline-attr.c scan-ipa-dump inline "hooray[^\\\\n]*inline copy in test"
FAIL: gcc.dg/ipa/ipa-icf-38.c scan-ltrans-tree-dump-not optimized "Function bar"
FAIL: gcc-dg-lto-modref-3-01.exe scan-wpa-ipa-dump modref "parm 1 flags: no_direct_clobber no_direct_escape"
FAIL: gcc-dg-lto-modref-4-01.exe scan-wpa-ipa-dump modref "parm 1 flags: no_direct_clobber no_direct_escape"
FAIL: gcc.dg/lto/modref-3 c_lto_modref-3_0.o-c_lto_modref-3_1.o execute -O2 -flto-partition=max -fdump-ipa-modref -fno-ipa-sra -fno-ipa-cp -flto
FAIL: gcc.dg/lto/modref-4 c_lto_modref-4_0.o-c_lto_modref-4_1.o execute -O2 -flto-partition=max -fdump-ipa-modref -fno-ipa-sra -flto
FAIL: gcc.dg/torture/pr60092.c -O0 execution test
FAIL: gcc.dg/tree-ssa/scev-3.c scan-tree-dump-times ivopts "&a" 1
FAIL: gcc.dg/tree-ssa/scev-4.c scan-tree-dump-times ivopts "&a" 1
FAIL: gcc.dg/tree-ssa/scev-5.c scan-tree-dump-times ivopts "&a" 1
FAIL: gcc.dg/vect/bb-slp-17.c -flto -ffat-lto-objects scan-tree-dump-times slp2 "optimized: basic block" 1
FAIL: gcc.dg/vect/bb-slp-17.c scan-tree-dump-times slp2 "optimized: basic block" 1
FAIL: gcc.target/i386/pr100711-1.c scan-assembler-times pandn 2
=== gcc Summary for unix ===
# of expected passes 165494
# of unexpected failures 24
# of expected failures 1178
# of unsupported tests 3718
Running target unix/-m64
FAIL: gcc.dg/visibility-22.c execution test
FAIL: gcc.dg/ipa/iinline-attr.c scan-ipa-dump inline "hooray[^\\\\n]*inline copy in test"
FAIL: gcc.dg/ipa/ipa-icf-38.c scan-ltrans-tree-dump-not optimized "Function bar"
FAIL: gcc-dg-lto-modref-3-01.exe scan-wpa-ipa-dump modref "parm 1 flags: no_direct_clobber no_direct_escape"
FAIL: gcc-dg-lto-modref-4-01.exe scan-wpa-ipa-dump modref "parm 1 flags: no_direct_clobber no_direct_escape"
FAIL: gcc.dg/lto/modref-3 c_lto_modref-3_0.o-c_lto_modref-3_1.o execute -O2 -flto-partition=max -fdump-ipa-modref -fno-ipa-sra -fno-ipa-cp -flto
FAIL: gcc.dg/lto/modref-4 c_lto_modref-4_0.o-c_lto_modref-4_1.o execute -O2 -flto-partition=max -fdump-ipa-modref -fno-ipa-sra -flto
FAIL: gcc.dg/torture/pr60092.c -O0 execution test
XPASS: gcc.dg/tree-ssa/builtin-snprintf-6.c scan-tree-dump-times optimized "Function test_assign_aggregate" 1
=== gcc Summary for unix/-m64 ===
# of expected passes 166582
# of unexpected failures 8
# of unexpected successes 1
# of expected failures 1170
# of unsupported tests 2917
=== gcc Summary ===
# of expected passes 332076
# of unexpected failures 32
# of unexpected successes 1
# of expected failures 2348
# of unsupported tests 6635
/var/gcc/regression/master/11.3-gcc-gas/build/gcc/xgcc version 12.0.0 20211203 (experimental) [master revision 6262e3a22b3d86afc116480bc59a7bb30b0cfd40] (GCC)
=== gdc tests ===
Running target unix
UNRESOLVED: gdc.test/runnable/complex.d compilation failed to produce executable
UNRESOLVED: gdc.test/runnable/complex.d -shared-libphobos compilation failed to produce executable
UNRESOLVED: gdc.test/runnable/constfold.d compilation failed to produce executable
UNRESOLVED: gdc.test/runnable/constfold.d -shared-libphobos compilation failed to produce executable
UNRESOLVED: gdc.test/runnable/dhry.d compilation failed to produce executable
UNRESOLVED: gdc.test/runnable/dhry.d -shared-libphobos compilation failed to produce executable
UNRESOLVED: gdc.test/runnable_cxx/cppa.d compilation failed to produce executable
UNRESOLVED: gdc.test/runnable_cxx/cppa.d -g compilation failed to produce executable
UNRESOLVED: gdc.test/runnable_cxx/cppa.d -g -shared-libphobos compilation failed to produce executable
UNRESOLVED: gdc.test/runnable_cxx/cppa.d -shared-libphobos compilation failed to produce executable
UNRESOLVED: gdc.test/runnable_cxx/stdint.d compilation failed to produce executable
UNRESOLVED: gdc.test/runnable_cxx/stdint.d -shared-libphobos compilation failed to produce executable
=== gdc Summary for unix ===
# of expected passes 10667
# of unresolved testcases 12
# of unsupported tests 413
Running target unix/-m64
UNRESOLVED: gdc.test/runnable/complex.d compilation failed to produce executable
UNRESOLVED: gdc.test/runnable/complex.d -shared-libphobos compilation failed to produce executable
UNRESOLVED: gdc.test/runnable/constfold.d compilation failed to produce executable
UNRESOLVED: gdc.test/runnable/constfold.d -shared-libphobos compilation failed to produce executable
UNRESOLVED: gdc.test/runnable/dhry.d compilation failed to produce executable
UNRESOLVED: gdc.test/runnable/dhry.d -shared-libphobos compilation failed to produce executable
UNRESOLVED: gdc.test/runnable_cxx/cppa.d compilation failed to produce executable
UNRESOLVED: gdc.test/runnable_cxx/cppa.d -g compilation failed to produce executable
UNRESOLVED: gdc.test/runnable_cxx/cppa.d -g -shared-libphobos compilation failed to produce executable
UNRESOLVED: gdc.test/runnable_cxx/cppa.d -shared-libphobos compilation failed to produce executable
UNRESOLVED: gdc.test/runnable_cxx/stdint.d compilation failed to produce executable
UNRESOLVED: gdc.test/runnable_cxx/stdint.d -shared-libphobos compilation failed to produce executable
=== gdc Summary for unix/-m64 ===
# of expected passes 10666
# of unresolved testcases 12
# of unsupported tests 413
=== gdc Summary ===
# of expected passes 21333
# of unresolved testcases 24
# of unsupported tests 826
/var/gcc/regression/master/11.3-gcc-gas/build/gcc/gdc version 12.0.0 20211203 (experimental) [master revision 6262e3a22b3d86afc116480bc59a7bb30b0cfd40] (GCC)
=== gfortran tests ===
Running target unix
FAIL: gfortran.dg/vector_subscript_1.f90 -O1 execution test
FAIL: gfortran.dg/vector_subscript_1.f90 -O2 execution test
FAIL: gfortran.dg/vector_subscript_1.f90 -O3 -fomit-frame-pointer -funroll-loops -fpeel-loops -ftracer -finline-functions execution test
FAIL: gfortran.dg/vector_subscript_1.f90 -O3 -g execution test
FAIL: gfortran.dg/vector_subscript_1.f90 -Os execution test
=== gfortran Summary for unix ===
# of expected passes 64526
# of unexpected failures 5
# of expected failures 244
# of unsupported tests 225
Running target unix/-m64
FAIL: gfortran.dg/vector_subscript_1.f90 -O1 execution test
FAIL: gfortran.dg/vector_subscript_1.f90 -O2 execution test
FAIL: gfortran.dg/vector_subscript_1.f90 -O3 -fomit-frame-pointer -funroll-loops -fpeel-loops -ftracer -finline-functions execution test
FAIL: gfortran.dg/vector_subscript_1.f90 -O3 -g execution test
FAIL: gfortran.dg/vector_subscript_1.f90 -Os execution test
=== gfortran Summary for unix/-m64 ===
# of expected passes 64787
# of unexpected failures 5
# of expected failures 242
# of unsupported tests 98
=== gfortran Summary ===
# of expected passes 129313
# of unexpected failures 10
# of expected failures 486
# of unsupported tests 323
/var/gcc/regression/master/11.3-gcc-gas/build/gcc/gfortran version 12.0.0 20211203 (experimental) [master revision 6262e3a22b3d86afc116480bc59a7bb30b0cfd40] (GCC)
=== gnat tests ===
Running target unix
=== gnat Summary for unix ===
# of expected passes 3362
# of expected failures 23
# of unsupported tests 12
Running target unix/-m64
=== gnat Summary for unix/-m64 ===
# of expected passes 3363
# of expected failures 23
# of unsupported tests 10
=== gnat Summary ===
# of expected passes 6725
# of expected failures 46
# of unsupported tests 22
/var/gcc/regression/master/11.3-gcc-gas/build/gcc/gnatmake version 12.0.0 20211203 (experimental) [master revision 6262e3a22b3d86afc116480bc59a7bb30b0cfd40]
=== go tests ===
Running target unix
FAIL: ./index0-out.go execution, -O0 -g -fno-var-tracking-assignments
FAIL: go.test/test/fixedbugs/issue10441.go -O (test for excess errors)
FAIL: go.test/test/fixedbugs/issue16016.go execution, -O2 -g
FAIL: go.test/test/fixedbugs/issue27836.dir/Ãfoo.go -O -I. (test for excess errors)
FAIL: go.test/test/fixedbugs/issue27836.dir/Ãmain.go -O -I. (test for excess errors)
FAIL: issue4458.go -O (test for errors, line 19)
FAIL: issue4458.go -O (test for excess errors)
=== go Summary for unix ===
# of expected passes 8994
# of unexpected failures 7
# of untested testcases 10
# of unsupported tests 34
Running target unix/-m64
FAIL: ./index0-out.go execution, -O0 -g -fno-var-tracking-assignments
FAIL: go.test/test/fixedbugs/issue10441.go -O (test for excess errors)
FAIL: go.test/test/fixedbugs/issue11256.go execution, -O2 -g
FAIL: go.test/test/fixedbugs/issue23781.go -O (test for excess errors)
FAIL: go.test/test/fixedbugs/issue27695.go execution, -O2 -g
FAIL: go.test/test/fixedbugs/issue27836.dir/Ãfoo.go -O -I. (test for excess errors)
FAIL: go.test/test/fixedbugs/issue27836.dir/Ãmain.go -O -I. (test for excess errors)
FAIL: go.test/test/fixedbugs/issue9321.go execution, -O2 -g
FAIL: issue4458.go -O (test for errors, line 19)
FAIL: issue4458.go -O (test for excess errors)
=== go Summary for unix/-m64 ===
# of expected passes 8879
# of unexpected failures 10
# of untested testcases 10
# of unsupported tests 28
=== go Summary ===
# of expected passes 17873
# of unexpected failures 17
# of untested testcases 20
# of unsupported tests 62
=== obj-c++ tests ===
Running target unix
=== obj-c++ Summary for unix ===
# of expected passes 1510
# of expected failures 2
# of unsupported tests 79
Running target unix/-m64
=== obj-c++ Summary for unix/-m64 ===
# of expected passes 1502
# of expected failures 10
# of unsupported tests 79
=== obj-c++ Summary ===
# of expected passes 3012
# of expected failures 12
# of unsupported tests 158
/var/gcc/regression/master/11.3-gcc-gas/build/gcc/xg++ version 12.0.0 20211203 (experimental) [master revision 6262e3a22b3d86afc116480bc59a7bb30b0cfd40] (GCC)
=== objc tests ===
Running target unix
=== objc Summary for unix ===
# of expected passes 2838
# of expected failures 6
# of unsupported tests 71
Running target unix/-m64
=== objc Summary for unix/-m64 ===
# of expected passes 2838
# of expected failures 6
# of unsupported tests 71
=== objc Summary ===
# of expected passes 5676
# of expected failures 12
# of unsupported tests 142
/var/gcc/regression/master/11.3-gcc-gas/build/gcc/xgcc version 12.0.0 20211203 (experimental) [master revision 6262e3a22b3d86afc116480bc59a7bb30b0cfd40] (GCC)
=== gotools tests ===
FAIL: TestScript
FAIL: go test cmd/go
FAIL: TestMemmoveAtomicity
FAIL: TestNonblockingPipe
FAIL: go test runtime
FAIL: TestEarlySignalHandler
FAIL: TestOsSignal
FAIL: TestPIE
FAIL: TestSigaltstack
FAIL: TestSignalForwardingExternal
FAIL: go test misc/cgo/testcarchive
=== gotools Summary ===
# of expected passes 388
# of unexpected failures 11
# of untested testcases 128
/var/gcc/regression/master/11.3-gcc-gas/build/./gcc/gccgo version 12.0.0 20211203 (experimental) [master revision 6262e3a22b3d86afc116480bc59a7bb30b0cfd40] (GCC)
=== libatomic tests ===
Running target unix
=== libatomic Summary for unix ===
# of expected passes 44
# of unsupported tests 5
Running target unix/-m64
=== libatomic Summary for unix/-m64 ===
# of expected passes 54
=== libatomic Summary ===
# of expected passes 98
# of unsupported tests 5
=== libffi tests ===
Running target unix
=== libffi Summary for unix ===
# of expected passes 3764
Running target unix/-m64
=== libffi Summary for unix/-m64 ===
# of expected passes 1574
=== libffi Summary ===
# of expected passes 5338
=== libgo tests ===
Running target unix
FAIL: net
FAIL: runtime
FAIL: time
=== libgo Summary for unix ===
# of expected passes 187
# of unexpected failures 3
Running target unix/-m64
FAIL: cmd/go/internal/lockedfile/internal/filelock
FAIL: compress/zlib
FAIL: crypto/ed25519/internal/edwards25519/field
FAIL: crypto/tls
FAIL: html/template
FAIL: image/jpeg
FAIL: internal/singleflight
FAIL: io
FAIL: log/syslog
FAIL: net
FAIL: net/http
FAIL: net/http/httptest
FAIL: net/http/httputil
FAIL: net/http/pprof
FAIL: runtime
FAIL: runtime/pprof
FAIL: sync/atomic
FAIL: syscall
=== libgo Summary for unix/-m64 ===
# of expected passes 172
# of unexpected failures 18
=== libgo Summary ===
# of expected passes 359
# of unexpected failures 21
/var/gcc/regression/master/11.3-gcc-gas/build/./gcc/gccgo version 12.0.0 20211203 (experimental) [master revision 6262e3a22b3d86afc116480bc59a7bb30b0cfd40] (GCC)
=== libgomp tests ===
Running target unix
FAIL: libgomp.fortran/pointer2.f90 -O2 execution test
FAIL: libgomp.fortran/pointer2.f90 -O3 -fomit-frame-pointer -funroll-loops -fpeel-loops -ftracer -finline-functions execution test
FAIL: libgomp.fortran/pointer2.f90 -O3 -g execution test
FAIL: libgomp.oacc-c++/../libgomp.oacc-c-c++-common/host_data-7.c -DACC_DEVICE_TYPE_host=1 -DACC_MEM_SHARED=1 -foffload=disable -O2 (test for excess errors)
FAIL: libgomp.oacc-c/../libgomp.oacc-c-c++-common/host_data-7.c -DACC_DEVICE_TYPE_host=1 -DACC_MEM_SHARED=1 -foffload=disable -O2 (test for excess errors)
=== libgomp Summary for unix ===
# of expected passes 11875
# of unexpected failures 5
# of expected failures 103
# of unsupported tests 554
Running target unix/-m64
FAIL: libgomp.oacc-c++/../libgomp.oacc-c-c++-common/host_data-7.c -DACC_DEVICE_TYPE_host=1 -DACC_MEM_SHARED=1 -foffload=disable -O2 (test for excess errors)
FAIL: libgomp.oacc-c/../libgomp.oacc-c-c++-common/host_data-7.c -DACC_DEVICE_TYPE_host=1 -DACC_MEM_SHARED=1 -foffload=disable -O2 (test for excess errors)
=== libgomp Summary for unix/-m64 ===
# of expected passes 11879
# of unexpected failures 2
# of expected failures 103
# of unsupported tests 553
=== libgomp Summary ===
# of expected passes 23754
# of unexpected failures 7
# of expected failures 206
# of unsupported tests 1107
=== libitm tests ===
Running target unix
=== libitm Summary for unix ===
# of expected passes 44
# of expected failures 3
# of unsupported tests 1
Running target unix/-m64
=== libitm Summary for unix/-m64 ===
# of expected passes 44
# of expected failures 3
# of unsupported tests 1
=== libitm Summary ===
# of expected passes 88
# of expected failures 6
# of unsupported tests 2
=== libphobos tests ===
Running target unix
FAIL: libphobos.druntime/core/thread/osthread.d (test for excess errors)
FAIL: libphobos.druntime/core/time.d execution test
FAIL: libphobos.druntime_shared/core/thread/osthread.d (test for excess errors)
FAIL: libphobos.druntime_shared/core/time.d execution test
FAIL: libphobos.phobos/std/complex.d execution test
FAIL: libphobos.phobos/std/conv.d execution test
FAIL: libphobos.phobos/std/datetime/systime.d execution test
FAIL: libphobos.phobos/std/datetime/timezone.d execution test
FAIL: libphobos.phobos/std/experimental/allocator/building_blocks/region.d execution test
FAIL: libphobos.phobos/std/format/internal/floats.d execution test
FAIL: libphobos.phobos/std/format/internal/write.d execution test
FAIL: libphobos.phobos/std/format/package.d execution test
FAIL: libphobos.phobos/std/format/write.d execution test
FAIL: libphobos.phobos/std/functional.d execution test
FAIL: libphobos.phobos/std/math/exponential.d execution test
FAIL: libphobos.phobos/std/math/hardware.d execution test
FAIL: libphobos.phobos/std/numeric.d execution test
FAIL: libphobos.phobos/std/parallelism.d execution test
FAIL: libphobos.phobos/std/range/package.d execution test
FAIL: libphobos.phobos/std/socket.d execution test
FAIL: libphobos.phobos/std/typecons.d execution test
FAIL: libphobos.phobos/std/variant.d execution test
FAIL: libphobos.phobos_shared/std/complex.d execution test
FAIL: libphobos.phobos_shared/std/conv.d execution test
FAIL: libphobos.phobos_shared/std/datetime/interval.d execution test
FAIL: libphobos.phobos_shared/std/datetime/systime.d execution test
FAIL: libphobos.phobos_shared/std/datetime/timezone.d execution test
FAIL: libphobos.phobos_shared/std/experimental/allocator/building_blocks/region.d execution test
FAIL: libphobos.phobos_shared/std/format/internal/floats.d execution test
FAIL: libphobos.phobos_shared/std/format/internal/write.d execution test
FAIL: libphobos.phobos_shared/std/format/package.d execution test
FAIL: libphobos.phobos_shared/std/format/write.d execution test
FAIL: libphobos.phobos_shared/std/functional.d execution test
FAIL: libphobos.phobos_shared/std/math/exponential.d execution test
FAIL: libphobos.phobos_shared/std/math/hardware.d execution test
FAIL: libphobos.phobos_shared/std/numeric.d execution test
FAIL: libphobos.phobos_shared/std/parallelism.d execution test
FAIL: libphobos.phobos_shared/std/range/package.d execution test
FAIL: libphobos.phobos_shared/std/socket.d execution test
FAIL: libphobos.phobos_shared/std/typecons.d execution test
FAIL: libphobos.phobos_shared/std/variant.d execution test
FAIL: libphobos.shared/finalize.d -shared-libphobos -ldl execution test
FAIL: libphobos.shared/load.d -shared-libphobos -ldl execution test
FAIL: libphobos.shared/load_13414.d -shared-libphobos -ldl execution test
FAIL: libphobos.shared/load_linkdep.d -shared-libphobos -ldl execution test
=== libphobos Summary for unix ===
# of expected passes 1015
# of unexpected failures 45
Running target unix/-m64
FAIL: libphobos.druntime/core/thread/osthread.d (test for excess errors)
FAIL: libphobos.druntime/core/time.d execution test
FAIL: libphobos.druntime_shared/core/thread/osthread.d (test for excess errors)
FAIL: libphobos.druntime_shared/core/time.d execution test
WARNING: libphobos.gc/forkgc2.d execution test program timed out.
FAIL: libphobos.gc/forkgc2.d execution test
WARNING: libphobos.gc/startbackgc.d execution test program timed out.
FAIL: libphobos.gc/startbackgc.d execution test
FAIL: libphobos.phobos/std/complex.d execution test
FAIL: libphobos.phobos/std/conv.d execution test
FAIL: libphobos.phobos/std/datetime/date.d execution test
FAIL: libphobos.phobos/std/datetime/interval.d execution test
FAIL: libphobos.phobos/std/datetime/systime.d execution test
FAIL: libphobos.phobos/std/datetime/timezone.d execution test
FAIL: libphobos.phobos/std/experimental/allocator/building_blocks/region.d execution test
FAIL: libphobos.phobos/std/file.d execution test
FAIL: libphobos.phobos/std/format/internal/floats.d execution test
FAIL: libphobos.phobos/std/format/internal/write.d execution test
FAIL: libphobos.phobos/std/format/package.d execution test
FAIL: libphobos.phobos/std/format/write.d execution test
FAIL: libphobos.phobos/std/functional.d execution test
FAIL: libphobos.phobos/std/math/exponential.d execution test
FAIL: libphobos.phobos/std/math/hardware.d execution test
FAIL: libphobos.phobos/std/numeric.d execution test
FAIL: libphobos.phobos/std/parallelism.d execution test
FAIL: libphobos.phobos/std/range/package.d execution test
FAIL: libphobos.phobos/std/socket.d execution test
FAIL: libphobos.phobos/std/typecons.d execution test
FAIL: libphobos.phobos/std/variant.d execution test
FAIL: libphobos.phobos_shared/std/complex.d execution test
FAIL: libphobos.phobos_shared/std/conv.d execution test
FAIL: libphobos.phobos_shared/std/datetime/date.d execution test
FAIL: libphobos.phobos_shared/std/datetime/interval.d execution test
FAIL: libphobos.phobos_shared/std/datetime/systime.d execution test
FAIL: libphobos.phobos_shared/std/datetime/timezone.d execution test
FAIL: libphobos.phobos_shared/std/experimental/allocator/building_blocks/region.d execution test
FAIL: libphobos.phobos_shared/std/file.d execution test
FAIL: libphobos.phobos_shared/std/format/internal/floats.d execution test
FAIL: libphobos.phobos_shared/std/format/internal/write.d execution test
FAIL: libphobos.phobos_shared/std/format/package.d execution test
FAIL: libphobos.phobos_shared/std/format/write.d execution test
FAIL: libphobos.phobos_shared/std/functional.d execution test
FAIL: libphobos.phobos_shared/std/math/exponential.d execution test
FAIL: libphobos.phobos_shared/std/math/hardware.d execution test
FAIL: libphobos.phobos_shared/std/numeric.d execution test
FAIL: libphobos.phobos_shared/std/parallelism.d execution test
FAIL: libphobos.phobos_shared/std/range/package.d execution test
FAIL: libphobos.phobos_shared/std/socket.d execution test
FAIL: libphobos.phobos_shared/std/typecons.d execution test
FAIL: libphobos.phobos_shared/std/variant.d execution test
FAIL: libphobos.shared/finalize.d -shared-libphobos -ldl execution test
FAIL: libphobos.shared/load.d -shared-libphobos -ldl execution test
FAIL: libphobos.shared/load_13414.d -shared-libphobos -ldl execution test
FAIL: libphobos.shared/load_linkdep.d -shared-libphobos -ldl execution test
=== libphobos Summary for unix/-m64 ===
# of expected passes 1008
# of unexpected failures 52
=== libphobos Summary ===
# of expected passes 2023
# of unexpected failures 97
=== libstdc++ tests ===
Running target unix
WARNING: 29_atomics/atomic/wait_notify/bool.cc execution test program timed out.
FAIL: 29_atomics/atomic/wait_notify/bool.cc execution test
FAIL: 29_atomics/atomic_flag/cons/56012.cc (test for excess errors)
WARNING: 29_atomics/atomic_integral/wait_notify.cc execution test program timed out.
FAIL: 29_atomics/atomic_integral/wait_notify.cc execution test
WARNING: 30_threads/barrier/completion.cc execution test program timed out.
FAIL: 30_threads/barrier/completion.cc execution test
=== libstdc++ Summary for unix ===
# of expected passes 14951
# of unexpected failures 4
# of expected failures 96
# of unsupported tests 739
Running target unix/-m64
WARNING: 29_atomics/atomic/wait_notify/bool.cc execution test program timed out.
FAIL: 29_atomics/atomic/wait_notify/bool.cc execution test
WARNING: 29_atomics/atomic_integral/wait_notify.cc execution test program timed out.
FAIL: 29_atomics/atomic_integral/wait_notify.cc execution test
WARNING: 29_atomics/atomic_ref/wait_notify.cc execution test program timed out.
FAIL: 29_atomics/atomic_ref/wait_notify.cc execution test
=== libstdc++ Summary for unix/-m64 ===
# of expected passes 14940
# of unexpected failures 3
# of expected failures 96
# of unsupported tests 745
=== libstdc++ Summary ===
# of expected passes 29891
# of unexpected failures 7
# of expected failures 192
# of unsupported tests 1484
Compiler version: 12.0.0 20211203 (experimental) [master revision 6262e3a22b3d86afc116480bc59a7bb30b0cfd40] (GCC)
Platform: i386-pc-solaris2.11
configure flags: --prefix=/vol/gcc --target=i386-pc-solaris2.11 --enable-objc-gc --with-target-bdw-gc-include=/vol/gcc/include --with-target-bdw-gc-lib=/vol/gcc/lib,amd64=/vol/gcc/lib/amd64 --with-as=/vol/gcc/bin/gas-2.37 --with-gnu-as --with-gmp-include=/vol/gcc/include --with-gmp-lib=/vol/gcc/lib --with-mpfr-include=/vol/gcc/include --with-mpfr-lib=/vol/gcc/lib --with-mpc-include=/vol/gcc/include --with-mpc-lib=/vol/gcc/lib --enable-languages=all,ada,obj-c++,go --with-isl-include=/vol/gcc/include --with-isl-lib=/vol/gcc/lib --with-zstd-include=/vol/gcc/include --with-zstd-lib=/vol/gcc/lib --build=i386-pc-solaris2.11 --host=i386-pc-solaris2.11
BOOT_CFLAGS=-g -O2
More information about the Gcc-testresults
mailing list