Results for 11.2.1 (DEFMODE=default DEFCPU=default DEFFPU=default TESTFLAGS=-mthumb/-mcpu=cortex-m4/-mfloat-abi=hard) [r11-8938] (GCC) testsuite on arm-none-eabi
Christophe LYON
christophe.lyon@foss.st.com
Mon Aug 30 03:20:10 GMT 2021
LAST_UPDATED: Mon Aug 30 00:20:59 UTC 2021 (revision r11-8938-g5f5f8f39afc8b5219d9513180a3fa66f9b72ed75) TARGET=arm-none-eabi CPU=default FPU=default MODE=default
Target is arm-none-eabi
Host is arm-none-eabi
=== libstdc++ tests ===
Running target myarm-sim/-mthumb/-mcpu=cortex-m4/-mfloat-abi=hard
FAIL: 27_io/basic_filebuf/underflow/wchar_t/11603.cc execution test
FAIL: 27_io/basic_fstream/53984.cc execution test
FAIL: abi/header_cxxabi.c (test for excess errors)
FAIL: experimental/net/headers.cc (test for excess errors)
FAIL: experimental/net/socket/basic_socket.cc (test for excess errors)
FAIL: experimental/net/socket/socket_base.cc (test for excess errors)
UNRESOLVED: experimental/net/socket/socket_base.cc compilation failed to produce executable
XPASS: ext/stdio_filebuf/char/10063-2.cc execution test
XPASS: ext/stdio_filebuf/char/10063-3.cc execution test
=== libstdc++ Summary ===
# of expected passes 12780
# of unexpected failures 6
# of unexpected successes 2
# of expected failures 110
# of unresolved testcases 1
# of unsupported tests 914
Host is x86_64-pc-linux-gnu
=== gcc tests ===
Running target myarm-sim/-mthumb/-mcpu=cortex-m4/-mfloat-abi=hard
XPASS: gcc.dg/Wstringop-overflow-43.c pr????? (test for warnings, line 172)
FAIL: gcc.dg/c2x-float-7.c execution test
FAIL: gcc.dg/pr41574.c (test for excess errors)
FAIL: gcc.dg/pr59418.c (test for excess errors)
FAIL: gcc.dg/fixed-point/composite-type.c (test for excess errors)
FAIL: gcc.dg/torture/float32x-nan-floath.c -O0 execution test
FAIL: gcc.dg/torture/float32x-nan-floath.c -O1 execution test
FAIL: gcc.dg/torture/float32x-nan-floath.c -O2 execution test
FAIL: gcc.dg/torture/float32x-nan-floath.c -O2 -flto -fno-use-linker-plugin -flto-partition=none execution test
FAIL: gcc.dg/torture/float32x-nan-floath.c -O2 -flto -fuse-linker-plugin -fno-fat-lto-objects execution test
FAIL: gcc.dg/torture/float32x-nan-floath.c -O3 -g execution test
FAIL: gcc.dg/torture/float32x-nan-floath.c -Os execution test
FAIL: gcc.dg/torture/float32x-nan.c -O0 execution test
FAIL: gcc.dg/torture/float32x-nan.c -O1 execution test
FAIL: gcc.dg/torture/float32x-nan.c -O2 execution test
FAIL: gcc.dg/torture/float32x-nan.c -O2 -flto -fno-use-linker-plugin -flto-partition=none execution test
FAIL: gcc.dg/torture/float32x-nan.c -O2 -flto -fuse-linker-plugin -fno-fat-lto-objects execution test
FAIL: gcc.dg/torture/float32x-nan.c -O3 -g execution test
FAIL: gcc.dg/torture/float32x-nan.c -Os execution test
FAIL: gcc.dg/torture/float64-nan-floath.c -O0 execution test
FAIL: gcc.dg/torture/float64-nan-floath.c -O1 execution test
FAIL: gcc.dg/torture/float64-nan-floath.c -O2 execution test
FAIL: gcc.dg/torture/float64-nan-floath.c -O2 -flto -fno-use-linker-plugin -flto-partition=none execution test
FAIL: gcc.dg/torture/float64-nan-floath.c -O2 -flto -fuse-linker-plugin -fno-fat-lto-objects execution test
FAIL: gcc.dg/torture/float64-nan-floath.c -O3 -g execution test
FAIL: gcc.dg/torture/float64-nan-floath.c -Os execution test
FAIL: gcc.dg/torture/float64-nan.c -O0 execution test
FAIL: gcc.dg/torture/float64-nan.c -O1 execution test
FAIL: gcc.dg/torture/float64-nan.c -O2 execution test
FAIL: gcc.dg/torture/float64-nan.c -O2 -flto -fno-use-linker-plugin -flto-partition=none execution test
FAIL: gcc.dg/torture/float64-nan.c -O2 -flto -fuse-linker-plugin -fno-fat-lto-objects execution test
FAIL: gcc.dg/torture/float64-nan.c -O3 -g execution test
FAIL: gcc.dg/torture/float64-nan.c -Os execution test
FAIL: gcc.dg/torture/inf-compare-1.c -O0 execution test
FAIL: gcc.dg/torture/inf-compare-1.c -O1 execution test
FAIL: gcc.dg/torture/inf-compare-1.c -O2 execution test
FAIL: gcc.dg/torture/inf-compare-1.c -O2 -flto -fno-use-linker-plugin -flto-partition=none execution test
FAIL: gcc.dg/torture/inf-compare-1.c -O2 -flto -fuse-linker-plugin -fno-fat-lto-objects execution test
FAIL: gcc.dg/torture/inf-compare-1.c -O3 -g execution test
FAIL: gcc.dg/torture/inf-compare-1.c -Os execution test
FAIL: gcc.dg/torture/inf-compare-2.c -O0 execution test
FAIL: gcc.dg/torture/inf-compare-2.c -O1 execution test
FAIL: gcc.dg/torture/inf-compare-2.c -O2 execution test
FAIL: gcc.dg/torture/inf-compare-2.c -O2 -flto -fno-use-linker-plugin -flto-partition=none execution test
FAIL: gcc.dg/torture/inf-compare-2.c -O2 -flto -fuse-linker-plugin -fno-fat-lto-objects execution test
FAIL: gcc.dg/torture/inf-compare-2.c -O3 -g execution test
FAIL: gcc.dg/torture/inf-compare-2.c -Os execution test
FAIL: gcc.dg/torture/inf-compare-3.c -O0 execution test
FAIL: gcc.dg/torture/inf-compare-3.c -O1 execution test
FAIL: gcc.dg/torture/inf-compare-3.c -O2 execution test
FAIL: gcc.dg/torture/inf-compare-3.c -O2 -flto -fno-use-linker-plugin -flto-partition=none execution test
FAIL: gcc.dg/torture/inf-compare-3.c -O2 -flto -fuse-linker-plugin -fno-fat-lto-objects execution test
FAIL: gcc.dg/torture/inf-compare-3.c -O3 -g execution test
FAIL: gcc.dg/torture/inf-compare-3.c -Os execution test
FAIL: gcc.dg/torture/inf-compare-4.c -O0 execution test
FAIL: gcc.dg/torture/inf-compare-4.c -O1 execution test
FAIL: gcc.dg/torture/inf-compare-4.c -O2 execution test
FAIL: gcc.dg/torture/inf-compare-4.c -O2 -flto -fno-use-linker-plugin -flto-partition=none execution test
FAIL: gcc.dg/torture/inf-compare-4.c -O2 -flto -fuse-linker-plugin -fno-fat-lto-objects execution test
FAIL: gcc.dg/torture/inf-compare-4.c -O3 -g execution test
FAIL: gcc.dg/torture/inf-compare-4.c -Os execution test
FAIL: gcc.dg/torture/pr52451.c -O0 execution test
FAIL: gcc.dg/torture/pr52451.c -O1 execution test
FAIL: gcc.dg/torture/pr52451.c -O2 execution test
FAIL: gcc.dg/torture/pr52451.c -O2 -flto -fno-use-linker-plugin -flto-partition=none execution test
FAIL: gcc.dg/torture/pr52451.c -O2 -flto -fuse-linker-plugin -fno-fat-lto-objects execution test
FAIL: gcc.dg/torture/pr52451.c -O3 -g execution test
FAIL: gcc.dg/torture/pr52451.c -Os execution test
FAIL: gcc.dg/torture/stackalign/builtin-apply-4.c -O2 -flto -fuse-linker-plugin -fno-fat-lto-objects execution test
FAIL: gcc.dg/torture/stackalign/builtin-apply-4.c -O2 -flto -fuse-linker-plugin -fno-fat-lto-objects -fpic execution test
FAIL: gcc.dg/tree-ssa/gen-vect-26.c scan-tree-dump-times vect "Alignment of access forced using peeling" 1
FAIL: gcc.dg/tree-ssa/gen-vect-26.c scan-tree-dump-times vect "Vectorizing an unaligned access" 0
FAIL: gcc.dg/tree-ssa/gen-vect-28.c scan-tree-dump-times vect "Alignment of access forced using peeling" 1
FAIL: gcc.dg/tree-ssa/gen-vect-28.c scan-tree-dump-times vect "Vectorizing an unaligned access" 0
FAIL: gcc.dg/tree-ssa/scev-3.c scan-tree-dump-times ivopts "&a" 1
FAIL: gcc.dg/tree-ssa/scev-5.c scan-tree-dump-times ivopts "&a" 1
FAIL: outputs-22 exe savetmp namedb-2: outputs.ld1_args
FAIL: outputs-23 exe savetmp named2-2: outputs.ld1_args
FAIL: outputs-24 exe savetmp named2-3: outputs.ld1_args
FAIL: outputs-25 exe savetmp named2-4: outputs.ld1_args
FAIL: outputs-294 lto sing unnamed-3: a.ld1_args
FAIL: outputs-294 lto sing unnamed-3: a.ld_args
FAIL: gcc.target/arm/aapcs/vfp18.c execution test
FAIL: gcc.target/arm/aapcs/vfp19.c execution test
FAIL: gcc.target/arm/aapcs/vfp22.c execution test
FAIL: gcc.target/arm/aapcs/vfp23.c execution test
FAIL: gcc.target/arm/acle/crc_hf_1.c -O0 (test for excess errors)
FAIL: gcc.target/arm/acle/crc_hf_1.c -O1 (test for excess errors)
FAIL: gcc.target/arm/acle/crc_hf_1.c -O2 (test for excess errors)
FAIL: gcc.target/arm/acle/crc_hf_1.c -O3 -g (test for excess errors)
FAIL: gcc.target/arm/acle/crc_hf_1.c -Os (test for excess errors)
FAIL: gcc.target/arm/acle/crc_hf_1.c -O2 -flto -fno-use-linker-plugin -flto-partition=none -ffat-lto-objects (test for excess errors)
FAIL: gcc.target/arm/acle/crc_hf_1.c -O2 -flto -fuse-linker-plugin -fno-fat-lto-objects -ffat-lto-objects (test for excess errors)
UNRESOLVED: gcc.target/arm/attr-crypto.c scan-assembler sha256su0.32\\tq[0-9]+, q[0-9]+
FAIL: gcc.target/arm/its.c scan-assembler-not \\\\sit[te]{2}
UNRESOLVED: gcc.target/arm/lp1243022.c scan-rtl-dump subreg2 "REG_INC"
FAIL: gcc.target/arm/pr43920-2.c scan-assembler-times pop 2
FAIL: gcc.target/arm/pr45701-2.c scan-assembler push\\t{r3
FAIL: gcc.target/arm/pr45701-3.c scan-assembler push\\t.*r8
FAIL: gcc.target/arm/pr65067.c (test for excess errors)
UNRESOLVED: gcc.target/arm/pr65067.c scan-assembler bfi
UNRESOLVED: gcc.target/arm/pr81863.c scan-assembler-not [\\\\t ]+movw
FAIL: gcc.target/arm/reg_equal_test.c scan-rtl-dump expand "expr_list:REG_EQUAL \\\\(const_int -942519458"
UNRESOLVED: gcc.target/arm/unsigned-float.c scan-assembler-not vcvt.(f32.f64|f64.f32)
=== gcc Summary ===
# of expected passes 117166
# of unexpected failures 98
# of unexpected successes 1
# of expected failures 600
# of unresolved testcases 5
# of unsupported tests 6072
/tmp/5638878_34.tmpdir/aci-gcc-fsf/builds/gcc-fsf-gccsrc/obj-arm-none-eabi/gcc3/gcc/xgcc version 11.2.1 (DEFMODE=default DEFCPU=default DEFFPU=default TESTFLAGS=-mthumb/-mcpu=cortex-m4/-mfloat-abi=hard) [r11-8938] (GCC)
Host is x86_64-pc-linux-gnu
=== g++ tests ===
Running target myarm-sim/-mthumb/-mcpu=cortex-m4/-mfloat-abi=hard
FAIL: g++.dg/cpp2a/constexpr-dtor3.C -std=c++2a (test for warnings, line 154)
FAIL: g++.dg/eh/arm-vfp-unwind.C -std=c++14 (test for excess errors)
UNRESOLVED: g++.dg/eh/arm-vfp-unwind.C -std=c++14 compilation failed to produce executable
FAIL: g++.dg/eh/arm-vfp-unwind.C -std=c++17 (test for excess errors)
UNRESOLVED: g++.dg/eh/arm-vfp-unwind.C -std=c++17 compilation failed to produce executable
FAIL: g++.dg/eh/arm-vfp-unwind.C -std=c++2a (test for excess errors)
UNRESOLVED: g++.dg/eh/arm-vfp-unwind.C -std=c++2a compilation failed to produce executable
FAIL: g++.dg/eh/arm-vfp-unwind.C -std=c++98 (test for excess errors)
UNRESOLVED: g++.dg/eh/arm-vfp-unwind.C -std=c++98 compilation failed to produce executable
FAIL: g++.dg/ipa/devirt-28a.C -std=gnu++14 (test for excess errors)
FAIL: g++.dg/ipa/devirt-28a.C -std=gnu++17 (test for excess errors)
FAIL: g++.dg/ipa/devirt-28a.C -std=gnu++2a (test for excess errors)
FAIL: g++.dg/ipa/devirt-28a.C -std=gnu++98 (test for excess errors)
FAIL: g++.dg/opt/pr69175.C -std=gnu++14 (test for excess errors)
FAIL: g++.dg/opt/pr69175.C -std=gnu++17 (test for excess errors)
FAIL: g++.dg/opt/pr69175.C -std=gnu++2a (test for excess errors)
FAIL: g++.dg/opt/pr69175.C -std=gnu++98 (test for excess errors)
FAIL: g++.dg/opt/pr97315-1.C -std=gnu++14 (test for excess errors)
FAIL: g++.dg/opt/pr97315-1.C -std=gnu++17 (test for excess errors)
FAIL: g++.dg/opt/pr97315-1.C -std=gnu++2a (test for excess errors)
FAIL: g++.dg/opt/pr97315-1.C -std=gnu++98 (test for excess errors)
FAIL: g++.dg/other/pr56184.C -std=gnu++14 (test for excess errors)
FAIL: g++.dg/other/pr56184.C -std=gnu++17 (test for excess errors)
FAIL: g++.dg/other/pr56184.C -std=gnu++2a (test for excess errors)
FAIL: g++.dg/other/pr56184.C -std=gnu++98 (test for excess errors)
FAIL: g++.dg/other/pr59985.C -std=gnu++14 (test for excess errors)
FAIL: g++.dg/other/pr59985.C -std=gnu++17 (test for excess errors)
FAIL: g++.dg/other/pr59985.C -std=gnu++2a (test for excess errors)
FAIL: g++.dg/other/pr59985.C -std=gnu++98 (test for excess errors)
XPASS: g++.dg/warn/Warray-bounds-20.C -std=gnu++14 assign (test for warnings, line 30)
XPASS: g++.dg/warn/Warray-bounds-20.C -std=gnu++17 assign (test for warnings, line 30)
XPASS: g++.dg/warn/Warray-bounds-20.C -std=gnu++2a assign (test for warnings, line 30)
XPASS: g++.dg/warn/Warray-bounds-20.C -std=gnu++98 assign (test for warnings, line 30)
FAIL: g++.dg/warn/Wstringop-overflow-6.C -std=gnu++14 (test for excess errors)
FAIL: g++.dg/warn/Wstringop-overflow-6.C -std=gnu++17 (test for excess errors)
FAIL: g++.dg/warn/Wstringop-overflow-6.C -std=gnu++2a (test for excess errors)
XPASS: g++.dg/warn/pr33738.C -std=gnu++14 (test for warnings, line 18)
XPASS: g++.dg/warn/pr33738.C -std=gnu++14 (test for warnings, line 22)
XPASS: g++.dg/warn/pr33738.C -std=gnu++17 (test for warnings, line 18)
XPASS: g++.dg/warn/pr33738.C -std=gnu++17 (test for warnings, line 22)
XPASS: g++.dg/warn/pr33738.C -std=gnu++2a (test for warnings, line 18)
XPASS: g++.dg/warn/pr33738.C -std=gnu++2a (test for warnings, line 22)
XPASS: g++.dg/warn/pr33738.C -std=gnu++98 (test for warnings, line 18)
XPASS: g++.dg/warn/pr33738.C -std=gnu++98 (test for warnings, line 22)
FAIL: g++.dg/lto/pr65276 cp_lto_pr65276_0.o-cp_lto_pr65276_1.o link, -flto -O0 -std=c++11
FAIL: g++.dg/modules/bad-mapper-3.C -std=c++17 (test for errors, line )
FAIL: g++.dg/modules/bad-mapper-3.C -std=c++17 (test for excess errors)
FAIL: g++.dg/modules/bad-mapper-3.C -std=c++2a (test for errors, line )
FAIL: g++.dg/modules/bad-mapper-3.C -std=c++2a (test for excess errors)
FAIL: g++.dg/modules/bad-mapper-3.C -std=c++2b (test for errors, line )
FAIL: g++.dg/modules/bad-mapper-3.C -std=c++2b (test for excess errors)
FAIL: g++.dg/modules/omp-1_a.C -std=c++17 (test for excess errors)
FAIL: g++.dg/modules/omp-1_a.C -std=c++2a (test for excess errors)
FAIL: g++.dg/modules/omp-1_a.C -std=c++2b (test for excess errors)
FAIL: g++.dg/modules/omp-1_a.C module-cmi foo (gcm.cache/foo.gcm)
FAIL: g++.dg/modules/omp-1_a.C module-cmi foo (gcm.cache/foo.gcm)
FAIL: g++.dg/modules/omp-1_a.C module-cmi foo (gcm.cache/foo.gcm)
FAIL: g++.dg/modules/omp-1_b.C -std=c++17 (test for excess errors)
FAIL: g++.dg/modules/omp-1_b.C -std=c++2a (test for excess errors)
FAIL: g++.dg/modules/omp-1_b.C -std=c++2b (test for excess errors)
FAIL: g++.dg/modules/omp-1_c.C -std=c++17 dg-regexp 5 not found: "In module imported at [^\\n]*omp-1_c.C:3:1:\\nfoo: error: module contains OpenMP, use '-fopenmp' to enable\\n"
FAIL: g++.dg/modules/omp-1_c.C -std=c++2a dg-regexp 5 not found: "In module imported at [^\\n]*omp-1_c.C:3:1:\\nfoo: error: module contains OpenMP, use '-fopenmp' to enable\\n"
FAIL: g++.dg/modules/omp-1_c.C -std=c++2b dg-regexp 5 not found: "In module imported at [^\\n]*omp-1_c.C:3:1:\\nfoo: error: module contains OpenMP, use '-fopenmp' to enable\\n"
FAIL: g++.dg/modules/omp-2_a.C -std=c++17 (test for excess errors)
FAIL: g++.dg/modules/omp-2_a.C -std=c++2a (test for excess errors)
FAIL: g++.dg/modules/omp-2_a.C -std=c++2b (test for excess errors)
FAIL: g++.dg/modules/omp-2_a.C module-cmi foo (gcm.cache/foo.gcm)
FAIL: g++.dg/modules/omp-2_a.C module-cmi foo (gcm.cache/foo.gcm)
FAIL: g++.dg/modules/omp-2_a.C module-cmi foo (gcm.cache/foo.gcm)
FAIL: g++.dg/modules/omp-2_b.C -std=c++17 (test for excess errors)
FAIL: g++.dg/modules/omp-2_b.C -std=c++2a (test for excess errors)
FAIL: g++.dg/modules/omp-2_b.C -std=c++2b (test for excess errors)
FAIL: g++.dg/modules/virt-2_a.C -std=c++17 scan-assembler _ZTI7Visitor:
FAIL: g++.dg/modules/virt-2_a.C -std=c++17 scan-assembler _ZTS7Visitor:
FAIL: g++.dg/modules/virt-2_a.C -std=c++17 scan-assembler _ZTV7Visitor:
FAIL: g++.dg/modules/virt-2_a.C -std=c++2a scan-assembler _ZTI7Visitor:
FAIL: g++.dg/modules/virt-2_a.C -std=c++2a scan-assembler _ZTS7Visitor:
FAIL: g++.dg/modules/virt-2_a.C -std=c++2a scan-assembler _ZTV7Visitor:
FAIL: g++.dg/modules/virt-2_a.C -std=c++2b scan-assembler _ZTI7Visitor:
FAIL: g++.dg/modules/virt-2_a.C -std=c++2b scan-assembler _ZTS7Visitor:
FAIL: g++.dg/modules/virt-2_a.C -std=c++2b scan-assembler _ZTV7Visitor:
=== g++ Summary ===
# of expected passes 172979
# of unexpected failures 65
# of unexpected successes 12
# of expected failures 731
# of unresolved testcases 4
# of unsupported tests 12080
/tmp/5638878_34.tmpdir/aci-gcc-fsf/builds/gcc-fsf-gccsrc/obj-arm-none-eabi/gcc3/gcc/xg++ version 11.2.1 (DEFMODE=default DEFCPU=default DEFFPU=default TESTFLAGS=-mthumb/-mcpu=cortex-m4/-mfloat-abi=hard) [r11-8938] (GCC)
Compiler version: 11.2.1 (DEFMODE=default DEFCPU=default DEFFPU=default TESTFLAGS=-mthumb/-mcpu=cortex-m4/-mfloat-abi=hard) [r11-8938] (GCC)
Platform: arm-none-eabi
configure flags: --target=arm-none-eabi --prefix=/tmp/5638878_34.tmpdir/aci-gcc-fsf/builds/gcc-fsf-gccsrc/tools --with-sysroot=/tmp/5638878_34.tmpdir/aci-gcc-fsf/builds/gcc-fsf-gccsrc/sysroot-arm-none-eabi --disable-nls --disable-libgomp --disable-libmudflap --disable-libcilkrts --enable-checking --enable-languages=c,c++ --with-newlib --disable-tls --enable-multilib --with-multilib-list=rmprofile
More information about the Gcc-testresults
mailing list