Results for 12.0.0 20210827 (experimental) [master revision 41439e1f6d2da1e86538c726f0603cffd5dd098e] (GCC) testsuite on i386-pc-solaris2.11

Rainer Orth ro@CeBiTec.Uni-Bielefeld.DE
Fri Aug 27 19:14:49 GMT 2021


LAST_UPDATED: Fri Aug 27 09:00:38 UTC 2021 (revision 41439e1f6d2da1e86538c726f0603cffd5dd098e)

		=== acats tests ===

		=== acats Summary ===
# of expected passes		2328
# of unexpected failures	0
Native configuration is i386-pc-solaris2.11

		=== g++ tests ===


Running target unix
FAIL: c-c++-common/asan/swapcontext-test-1.c   -O0  execution test
FAIL: c-c++-common/asan/swapcontext-test-1.c   -O1  execution test
FAIL: c-c++-common/asan/swapcontext-test-1.c   -O2  execution test
FAIL: c-c++-common/asan/swapcontext-test-1.c   -O2 -flto  execution test
FAIL: c-c++-common/asan/swapcontext-test-1.c   -O2 -flto -flto-partition=none  execution test
FAIL: c-c++-common/asan/swapcontext-test-1.c   -O3 -fomit-frame-pointer -funroll-loops -fpeel-loops -ftracer -finline-functions  execution test
FAIL: c-c++-common/asan/swapcontext-test-1.c   -O3 -g  execution test
FAIL: c-c++-common/asan/swapcontext-test-1.c   -Os  execution test
FAIL: g++.dg/asan/default-options-1.C   -O0  execution test
FAIL: g++.dg/asan/default-options-1.C   -O1  execution test
FAIL: g++.dg/asan/default-options-1.C   -O2  execution test
FAIL: g++.dg/asan/default-options-1.C   -O2 -flto  execution test
FAIL: g++.dg/asan/default-options-1.C   -O2 -flto -flto-partition=none  execution test
FAIL: g++.dg/asan/default-options-1.C   -O3 -g  execution test
FAIL: g++.dg/asan/default-options-1.C   -Os  execution test
FAIL: g++.dg/gcov/gcov-17.C test-gcov-17.py::test_basic
FAIL: g++.dg/gcov/gcov-17.C test-gcov-17.py::test_line
FAIL: g++.dg/gcov/pr16855-priority.C  -std=gnu++14  gcov: 1 failures in line counts, 0 in branch percentages, 0 in return percentages, 0 in intermediate format
FAIL: g++.dg/gcov/pr16855-priority.C  -std=gnu++14  line 22: is #####:should be 1
FAIL: g++.dg/gcov/pr16855-priority.C  -std=gnu++17  gcov: 1 failures in line counts, 0 in branch percentages, 0 in return percentages, 0 in intermediate format
FAIL: g++.dg/gcov/pr16855-priority.C  -std=gnu++17  line 22: is #####:should be 1
FAIL: g++.dg/gcov/pr16855-priority.C  -std=gnu++2a  gcov: 1 failures in line counts, 0 in branch percentages, 0 in return percentages, 0 in intermediate format
FAIL: g++.dg/gcov/pr16855-priority.C  -std=gnu++2a  line 22: is #####:should be 1
FAIL: g++.dg/gcov/pr16855-priority.C  -std=gnu++98  gcov: 1 failures in line counts, 0 in branch percentages, 0 in return percentages, 0 in intermediate format
FAIL: g++.dg/gcov/pr16855-priority.C  -std=gnu++98  line 22: is #####:should be 1
FAIL: g++.dg/gcov/pr16855.C  -std=gnu++14  gcov: 1 failures in line counts, 0 in branch percentages, 0 in return percentages, 0 in intermediate format
FAIL: g++.dg/gcov/pr16855.C  -std=gnu++14  line 24: is #####:should be 1
FAIL: g++.dg/gcov/pr16855.C  -std=gnu++17  gcov: 1 failures in line counts, 0 in branch percentages, 0 in return percentages, 0 in intermediate format
FAIL: g++.dg/gcov/pr16855.C  -std=gnu++17  line 24: is #####:should be 1
FAIL: g++.dg/gcov/pr16855.C  -std=gnu++2a  gcov: 1 failures in line counts, 0 in branch percentages, 0 in return percentages, 0 in intermediate format
FAIL: g++.dg/gcov/pr16855.C  -std=gnu++2a  line 24: is #####:should be 1
FAIL: g++.dg/gcov/pr16855.C  -std=gnu++98  gcov: 1 failures in line counts, 0 in branch percentages, 0 in return percentages, 0 in intermediate format
FAIL: g++.dg/gcov/pr16855.C  -std=gnu++98  line 24: is #####:should be 1
FAIL: g++.dg/gcov/pr98273.C test-pr98273.py::test_basic
FAIL: g++.dg/gcov/pr98273.C test-pr98273.py::test_line
FAIL: g++.dg/modules/stdio-1_a.H -std=c++17  scan-lang-dump module "Depset:0 decl entity:[0-9]* function_decl:'::printf'"
FAIL: g++.dg/modules/stdio-1_a.H -std=c++2a  scan-lang-dump module "Depset:0 decl entity:[0-9]* function_decl:'::printf'"
FAIL: g++.dg/modules/stdio-1_a.H -std=c++2b  scan-lang-dump module "Depset:0 decl entity:[0-9]* function_decl:'::printf'"
FAIL: g++.dg/torture/pr80334.C   -O0  execution test
FAIL: g++.dg/torture/pr80334.C   -O1  execution test
FAIL: g++.dg/torture/pr80334.C   -O2  execution test
FAIL: g++.dg/torture/pr80334.C   -O2 -flto  execution test
FAIL: g++.dg/torture/pr80334.C   -O2 -flto -flto-partition=none  execution test
FAIL: g++.dg/torture/pr80334.C   -O3 -fomit-frame-pointer -funroll-loops -fpeel-loops -ftracer -finline-functions  execution test
FAIL: g++.dg/torture/pr80334.C   -O3 -g  execution test
FAIL: g++.dg/torture/pr80334.C   -Os  execution test

		=== g++ Summary for unix ===

# of expected passes		211316
# of unexpected failures	46
# of expected failures		1318
# of unsupported tests		9577

Running target unix/-m64
FAIL: g++.dg/gcov/gcov-17.C test-gcov-17.py::test_basic
FAIL: g++.dg/gcov/gcov-17.C test-gcov-17.py::test_line
FAIL: g++.dg/gcov/pr16855-priority.C  -std=gnu++14  gcov: 1 failures in line counts, 0 in branch percentages, 0 in return percentages, 0 in intermediate format
FAIL: g++.dg/gcov/pr16855-priority.C  -std=gnu++14  line 22: is #####:should be 1
FAIL: g++.dg/gcov/pr16855-priority.C  -std=gnu++17  gcov: 1 failures in line counts, 0 in branch percentages, 0 in return percentages, 0 in intermediate format
FAIL: g++.dg/gcov/pr16855-priority.C  -std=gnu++17  line 22: is #####:should be 1
FAIL: g++.dg/gcov/pr16855-priority.C  -std=gnu++2a  gcov: 1 failures in line counts, 0 in branch percentages, 0 in return percentages, 0 in intermediate format
FAIL: g++.dg/gcov/pr16855-priority.C  -std=gnu++2a  line 22: is #####:should be 1
FAIL: g++.dg/gcov/pr16855-priority.C  -std=gnu++98  gcov: 1 failures in line counts, 0 in branch percentages, 0 in return percentages, 0 in intermediate format
FAIL: g++.dg/gcov/pr16855-priority.C  -std=gnu++98  line 22: is #####:should be 1
FAIL: g++.dg/gcov/pr16855.C  -std=gnu++14  gcov: 1 failures in line counts, 0 in branch percentages, 0 in return percentages, 0 in intermediate format
FAIL: g++.dg/gcov/pr16855.C  -std=gnu++14  line 24: is #####:should be 1
FAIL: g++.dg/gcov/pr16855.C  -std=gnu++17  gcov: 1 failures in line counts, 0 in branch percentages, 0 in return percentages, 0 in intermediate format
FAIL: g++.dg/gcov/pr16855.C  -std=gnu++17  line 24: is #####:should be 1
FAIL: g++.dg/gcov/pr16855.C  -std=gnu++2a  gcov: 1 failures in line counts, 0 in branch percentages, 0 in return percentages, 0 in intermediate format
FAIL: g++.dg/gcov/pr16855.C  -std=gnu++2a  line 24: is #####:should be 1
FAIL: g++.dg/gcov/pr16855.C  -std=gnu++98  gcov: 1 failures in line counts, 0 in branch percentages, 0 in return percentages, 0 in intermediate format
FAIL: g++.dg/gcov/pr16855.C  -std=gnu++98  line 24: is #####:should be 1
FAIL: g++.dg/gcov/pr98273.C test-pr98273.py::test_basic
FAIL: g++.dg/gcov/pr98273.C test-pr98273.py::test_line
FAIL: g++.dg/modules/stdio-1_a.H -std=c++17  scan-lang-dump module "Depset:0 decl entity:[0-9]* function_decl:'::printf'"
FAIL: g++.dg/modules/stdio-1_a.H -std=c++2a  scan-lang-dump module "Depset:0 decl entity:[0-9]* function_decl:'::printf'"
FAIL: g++.dg/modules/stdio-1_a.H -std=c++2b  scan-lang-dump module "Depset:0 decl entity:[0-9]* function_decl:'::printf'"
FAIL: g++.target/i386/pr97054.C  -std=gnu++14 (test for excess errors)
UNRESOLVED: g++.target/i386/pr97054.C  -std=gnu++14 compilation failed to produce executable
FAIL: g++.target/i386/pr97054.C  -std=gnu++17 (test for excess errors)
UNRESOLVED: g++.target/i386/pr97054.C  -std=gnu++17 compilation failed to produce executable
FAIL: g++.target/i386/pr97054.C  -std=gnu++2a (test for excess errors)
UNRESOLVED: g++.target/i386/pr97054.C  -std=gnu++2a compilation failed to produce executable
FAIL: g++.target/i386/pr97054.C  -std=gnu++98 (test for excess errors)
UNRESOLVED: g++.target/i386/pr97054.C  -std=gnu++98 compilation failed to produce executable

		=== g++ Summary for unix/-m64 ===

# of expected passes		211672
# of unexpected failures	27
# of expected failures		1326
# of unresolved testcases	4
# of unsupported tests		9527

		=== g++ Summary ===

# of expected passes		422988
# of unexpected failures	73
# of expected failures		2644
# of unresolved testcases	4
# of unsupported tests		19104
/var/gcc/regression/master/11-gcc-gas/build/gcc/xg++  version 12.0.0 20210827 (experimental) [master revision 41439e1f6d2da1e86538c726f0603cffd5dd098e] (GCC) 

		=== gcc tests ===


Running target unix
FAIL: gcc.dg/analyzer/capacity-1.c (test for excess errors)
FAIL: gcc.dg/analyzer/capacity-3.c (test for excess errors)
FAIL: c-c++-common/asan/swapcontext-test-1.c   -O0  execution test
FAIL: c-c++-common/asan/swapcontext-test-1.c   -O1  execution test
FAIL: c-c++-common/asan/swapcontext-test-1.c   -O2  execution test
FAIL: c-c++-common/asan/swapcontext-test-1.c   -O2 -flto  execution test
FAIL: c-c++-common/asan/swapcontext-test-1.c   -O2 -flto -flto-partition=none  execution test
FAIL: c-c++-common/asan/swapcontext-test-1.c   -O3 -fomit-frame-pointer -funroll-loops -fpeel-loops -ftracer -finline-functions  execution test
FAIL: c-c++-common/asan/swapcontext-test-1.c   -O3 -g  execution test
FAIL: c-c++-common/asan/swapcontext-test-1.c   -Os  execution test
FAIL: gcc.dg/ipa/iinline-attr.c scan-ipa-dump inline "hooray[^\\\\n]*inline copy in test"
FAIL: gcc.dg/ipa/ipa-icf-38.c scan-ltrans-tree-dump-not optimized "Function bar"
FAIL: gcc-dg-lto-modref-3-01.exe scan-wpa-ipa-dump modref "parm 1 flags: nodirectescape"
FAIL: gcc-dg-lto-modref-4-01.exe scan-wpa-ipa-dump modref "parm 1 flags: nodirectescape"
FAIL: gcc.dg/lto/modref-3 c_lto_modref-3_0.o-c_lto_modref-3_1.o execute -O2 -flto-partition=max -fdump-ipa-modref -fno-ipa-sra -fno-ipa-cp -flto
FAIL: gcc.dg/lto/modref-4 c_lto_modref-4_0.o-c_lto_modref-4_1.o execute -O2 -flto-partition=max -fdump-ipa-modref -fno-ipa-sra -flto
FAIL: gcc.dg/tree-prof/20050826-2.c scan-tree-dump-not dom2 "Invalid sum"
FAIL: gcc.dg/tree-ssa/scev-3.c scan-tree-dump-times ivopts "&a" 1
FAIL: gcc.dg/tree-ssa/scev-4.c scan-tree-dump-times ivopts "&a" 1
FAIL: gcc.dg/tree-ssa/scev-5.c scan-tree-dump-times ivopts "&a" 1
FAIL: gcc.target/i386/avx512f-pr96891-3.c scan-assembler-times (?n)vpcmp[bwdq][ \\\\t]*\\\\\$7 4
FAIL: gcc.target/i386/pieces-memset-1.c scan-assembler-not %[re]bp
FAIL: gcc.target/i386/pieces-memset-4.c scan-assembler-not %[re]bp
FAIL: gcc.target/i386/pieces-memset-41.c scan-assembler-not %[re]bp
FAIL: gcc.target/i386/pieces-memset-7.c scan-assembler-not %[re]bp
FAIL: gcc.target/i386/pieces-memset-8.c scan-assembler-not %[re]bp
FAIL: gcc.target/i386/pr101346.c (test for excess errors)
FAIL: gcc.target/i386/pr90773-1.c scan-assembler-times movq[\\\\t ]+7\\\\(%[^,]+\\\\), 1
FAIL: gcc.target/i386/pr90773-1.c scan-assembler-times movq[\\\\t ]+\\\\(%[^,]+\\\\), 1

		=== gcc Summary for unix ===

# of expected passes		160059
# of unexpected failures	29
# of expected failures		919
# of unsupported tests		3522

Running target unix/-m64
FAIL: gcc.dg/analyzer/capacity-1.c (test for excess errors)
FAIL: gcc.dg/analyzer/capacity-3.c (test for excess errors)
FAIL: gcc.dg/ipa/iinline-attr.c scan-ipa-dump inline "hooray[^\\\\n]*inline copy in test"
FAIL: gcc.dg/ipa/ipa-icf-38.c scan-ltrans-tree-dump-not optimized "Function bar"
FAIL: gcc-dg-lto-modref-3-01.exe scan-wpa-ipa-dump modref "parm 1 flags: nodirectescape"
FAIL: gcc-dg-lto-modref-4-01.exe scan-wpa-ipa-dump modref "parm 1 flags: nodirectescape"
FAIL: gcc.dg/lto/modref-3 c_lto_modref-3_0.o-c_lto_modref-3_1.o execute -O2 -flto-partition=max -fdump-ipa-modref -fno-ipa-sra -fno-ipa-cp -flto
FAIL: gcc.dg/lto/modref-4 c_lto_modref-4_0.o-c_lto_modref-4_1.o execute -O2 -flto-partition=max -fdump-ipa-modref -fno-ipa-sra -flto
FAIL: gcc.dg/tree-prof/20050826-2.c scan-tree-dump-not dom2 "Invalid sum"
XPASS: gcc.dg/tree-ssa/builtin-snprintf-6.c scan-tree-dump-times optimized "Function test_assign_aggregate" 1
FAIL: gcc.target/i386/pr100704-1.c scan-assembler-not pushq
FAIL: gcc.target/i386/pr100704-2.c scan-assembler-not pushq
FAIL: gcc.target/i386/pr101346.c (test for excess errors)

		=== gcc Summary for unix/-m64 ===

# of expected passes		161008
# of unexpected failures	12
# of unexpected successes	1
# of expected failures		912
# of unsupported tests		2764

		=== gcc Summary ===

# of expected passes		321067
# of unexpected failures	41
# of unexpected successes	1
# of expected failures		1831
# of unsupported tests		6286
/var/gcc/regression/master/11-gcc-gas/build/gcc/xgcc  version 12.0.0 20210827 (experimental) [master revision 41439e1f6d2da1e86538c726f0603cffd5dd098e] (GCC) 

		=== gdc tests ===


Running target unix

		=== gdc Summary for unix ===

# of expected passes		10287
# of unsupported tests		333

Running target unix/-m64

		=== gdc Summary for unix/-m64 ===

# of expected passes		10286
# of unsupported tests		333

		=== gdc Summary ===

# of expected passes		20573
# of unsupported tests		666
/var/gcc/regression/master/11-gcc-gas/build/gcc/gdc  version 12.0.0 20210827 (experimental) [master revision 41439e1f6d2da1e86538c726f0603cffd5dd098e] (GCC) 

		=== gfortran tests ===


Running target unix
FAIL: gfortran.dg/default_format_1.f90   -O0  execution test
FAIL: gfortran.dg/default_format_1.f90   -O1  execution test
FAIL: gfortran.dg/default_format_1.f90   -O2  execution test
FAIL: gfortran.dg/default_format_1.f90   -O3 -fomit-frame-pointer -funroll-loops -fpeel-loops -ftracer -finline-functions  execution test
FAIL: gfortran.dg/default_format_1.f90   -O3 -g  execution test
FAIL: gfortran.dg/default_format_1.f90   -Os  execution test
FAIL: gfortran.dg/fmt_g0_1.f08   -O0  execution test
FAIL: gfortran.dg/fmt_g0_1.f08   -O1  execution test
FAIL: gfortran.dg/fmt_g0_1.f08   -O2  execution test
FAIL: gfortran.dg/fmt_g0_1.f08   -O3 -fomit-frame-pointer -funroll-loops -fpeel-loops -ftracer -finline-functions  execution test
FAIL: gfortran.dg/fmt_g0_1.f08   -O3 -g  execution test
FAIL: gfortran.dg/fmt_g0_1.f08   -Os  execution test
FAIL: gfortran.dg/round_4.f90   -O0  execution test
FAIL: gfortran.dg/round_4.f90   -O1  execution test
FAIL: gfortran.dg/round_4.f90   -O2  execution test
FAIL: gfortran.dg/round_4.f90   -O3 -fomit-frame-pointer -funroll-loops -fpeel-loops -ftracer -finline-functions  execution test
FAIL: gfortran.dg/round_4.f90   -O3 -g  execution test
FAIL: gfortran.dg/round_4.f90   -Os  execution test

		=== gfortran Summary for unix ===

# of expected passes		58834
# of unexpected failures	18
# of expected failures		256
# of unsupported tests		213

Running target unix/-m64

		=== gfortran Summary for unix/-m64 ===

# of expected passes		59089
# of expected failures		254
# of unsupported tests		98

		=== gfortran Summary ===

# of expected passes		117923
# of unexpected failures	18
# of expected failures		510
# of unsupported tests		311
/var/gcc/regression/master/11-gcc-gas/build/gcc/gfortran  version 12.0.0 20210827 (experimental) [master revision 41439e1f6d2da1e86538c726f0603cffd5dd098e] (GCC) 

		=== gnat tests ===


Running target unix

		=== gnat Summary for unix ===

# of expected passes		3360
# of expected failures		23
# of unsupported tests		11

Running target unix/-m64

		=== gnat Summary for unix/-m64 ===

# of expected passes		3361
# of expected failures		23
# of unsupported tests		9

		=== gnat Summary ===

# of expected passes		6721
# of expected failures		46
# of unsupported tests		20
/var/gcc/regression/master/11-gcc-gas/build/gcc/gnatmake version 12.0.0 20210827 (experimental) [master revision 41439e1f6d2da1e86538c726f0603cffd5dd098e]

		=== go tests ===


Running target unix
FAIL: ./index0-out.go execution,  -O0 -g -fno-var-tracking-assignments 
FAIL: go.test/test/fixedbugs/issue10441.go   -O  (test for excess errors)
FAIL: go.test/test/fixedbugs/issue16016.go execution,  -O2 -g 
FAIL: go.test/test/fixedbugs/issue27836.dir/Äfoo.go  -O -I. (test for excess errors)
FAIL: go.test/test/fixedbugs/issue27836.dir/Ämain.go  -O -I. (test for excess errors)
FAIL: issue4458.go   -O   (test for errors, line 19)
FAIL: issue4458.go   -O  (test for excess errors)

		=== go Summary for unix ===

# of expected passes		8994
# of unexpected failures	7
# of untested testcases		10
# of unsupported tests		34

Running target unix/-m64
FAIL: ./index0-out.go execution,  -O0 -g -fno-var-tracking-assignments 
FAIL: go.test/test/fixedbugs/issue10441.go   -O  (test for excess errors)
FAIL: go.test/test/fixedbugs/issue23781.go   -O  (test for excess errors)
FAIL: go.test/test/fixedbugs/issue27836.dir/Äfoo.go  -O -I. (test for excess errors)
FAIL: go.test/test/fixedbugs/issue27836.dir/Ämain.go  -O -I. (test for excess errors)
FAIL: issue4458.go   -O   (test for errors, line 19)
FAIL: issue4458.go   -O  (test for excess errors)

		=== go Summary for unix/-m64 ===

# of expected passes		8882
# of unexpected failures	7
# of untested testcases		10
# of unsupported tests		28

		=== go Summary ===

# of expected passes		17876
# of unexpected failures	14
# of untested testcases		20
# of unsupported tests		62
		=== obj-c++ tests ===


Running target unix

		=== obj-c++ Summary for unix ===

# of expected passes		1490
# of expected failures		2
# of unsupported tests		79

Running target unix/-m64

		=== obj-c++ Summary for unix/-m64 ===

# of expected passes		1482
# of expected failures		10
# of unsupported tests		79

		=== obj-c++ Summary ===

# of expected passes		2972
# of expected failures		12
# of unsupported tests		158
/var/gcc/regression/master/11-gcc-gas/build/gcc/xg++  version 12.0.0 20210827 (experimental) [master revision 41439e1f6d2da1e86538c726f0603cffd5dd098e] (GCC) 

		=== objc tests ===


Running target unix

		=== objc Summary for unix ===

# of expected passes		2820
# of expected failures		6
# of unsupported tests		70

Running target unix/-m64

		=== objc Summary for unix/-m64 ===

# of expected passes		2820
# of expected failures		6
# of unsupported tests		70

		=== objc Summary ===

# of expected passes		5640
# of expected failures		12
# of unsupported tests		140
/var/gcc/regression/master/11-gcc-gas/build/gcc/xgcc  version 12.0.0 20210827 (experimental) [master revision 41439e1f6d2da1e86538c726f0603cffd5dd098e] (GCC) 

		=== gotools tests ===

FAIL: TestScript
FAIL: go test cmd/go
FAIL: TestMemmoveAtomicity
FAIL: go test runtime

		=== gotools Summary ===
# of expected passes		393
# of unexpected failures	4
# of untested testcases		128
/var/gcc/regression/master/11-gcc-gas/build/./gcc/gccgo version 12.0.0 20210827 (experimental) [master revision 41439e1f6d2da1e86538c726f0603cffd5dd098e] (GCC)

		=== libatomic tests ===


Running target unix

		=== libatomic Summary for unix ===

# of expected passes		44
# of unsupported tests		5

Running target unix/-m64

		=== libatomic Summary for unix/-m64 ===

# of expected passes		54

		=== libatomic Summary ===

# of expected passes		98
# of unsupported tests		5
		=== libffi tests ===


Running target unix

		=== libffi Summary for unix ===

# of expected passes		2814

Running target unix/-m64

		=== libffi Summary for unix/-m64 ===

# of expected passes		2229

		=== libffi Summary ===

# of expected passes		5043
		=== libgo tests ===


Running target unix
FAIL: net
FAIL: runtime
FAIL: time

		=== libgo Summary for unix ===

# of expected passes		187
# of unexpected failures	3

Running target unix/-m64
FAIL: net

		=== libgo Summary for unix/-m64 ===

# of expected passes		189
# of unexpected failures	1

		=== libgo Summary ===

# of expected passes		376
# of unexpected failures	4
/var/gcc/regression/master/11-gcc-gas/build/./gcc/gccgo version 12.0.0 20210827 (experimental) [master revision 41439e1f6d2da1e86538c726f0603cffd5dd098e] (GCC)

		=== libgomp tests ===


Running target unix
FAIL: libgomp.fortran/pointer2.f90   -O3 -fomit-frame-pointer -funroll-loops -fpeel-loops -ftracer -finline-functions  execution test
FAIL: libgomp.fortran/pointer2.f90   -O3 -g  execution test
FAIL: libgomp.oacc-c++/../libgomp.oacc-c-c++-common/host_data-7.c -DACC_DEVICE_TYPE_host=1 -DACC_MEM_SHARED=1 -foffload=disable  -O2  (test for excess errors)
FAIL: libgomp.oacc-c/../libgomp.oacc-c-c++-common/host_data-7.c -DACC_DEVICE_TYPE_host=1 -DACC_MEM_SHARED=1 -foffload=disable  -O2  (test for excess errors)

		=== libgomp Summary for unix ===

# of expected passes		11666
# of unexpected failures	4
# of expected failures		104
# of unsupported tests		554

Running target unix/-m64
WARNING: libgomp.c++/task-reduction-13.C execution test program timed out.
FAIL: libgomp.c++/task-reduction-13.C execution test
FAIL: libgomp.oacc-c++/../libgomp.oacc-c-c++-common/host_data-7.c -DACC_DEVICE_TYPE_host=1 -DACC_MEM_SHARED=1 -foffload=disable  -O2  (test for excess errors)
FAIL: libgomp.oacc-c/../libgomp.oacc-c-c++-common/host_data-7.c -DACC_DEVICE_TYPE_host=1 -DACC_MEM_SHARED=1 -foffload=disable  -O2  (test for excess errors)

		=== libgomp Summary for unix/-m64 ===

# of expected passes		11668
# of unexpected failures	3
# of expected failures		104
# of unsupported tests		553

		=== libgomp Summary ===

# of expected passes		23334
# of unexpected failures	7
# of expected failures		208
# of unsupported tests		1107
		=== libitm tests ===


Running target unix

		=== libitm Summary for unix ===

# of expected passes		44
# of expected failures		3
# of unsupported tests		1

Running target unix/-m64

		=== libitm Summary for unix/-m64 ===

# of expected passes		44
# of expected failures		3
# of unsupported tests		1

		=== libitm Summary ===

# of expected passes		88
# of expected failures		6
# of unsupported tests		2
		=== libphobos tests ===


Running target unix
FAIL: libphobos.phobos/std/datetime/systime.d execution test
FAIL: libphobos.phobos/std/datetime/timezone.d execution test
FAIL: libphobos.phobos/std/format.d execution test
FAIL: libphobos.phobos/std/math.d execution test
FAIL: libphobos.phobos/std/parallelism.d execution test
FAIL: libphobos.phobos_shared/std/datetime/systime.d execution test
FAIL: libphobos.phobos_shared/std/datetime/timezone.d execution test
FAIL: libphobos.phobos_shared/std/format.d execution test
FAIL: libphobos.phobos_shared/std/math.d execution test
FAIL: libphobos.phobos_shared/std/parallelism.d execution test
FAIL: libphobos.shared/finalize.d -shared-libphobos -ldl execution test
FAIL: libphobos.shared/load.d -shared-libphobos -ldl execution test
FAIL: libphobos.shared/load_13414.d -shared-libphobos -ldl execution test

		=== libphobos Summary for unix ===

# of expected passes		775
# of unexpected failures	13

Running target unix/-m64
FAIL: libphobos.phobos/std/datetime/systime.d execution test
FAIL: libphobos.phobos/std/datetime/timezone.d execution test
FAIL: libphobos.phobos/std/format.d execution test
FAIL: libphobos.phobos/std/math.d execution test
FAIL: libphobos.phobos/std/parallelism.d execution test
FAIL: libphobos.phobos_shared/std/datetime/systime.d execution test
FAIL: libphobos.phobos_shared/std/datetime/timezone.d execution test
FAIL: libphobos.phobos_shared/std/format.d execution test
FAIL: libphobos.phobos_shared/std/math.d execution test
FAIL: libphobos.phobos_shared/std/parallelism.d execution test
FAIL: libphobos.shared/finalize.d -shared-libphobos -ldl execution test
FAIL: libphobos.shared/load.d -shared-libphobos -ldl execution test
FAIL: libphobos.shared/load_13414.d -shared-libphobos -ldl execution test

		=== libphobos Summary for unix/-m64 ===

# of expected passes		775
# of unexpected failures	13

		=== libphobos Summary ===

# of expected passes		1550
# of unexpected failures	26
		=== libstdc++ tests ===


Running target unix
FAIL: 17_intro/names.cc (test for excess errors)
WARNING: 30_threads/barrier/arrive_and_wait.cc execution test program timed out.
FAIL: 30_threads/barrier/arrive_and_wait.cc execution test
WARNING: 30_threads/barrier/completion.cc execution test program timed out.
FAIL: 30_threads/barrier/completion.cc execution test
FAIL: 30_threads/future/members/poll.cc execution test
FAIL: experimental/names.cc (test for excess errors)
FAIL: ext/random/k_distribution/operators/serialize.cc execution test
FAIL: tr1/8_c_compatibility/complex/overloads_int.cc execution test

		=== libstdc++ Summary for unix ===

# of expected passes		14824
# of unexpected failures	7
# of expected failures		96
# of unsupported tests		717

Running target unix/-m64
FAIL: 17_intro/names.cc (test for excess errors)
WARNING: 29_atomics/atomic_integral/wait_notify.cc execution test program timed out.
FAIL: 29_atomics/atomic_integral/wait_notify.cc execution test
WARNING: 30_threads/barrier/arrive_and_wait.cc execution test program timed out.
FAIL: 30_threads/barrier/arrive_and_wait.cc execution test
FAIL: 30_threads/future/members/poll.cc execution test
WARNING: 30_threads/latch/3.cc execution test program timed out.
FAIL: 30_threads/latch/3.cc execution test
WARNING: 30_threads/semaphore/try_acquire_until.cc execution test program timed out.
FAIL: 30_threads/semaphore/try_acquire_until.cc execution test
FAIL: experimental/names.cc (test for excess errors)

		=== libstdc++ Summary for unix/-m64 ===

# of expected passes		14812
# of unexpected failures	7
# of expected failures		96
# of unsupported tests		723

		=== libstdc++ Summary ===

# of expected passes		29636
# of unexpected failures	14
# of expected failures		192
# of unsupported tests		1440

Compiler version: 12.0.0 20210827 (experimental) [master revision 41439e1f6d2da1e86538c726f0603cffd5dd098e] (GCC) 
Platform: i386-pc-solaris2.11
configure flags: --prefix=/vol/gcc --target=i386-pc-solaris2.11 --enable-objc-gc --with-target-bdw-gc-include=/vol/gcc/include --with-target-bdw-gc-lib=/vol/gcc/lib,amd64=/vol/gcc/lib/amd64 --with-as=/vol/gcc/bin/gas-2.37 --with-gnu-as --with-gmp-include=/vol/gcc/include --with-gmp-lib=/vol/gcc/lib --with-mpfr-include=/vol/gcc/include --with-mpfr-lib=/vol/gcc/lib --with-mpc-include=/vol/gcc/include --with-mpc-lib=/vol/gcc/lib --enable-languages=all,ada,obj-c++,go --with-isl-include=/vol/gcc/include --with-isl-lib=/vol/gcc/lib --with-zstd-include=/vol/gcc/include --with-zstd-lib=/vol/gcc/lib --build=i386-pc-solaris2.11 --host=i386-pc-solaris2.11
BOOT_CFLAGS=-g -O2


More information about the Gcc-testresults mailing list