Results for 12.0.0 20210826 (experimental) [src revision 446cfc6b885:da8d915aee9:0c52c93690229e5131d12300a60162c944afe309] (GCC) testsuite on powerpc-ibm-aix7.2.3.0
David Edelsohn
edelsohn@p980aix1.watson.ibm.com
Thu Aug 26 20:34:56 GMT 2021
LAST_UPDATED: Thu Aug 26 17:30:22 UTC 2021 (revision 446cfc6b885:da8d915aee9:0c52c93690229e5131d12300a60162c944afe309)
Native configuration is powerpc-ibm-aix7.2.3.0
=== g++ tests ===
Running target unix
FAIL: g++.dg/compat/eh/new1 cp_compat_x_tst.o-cp_compat_y_tst.o execute
XPASS: g++.dg/debug/pr56294.C -gdwarf-2 (test for excess errors)
XPASS: g++.dg/debug/pr56294.C -gdwarf-2 -g1 (test for excess errors)
XPASS: g++.dg/debug/pr56294.C -gdwarf-2 -g3 (test for excess errors)
XPASS: g++.dg/debug/pr56294.C -gxcoff (test for excess errors)
XPASS: g++.dg/debug/pr56294.C -gxcoff+ (test for excess errors)
XPASS: g++.dg/debug/pr56294.C -gxcoff+1 (test for excess errors)
XPASS: g++.dg/debug/pr56294.C -gxcoff+3 (test for excess errors)
XPASS: g++.dg/debug/pr56294.C -gxcoff1 (test for excess errors)
XPASS: g++.dg/debug/pr56294.C -gxcoff3 (test for excess errors)
XPASS: g++.dg/debug/pr56819.C -gdwarf-2 (test for excess errors)
XPASS: g++.dg/debug/pr56819.C -gdwarf-2 -g1 (test for excess errors)
XPASS: g++.dg/debug/pr56819.C -gdwarf-2 -g3 (test for excess errors)
XPASS: g++.dg/debug/pr56819.C -gxcoff (test for excess errors)
XPASS: g++.dg/debug/pr56819.C -gxcoff+ (test for excess errors)
XPASS: g++.dg/debug/pr56819.C -gxcoff+1 (test for excess errors)
XPASS: g++.dg/debug/pr56819.C -gxcoff+3 (test for excess errors)
XPASS: g++.dg/debug/pr56819.C -gxcoff1 (test for excess errors)
XPASS: g++.dg/debug/pr56819.C -gxcoff3 (test for excess errors)
XPASS: g++.dg/debug/dwarf2/constexpr-var-1.C scan-assembler-times DW_AT_const_expr 2
XPASS: g++.dg/debug/dwarf2/deleted-member-function.C scan-assembler-times DW_AT_deleted 2
FAIL: g++.dg/cpp2a/nontype-float1.C -std=c++2a (test for excess errors)
XPASS: g++.dg/eh/new1.C -std=c++98 execution test
XPASS: g++.dg/template/linkage1.C -std=c++98 scan-assembler-not (weak|glob)[^\\n]*_Z3fooIXadL_ZL11static_funcvEEEvv
FAIL: g++.dg/modules/sym-subst-3_a.C scan-assembler .globa?l[ \\\\t]*_?S\\\\n
XPASS: g++.dg/tls/thread_local1.C -std=c++14 scan-assembler-not .comm
XPASS: g++.dg/tls/thread_local1.C -std=c++17 scan-assembler-not .comm
XPASS: g++.dg/tls/thread_local1.C -std=c++2a scan-assembler-not .comm
XPASS: g++.dg/torture/pr101373.C -O0 execution test
XPASS: g++.dg/torture/pr101373.C -O1 execution test
XPASS: g++.dg/torture/pr101373.C -O2 execution test
XPASS: g++.dg/torture/pr101373.C -O3 -g execution test
XPASS: g++.dg/torture/pr101373.C -Os execution test
XPASS: g++.old-deja/g++.eh/new2.C -std=gnu++98 execution test
XPASS: g++.old-deja/g++.mike/p755a.C -std=c++98 execution test
=== g++ Summary ===
# of expected passes 198641
# of unexpected failures 3
# of unexpected successes 32
# of expected failures 1629
# of unsupported tests 9843
/tmp/GCC/gcc/testsuite/g++/../../xg++ version 12.0.0 20210826 (experimental) [src revision 446cfc6b885:da8d915aee9:0c52c93690229e5131d12300a60162c944afe309] (GCC)
=== gcc tests ===
Running target unix
FAIL: gcc.dg/analyzer/capacity-1.c (test for excess errors)
FAIL: gcc.dg/analyzer/capacity-3.c (test for excess errors)
FAIL: gcc.dg/analyzer/getchar-1.c (test for excess errors)
XPASS: gcc.dg/autopar/pr46799.c (test for excess errors)
XPASS: gcc.dg/debug/dwarf2/inline5.c scan-assembler-not \\\\(DIE \\\\(0x([0-9a-f]*)\\\\) DW_TAG_lexical_block\\\\)[^#/!@;\\\\|]*[#/!@;\\\\|]+ +DW_AT.*DW_TAG_lexical_block\\\\)[^#/!@;\\\\|x]*x\\\\1[^#/!@;\\\\|]*[#/!@;\\\\|] +DW_AT_abstract_origin
XPASS: gcc.dg/Wstringop-overflow-68.c pr101475 (test for warnings, line 63)
XPASS: gcc.dg/Wstringop-overflow-68.c pr101475 (test for warnings, line 64)
XPASS: gcc.dg/Wstringop-overflow-68.c pr101475 (test for warnings, line 65)
FAIL: gcc.dg/Wstringop-overflow-69.c (test for excess errors)
FAIL: gcc.dg/asm-names.c scan-assembler-not ____frob14
FAIL: gcc.dg/nextafter-2.c execution test
FAIL: gcc.dg/strlenopt-58.c scan-tree-dump-times optimized "call_in_true_branch_not_eliminated" 0
FAIL: gcc.dg/uninit-pred-9_b.c pr101674 (test for bogus messages, line 23)
FAIL: c-c++-common/goacc/firstprivate-mappings-1.c scan-tree-dump omplower "(?n)#pragma omp target oacc_parallel map\\\\(from:array_so \\\\[len: 4\\\\]\\\\) firstprivate\\\\(array_li.[0-9]+\\\\) map\\\\(tofrom:\\\\(\\\\*array.[0-9]+\\\\) \\\\[len: D\\\\.[0-9]+\\\\]\\\\) map\\\\(firstprivate:array \\\\[pointer assign, bias: 0\\\\]\\\\) \\\\["
XPASS: gcc.dg/graphite/pr42729.c (test for excess errors)
XPASS: gcc.dg/graphite/pr42917.c (test for excess errors)
XPASS: gcc.dg/graphite/pr69728.c scan-tree-dump graphite "loop nest optimized"
FAIL: gcc.dg/tls/alias-1.c (test for excess errors)
XPASS: gcc.dg/torture/pr59166.c -O0 (test for excess errors)
XPASS: gcc.dg/torture/pr59166.c -O1 (test for excess errors)
XPASS: gcc.dg/torture/pr59166.c -O2 (test for excess errors)
XPASS: gcc.dg/torture/pr59166.c -O3 -fomit-frame-pointer -funroll-loops -fpeel-loops -ftracer -finline-functions (test for excess errors)
XPASS: gcc.dg/torture/pr59166.c -Os (test for excess errors)
XPASS: gcc.dg/tree-ssa/cunroll-15.c scan-tree-dump optimized "return 1;"
FAIL: gcc.dg/tree-ssa/gen-vect-11c.c scan-tree-dump-times vect "vectorized 0 loops" 1
XPASS: gcc.dg/vect/costmodel/ppc/costmodel-fast-math-vect-pr29925.c scan-tree-dump-times vect "vectorization not profitable" 1
FAIL: gcc.dg/vect/O3-pr45971.c (internal compiler error)
FAIL: gcc.dg/vect/O3-pr45971.c (test for excess errors)
FAIL: gcc.dg/vect/pr101145.c scan-tree-dump-times vect "vectorized 1 loops" 7
FAIL: gcc.dg/vect/pr101145_1.c scan-tree-dump-times vect "vectorized 1 loops" 2
FAIL: gcc.dg/vect/pr101145_2.c scan-tree-dump-times vect "vectorized 1 loops" 2
FAIL: gcc.dg/vect/pr101145_3.c scan-tree-dump-times vect "vectorized 1 loops" 2
FAIL: gcc.dg/vect/slp-21.c scan-tree-dump-times vect "vectorizing stmts using SLP" 2
XPASS: gcc.dg/vect/slp-24-big-array.c scan-tree-dump-times vect "vectorized 1 loops" 1
XPASS: gcc.dg/vect/slp-24-big-array.c scan-tree-dump-times vect "vectorizing stmts using SLP" 2
XPASS: gcc.dg/vect/slp-24.c scan-tree-dump-times vect "vectorized 1 loops" 1
XPASS: gcc.dg/vect/slp-24.c scan-tree-dump-times vect "vectorizing stmts using SLP" 2
FAIL: gcc.misc-tests/gcov-pr86536.c gcov: 2 failures in line counts, 0 in branch percentages, 1 in return percentages, 0 in intermediate format
FAIL: gcc.misc-tests/gcov-pr86536.c line 19: expected return percentages not found: 200
FAIL: gcc.misc-tests/gcov-pr86536.c line 21: is 1:should be 2
FAIL: gcc.misc-tests/gcov-pr86536.c line 22: is 1:should be 2
FAIL: gcc.target/powerpc/pragma-optimize.c (test for excess errors)
FAIL: gcc.target/powerpc/sse4_1-phminposuw.c (test for excess errors)
UNRESOLVED: gcc.target/powerpc/sse4_1-phminposuw.c compilation failed to produce executable
FAIL: gcc.target/powerpc/stack-limit.c (internal compiler error)
FAIL: gcc.target/powerpc/stack-limit.c (test for excess errors)
XPASS: gcc.target/powerpc/vsx-vectorize-4.c scan-tree-dump-times vect "Alignment of access forced using peeling" 0
XPASS: gcc.target/powerpc/vsx-vectorize-6.c scan-tree-dump-times vect "Alignment of access forced using peeling" 0
=== gcc Summary ===
# of expected passes 112848
# of unexpected failures 26
# of unexpected successes 21
# of expected failures 866
# of unresolved testcases 1
# of unsupported tests 3199
/tmp/GCC/gcc/xgcc version 12.0.0 20210826 (experimental) [src revision 446cfc6b885:da8d915aee9:0c52c93690229e5131d12300a60162c944afe309] (GCC)
=== gfortran tests ===
Running target unix
FAIL: gfortran.dg/graphite/vect-pr40979.f90 -O scan-tree-dump-times vect "vectorized 1 loops" 1
FAIL: gfortran.dg/vect/fast-math-mgrid-resid.f -O scan-tree-dump pcom "vectp_u.*__lsm.* = PHI <.*vectp_u.*__lsm"
=== gfortran Summary ===
# of expected passes 57742
# of unexpected failures 2
# of expected failures 257
# of unsupported tests 476
/tmp/GCC/gcc/testsuite/gfortran/../../gfortran version 12.0.0 20210826 (experimental) [src revision 446cfc6b885:da8d915aee9:0c52c93690229e5131d12300a60162c944afe309] (GCC)
=== libatomic tests ===
Running target unix
=== libatomic Summary ===
# of expected passes 44
# of unsupported tests 5
=== libgomp tests ===
Running target unix
FAIL: libgomp.fortran/appendix-a/a.28.3.f90 -O1 execution test
FAIL: libgomp.fortran/appendix-a/a.28.3.f90 -Os execution test
FAIL: libgomp.fortran/async_io_2.f90 -O execution test
FAIL: libgomp.fortran/async_io_3.f90 -O0 execution test
FAIL: libgomp.fortran/async_io_3.f90 -O1 execution test
FAIL: libgomp.fortran/async_io_3.f90 -O2 execution test
FAIL: libgomp.fortran/async_io_3.f90 -O3 -fomit-frame-pointer -funroll-loops -fpeel-loops -ftracer -finline-functions execution test
FAIL: libgomp.fortran/async_io_3.f90 -O3 -g execution test
FAIL: libgomp.fortran/async_io_3.f90 -Os execution test
FAIL: libgomp.fortran/async_io_9.f90 -O0 execution test
FAIL: libgomp.fortran/async_io_9.f90 -O1 execution test
FAIL: libgomp.fortran/async_io_9.f90 -O2 execution test
FAIL: libgomp.fortran/async_io_9.f90 -O3 -fomit-frame-pointer -funroll-loops -fpeel-loops -ftracer -finline-functions execution test
FAIL: libgomp.fortran/async_io_9.f90 -O3 -g execution test
FAIL: libgomp.fortran/async_io_9.f90 -Os execution test
FAIL: libgomp.fortran/omp_workshare1.f -O execution test
FAIL: libgomp.fortran/omp_workshare2.f -O execution test
FAIL: libgomp.fortran/recursion1.f90 -O0 execution test
WARNING: program timed out.
FAIL: libgomp.fortran/recursion1.f90 -O1 execution test
FAIL: libgomp.fortran/recursion1.f90 -O2 execution test
FAIL: libgomp.fortran/recursion1.f90 -O3 -fomit-frame-pointer -funroll-loops -fpeel-loops -ftracer -finline-functions execution test
FAIL: libgomp.fortran/recursion1.f90 -O3 -g execution test
WARNING: program timed out.
FAIL: libgomp.fortran/recursion1.f90 -Os execution test
FAIL: libgomp.fortran/strassen.f90 -O execution test
FAIL: libgomp.graphite/force-parallel-7.c execution test
=== libgomp Summary ===
# of expected passes 11474
# of unexpected failures 25
# of expected failures 104
# of unsupported tests 627
=== libstdc++ tests ===
Running target unix
FAIL: 20_util/to_address/debug.cc (test for excess errors)
UNRESOLVED: 20_util/to_address/debug.cc compilation failed to produce executable
FAIL: 21_strings/basic_string/cons/char/self_move.cc (test for excess errors)
UNRESOLVED: 21_strings/basic_string/cons/char/self_move.cc compilation failed to produce executable
FAIL: 21_strings/basic_string/requirements/citerators.cc (test for excess errors)
UNRESOLVED: 21_strings/basic_string/requirements/citerators.cc compilation failed to produce executable
FAIL: 21_strings/basic_string/requirements/exception/basic.cc (test for excess errors)
UNRESOLVED: 21_strings/basic_string/requirements/exception/basic.cc compilation failed to produce executable
FAIL: 21_strings/basic_string/requirements/exception/generation_prohibited.cc (test for excess errors)
UNRESOLVED: 21_strings/basic_string/requirements/exception/generation_prohibited.cc compilation failed to produce executable
FAIL: 21_strings/basic_string/requirements/exception/propagation_consistent.cc (test for excess errors)
UNRESOLVED: 21_strings/basic_string/requirements/exception/propagation_consistent.cc compilation failed to produce executable
FAIL: 21_strings/basic_string/requirements/explicit_instantiation/char/1.cc (test for excess errors)
FAIL: 21_strings/basic_string/requirements/explicit_instantiation/char16_t/1.cc (test for excess errors)
FAIL: 21_strings/basic_string/requirements/explicit_instantiation/char32_t/1.cc (test for excess errors)
FAIL: 21_strings/basic_string/requirements/explicit_instantiation/char8_t/1.cc (test for excess errors)
FAIL: 21_strings/basic_string/requirements/explicit_instantiation/debug.cc (test for excess errors)
FAIL: 21_strings/basic_string/requirements/explicit_instantiation/wchar_t/1.cc (test for excess errors)
FAIL: 21_strings/debug/shrink_to_fit.cc (test for excess errors)
UNRESOLVED: 21_strings/debug/shrink_to_fit.cc compilation failed to produce executable
FAIL: 23_containers/deque/cons/self_move.cc (test for excess errors)
UNRESOLVED: 23_containers/deque/cons/self_move.cc compilation failed to produce executable
FAIL: 23_containers/deque/debug/98466.cc (test for excess errors)
UNRESOLVED: 23_containers/deque/debug/98466.cc compilation failed to produce executable
FAIL: 23_containers/deque/debug/insert4_neg.cc (test for excess errors)
UNRESOLVED: 23_containers/deque/debug/insert4_neg.cc compilation failed to produce executable
FAIL: 23_containers/deque/debug/invalidation/1.cc (test for excess errors)
UNRESOLVED: 23_containers/deque/debug/invalidation/1.cc compilation failed to produce executable
FAIL: 23_containers/deque/debug/invalidation/2.cc (test for excess errors)
UNRESOLVED: 23_containers/deque/debug/invalidation/2.cc compilation failed to produce executable
FAIL: 23_containers/deque/debug/invalidation/3.cc (test for excess errors)
UNRESOLVED: 23_containers/deque/debug/invalidation/3.cc compilation failed to produce executable
FAIL: 23_containers/deque/debug/invalidation/4.cc (test for excess errors)
UNRESOLVED: 23_containers/deque/debug/invalidation/4.cc compilation failed to produce executable
FAIL: 23_containers/forward_list/cons/self_move.cc (test for excess errors)
UNRESOLVED: 23_containers/forward_list/cons/self_move.cc compilation failed to produce executable
FAIL: 23_containers/forward_list/debug/construct4_neg.cc (test for excess errors)
UNRESOLVED: 23_containers/forward_list/debug/construct4_neg.cc compilation failed to produce executable
FAIL: 23_containers/forward_list/debug/move_assign_neg.cc (test for excess errors)
UNRESOLVED: 23_containers/forward_list/debug/move_assign_neg.cc compilation failed to produce executable
FAIL: 23_containers/forward_list/debug/move_neg.cc (test for excess errors)
UNRESOLVED: 23_containers/forward_list/debug/move_neg.cc compilation failed to produce executable
FAIL: 23_containers/list/cons/self_move.cc (test for excess errors)
UNRESOLVED: 23_containers/list/cons/self_move.cc compilation failed to produce executable
FAIL: 23_containers/list/debug/insert4_neg.cc (test for excess errors)
UNRESOLVED: 23_containers/list/debug/insert4_neg.cc compilation failed to produce executable
FAIL: 23_containers/list/debug/invalidation/1.cc (test for excess errors)
UNRESOLVED: 23_containers/list/debug/invalidation/1.cc compilation failed to produce executable
FAIL: 23_containers/list/debug/invalidation/2.cc (test for excess errors)
UNRESOLVED: 23_containers/list/debug/invalidation/2.cc compilation failed to produce executable
FAIL: 23_containers/list/debug/invalidation/3.cc (test for excess errors)
UNRESOLVED: 23_containers/list/debug/invalidation/3.cc compilation failed to produce executable
FAIL: 23_containers/list/debug/invalidation/4.cc (test for excess errors)
UNRESOLVED: 23_containers/list/debug/invalidation/4.cc compilation failed to produce executable
FAIL: 23_containers/map/debug/construct5_neg.cc (test for excess errors)
UNRESOLVED: 23_containers/map/debug/construct5_neg.cc compilation failed to produce executable
FAIL: 23_containers/map/debug/invalidation/1.cc (test for excess errors)
UNRESOLVED: 23_containers/map/debug/invalidation/1.cc compilation failed to produce executable
FAIL: 23_containers/map/debug/invalidation/2.cc (test for excess errors)
UNRESOLVED: 23_containers/map/debug/invalidation/2.cc compilation failed to produce executable
FAIL: 23_containers/map/debug/move_assign_neg.cc (test for excess errors)
UNRESOLVED: 23_containers/map/debug/move_assign_neg.cc compilation failed to produce executable
FAIL: 23_containers/map/debug/move_neg.cc (test for excess errors)
UNRESOLVED: 23_containers/map/debug/move_neg.cc compilation failed to produce executable
FAIL: 23_containers/map/modifiers/insert/16813.cc (test for excess errors)
UNRESOLVED: 23_containers/map/modifiers/insert/16813.cc compilation failed to produce executable
FAIL: 23_containers/multimap/debug/construct5_neg.cc (test for excess errors)
UNRESOLVED: 23_containers/multimap/debug/construct5_neg.cc compilation failed to produce executable
FAIL: 23_containers/multimap/debug/invalidation/1.cc (test for excess errors)
UNRESOLVED: 23_containers/multimap/debug/invalidation/1.cc compilation failed to produce executable
FAIL: 23_containers/multimap/debug/invalidation/2.cc (test for excess errors)
UNRESOLVED: 23_containers/multimap/debug/invalidation/2.cc compilation failed to produce executable
FAIL: 23_containers/multimap/debug/move_assign_neg.cc (test for excess errors)
UNRESOLVED: 23_containers/multimap/debug/move_assign_neg.cc compilation failed to produce executable
FAIL: 23_containers/multimap/debug/move_neg.cc (test for excess errors)
UNRESOLVED: 23_containers/multimap/debug/move_neg.cc compilation failed to produce executable
FAIL: 23_containers/multiset/debug/construct5_neg.cc (test for excess errors)
UNRESOLVED: 23_containers/multiset/debug/construct5_neg.cc compilation failed to produce executable
FAIL: 23_containers/multiset/debug/invalidation/1.cc (test for excess errors)
UNRESOLVED: 23_containers/multiset/debug/invalidation/1.cc compilation failed to produce executable
FAIL: 23_containers/multiset/debug/invalidation/2.cc (test for excess errors)
UNRESOLVED: 23_containers/multiset/debug/invalidation/2.cc compilation failed to produce executable
FAIL: 23_containers/multiset/debug/move_assign_neg.cc (test for excess errors)
UNRESOLVED: 23_containers/multiset/debug/move_assign_neg.cc compilation failed to produce executable
FAIL: 23_containers/multiset/debug/move_neg.cc (test for excess errors)
UNRESOLVED: 23_containers/multiset/debug/move_neg.cc compilation failed to produce executable
FAIL: 23_containers/set/cons/self_move.cc (test for excess errors)
UNRESOLVED: 23_containers/set/cons/self_move.cc compilation failed to produce executable
FAIL: 23_containers/set/debug/construct5_neg.cc (test for excess errors)
UNRESOLVED: 23_containers/set/debug/construct5_neg.cc compilation failed to produce executable
FAIL: 23_containers/set/debug/invalidation/1.cc (test for excess errors)
UNRESOLVED: 23_containers/set/debug/invalidation/1.cc compilation failed to produce executable
FAIL: 23_containers/set/debug/invalidation/2.cc (test for excess errors)
UNRESOLVED: 23_containers/set/debug/invalidation/2.cc compilation failed to produce executable
FAIL: 23_containers/set/debug/move_assign_neg.cc (test for excess errors)
UNRESOLVED: 23_containers/set/debug/move_assign_neg.cc compilation failed to produce executable
FAIL: 23_containers/set/debug/move_neg.cc (test for excess errors)
UNRESOLVED: 23_containers/set/debug/move_neg.cc compilation failed to produce executable
FAIL: 23_containers/unordered_map/96088.cc execution test
FAIL: 23_containers/unordered_map/debug/98466.cc (test for excess errors)
UNRESOLVED: 23_containers/unordered_map/debug/98466.cc compilation failed to produce executable
FAIL: 23_containers/unordered_map/debug/construct5_neg.cc (test for excess errors)
UNRESOLVED: 23_containers/unordered_map/debug/construct5_neg.cc compilation failed to produce executable
FAIL: 23_containers/unordered_map/debug/move_assign_neg.cc (test for excess errors)
UNRESOLVED: 23_containers/unordered_map/debug/move_assign_neg.cc compilation failed to produce executable
FAIL: 23_containers/unordered_map/debug/move_neg.cc (test for excess errors)
UNRESOLVED: 23_containers/unordered_map/debug/move_neg.cc compilation failed to produce executable
FAIL: 23_containers/unordered_map/requirements/debug_container.cc (test for excess errors)
FAIL: 23_containers/unordered_multimap/96088.cc execution test
FAIL: 23_containers/unordered_multimap/debug/construct5_neg.cc (test for excess errors)
UNRESOLVED: 23_containers/unordered_multimap/debug/construct5_neg.cc compilation failed to produce executable
FAIL: 23_containers/unordered_multimap/debug/move_assign_neg.cc (test for excess errors)
UNRESOLVED: 23_containers/unordered_multimap/debug/move_assign_neg.cc compilation failed to produce executable
FAIL: 23_containers/unordered_multimap/debug/move_neg.cc (test for excess errors)
UNRESOLVED: 23_containers/unordered_multimap/debug/move_neg.cc compilation failed to produce executable
FAIL: 23_containers/unordered_multimap/requirements/debug.cc (test for excess errors)
FAIL: 23_containers/unordered_multiset/96088.cc execution test
FAIL: 23_containers/unordered_multiset/debug/construct5_neg.cc (test for excess errors)
UNRESOLVED: 23_containers/unordered_multiset/debug/construct5_neg.cc compilation failed to produce executable
FAIL: 23_containers/unordered_multiset/debug/move_assign_neg.cc (test for excess errors)
UNRESOLVED: 23_containers/unordered_multiset/debug/move_assign_neg.cc compilation failed to produce executable
FAIL: 23_containers/unordered_multiset/debug/move_neg.cc (test for excess errors)
UNRESOLVED: 23_containers/unordered_multiset/debug/move_neg.cc compilation failed to produce executable
FAIL: 23_containers/unordered_multiset/requirements/debug.cc (test for excess errors)
FAIL: 23_containers/unordered_set/96088.cc execution test
FAIL: 23_containers/unordered_set/cons/self_move.cc (test for excess errors)
UNRESOLVED: 23_containers/unordered_set/cons/self_move.cc compilation failed to produce executable
FAIL: 23_containers/unordered_set/debug/construct5_neg.cc (test for excess errors)
UNRESOLVED: 23_containers/unordered_set/debug/construct5_neg.cc compilation failed to produce executable
FAIL: 23_containers/unordered_set/debug/move_assign_neg.cc (test for excess errors)
UNRESOLVED: 23_containers/unordered_set/debug/move_assign_neg.cc compilation failed to produce executable
FAIL: 23_containers/unordered_set/debug/move_neg.cc (test for excess errors)
UNRESOLVED: 23_containers/unordered_set/debug/move_neg.cc compilation failed to produce executable
FAIL: 23_containers/unordered_set/requirements/debug_container.cc (test for excess errors)
FAIL: 23_containers/vector/63500.cc (test for excess errors)
FAIL: 23_containers/vector/cons/self_move.cc (test for excess errors)
UNRESOLVED: 23_containers/vector/cons/self_move.cc compilation failed to produce executable
FAIL: 23_containers/vector/debug/insert4_neg.cc (test for excess errors)
UNRESOLVED: 23_containers/vector/debug/insert4_neg.cc compilation failed to produce executable
FAIL: 23_containers/vector/debug/insert6_neg.cc (test for excess errors)
UNRESOLVED: 23_containers/vector/debug/insert6_neg.cc compilation failed to produce executable
FAIL: 23_containers/vector/debug/insert7_neg.cc (test for excess errors)
UNRESOLVED: 23_containers/vector/debug/insert7_neg.cc compilation failed to produce executable
FAIL: 23_containers/vector/debug/invalidation/1.cc (test for excess errors)
UNRESOLVED: 23_containers/vector/debug/invalidation/1.cc compilation failed to produce executable
FAIL: 23_containers/vector/debug/invalidation/2.cc (test for excess errors)
UNRESOLVED: 23_containers/vector/debug/invalidation/2.cc compilation failed to produce executable
FAIL: 23_containers/vector/debug/invalidation/3.cc (test for excess errors)
UNRESOLVED: 23_containers/vector/debug/invalidation/3.cc compilation failed to produce executable
FAIL: 23_containers/vector/debug/invalidation/4.cc (test for excess errors)
UNRESOLVED: 23_containers/vector/debug/invalidation/4.cc compilation failed to produce executable
FAIL: 23_containers/vector/debug/move_assign_neg.cc (test for excess errors)
UNRESOLVED: 23_containers/vector/debug/move_assign_neg.cc compilation failed to produce executable
FAIL: 23_containers/vector/debug/move_neg.cc (test for excess errors)
UNRESOLVED: 23_containers/vector/debug/move_neg.cc compilation failed to produce executable
FAIL: 24_iterators/move_iterator/debug_neg.cc (test for excess errors)
UNRESOLVED: 24_iterators/move_iterator/debug_neg.cc compilation failed to produce executable
FAIL: 24_iterators/reverse_iterator/debug_neg.cc (test for excess errors)
UNRESOLVED: 24_iterators/reverse_iterator/debug_neg.cc compilation failed to produce executable
FAIL: 25_algorithms/copy/86658.cc (test for excess errors)
UNRESOLVED: 25_algorithms/copy/86658.cc compilation failed to produce executable
FAIL: 25_algorithms/copy/debug/99402.cc (test for excess errors)
UNRESOLVED: 25_algorithms/copy/debug/99402.cc compilation failed to produce executable
FAIL: 25_algorithms/for_each/for_each_n_debug.cc (test for excess errors)
UNRESOLVED: 25_algorithms/for_each/for_each_n_debug.cc compilation failed to produce executable
=== libstdc++ Summary ===
# of expected passes 12771
# of unexpected failures 90
# of expected failures 64
# of unresolved testcases 75
# of unsupported tests 905
Compiler version: 12.0.0 20210826 (experimental) [src revision 446cfc6b885:da8d915aee9:0c52c93690229e5131d12300a60162c944afe309] (GCC)
Platform: powerpc-ibm-aix7.2.3.0
configure flags: --disable-werror --enable-languages=c,c++,fortran --with-gmp=/nasfarm/edelsohn/install --with-isl=/nasfarm/edelsohn/install --with-libiconv-prefix=/nasfarm/edelsohn/install --disable-libstdcxx-pch --with-included-gettext --prefix=/nasfarm/edelsohn/install/GCC
More information about the Gcc-testresults
mailing list