Results of testsuite (branch: master; revision: r12-3157; build config: standard; languages: all,ada) on x86_64-linux-gnu.

Toon Moene toon@moene.org
Thu Aug 26 16:22:06 GMT 2021


LAST_UPDATED: Thu Aug 26 09:12:22 UTC 2021 (revision bfc9250e0de:a97e7b8b71c:e370a2482d41fd382055695b9a0a638ce75e1038)

		=== acats tests ===

		=== acats Summary ===
# of expected passes		2328
# of unexpected failures	0
Native configuration is x86_64-pc-linux-gnu

		=== gcc tests ===


Running target unix
FAIL: gcc.dg/tree-prof/20050826-2.c scan-tree-dump-not dom2 "Invalid sum"
FAIL: compiler driver --help=param option(s): "^ +-.*[^:.]\$" absent from output: "  --param=modref-max-adjustments= Maximum number of times a given range is adjusted during the dataflow"
FAIL: compiler driver --help=params option(s): "[^.]\$" absent from output: "w"

		=== gcc Summary ===

# of expected passes		165787
# of unexpected failures	3
# of expected failures		912
# of unsupported tests		2452
/home/toon/scratch/bld2471325/gcc/xgcc  version 12.0.0 20210826 (experimental) [master revision bfc9250e0de:a97e7b8b71c:e370a2482d41fd382055695b9a0a638ce75e1038] (GCC) 

		=== gdc tests ===


Running target unix

		=== gdc Summary ===

# of expected passes		10925
/home/toon/scratch/bld2471325/gcc/gdc  version 12.0.0 20210826 (experimental) [master revision bfc9250e0de:a97e7b8b71c:e370a2482d41fd382055695b9a0a638ce75e1038] (GCC) 

		=== gfortran tests ===


Running target unix

		=== gfortran Summary ===

# of expected passes		59176
# of expected failures		254
# of unsupported tests		96
/home/toon/scratch/bld2471325/gcc/gfortran  version 12.0.0 20210826 (experimental) [master revision bfc9250e0de:a97e7b8b71c:e370a2482d41fd382055695b9a0a638ce75e1038] (GCC) 

		=== g++ tests ===


Running target unix

		=== g++ Summary ===

# of expected passes		216850
# of expected failures		1323
# of unsupported tests		9345
/home/toon/scratch/bld2471325/gcc/xg++  version 12.0.0 20210826 (experimental) [master revision bfc9250e0de:a97e7b8b71c:e370a2482d41fd382055695b9a0a638ce75e1038] (GCC) 

		=== gnat tests ===


Running target unix

		=== gnat Summary ===

# of expected passes		3375
# of expected failures		23
# of unsupported tests		3
/home/toon/scratch/bld2471325/gcc/gnatmake version 12.0.0 20210826 (experimental) [master revision bfc9250e0de:a97e7b8b71c:e370a2482d41fd382055695b9a0a638ce75e1038]

		=== go tests ===


Running target unix
FAIL: ./index0-out.go execution,  -O0 -g -fno-var-tracking-assignments 
FAIL: go.test/test/fixedbugs/issue10441.go   -O  (test for excess errors)

		=== go Summary ===

# of expected passes		8897
# of unexpected failures	2
# of untested testcases		6
# of unsupported tests		27
/home/toon/scratch/bld2471325/gcc/gccgo  version 12.0.0 20210826 (experimental) [master revision bfc9250e0de:a97e7b8b71c:e370a2482d41fd382055695b9a0a638ce75e1038] (GCC) 

		=== obj-c++ tests ===


Running target unix

		=== obj-c++ Summary ===

# of expected passes		1482
# of expected failures		10
# of unsupported tests		79
/home/toon/scratch/bld2471325/gcc/xg++  version 12.0.0 20210826 (experimental) [master revision bfc9250e0de:a97e7b8b71c:e370a2482d41fd382055695b9a0a638ce75e1038] (GCC) 

		=== objc tests ===


Running target unix

		=== objc Summary ===

# of expected passes		2820
# of expected failures		6
# of unsupported tests		70
/home/toon/scratch/bld2471325/gcc/xgcc  version 12.0.0 20210826 (experimental) [master revision bfc9250e0de:a97e7b8b71c:e370a2482d41fd382055695b9a0a638ce75e1038] (GCC) 

		=== gotools tests ===


		=== gotools Summary ===
# of expected passes		402
# of untested testcases		127
/home/toon/scratch/bld2471325/./gcc/gccgo version 12.0.0 20210826 (experimental) [master revision bfc9250e0de:a97e7b8b71c:e370a2482d41fd382055695b9a0a638ce75e1038] (GCC)

		=== libatomic tests ===


Running target unix

		=== libatomic Summary ===

# of expected passes		54
		=== libffi tests ===


Running target unix

		=== libffi Summary ===

# of expected passes		2229
		=== libgo tests ===


Running target unix
FAIL: runtime/pprof

		=== libgo Summary ===

# of expected passes		189
# of unexpected failures	1
/home/toon/scratch/bld2471325/./gcc/gccgo version 12.0.0 20210826 (experimental) [master revision bfc9250e0de:a97e7b8b71c:e370a2482d41fd382055695b9a0a638ce75e1038] (GCC)

		=== libgomp tests ===


Running target unix

		=== libgomp Summary ===

# of expected passes		11713
# of expected failures		104
# of unsupported tests		535
		=== libitm tests ===


Running target unix

		=== libitm Summary ===

# of expected passes		44
# of expected failures		3
# of unsupported tests		1
		=== libphobos tests ===


Running target unix

		=== libphobos Summary ===

# of expected passes		788
		=== libstdc++ tests ===


Running target unix
FAIL: 30_threads/jthread/95989.cc execution test

		=== libstdc++ Summary ===

# of expected passes		14305
# of unexpected failures	1
# of expected failures		95
# of unsupported tests		665

Compiler version: 12.0.0 20210826 (experimental) [master revision bfc9250e0de:a97e7b8b71c:e370a2482d41fd382055695b9a0a638ce75e1038] (GCC) 
Platform: x86_64-pc-linux-gnu
configure flags: --prefix=/home/toon/compilers/install/gcc --with-gnu-as --with-gnu-ld --enable-languages=all,ada --disable-multilib --disable-nls


More information about the Gcc-testresults mailing list