Results for 11.2.1 (DEFMODE=default DEFCPU=default DEFFPU=default TESTFLAGS=-mthumb/-mcpu=cortex-m3/-mfloat-abi=soft) [r11-8901] (GCC) testsuite on arm-none-eabi
Christophe LYON
christophe.lyon@foss.st.com
Tue Aug 24 20:36:45 GMT 2021
LAST_UPDATED: Tue Aug 24 18:10:19 UTC 2021 (revision r11-8901-ge5b56e805835b3052f67a03c0379db0adc1300a3) TARGET=arm-none-eabi CPU=default FPU=default MODE=default
Target is arm-none-eabi
Host is arm-none-eabi
=== libstdc++ tests ===
Running target myarm-sim/-mthumb/-mcpu=cortex-m3/-mfloat-abi=soft
FAIL: 27_io/basic_filebuf/underflow/wchar_t/11603.cc execution test
FAIL: 27_io/basic_fstream/53984.cc execution test
FAIL: abi/header_cxxabi.c (test for excess errors)
FAIL: experimental/net/headers.cc (test for excess errors)
FAIL: experimental/net/internet/address/v4/comparisons.cc (test for excess errors)
UNRESOLVED: experimental/net/internet/address/v4/comparisons.cc compilation failed to produce executable
FAIL: experimental/net/internet/address/v4/cons.cc (test for excess errors)
UNRESOLVED: experimental/net/internet/address/v4/cons.cc compilation failed to produce executable
FAIL: experimental/net/internet/address/v4/creation.cc (test for excess errors)
UNRESOLVED: experimental/net/internet/address/v4/creation.cc compilation failed to produce executable
FAIL: experimental/net/internet/address/v4/members.cc (test for excess errors)
UNRESOLVED: experimental/net/internet/address/v4/members.cc compilation failed to produce executable
FAIL: experimental/net/internet/address/v6/members.cc (test for excess errors)
UNRESOLVED: experimental/net/internet/address/v6/members.cc compilation failed to produce executable
FAIL: experimental/net/internet/resolver/base.cc (test for excess errors)
UNRESOLVED: experimental/net/internet/resolver/base.cc compilation failed to produce executable
FAIL: experimental/net/internet/resolver/ops/lookup.cc (test for excess errors)
UNRESOLVED: experimental/net/internet/resolver/ops/lookup.cc compilation failed to produce executable
FAIL: experimental/net/internet/resolver/ops/reverse.cc (test for excess errors)
UNRESOLVED: experimental/net/internet/resolver/ops/reverse.cc compilation failed to produce executable
FAIL: experimental/net/socket/basic_socket.cc (test for excess errors)
FAIL: experimental/net/timer/waitable/cons.cc (test for excess errors)
UNRESOLVED: experimental/net/timer/waitable/cons.cc compilation failed to produce executable
FAIL: experimental/net/timer/waitable/dest.cc (test for excess errors)
UNRESOLVED: experimental/net/timer/waitable/dest.cc compilation failed to produce executable
FAIL: experimental/net/timer/waitable/ops.cc (test for excess errors)
UNRESOLVED: experimental/net/timer/waitable/ops.cc compilation failed to produce executable
XPASS: ext/stdio_filebuf/char/10063-2.cc execution test
XPASS: ext/stdio_filebuf/char/10063-3.cc execution test
=== libstdc++ Summary ===
# of expected passes 12774
# of unexpected failures 16
# of unexpected successes 2
# of expected failures 110
# of unresolved testcases 11
# of unsupported tests 903
Host is x86_64-pc-linux-gnu
=== gcc tests ===
Running target myarm-sim/-mthumb/-mcpu=cortex-m3/-mfloat-abi=soft
XPASS: gcc.dg/Wstringop-overflow-43.c pr????? (test for warnings, line 172)
FAIL: gcc.dg/pr41574.c (test for excess errors)
FAIL: gcc.dg/pr59418.c (test for excess errors)
FAIL: gcc.dg/fixed-point/composite-type.c (test for excess errors)
FAIL: gcc.dg/tree-ssa/gen-vect-26.c scan-tree-dump-times vect "Alignment of access forced using peeling" 1
FAIL: gcc.dg/tree-ssa/gen-vect-26.c scan-tree-dump-times vect "Vectorizing an unaligned access" 0
FAIL: gcc.dg/tree-ssa/gen-vect-28.c scan-tree-dump-times vect "Alignment of access forced using peeling" 1
FAIL: gcc.dg/tree-ssa/gen-vect-28.c scan-tree-dump-times vect "Vectorizing an unaligned access" 0
FAIL: gcc.dg/tree-ssa/scev-3.c scan-tree-dump-times ivopts "&a" 1
FAIL: gcc.dg/tree-ssa/scev-5.c scan-tree-dump-times ivopts "&a" 1
FAIL: outputs-22 exe savetmp namedb-2: outputs.ld1_args
FAIL: outputs-23 exe savetmp named2-2: outputs.ld1_args
FAIL: outputs-24 exe savetmp named2-3: outputs.ld1_args
FAIL: outputs-25 exe savetmp named2-4: outputs.ld1_args
FAIL: outputs-294 lto sing unnamed-3: a.ld1_args
FAIL: outputs-294 lto sing unnamed-3: a.ld_args
FAIL: gcc.target/arm/its.c scan-assembler-not \\\\sit[te]{2}
UNRESOLVED: gcc.target/arm/lp1243022.c scan-rtl-dump subreg2 "REG_INC"
FAIL: gcc.target/arm/pr43920-2.c scan-assembler-times pop 2
FAIL: gcc.target/arm/reg_equal_test.c scan-rtl-dump expand "expr_list:REG_EQUAL \\\\(const_int -942519458"
=== gcc Summary ===
# of expected passes 116436
# of unexpected failures 18
# of unexpected successes 1
# of expected failures 598
# of unresolved testcases 1
# of unsupported tests 6322
/tmp/4827601_33.tmpdir/aci-gcc-fsf/builds/gcc-fsf-gccsrc/obj-arm-none-eabi/gcc3/gcc/xgcc version 11.2.1 (DEFMODE=default DEFCPU=default DEFFPU=default TESTFLAGS=-mthumb/-mcpu=cortex-m3/-mfloat-abi=soft) [r11-8901] (GCC)
Host is x86_64-pc-linux-gnu
=== g++ tests ===
Running target myarm-sim/-mthumb/-mcpu=cortex-m3/-mfloat-abi=soft
FAIL: g++.dg/cpp2a/constexpr-dtor3.C -std=c++2a (test for warnings, line 154)
FAIL: g++.dg/ipa/devirt-28a.C -std=gnu++14 (test for excess errors)
FAIL: g++.dg/ipa/devirt-28a.C -std=gnu++17 (test for excess errors)
FAIL: g++.dg/ipa/devirt-28a.C -std=gnu++2a (test for excess errors)
FAIL: g++.dg/ipa/devirt-28a.C -std=gnu++98 (test for excess errors)
FAIL: g++.dg/opt/pr97315-1.C -std=gnu++14 (test for excess errors)
FAIL: g++.dg/opt/pr97315-1.C -std=gnu++17 (test for excess errors)
FAIL: g++.dg/opt/pr97315-1.C -std=gnu++2a (test for excess errors)
FAIL: g++.dg/opt/pr97315-1.C -std=gnu++98 (test for excess errors)
FAIL: g++.dg/other/pr56184.C -std=gnu++14 (test for excess errors)
FAIL: g++.dg/other/pr56184.C -std=gnu++17 (test for excess errors)
FAIL: g++.dg/other/pr56184.C -std=gnu++2a (test for excess errors)
FAIL: g++.dg/other/pr56184.C -std=gnu++98 (test for excess errors)
XPASS: g++.dg/warn/Warray-bounds-20.C -std=gnu++14 assign (test for warnings, line 30)
XPASS: g++.dg/warn/Warray-bounds-20.C -std=gnu++17 assign (test for warnings, line 30)
XPASS: g++.dg/warn/Warray-bounds-20.C -std=gnu++2a assign (test for warnings, line 30)
XPASS: g++.dg/warn/Warray-bounds-20.C -std=gnu++98 assign (test for warnings, line 30)
FAIL: g++.dg/warn/Wstringop-overflow-6.C -std=gnu++14 (test for excess errors)
FAIL: g++.dg/warn/Wstringop-overflow-6.C -std=gnu++17 (test for excess errors)
FAIL: g++.dg/warn/Wstringop-overflow-6.C -std=gnu++2a (test for excess errors)
XPASS: g++.dg/warn/pr33738.C -std=gnu++14 (test for warnings, line 18)
XPASS: g++.dg/warn/pr33738.C -std=gnu++14 (test for warnings, line 22)
XPASS: g++.dg/warn/pr33738.C -std=gnu++17 (test for warnings, line 18)
XPASS: g++.dg/warn/pr33738.C -std=gnu++17 (test for warnings, line 22)
XPASS: g++.dg/warn/pr33738.C -std=gnu++2a (test for warnings, line 18)
XPASS: g++.dg/warn/pr33738.C -std=gnu++2a (test for warnings, line 22)
XPASS: g++.dg/warn/pr33738.C -std=gnu++98 (test for warnings, line 18)
XPASS: g++.dg/warn/pr33738.C -std=gnu++98 (test for warnings, line 22)
FAIL: g++.dg/lto/pr65276 cp_lto_pr65276_0.o-cp_lto_pr65276_1.o link, -flto -O0 -std=c++11
FAIL: g++.dg/modules/bad-mapper-3.C -std=c++17 (test for errors, line )
FAIL: g++.dg/modules/bad-mapper-3.C -std=c++17 (test for excess errors)
FAIL: g++.dg/modules/bad-mapper-3.C -std=c++2a (test for errors, line )
FAIL: g++.dg/modules/bad-mapper-3.C -std=c++2a (test for excess errors)
FAIL: g++.dg/modules/bad-mapper-3.C -std=c++2b (test for errors, line )
FAIL: g++.dg/modules/bad-mapper-3.C -std=c++2b (test for excess errors)
FAIL: g++.dg/modules/omp-1_a.C -std=c++17 (test for excess errors)
FAIL: g++.dg/modules/omp-1_a.C -std=c++2a (test for excess errors)
FAIL: g++.dg/modules/omp-1_a.C -std=c++2b (test for excess errors)
FAIL: g++.dg/modules/omp-1_a.C module-cmi foo (gcm.cache/foo.gcm)
FAIL: g++.dg/modules/omp-1_a.C module-cmi foo (gcm.cache/foo.gcm)
FAIL: g++.dg/modules/omp-1_a.C module-cmi foo (gcm.cache/foo.gcm)
FAIL: g++.dg/modules/omp-1_b.C -std=c++17 (test for excess errors)
FAIL: g++.dg/modules/omp-1_b.C -std=c++2a (test for excess errors)
FAIL: g++.dg/modules/omp-1_b.C -std=c++2b (test for excess errors)
FAIL: g++.dg/modules/omp-1_c.C -std=c++17 dg-regexp 5 not found: "In module imported at [^\\n]*omp-1_c.C:3:1:\\nfoo: error: module contains OpenMP, use '-fopenmp' to enable\\n"
FAIL: g++.dg/modules/omp-1_c.C -std=c++2a dg-regexp 5 not found: "In module imported at [^\\n]*omp-1_c.C:3:1:\\nfoo: error: module contains OpenMP, use '-fopenmp' to enable\\n"
FAIL: g++.dg/modules/omp-1_c.C -std=c++2b dg-regexp 5 not found: "In module imported at [^\\n]*omp-1_c.C:3:1:\\nfoo: error: module contains OpenMP, use '-fopenmp' to enable\\n"
FAIL: g++.dg/modules/omp-2_a.C -std=c++17 (test for excess errors)
FAIL: g++.dg/modules/omp-2_a.C -std=c++2a (test for excess errors)
FAIL: g++.dg/modules/omp-2_a.C -std=c++2b (test for excess errors)
FAIL: g++.dg/modules/omp-2_a.C module-cmi foo (gcm.cache/foo.gcm)
FAIL: g++.dg/modules/omp-2_a.C module-cmi foo (gcm.cache/foo.gcm)
FAIL: g++.dg/modules/omp-2_a.C module-cmi foo (gcm.cache/foo.gcm)
FAIL: g++.dg/modules/omp-2_b.C -std=c++17 (test for excess errors)
FAIL: g++.dg/modules/omp-2_b.C -std=c++2a (test for excess errors)
FAIL: g++.dg/modules/omp-2_b.C -std=c++2b (test for excess errors)
FAIL: g++.dg/modules/virt-2_a.C -std=c++17 scan-assembler _ZTI7Visitor:
FAIL: g++.dg/modules/virt-2_a.C -std=c++17 scan-assembler _ZTS7Visitor:
FAIL: g++.dg/modules/virt-2_a.C -std=c++17 scan-assembler _ZTV7Visitor:
FAIL: g++.dg/modules/virt-2_a.C -std=c++2a scan-assembler _ZTI7Visitor:
FAIL: g++.dg/modules/virt-2_a.C -std=c++2a scan-assembler _ZTS7Visitor:
FAIL: g++.dg/modules/virt-2_a.C -std=c++2a scan-assembler _ZTV7Visitor:
FAIL: g++.dg/modules/virt-2_a.C -std=c++2b scan-assembler _ZTI7Visitor:
FAIL: g++.dg/modules/virt-2_a.C -std=c++2b scan-assembler _ZTS7Visitor:
FAIL: g++.dg/modules/virt-2_a.C -std=c++2b scan-assembler _ZTV7Visitor:
=== g++ Summary ===
# of expected passes 172943
# of unexpected failures 53
# of unexpected successes 12
# of expected failures 731
# of unsupported tests 12092
/tmp/4827601_33.tmpdir/aci-gcc-fsf/builds/gcc-fsf-gccsrc/obj-arm-none-eabi/gcc3/gcc/xg++ version 11.2.1 (DEFMODE=default DEFCPU=default DEFFPU=default TESTFLAGS=-mthumb/-mcpu=cortex-m3/-mfloat-abi=soft) [r11-8901] (GCC)
Compiler version: 11.2.1 (DEFMODE=default DEFCPU=default DEFFPU=default TESTFLAGS=-mthumb/-mcpu=cortex-m3/-mfloat-abi=soft) [r11-8901] (GCC)
Platform: arm-none-eabi
configure flags: --target=arm-none-eabi --prefix=/tmp/4827601_33.tmpdir/aci-gcc-fsf/builds/gcc-fsf-gccsrc/tools --with-sysroot=/tmp/4827601_33.tmpdir/aci-gcc-fsf/builds/gcc-fsf-gccsrc/sysroot-arm-none-eabi --disable-nls --disable-libgomp --disable-libmudflap --disable-libcilkrts --enable-checking --enable-languages=c,c++ --with-newlib --disable-tls --enable-multilib --with-multilib-list=rmprofile
More information about the Gcc-testresults
mailing list