Results for 11.2.1 (DEFMODE=arm DEFCPU=cortex-a9 DEFFPU=vfp TESTFLAGS=-march=armv5t) [r11-8894] (GCC) testsuite on arm-none-linux-gnueabihf
Christophe LYON
christophe.lyon@foss.st.com
Mon Aug 23 15:22:27 GMT 2021
LAST_UPDATED: Mon Aug 23 13:38:25 UTC 2021 (revision r11-8894-g05dbde3bfb91b5a643b68d00609a1aab1a6f47a0) TARGET=arm-none-linux-gnueabihf CPU=cortex-a9 FPU=vfp MODE=arm
Target is arm-none-linux-gnueabihf
Host is arm-none-linux-gnueabihf
=== libatomic tests ===
Running target qemu/-march=armv5t
=== libatomic Summary ===
# of expected passes 44
# of unsupported tests 5
Host is arm-none-linux-gnueabihf
=== libitm tests ===
Running target qemu/-march=armv5t
=== libitm Summary ===
# of expected passes 44
# of expected failures 3
# of unsupported tests 1
Host is arm-none-linux-gnueabihf
=== libstdc++ tests ===
Running target qemu/-march=armv5t
FAIL: 29_atomics/atomic_float/wait_notify.cc (test for excess errors)
UNRESOLVED: 29_atomics/atomic_float/wait_notify.cc compilation failed to produce executable
FAIL: 29_atomics/atomic_integral/wait_notify.cc (test for excess errors)
UNRESOLVED: 29_atomics/atomic_integral/wait_notify.cc compilation failed to produce executable
=== libstdc++ Summary ===
# of expected passes 13859
# of unexpected failures 2
# of expected failures 104
# of untested testcases 1
# of unresolved testcases 2
# of unsupported tests 745
Host is x86_64-pc-linux-gnu
=== gcc tests ===
Running target qemu/-march=armv5t
WARNING: skipping asan tests due to ulimit -v
WARNING: skipping asan tests due to ulimit -v
WARNING: skipping asan tests due to ulimit -v
WARNING: skipping asan tests due to ulimit -v
WARNING: skipping asan tests due to ulimit -v
WARNING: skipping asan tests due to ulimit -v
WARNING: skipping asan tests due to ulimit -v
FAIL: gcc.dg/ira-shrinkwrap-prep-1.c scan-rtl-dump pro_and_epilogue "Performing shrink-wrapping"
FAIL: gcc.dg/fixed-point/composite-type.c (test for excess errors)
FAIL: gcc.dg/vect/complex/bb-slp-complex-add-pattern-long.c -flto -ffat-lto-objects scan-tree-dump-times slp1 "stmt.*COMPLEX_ADD_ROT270" 1
FAIL: gcc.dg/vect/complex/bb-slp-complex-add-pattern-long.c -flto -ffat-lto-objects scan-tree-dump-times slp1 "stmt.*COMPLEX_ADD_ROT90" 1
FAIL: gcc.dg/vect/complex/bb-slp-complex-add-pattern-long.c scan-tree-dump-times slp1 "stmt.*COMPLEX_ADD_ROT270" 1
FAIL: gcc.dg/vect/complex/bb-slp-complex-add-pattern-long.c scan-tree-dump-times slp1 "stmt.*COMPLEX_ADD_ROT90" 1
FAIL: gcc.dg/vect/complex/bb-slp-complex-add-pattern-unsigned-long.c -flto -ffat-lto-objects scan-tree-dump-times slp1 "stmt.*COMPLEX_ADD_ROT270" 1
FAIL: gcc.dg/vect/complex/bb-slp-complex-add-pattern-unsigned-long.c -flto -ffat-lto-objects scan-tree-dump-times slp1 "stmt.*COMPLEX_ADD_ROT90" 1
FAIL: gcc.dg/vect/complex/bb-slp-complex-add-pattern-unsigned-long.c scan-tree-dump-times slp1 "stmt.*COMPLEX_ADD_ROT270" 1
FAIL: gcc.dg/vect/complex/bb-slp-complex-add-pattern-unsigned-long.c scan-tree-dump-times slp1 "stmt.*COMPLEX_ADD_ROT90" 1
FAIL: gcc.dg/vect/complex/vect-complex-add-pattern-long.c -flto -ffat-lto-objects scan-tree-dump-times vect "stmt.*COMPLEX_ADD_ROT270" 1
FAIL: gcc.dg/vect/complex/vect-complex-add-pattern-long.c -flto -ffat-lto-objects scan-tree-dump-times vect "stmt.*COMPLEX_ADD_ROT90" 1
FAIL: gcc.dg/vect/complex/vect-complex-add-pattern-long.c scan-tree-dump-times vect "stmt.*COMPLEX_ADD_ROT270" 1
FAIL: gcc.dg/vect/complex/vect-complex-add-pattern-long.c scan-tree-dump-times vect "stmt.*COMPLEX_ADD_ROT90" 1
FAIL: gcc.dg/vect/complex/vect-complex-add-pattern-unsigned-long.c -flto -ffat-lto-objects scan-tree-dump-times vect "stmt.*COMPLEX_ADD_ROT270" 1
FAIL: gcc.dg/vect/complex/vect-complex-add-pattern-unsigned-long.c -flto -ffat-lto-objects scan-tree-dump-times vect "stmt.*COMPLEX_ADD_ROT90" 1
FAIL: gcc.dg/vect/complex/vect-complex-add-pattern-unsigned-long.c scan-tree-dump-times vect "stmt.*COMPLEX_ADD_ROT270" 1
FAIL: gcc.dg/vect/complex/vect-complex-add-pattern-unsigned-long.c scan-tree-dump-times vect "stmt.*COMPLEX_ADD_ROT90" 1
FAIL: gcc.dg/vect/pr97428.c -flto -ffat-lto-objects scan-tree-dump vect "Detected interleaving load of size 8"
FAIL: gcc.dg/vect/pr97428.c -flto -ffat-lto-objects scan-tree-dump vect "Detected interleaving store of size 16"
FAIL: gcc.dg/vect/pr97428.c scan-tree-dump vect "Detected interleaving load of size 8"
FAIL: gcc.dg/vect/pr97428.c scan-tree-dump vect "Detected interleaving store of size 16"
XPASS: gcc.dg/vect/vect-cond-1.c -flto -ffat-lto-objects scan-tree-dump-times vect "OUTER LOOP VECTORIZED" 1
XPASS: gcc.dg/vect/vect-cond-1.c scan-tree-dump-times vect "OUTER LOOP VECTORIZED" 1
XPASS: gcc.dg/vect/vect-cond-3.c -flto -ffat-lto-objects scan-tree-dump-times vect "OUTER LOOP VECTORIZED" 1
XPASS: gcc.dg/vect/vect-cond-3.c scan-tree-dump-times vect "OUTER LOOP VECTORIZED" 1
XPASS: gcc.dg/vect/vect-cond-4.c -flto -ffat-lto-objects scan-tree-dump-times vect "OUTER LOOP VECTORIZED" 1
XPASS: gcc.dg/vect/vect-cond-4.c scan-tree-dump-times vect "OUTER LOOP VECTORIZED" 1
UNRESOLVED: gcc.target/aarch64/advsimd-intrinsics/vld1x2.c -O0 compilation failed to produce executable
UNRESOLVED: gcc.target/aarch64/advsimd-intrinsics/vld1x2.c -O1 compilation failed to produce executable
UNRESOLVED: gcc.target/aarch64/advsimd-intrinsics/vld1x2.c -O2 compilation failed to produce executable
UNRESOLVED: gcc.target/aarch64/advsimd-intrinsics/vld1x2.c -O2 -flto -fno-use-linker-plugin -flto-partition=none compilation failed to produce executable
UNRESOLVED: gcc.target/aarch64/advsimd-intrinsics/vld1x2.c -O2 -flto -fuse-linker-plugin -fno-fat-lto-objects compilation failed to produce executable
UNRESOLVED: gcc.target/aarch64/advsimd-intrinsics/vld1x2.c -O3 -fomit-frame-pointer -funroll-loops -fpeel-loops -ftracer -finline-functions compilation failed to produce executable
UNRESOLVED: gcc.target/aarch64/advsimd-intrinsics/vld1x2.c -O3 -g compilation failed to produce executable
UNRESOLVED: gcc.target/aarch64/advsimd-intrinsics/vld1x2.c -Og -g compilation failed to produce executable
UNRESOLVED: gcc.target/aarch64/advsimd-intrinsics/vld1x2.c -Os compilation failed to produce executable
UNRESOLVED: gcc.target/aarch64/advsimd-intrinsics/vld1x3.c -O0 compilation failed to produce executable
UNRESOLVED: gcc.target/aarch64/advsimd-intrinsics/vld1x3.c -O1 compilation failed to produce executable
UNRESOLVED: gcc.target/aarch64/advsimd-intrinsics/vld1x3.c -O2 compilation failed to produce executable
UNRESOLVED: gcc.target/aarch64/advsimd-intrinsics/vld1x3.c -O2 -flto -fno-use-linker-plugin -flto-partition=none compilation failed to produce executable
UNRESOLVED: gcc.target/aarch64/advsimd-intrinsics/vld1x3.c -O2 -flto -fuse-linker-plugin -fno-fat-lto-objects compilation failed to produce executable
UNRESOLVED: gcc.target/aarch64/advsimd-intrinsics/vld1x3.c -O3 -fomit-frame-pointer -funroll-loops -fpeel-loops -ftracer -finline-functions compilation failed to produce executable
UNRESOLVED: gcc.target/aarch64/advsimd-intrinsics/vld1x3.c -O3 -g compilation failed to produce executable
UNRESOLVED: gcc.target/aarch64/advsimd-intrinsics/vld1x3.c -Og -g compilation failed to produce executable
UNRESOLVED: gcc.target/aarch64/advsimd-intrinsics/vld1x3.c -Os compilation failed to produce executable
UNRESOLVED: gcc.target/aarch64/advsimd-intrinsics/vld1x4.c -O0 compilation failed to produce executable
UNRESOLVED: gcc.target/aarch64/advsimd-intrinsics/vld1x4.c -O1 compilation failed to produce executable
UNRESOLVED: gcc.target/aarch64/advsimd-intrinsics/vld1x4.c -O2 compilation failed to produce executable
UNRESOLVED: gcc.target/aarch64/advsimd-intrinsics/vld1x4.c -O2 -flto -fno-use-linker-plugin -flto-partition=none compilation failed to produce executable
UNRESOLVED: gcc.target/aarch64/advsimd-intrinsics/vld1x4.c -O2 -flto -fuse-linker-plugin -fno-fat-lto-objects compilation failed to produce executable
UNRESOLVED: gcc.target/aarch64/advsimd-intrinsics/vld1x4.c -O3 -fomit-frame-pointer -funroll-loops -fpeel-loops -ftracer -finline-functions compilation failed to produce executable
UNRESOLVED: gcc.target/aarch64/advsimd-intrinsics/vld1x4.c -O3 -g compilation failed to produce executable
UNRESOLVED: gcc.target/aarch64/advsimd-intrinsics/vld1x4.c -Og -g compilation failed to produce executable
UNRESOLVED: gcc.target/aarch64/advsimd-intrinsics/vld1x4.c -Os compilation failed to produce executable
UNRESOLVED: gcc.target/aarch64/advsimd-intrinsics/vst1x2.c -O0 compilation failed to produce executable
UNRESOLVED: gcc.target/aarch64/advsimd-intrinsics/vst1x2.c -O1 compilation failed to produce executable
UNRESOLVED: gcc.target/aarch64/advsimd-intrinsics/vst1x2.c -O2 compilation failed to produce executable
UNRESOLVED: gcc.target/aarch64/advsimd-intrinsics/vst1x2.c -O2 -flto -fno-use-linker-plugin -flto-partition=none compilation failed to produce executable
UNRESOLVED: gcc.target/aarch64/advsimd-intrinsics/vst1x2.c -O2 -flto -fuse-linker-plugin -fno-fat-lto-objects compilation failed to produce executable
UNRESOLVED: gcc.target/aarch64/advsimd-intrinsics/vst1x2.c -O3 -fomit-frame-pointer -funroll-loops -fpeel-loops -ftracer -finline-functions compilation failed to produce executable
UNRESOLVED: gcc.target/aarch64/advsimd-intrinsics/vst1x2.c -O3 -g compilation failed to produce executable
UNRESOLVED: gcc.target/aarch64/advsimd-intrinsics/vst1x2.c -Og -g compilation failed to produce executable
UNRESOLVED: gcc.target/aarch64/advsimd-intrinsics/vst1x2.c -Os compilation failed to produce executable
UNRESOLVED: gcc.target/aarch64/advsimd-intrinsics/vst1x3.c -O0 compilation failed to produce executable
UNRESOLVED: gcc.target/aarch64/advsimd-intrinsics/vst1x3.c -O1 compilation failed to produce executable
UNRESOLVED: gcc.target/aarch64/advsimd-intrinsics/vst1x3.c -O2 compilation failed to produce executable
UNRESOLVED: gcc.target/aarch64/advsimd-intrinsics/vst1x3.c -O2 -flto -fno-use-linker-plugin -flto-partition=none compilation failed to produce executable
UNRESOLVED: gcc.target/aarch64/advsimd-intrinsics/vst1x3.c -O2 -flto -fuse-linker-plugin -fno-fat-lto-objects compilation failed to produce executable
UNRESOLVED: gcc.target/aarch64/advsimd-intrinsics/vst1x3.c -O3 -fomit-frame-pointer -funroll-loops -fpeel-loops -ftracer -finline-functions compilation failed to produce executable
UNRESOLVED: gcc.target/aarch64/advsimd-intrinsics/vst1x3.c -O3 -g compilation failed to produce executable
UNRESOLVED: gcc.target/aarch64/advsimd-intrinsics/vst1x3.c -Og -g compilation failed to produce executable
UNRESOLVED: gcc.target/aarch64/advsimd-intrinsics/vst1x3.c -Os compilation failed to produce executable
UNRESOLVED: gcc.target/aarch64/advsimd-intrinsics/vst1x4.c -O0 compilation failed to produce executable
UNRESOLVED: gcc.target/aarch64/advsimd-intrinsics/vst1x4.c -O1 compilation failed to produce executable
UNRESOLVED: gcc.target/aarch64/advsimd-intrinsics/vst1x4.c -O2 compilation failed to produce executable
UNRESOLVED: gcc.target/aarch64/advsimd-intrinsics/vst1x4.c -O2 -flto -fno-use-linker-plugin -flto-partition=none compilation failed to produce executable
UNRESOLVED: gcc.target/aarch64/advsimd-intrinsics/vst1x4.c -O2 -flto -fuse-linker-plugin -fno-fat-lto-objects compilation failed to produce executable
UNRESOLVED: gcc.target/aarch64/advsimd-intrinsics/vst1x4.c -O3 -fomit-frame-pointer -funroll-loops -fpeel-loops -ftracer -finline-functions compilation failed to produce executable
UNRESOLVED: gcc.target/aarch64/advsimd-intrinsics/vst1x4.c -O3 -g compilation failed to produce executable
UNRESOLVED: gcc.target/aarch64/advsimd-intrinsics/vst1x4.c -Og -g compilation failed to produce executable
UNRESOLVED: gcc.target/aarch64/advsimd-intrinsics/vst1x4.c -Os compilation failed to produce executable
FAIL: gcc.target/arm/acle/pr100856.c -O0 (test for excess errors)
UNRESOLVED: gcc.target/arm/acle/pr100856.c -O0 compilation failed to produce executable
FAIL: gcc.target/arm/acle/pr100856.c -O1 (test for excess errors)
UNRESOLVED: gcc.target/arm/acle/pr100856.c -O1 compilation failed to produce executable
FAIL: gcc.target/arm/acle/pr100856.c -O2 (test for excess errors)
UNRESOLVED: gcc.target/arm/acle/pr100856.c -O2 compilation failed to produce executable
FAIL: gcc.target/arm/acle/pr100856.c -O3 -g (test for excess errors)
UNRESOLVED: gcc.target/arm/acle/pr100856.c -O3 -g compilation failed to produce executable
FAIL: gcc.target/arm/acle/pr100856.c -Os (test for excess errors)
UNRESOLVED: gcc.target/arm/acle/pr100856.c -Os compilation failed to produce executable
FAIL: gcc.target/arm/acle/pr100856.c -O2 -flto -fno-use-linker-plugin -flto-partition=none -ffat-lto-objects (test for excess errors)
UNRESOLVED: gcc.target/arm/acle/pr100856.c -O2 -flto -fno-use-linker-plugin -flto-partition=none -ffat-lto-objects compilation failed to produce executable
FAIL: gcc.target/arm/acle/pr100856.c -O2 -flto -fuse-linker-plugin -fno-fat-lto-objects -ffat-lto-objects (test for excess errors)
UNRESOLVED: gcc.target/arm/acle/pr100856.c -O2 -flto -fuse-linker-plugin -fno-fat-lto-objects -ffat-lto-objects compilation failed to produce executable
FAIL: gcc.target/arm/acle/saturation.c -O0 scan-assembler-times ssat\\t...?, #8, ...? 1
FAIL: gcc.target/arm/acle/saturation.c -O0 scan-assembler-times usat\\t...?, #24, ...? 1
FAIL: gcc.target/arm/acle/saturation.c -O0 scan-assembler-times usat\\t...?, #3, ...? 1
FAIL: gcc.target/arm/acle/saturation.c -O0 (test for excess errors)
FAIL: gcc.target/arm/acle/saturation.c -O1 scan-assembler-times ssat\\t...?, #8, ...? 1
FAIL: gcc.target/arm/acle/saturation.c -O1 scan-assembler-times usat\\t...?, #24, ...? 1
FAIL: gcc.target/arm/acle/saturation.c -O1 scan-assembler-times usat\\t...?, #3, ...? 1
FAIL: gcc.target/arm/acle/saturation.c -O1 (test for excess errors)
FAIL: gcc.target/arm/acle/saturation.c -O2 scan-assembler-times ssat\\t...?, #8, ...? 1
FAIL: gcc.target/arm/acle/saturation.c -O2 scan-assembler-times usat\\t...?, #24, ...? 1
FAIL: gcc.target/arm/acle/saturation.c -O2 scan-assembler-times usat\\t...?, #3, ...? 1
FAIL: gcc.target/arm/acle/saturation.c -O2 (test for excess errors)
FAIL: gcc.target/arm/acle/saturation.c -O3 -g scan-assembler-times ssat\\t...?, #8, ...? 1
FAIL: gcc.target/arm/acle/saturation.c -O3 -g scan-assembler-times usat\\t...?, #24, ...? 1
FAIL: gcc.target/arm/acle/saturation.c -O3 -g scan-assembler-times usat\\t...?, #3, ...? 1
FAIL: gcc.target/arm/acle/saturation.c -O3 -g (test for excess errors)
FAIL: gcc.target/arm/acle/saturation.c -Os scan-assembler-times ssat\\t...?, #8, ...? 1
FAIL: gcc.target/arm/acle/saturation.c -Os scan-assembler-times usat\\t...?, #24, ...? 1
FAIL: gcc.target/arm/acle/saturation.c -Os scan-assembler-times usat\\t...?, #3, ...? 1
FAIL: gcc.target/arm/acle/saturation.c -Os (test for excess errors)
FAIL: gcc.target/arm/acle/saturation.c -O2 -flto -fno-use-linker-plugin -flto-partition=none -ffat-lto-objects scan-assembler-times ssat\\t...?, #8, ...? 1
FAIL: gcc.target/arm/acle/saturation.c -O2 -flto -fno-use-linker-plugin -flto-partition=none -ffat-lto-objects scan-assembler-times usat\\t...?, #24, ...? 1
FAIL: gcc.target/arm/acle/saturation.c -O2 -flto -fno-use-linker-plugin -flto-partition=none -ffat-lto-objects scan-assembler-times usat\\t...?, #3, ...? 1
FAIL: gcc.target/arm/acle/saturation.c -O2 -flto -fno-use-linker-plugin -flto-partition=none -ffat-lto-objects (test for excess errors)
FAIL: gcc.target/arm/acle/saturation.c -O2 -flto -fuse-linker-plugin -fno-fat-lto-objects -ffat-lto-objects scan-assembler-times ssat\\t...?, #8, ...? 1
FAIL: gcc.target/arm/acle/saturation.c -O2 -flto -fuse-linker-plugin -fno-fat-lto-objects -ffat-lto-objects scan-assembler-times usat\\t...?, #24, ...? 1
FAIL: gcc.target/arm/acle/saturation.c -O2 -flto -fuse-linker-plugin -fno-fat-lto-objects -ffat-lto-objects scan-assembler-times usat\\t...?, #3, ...? 1
FAIL: gcc.target/arm/acle/saturation.c -O2 -flto -fuse-linker-plugin -fno-fat-lto-objects -ffat-lto-objects (test for excess errors)
FAIL: gcc.target/arm/addr-modes-float.c scan-assembler vst3.8\\t{d[02468], d[02468], d[02468]}, \\\\[r[0-9]+\\\\]!
UNRESOLVED: gcc.target/arm/cortex-m55-nodsp-flag-hard.c scan-assembler .arch_extension fp
UNRESOLVED: gcc.target/arm/cortex-m55-nodsp-flag-hard.c scan-assembler .arch_extension fp.dp
UNRESOLVED: gcc.target/arm/cortex-m55-nodsp-flag-hard.c scan-assembler .fpu fpv5-d16
UNRESOLVED: gcc.target/arm/cortex-m55-nodsp-flag-hard.c scan-assembler-not .arch_extension dsp
UNRESOLVED: gcc.target/arm/cortex-m55-nodsp-flag-hard.c scan-assembler-not .arch_extension mve
UNRESOLVED: gcc.target/arm/cortex-m55-nodsp-flag-hard.c scan-assembler-not .arch_extension mve.fp
FAIL: gcc.target/arm/cortex-m55-nodsp-flag-softfp.c scan-assembler .arch_extension fp
FAIL: gcc.target/arm/cortex-m55-nodsp-flag-softfp.c scan-assembler .arch_extension fp.dp
FAIL: gcc.target/arm/cortex-m55-nodsp-flag-softfp.c scan-assembler .fpu fpv5-d16
UNRESOLVED: gcc.target/arm/cortex-m55-nofp-flag-hard.c scan-assembler .arch_extension dsp
UNRESOLVED: gcc.target/arm/cortex-m55-nofp-flag-hard.c scan-assembler .arch_extension mve
UNRESOLVED: gcc.target/arm/cortex-m55-nofp-flag-hard.c scan-assembler .fpu softvfp
UNRESOLVED: gcc.target/arm/cortex-m55-nofp-flag-hard.c scan-assembler-not .arch_extension fp
UNRESOLVED: gcc.target/arm/cortex-m55-nofp-flag-hard.c scan-assembler-not .arch_extension fp.dp
UNRESOLVED: gcc.target/arm/cortex-m55-nofp-flag-hard.c scan-assembler-not .arch_extension mve.fp
FAIL: gcc.target/arm/cortex-m55-nofp-flag-softfp.c scan-assembler .arch_extension dsp
FAIL: gcc.target/arm/cortex-m55-nofp-flag-softfp.c scan-assembler .arch_extension mve
FAIL: gcc.target/arm/cortex-m55-nofp-nomve-flag-softfp.c scan-assembler .arch_extension dsp
UNRESOLVED: gcc.target/arm/cortex-m55-nomve-flag-hard.c scan-assembler .arch_extension dsp
UNRESOLVED: gcc.target/arm/cortex-m55-nomve-flag-hard.c scan-assembler .arch_extension fp
UNRESOLVED: gcc.target/arm/cortex-m55-nomve-flag-hard.c scan-assembler .arch_extension fp.dp
UNRESOLVED: gcc.target/arm/cortex-m55-nomve-flag-hard.c scan-assembler .fpu fpv5-d16
UNRESOLVED: gcc.target/arm/cortex-m55-nomve-flag-hard.c scan-assembler-not .arch_extension mve
UNRESOLVED: gcc.target/arm/cortex-m55-nomve-flag-hard.c scan-assembler-not .arch_extension mve.fp
FAIL: gcc.target/arm/cortex-m55-nomve-flag-softfp.c scan-assembler .arch_extension dsp
FAIL: gcc.target/arm/cortex-m55-nomve-flag-softfp.c scan-assembler .arch_extension fp
FAIL: gcc.target/arm/cortex-m55-nomve-flag-softfp.c scan-assembler .arch_extension fp.dp
FAIL: gcc.target/arm/cortex-m55-nomve-flag-softfp.c scan-assembler .fpu fpv5-d16
UNRESOLVED: gcc.target/arm/cortex-m55-nomve.fp-flag-hard.c scan-assembler .arch_extension dsp
UNRESOLVED: gcc.target/arm/cortex-m55-nomve.fp-flag-hard.c scan-assembler .arch_extension fp
UNRESOLVED: gcc.target/arm/cortex-m55-nomve.fp-flag-hard.c scan-assembler .arch_extension fp.dp
UNRESOLVED: gcc.target/arm/cortex-m55-nomve.fp-flag-hard.c scan-assembler .arch_extension mve
UNRESOLVED: gcc.target/arm/cortex-m55-nomve.fp-flag-hard.c scan-assembler .fpu fpv5-d16
UNRESOLVED: gcc.target/arm/cortex-m55-nomve.fp-flag-hard.c scan-assembler-not .arch_extension mve.fp
FAIL: gcc.target/arm/cortex-m55-nomve.fp-flag-softfp.c scan-assembler .arch_extension dsp
FAIL: gcc.target/arm/cortex-m55-nomve.fp-flag-softfp.c scan-assembler .arch_extension fp
FAIL: gcc.target/arm/cortex-m55-nomve.fp-flag-softfp.c scan-assembler .arch_extension fp.dp
FAIL: gcc.target/arm/cortex-m55-nomve.fp-flag-softfp.c scan-assembler .arch_extension mve
FAIL: gcc.target/arm/cortex-m55-nomve.fp-flag-softfp.c scan-assembler .fpu fpv5-d16
FAIL: gcc.target/arm/memcpy-aligned-1.c scan-assembler-not ldr\\t
FAIL: gcc.target/arm/memcpy-aligned-1.c scan-assembler-times str\\t 1
FAIL: gcc.target/arm/pr42575.c scan-assembler-not mov
FAIL: gcc.target/arm/pr97969.c (test for excess errors)
FAIL: gcc.target/arm/reg_equal_test.c scan-rtl-dump expand "expr_list:REG_EQUAL \\\\(const_int -942519458"
FAIL: gcc.target/arm/mve/intrinsics/pr97327.c (test for excess errors)
=== gcc Summary ===
# of expected passes 150178
# of unexpected failures 79
# of unexpected successes 6
# of expected failures 801
# of unresolved testcases 85
# of unsupported tests 7072
/tmp/4627117_13.tmpdir/aci-gcc-fsf/builds/gcc-fsf-gccsrc/obj-arm-none-linux-gnueabihf/gcc3/gcc/xgcc version 11.2.1 (DEFMODE=arm DEFCPU=cortex-a9 DEFFPU=vfp TESTFLAGS=-march=armv5t) [r11-8894] (GCC)
Host is x86_64-pc-linux-gnu
=== gfortran tests ===
Running target qemu/-march=armv5t
WARNING: skipping asan tests due to ulimit -v
WARNING: skipping asan tests due to ulimit -v
WARNING: skipping asan tests due to ulimit -v
WARNING: skipping asan tests due to ulimit -v
FAIL: gfortran.dg/dollar_edit_descriptor_3.f -O0 output pattern test
FAIL: gfortran.dg/dollar_edit_descriptor_3.f -O1 output pattern test
FAIL: gfortran.dg/dollar_edit_descriptor_3.f -O2 output pattern test
FAIL: gfortran.dg/dollar_edit_descriptor_3.f -O3 -fomit-frame-pointer -funroll-loops -fpeel-loops -ftracer -finline-functions output pattern test
FAIL: gfortran.dg/dollar_edit_descriptor_3.f -O3 -g output pattern test
FAIL: gfortran.dg/dollar_edit_descriptor_3.f -Os output pattern test
FAIL: gfortran.dg/namelist_print_1.f -O0 output pattern test
FAIL: gfortran.dg/namelist_print_1.f -O1 output pattern test
FAIL: gfortran.dg/namelist_print_1.f -O2 output pattern test
FAIL: gfortran.dg/namelist_print_1.f -O3 -fomit-frame-pointer -funroll-loops -fpeel-loops -ftracer -finline-functions output pattern test
FAIL: gfortran.dg/namelist_print_1.f -O3 -g output pattern test
FAIL: gfortran.dg/namelist_print_1.f -Os output pattern test
FAIL: gfortran.dg/read_x_eor.f90 -O0 output pattern test
FAIL: gfortran.dg/read_x_eor.f90 -O1 output pattern test
FAIL: gfortran.dg/read_x_eor.f90 -O2 output pattern test
FAIL: gfortran.dg/read_x_eor.f90 -O3 -fomit-frame-pointer -funroll-loops -fpeel-loops -ftracer -finline-functions output pattern test
FAIL: gfortran.dg/read_x_eor.f90 -O3 -g output pattern test
FAIL: gfortran.dg/read_x_eor.f90 -Os output pattern test
FAIL: gfortran.dg/g77/f77-edit-apostrophe-out.f -O0 output pattern test
FAIL: gfortran.dg/g77/f77-edit-apostrophe-out.f -O1 output pattern test
FAIL: gfortran.dg/g77/f77-edit-apostrophe-out.f -O2 output pattern test
FAIL: gfortran.dg/g77/f77-edit-apostrophe-out.f -O3 -fomit-frame-pointer -funroll-loops -fpeel-loops -ftracer -finline-functions output pattern test
FAIL: gfortran.dg/g77/f77-edit-apostrophe-out.f -O3 -g output pattern test
FAIL: gfortran.dg/g77/f77-edit-apostrophe-out.f -Os output pattern test
FAIL: gfortran.dg/g77/f77-edit-colon-out.f -O0 output pattern test
FAIL: gfortran.dg/g77/f77-edit-colon-out.f -O1 output pattern test
FAIL: gfortran.dg/g77/f77-edit-colon-out.f -O2 output pattern test
FAIL: gfortran.dg/g77/f77-edit-colon-out.f -O3 -fomit-frame-pointer -funroll-loops -fpeel-loops -ftracer -finline-functions output pattern test
FAIL: gfortran.dg/g77/f77-edit-colon-out.f -O3 -g output pattern test
FAIL: gfortran.dg/g77/f77-edit-colon-out.f -Os output pattern test
FAIL: gfortran.dg/g77/f77-edit-h-out.f -O0 output pattern test
FAIL: gfortran.dg/g77/f77-edit-h-out.f -O1 output pattern test
FAIL: gfortran.dg/g77/f77-edit-h-out.f -O2 output pattern test
FAIL: gfortran.dg/g77/f77-edit-h-out.f -O3 -fomit-frame-pointer -funroll-loops -fpeel-loops -ftracer -finline-functions output pattern test
FAIL: gfortran.dg/g77/f77-edit-h-out.f -O3 -g output pattern test
FAIL: gfortran.dg/g77/f77-edit-h-out.f -Os output pattern test
FAIL: gfortran.dg/g77/f77-edit-i-out.f -O0 output pattern test
FAIL: gfortran.dg/g77/f77-edit-i-out.f -O1 output pattern test
FAIL: gfortran.dg/g77/f77-edit-i-out.f -O2 output pattern test
FAIL: gfortran.dg/g77/f77-edit-i-out.f -O3 -fomit-frame-pointer -funroll-loops -fpeel-loops -ftracer -finline-functions output pattern test
FAIL: gfortran.dg/g77/f77-edit-i-out.f -O3 -g output pattern test
FAIL: gfortran.dg/g77/f77-edit-i-out.f -Os output pattern test
FAIL: gfortran.dg/g77/f77-edit-s-out.f -O0 output pattern test
FAIL: gfortran.dg/g77/f77-edit-s-out.f -O1 output pattern test
FAIL: gfortran.dg/g77/f77-edit-s-out.f -O2 output pattern test
FAIL: gfortran.dg/g77/f77-edit-s-out.f -O3 -fomit-frame-pointer -funroll-loops -fpeel-loops -ftracer -finline-functions output pattern test
FAIL: gfortran.dg/g77/f77-edit-s-out.f -O3 -g output pattern test
FAIL: gfortran.dg/g77/f77-edit-s-out.f -Os output pattern test
FAIL: gfortran.dg/g77/f77-edit-slash-out.f -O0 output pattern test
FAIL: gfortran.dg/g77/f77-edit-slash-out.f -O1 output pattern test
FAIL: gfortran.dg/g77/f77-edit-slash-out.f -O2 output pattern test
FAIL: gfortran.dg/g77/f77-edit-slash-out.f -O3 -fomit-frame-pointer -funroll-loops -fpeel-loops -ftracer -finline-functions output pattern test
FAIL: gfortran.dg/g77/f77-edit-slash-out.f -O3 -g output pattern test
FAIL: gfortran.dg/g77/f77-edit-slash-out.f -Os output pattern test
FAIL: gfortran.dg/g77/f77-edit-t-out.f -O0 output pattern test
FAIL: gfortran.dg/g77/f77-edit-t-out.f -O1 output pattern test
FAIL: gfortran.dg/g77/f77-edit-t-out.f -O2 output pattern test
FAIL: gfortran.dg/g77/f77-edit-t-out.f -O3 -fomit-frame-pointer -funroll-loops -fpeel-loops -ftracer -finline-functions output pattern test
FAIL: gfortran.dg/g77/f77-edit-t-out.f -O3 -g output pattern test
FAIL: gfortran.dg/g77/f77-edit-t-out.f -Os output pattern test
FAIL: gfortran.dg/g77/f77-edit-x-out.f -O0 output pattern test
FAIL: gfortran.dg/g77/f77-edit-x-out.f -O1 output pattern test
FAIL: gfortran.dg/g77/f77-edit-x-out.f -O2 output pattern test
FAIL: gfortran.dg/g77/f77-edit-x-out.f -O3 -fomit-frame-pointer -funroll-loops -fpeel-loops -ftracer -finline-functions output pattern test
FAIL: gfortran.dg/g77/f77-edit-x-out.f -O3 -g output pattern test
FAIL: gfortran.dg/g77/f77-edit-x-out.f -Os output pattern test
FAIL: gfortran.dg/ieee/ieee_9.f90 -O0 (test for excess errors)
UNRESOLVED: gfortran.dg/ieee/ieee_9.f90 -O0 compilation failed to produce executable
FAIL: gfortran.dg/ieee/ieee_9.f90 -O1 (test for excess errors)
UNRESOLVED: gfortran.dg/ieee/ieee_9.f90 -O1 compilation failed to produce executable
FAIL: gfortran.dg/ieee/ieee_9.f90 -O2 (test for excess errors)
UNRESOLVED: gfortran.dg/ieee/ieee_9.f90 -O2 compilation failed to produce executable
FAIL: gfortran.dg/ieee/ieee_9.f90 -O3 -fomit-frame-pointer -funroll-loops -fpeel-loops -ftracer -finline-functions (test for excess errors)
UNRESOLVED: gfortran.dg/ieee/ieee_9.f90 -O3 -fomit-frame-pointer -funroll-loops -fpeel-loops -ftracer -finline-functions compilation failed to produce executable
FAIL: gfortran.dg/ieee/ieee_9.f90 -O3 -g (test for excess errors)
UNRESOLVED: gfortran.dg/ieee/ieee_9.f90 -O3 -g compilation failed to produce executable
FAIL: gfortran.dg/ieee/ieee_9.f90 -Os (test for excess errors)
UNRESOLVED: gfortran.dg/ieee/ieee_9.f90 -Os compilation failed to produce executable
=== gfortran Summary ===
# of expected passes 55195
# of unexpected failures 72
# of expected failures 224
# of unresolved testcases 6
# of unsupported tests 496
/tmp/4627117_13.tmpdir/aci-gcc-fsf/builds/gcc-fsf-gccsrc/obj-arm-none-linux-gnueabihf/gcc3/gcc/gfortran version 11.2.1 (DEFMODE=arm DEFCPU=cortex-a9 DEFFPU=vfp TESTFLAGS=-march=armv5t) [r11-8894] (GCC)
Host is x86_64-pc-linux-gnu
=== g++ tests ===
Running target qemu/-march=armv5t
WARNING: skipping asan tests due to ulimit -v
WARNING: skipping asan tests due to ulimit -v
WARNING: skipping asan tests due to ulimit -v
WARNING: skipping asan tests due to ulimit -v
FAIL: g++.dg/cpp2a/constexpr-dtor3.C -std=c++2a (test for warnings, line 154)
FAIL: g++.dg/inherit/thunk10.C -std=gnu++14 (test for excess errors)
UNRESOLVED: g++.dg/inherit/thunk10.C -std=gnu++14 compilation failed to produce executable
FAIL: g++.dg/inherit/thunk10.C -std=gnu++17 (test for excess errors)
UNRESOLVED: g++.dg/inherit/thunk10.C -std=gnu++17 compilation failed to produce executable
FAIL: g++.dg/inherit/thunk10.C -std=gnu++2a (test for excess errors)
UNRESOLVED: g++.dg/inherit/thunk10.C -std=gnu++2a compilation failed to produce executable
FAIL: g++.dg/inherit/thunk10.C -std=gnu++98 (test for excess errors)
UNRESOLVED: g++.dg/inherit/thunk10.C -std=gnu++98 compilation failed to produce executable
XPASS: g++.dg/warn/Warray-bounds-20.C -std=gnu++14 assign (test for warnings, line 30)
XPASS: g++.dg/warn/Warray-bounds-20.C -std=gnu++17 assign (test for warnings, line 30)
XPASS: g++.dg/warn/Warray-bounds-20.C -std=gnu++2a assign (test for warnings, line 30)
XPASS: g++.dg/warn/Warray-bounds-20.C -std=gnu++98 assign (test for warnings, line 30)
FAIL: g++.dg/lto/pr65276 cp_lto_pr65276_0.o-cp_lto_pr65276_1.o link, -flto -O0 -std=c++11
FAIL: g++.dg/modules/bad-mapper-3.C -std=c++17 (test for errors, line )
FAIL: g++.dg/modules/bad-mapper-3.C -std=c++17 (test for excess errors)
FAIL: g++.dg/modules/bad-mapper-3.C -std=c++2a (test for errors, line )
FAIL: g++.dg/modules/bad-mapper-3.C -std=c++2a (test for excess errors)
FAIL: g++.dg/modules/bad-mapper-3.C -std=c++2b (test for errors, line )
FAIL: g++.dg/modules/bad-mapper-3.C -std=c++2b (test for excess errors)
FAIL: g++.dg/modules/virt-2_a.C -std=c++17 scan-assembler _ZTI7Visitor:
FAIL: g++.dg/modules/virt-2_a.C -std=c++17 scan-assembler _ZTS7Visitor:
FAIL: g++.dg/modules/virt-2_a.C -std=c++17 scan-assembler _ZTV7Visitor:
FAIL: g++.dg/modules/virt-2_a.C -std=c++2a scan-assembler _ZTI7Visitor:
FAIL: g++.dg/modules/virt-2_a.C -std=c++2a scan-assembler _ZTS7Visitor:
FAIL: g++.dg/modules/virt-2_a.C -std=c++2a scan-assembler _ZTV7Visitor:
FAIL: g++.dg/modules/virt-2_a.C -std=c++2b scan-assembler _ZTI7Visitor:
FAIL: g++.dg/modules/virt-2_a.C -std=c++2b scan-assembler _ZTS7Visitor:
FAIL: g++.dg/modules/virt-2_a.C -std=c++2b scan-assembler _ZTV7Visitor:
XPASS: g++.target/arm/bfloat_cpp_typecheck.C (test for bogus messages, line 10)
XPASS: g++.target/arm/bfloat_cpp_typecheck.C (test for bogus messages, line 11)
FAIL: g++.target/arm/../../gcc.target/arm/mve/intrinsics/pr97327.c (test for excess errors)
=== g++ Summary ===
# of expected passes 207420
# of unexpected failures 22
# of unexpected successes 6
# of expected failures 1048
# of unresolved testcases 4
# of unsupported tests 9662
/tmp/4627117_13.tmpdir/aci-gcc-fsf/builds/gcc-fsf-gccsrc/obj-arm-none-linux-gnueabihf/gcc3/gcc/xg++ version 11.2.1 (DEFMODE=arm DEFCPU=cortex-a9 DEFFPU=vfp TESTFLAGS=-march=armv5t) [r11-8894] (GCC)
Compiler version: 11.2.1 (DEFMODE=arm DEFCPU=cortex-a9 DEFFPU=vfp TESTFLAGS=-march=armv5t) [r11-8894] (GCC)
Platform: arm-none-linux-gnueabihf
configure flags: --target=arm-none-linux-gnueabihf --prefix=/tmp/4627117_13.tmpdir/aci-gcc-fsf/builds/gcc-fsf-gccsrc/tools --with-sysroot=/tmp/4627117_13.tmpdir/aci-gcc-fsf/builds/gcc-fsf-gccsrc/sysroot-arm-none-linux-gnueabihf --disable-nls --disable-libgomp --disable-libmudflap --disable-libcilkrts --enable-checking --enable-languages=c,c++,fortran --with-float=hard --enable-build-with-cxx --with-mode=arm --with-cpu=cortex-a9 --with-fpu=vfp
More information about the Gcc-testresults
mailing list