Results for 12.0.0 20210822 (experimental) [master revision 4be4fa4ec7ffa16cb2b0e24f656ee0fcdf23b3e0] (GCC) testsuite on aarch64-unknown-linux-gnu
LINARO TCWG
tcwg@tcwg.validation.linaro.org
Sun Aug 22 19:08:55 GMT 2021
LAST_UPDATED: Sun Aug 22 08:36:08 UTC 2021 (revision 4be4fa4ec7ffa16cb2b0e24f656ee0fcdf23b3e0)
Native configuration is aarch64-unknown-linux-gnu
=== libatomic tests ===
Running target tcwg-local
=== libatomic Summary ===
# of expected passes 54
=== libgomp tests ===
Running target tcwg-local
=== libgomp Summary ===
# of expected passes 11459
# of expected failures 102
# of unsupported tests 610
=== libitm tests ===
Running target tcwg-local
=== libitm Summary ===
# of expected passes 44
# of expected failures 3
# of unsupported tests 1
=== libstdc++ tests ===
Running target tcwg-local
FAIL: 30_threads/jthread/95989.cc execution test
FAIL: libstdc++-prettyprinters/cxx11.cc print e0
FAIL: libstdc++-prettyprinters/cxx11.cc print ec0
FAIL: libstdc++-prettyprinters/cxx11.cc print einval
FAIL: libstdc++-prettyprinters/cxx11.cc print ecinval
FAIL: libstdc++-prettyprinters/cxx11.cc print emiaow
FAIL: libstdc++-prettyprinters/cxx11.cc print ecmiaow
FAIL: libstdc++-prettyprinters/cxx11.cc print e0
FAIL: libstdc++-prettyprinters/cxx11.cc print ec0
FAIL: libstdc++-prettyprinters/cxx11.cc print einval
FAIL: libstdc++-prettyprinters/cxx11.cc print ecinval
FAIL: libstdc++-prettyprinters/cxx11.cc print emiaow
FAIL: libstdc++-prettyprinters/cxx11.cc print ecmiaow
=== libstdc++ Summary ===
# of expected passes 14868
# of unexpected failures 13
# of expected failures 95
# of unsupported tests 694
=== gcc tests ===
Running target tcwg-local
FAIL: gcc.dg/analyzer/analyzer-verbosity-2a.c (test for excess errors)
FAIL: gcc.dg/analyzer/analyzer-verbosity-3a.c (test for excess errors)
FAIL: gcc.dg/analyzer/edges-1.c (test for excess errors)
FAIL: gcc.dg/analyzer/file-1.c (test for excess errors)
FAIL: gcc.dg/analyzer/file-2.c (test for excess errors)
FAIL: gcc.dg/analyzer/file-paths-1.c (test for excess errors)
FAIL: gcc.dg/analyzer/file-pr58237.c (test for excess errors)
FAIL: gcc.dg/analyzer/malloc-callbacks.c (test for excess errors)
FAIL: gcc.dg/analyzer/pr99716-1.c (test for excess errors)
FAIL: gcc.dg/guality/guality.c -O2 -flto -fuse-linker-plugin -fno-fat-lto-objects -DPREVENT_OPTIMIZATION execution test
FAIL: gcc.dg/guality/inline-params-2.c -O2 -DPREVENT_OPTIMIZATION execution test
FAIL: gcc.dg/guality/inline-params-2.c -O3 -g -DPREVENT_OPTIMIZATION execution test
FAIL: gcc.dg/guality/inline-params-2.c -Os -DPREVENT_OPTIMIZATION execution test
FAIL: gcc.dg/guality/inline-params-2.c -O2 -flto -fno-use-linker-plugin -flto-partition=none -DPREVENT_OPTIMIZATION execution test
FAIL: gcc.dg/guality/inline-params-2.c -O2 -flto -fuse-linker-plugin -fno-fat-lto-objects -DPREVENT_OPTIMIZATION execution test
FAIL: gcc.dg/guality/inline-params.c -O2 -DPREVENT_OPTIMIZATION execution test
FAIL: gcc.dg/guality/inline-params.c -O3 -g -DPREVENT_OPTIMIZATION execution test
FAIL: gcc.dg/guality/inline-params.c -Os -DPREVENT_OPTIMIZATION execution test
FAIL: gcc.dg/guality/inline-params.c -O2 -flto -fno-use-linker-plugin -flto-partition=none -DPREVENT_OPTIMIZATION execution test
FAIL: gcc.dg/guality/inline-params.c -O2 -flto -fuse-linker-plugin -fno-fat-lto-objects -DPREVENT_OPTIMIZATION execution test
FAIL: gcc.dg/guality/pr41447-1.c -O2 -flto -fuse-linker-plugin -fno-fat-lto-objects -DPREVENT_OPTIMIZATION execution test
FAIL: gcc.dg/guality/pr54519-1.c -Os -DPREVENT_OPTIMIZATION line 23 x == 98
FAIL: gcc.dg/guality/pr54519-3.c -Os -DPREVENT_OPTIMIZATION line 23 x == 98
XPASS: gcc.dg/guality/pr54519-3.c -O2 -flto -fno-use-linker-plugin -flto-partition=none -DPREVENT_OPTIMIZATION line 20 y == 25
XPASS: gcc.dg/guality/pr54519-3.c -O2 -flto -fno-use-linker-plugin -flto-partition=none -DPREVENT_OPTIMIZATION line 20 z == 6
XPASS: gcc.dg/guality/pr54519-3.c -O2 -flto -fuse-linker-plugin -fno-fat-lto-objects -DPREVENT_OPTIMIZATION line 20 y == 25
XPASS: gcc.dg/guality/pr54519-3.c -O2 -flto -fuse-linker-plugin -fno-fat-lto-objects -DPREVENT_OPTIMIZATION line 20 z == 6
FAIL: gcc.dg/guality/pr58791-5.c -O2 -flto -fno-use-linker-plugin -flto-partition=none -DPREVENT_OPTIMIZATION line pr58791-5.c:20 e == 0
FAIL: gcc.dg/guality/pr58791-5.c -O2 -flto -fuse-linker-plugin -fno-fat-lto-objects -DPREVENT_OPTIMIZATION line pr58791-5.c:20 e == 0
FAIL: gcc.dg/guality/vla-1.c -O1 -DPREVENT_OPTIMIZATION line 17 sizeof (a) == 6
FAIL: gcc.dg/guality/vla-1.c -O2 -DPREVENT_OPTIMIZATION line 17 sizeof (a) == 6
FAIL: gcc.dg/guality/vla-1.c -O3 -g -DPREVENT_OPTIMIZATION line 17 sizeof (a) == 6
FAIL: gcc.dg/guality/vla-1.c -Os -DPREVENT_OPTIMIZATION line 17 sizeof (a) == 6
FAIL: gcc.dg/guality/vla-1.c -O2 -flto -fno-use-linker-plugin -flto-partition=none -DPREVENT_OPTIMIZATION line 17 sizeof (a) == 6
FAIL: gcc.dg/guality/vla-1.c -O2 -flto -fuse-linker-plugin -fno-fat-lto-objects -DPREVENT_OPTIMIZATION line 17 sizeof (a) == 6
FAIL: ./common-1.h -O0 -g (test for excess errors)
FAIL: ./common-1.h -O0 (test for excess errors)
FAIL: ./common-1.h -O1 (test for excess errors)
FAIL: ./common-1.h -O2 (test for excess errors)
FAIL: ./common-1.h -O3 -g (test for excess errors)
FAIL: ./common-1.h -Os (test for excess errors)
FAIL: ./counter-1.h -O0 -g (test for excess errors)
FAIL: ./counter-1.h -O0 (test for excess errors)
FAIL: ./counter-1.h -O1 (test for excess errors)
FAIL: ./counter-1.h -O2 (test for excess errors)
FAIL: ./counter-1.h -O3 -g (test for excess errors)
FAIL: ./counter-1.h -Os (test for excess errors)
FAIL: ./counter-2.h -O0 -g (test for excess errors)
FAIL: ./counter-2.h -O0 (test for excess errors)
FAIL: ./counter-2.h -O1 (test for excess errors)
FAIL: ./counter-2.h -O2 (test for excess errors)
FAIL: ./counter-2.h -O3 -g (test for excess errors)
FAIL: ./counter-2.h -Os (test for excess errors)
FAIL: ./counter-3.h -O0 -g (test for excess errors)
FAIL: ./counter-3.h -O0 (test for excess errors)
FAIL: ./counter-3.h -O1 (test for excess errors)
FAIL: ./counter-3.h -O2 (test for excess errors)
FAIL: ./counter-3.h -O3 -g (test for excess errors)
FAIL: ./counter-3.h -Os (test for excess errors)
FAIL: ./cpp-1.h -O0 -g (test for excess errors)
FAIL: ./cpp-1.h -O0 (test for excess errors)
FAIL: ./cpp-1.h -O1 (test for excess errors)
FAIL: ./cpp-1.h -O2 (test for excess errors)
FAIL: ./cpp-1.h -O3 -g (test for excess errors)
FAIL: ./cpp-1.h -Os (test for excess errors)
FAIL: ./cpp-2.h -O0 -g (test for excess errors)
FAIL: ./cpp-2.h -O0 (test for excess errors)
FAIL: ./cpp-2.h -O1 (test for excess errors)
FAIL: ./cpp-2.h -O2 (test for excess errors)
FAIL: ./cpp-2.h -O3 -g (test for excess errors)
FAIL: ./cpp-2.h -Os (test for excess errors)
FAIL: ./cpp-3.h -O0 -g (test for excess errors)
FAIL: ./cpp-3.h -O0 (test for excess errors)
FAIL: ./cpp-3.h -O1 (test for excess errors)
FAIL: ./cpp-3.h -O2 (test for excess errors)
FAIL: ./cpp-3.h -O3 -g (test for excess errors)
FAIL: ./cpp-3.h -Os (test for excess errors)
FAIL: ./decl-1.h -O0 -g (test for excess errors)
FAIL: ./decl-1.h -O0 (test for excess errors)
FAIL: ./decl-1.h -O1 (test for excess errors)
FAIL: ./decl-1.h -O2 (test for excess errors)
FAIL: ./decl-1.h -O3 -g (test for excess errors)
FAIL: ./decl-1.h -Os (test for excess errors)
FAIL: ./decl-2.h -O0 -g (test for excess errors)
FAIL: ./decl-2.h -O0 (test for excess errors)
FAIL: ./decl-2.h -O1 (test for excess errors)
FAIL: ./decl-2.h -O2 (test for excess errors)
FAIL: ./decl-2.h -O3 -g (test for excess errors)
FAIL: ./decl-2.h -Os (test for excess errors)
FAIL: ./decl-3.h -O0 -g (test for excess errors)
FAIL: ./decl-3.h -O0 (test for excess errors)
FAIL: ./decl-3.h -O1 (test for excess errors)
FAIL: ./decl-3.h -O2 (test for excess errors)
FAIL: ./decl-3.h -O3 -g (test for excess errors)
FAIL: ./decl-3.h -Os (test for excess errors)
FAIL: ./decl-4.h -O0 -g (test for excess errors)
FAIL: ./decl-4.h -O0 (test for excess errors)
FAIL: ./decl-4.h -O1 (test for excess errors)
FAIL: ./decl-4.h -O2 (test for excess errors)
FAIL: ./decl-4.h -O3 -g (test for excess errors)
FAIL: ./decl-4.h -Os (test for excess errors)
FAIL: ./decl-5.h -O0 -g (test for excess errors)
FAIL: ./decl-5.h -O0 (test for excess errors)
FAIL: ./decl-5.h -O1 (test for excess errors)
FAIL: ./decl-5.h -O2 (test for excess errors)
FAIL: ./decl-5.h -O3 -g (test for excess errors)
FAIL: ./decl-5.h -Os (test for excess errors)
FAIL: ./empty.h -O0 -g (test for excess errors)
FAIL: ./empty.h -O0 (test for excess errors)
FAIL: ./empty.h -O1 (test for excess errors)
FAIL: ./empty.h -O2 (test for excess errors)
FAIL: ./empty.h -O3 -g (test for excess errors)
FAIL: ./empty.h -Os (test for excess errors)
FAIL: ./except-1.h -O0 -g (test for excess errors)
FAIL: ./except-1.h -O0 (test for excess errors)
FAIL: ./except-1.h -O1 (test for excess errors)
FAIL: ./except-1.h -O2 (test for excess errors)
FAIL: ./except-1.h -O3 -g (test for excess errors)
FAIL: ./except-1.h -Os (test for excess errors)
FAIL: ./global-1.h -O0 -g (test for excess errors)
FAIL: ./global-1.h -O0 (test for excess errors)
FAIL: ./global-1.h -O1 (test for excess errors)
FAIL: ./global-1.h -O2 (test for excess errors)
FAIL: ./global-1.h -O3 -g (test for excess errors)
FAIL: ./global-1.h -Os (test for excess errors)
FAIL: ./ident-1.h -O0 -g (test for excess errors)
FAIL: ./ident-1.h -O0 (test for excess errors)
FAIL: ./ident-1.h -O1 (test for excess errors)
FAIL: ./ident-1.h -O2 (test for excess errors)
FAIL: ./ident-1.h -O3 -g (test for excess errors)
FAIL: ./ident-1.h -Os (test for excess errors)
FAIL: ./import-1.h -O0 -g (test for excess errors)
FAIL: ./import-1.h -O0 (test for excess errors)
FAIL: ./import-1.h -O1 (test for excess errors)
FAIL: ./import-1.h -O2 (test for excess errors)
FAIL: ./import-1.h -O3 -g (test for excess errors)
FAIL: ./import-1.h -Os (test for excess errors)
FAIL: ./import-2.h -O0 -g (test for excess errors)
FAIL: ./import-2.h -O0 (test for excess errors)
FAIL: ./import-2.h -O1 (test for excess errors)
FAIL: ./import-2.h -O2 (test for excess errors)
FAIL: ./import-2.h -O3 -g (test for excess errors)
FAIL: ./import-2.h -Os (test for excess errors)
FAIL: ./inline-1.h -O0 -g (test for excess errors)
FAIL: ./inline-1.h -O0 (test for excess errors)
FAIL: ./inline-1.h -O1 (test for excess errors)
FAIL: ./inline-1.h -O2 (test for excess errors)
FAIL: ./inline-1.h -O3 -g (test for excess errors)
FAIL: ./inline-1.h -Os (test for excess errors)
FAIL: ./inline-2.h -O0 -g (test for excess errors)
FAIL: ./inline-2.h -O0 (test for excess errors)
FAIL: ./inline-2.h -O1 (test for excess errors)
FAIL: ./inline-2.h -O2 (test for excess errors)
FAIL: ./inline-2.h -O3 -g (test for excess errors)
FAIL: ./inline-2.h -Os (test for excess errors)
FAIL: ./inline-3.h -O0 -g (test for excess errors)
FAIL: ./inline-3.h -O0 (test for excess errors)
FAIL: ./inline-3.h -O1 (test for excess errors)
FAIL: ./inline-3.h -O2 (test for excess errors)
FAIL: ./inline-3.h -O3 -g (test for excess errors)
FAIL: ./inline-3.h -Os (test for excess errors)
FAIL: ./inline-4.h -O0 -g (test for excess errors)
FAIL: ./inline-4.h -O0 (test for excess errors)
FAIL: ./inline-4.h -O1 (test for excess errors)
FAIL: ./inline-4.h -O2 (test for excess errors)
FAIL: ./inline-4.h -O3 -g (test for excess errors)
FAIL: ./inline-4.h -Os (test for excess errors)
FAIL: ./largefile.h -O0 -g (test for excess errors)
FAIL: ./largefile.h -O0 (test for excess errors)
FAIL: ./largefile.h -O1 (test for excess errors)
FAIL: ./largefile.h -O2 (test for excess errors)
FAIL: ./largefile.h -O3 -g (test for excess errors)
FAIL: ./largefile.h -Os (test for excess errors)
FAIL: ./macro-1.h -O0 -g (test for excess errors)
FAIL: ./macro-1.h -O0 (test for excess errors)
FAIL: ./macro-1.h -O1 (test for excess errors)
FAIL: ./macro-1.h -O2 (test for excess errors)
FAIL: ./macro-1.h -O3 -g (test for excess errors)
FAIL: ./macro-1.h -Os (test for excess errors)
FAIL: ./macro-2.h -O0 -g (test for excess errors)
FAIL: ./macro-2.h -O0 (test for excess errors)
FAIL: ./macro-2.h -O1 (test for excess errors)
FAIL: ./macro-2.h -O2 (test for excess errors)
FAIL: ./macro-2.h -O3 -g (test for excess errors)
FAIL: ./macro-2.h -Os (test for excess errors)
FAIL: ./macro-3.h -O0 -g (test for excess errors)
FAIL: ./macro-3.h -O0 (test for excess errors)
FAIL: ./macro-3.h -O1 (test for excess errors)
FAIL: ./macro-3.h -O2 (test for excess errors)
FAIL: ./macro-3.h -O3 -g (test for excess errors)
FAIL: ./macro-3.h -Os (test for excess errors)
FAIL: ./macro-4.h -O0 -g (test for excess errors)
FAIL: ./macro-4.h -O0 (test for excess errors)
FAIL: ./macro-4.h -O1 (test for excess errors)
FAIL: ./macro-4.h -O2 (test for excess errors)
FAIL: ./macro-4.h -O3 -g (test for excess errors)
FAIL: ./macro-4.h -Os (test for excess errors)
FAIL: ./pr66343-1.h -O0 -g (test for excess errors)
FAIL: ./pr66343-1.h -O0 (test for excess errors)
FAIL: ./pr66343-1.h -O1 (test for excess errors)
FAIL: ./pr66343-1.h -O2 (test for excess errors)
FAIL: ./pr66343-1.h -O3 -g (test for excess errors)
FAIL: ./pr66343-1.h -Os (test for excess errors)
FAIL: ./pr66343-2.h -O0 -g (test for excess errors)
FAIL: ./pr66343-2.h -O0 (test for excess errors)
FAIL: ./pr66343-2.h -O1 (test for excess errors)
FAIL: ./pr66343-2.h -O2 (test for excess errors)
FAIL: ./pr66343-2.h -O3 -g (test for excess errors)
FAIL: ./pr66343-2.h -Os (test for excess errors)
FAIL: ./pr66343-3.h -O0 -g (test for excess errors)
FAIL: ./pr66343-3.h -O0 (test for excess errors)
FAIL: ./pr66343-3.h -O1 (test for excess errors)
FAIL: ./pr66343-3.h -O2 (test for excess errors)
FAIL: ./pr66343-3.h -O3 -g (test for excess errors)
FAIL: ./pr66343-3.h -Os (test for excess errors)
FAIL: ./pushpop-1.h -O0 -g (test for excess errors)
FAIL: ./pushpop-1.h -O0 (test for excess errors)
FAIL: ./pushpop-1.h -O1 (test for excess errors)
FAIL: ./pushpop-1.h -O2 (test for excess errors)
FAIL: ./pushpop-1.h -O3 -g (test for excess errors)
FAIL: ./pushpop-1.h -Os (test for excess errors)
FAIL: ./save-temps-1.h -O0 -g (test for excess errors)
FAIL: ./save-temps-1.h -O0 (test for excess errors)
FAIL: ./save-temps-1.h -O1 (test for excess errors)
FAIL: ./save-temps-1.h -O2 (test for excess errors)
FAIL: ./save-temps-1.h -O3 -g (test for excess errors)
FAIL: ./save-temps-1.h -Os (test for excess errors)
FAIL: ./static-1.h -O0 -g (test for excess errors)
FAIL: ./static-1.h -O0 (test for excess errors)
FAIL: ./static-1.h -O1 (test for excess errors)
FAIL: ./static-1.h -O2 (test for excess errors)
FAIL: ./static-1.h -O3 -g (test for excess errors)
FAIL: ./static-1.h -Os (test for excess errors)
FAIL: ./static-2.h -O0 -g (test for excess errors)
FAIL: ./static-2.h -O0 (test for excess errors)
FAIL: ./static-2.h -O1 (test for excess errors)
FAIL: ./static-2.h -O2 (test for excess errors)
FAIL: ./static-2.h -O3 -g (test for excess errors)
FAIL: ./static-2.h -Os (test for excess errors)
FAIL: ./static-3.h -O0 -g (test for excess errors)
FAIL: ./static-3.h -O0 (test for excess errors)
FAIL: ./static-3.h -O1 (test for excess errors)
FAIL: ./static-3.h -O2 (test for excess errors)
FAIL: ./static-3.h -O3 -g (test for excess errors)
FAIL: ./static-3.h -Os (test for excess errors)
FAIL: ./struct-1.h -O0 -g (test for excess errors)
FAIL: ./struct-1.h -O0 (test for excess errors)
FAIL: ./struct-1.h -O1 (test for excess errors)
FAIL: ./struct-1.h -O2 (test for excess errors)
FAIL: ./struct-1.h -O3 -g (test for excess errors)
FAIL: ./struct-1.h -Os (test for excess errors)
FAIL: ./system-1.h -O0 -g (test for excess errors)
FAIL: ./system-1.h -O0 (test for excess errors)
FAIL: ./system-1.h -O1 (test for excess errors)
FAIL: ./system-1.h -O2 (test for excess errors)
FAIL: ./system-1.h -O3 -g (test for excess errors)
FAIL: ./system-1.h -Os (test for excess errors)
FAIL: ./valid-1.h -O0 -g (test for excess errors)
FAIL: ./valid-1.h -O0 (test for excess errors)
FAIL: ./valid-1.h -O1 (test for excess errors)
FAIL: ./valid-1.h -O2 (test for excess errors)
FAIL: ./valid-1.h -O3 -g (test for excess errors)
FAIL: ./valid-1.h -Os (test for excess errors)
FAIL: ./valid-1b.h -O0 -g (test for excess errors)
FAIL: ./valid-1b.h -O0 (test for excess errors)
FAIL: ./valid-1b.h -O1 (test for excess errors)
FAIL: ./valid-1b.h -O2 (test for excess errors)
FAIL: ./valid-1b.h -O3 -g (test for excess errors)
FAIL: ./valid-1b.h -Os (test for excess errors)
FAIL: ./valid-2.h -O0 -g (test for excess errors)
FAIL: ./valid-2.h -O0 (test for excess errors)
FAIL: ./valid-2.h -O1 (test for excess errors)
FAIL: ./valid-2.h -O2 (test for excess errors)
FAIL: ./valid-2.h -O3 -g (test for excess errors)
FAIL: ./valid-2.h -Os (test for excess errors)
FAIL: ./valid-4.h -O0 -g (test for excess errors)
FAIL: ./valid-4.h -O0 (test for excess errors)
FAIL: ./valid-4.h -O1 (test for excess errors)
FAIL: ./valid-4.h -O2 (test for excess errors)
FAIL: ./valid-4.h -O3 -g (test for excess errors)
FAIL: ./valid-4.h -Os (test for excess errors)
FAIL: ./valid-5.h -O0 -g (test for excess errors)
FAIL: ./valid-5.h -O0 (test for excess errors)
FAIL: ./valid-5.h -O1 (test for excess errors)
FAIL: ./valid-5.h -O2 (test for excess errors)
FAIL: ./valid-5.h -O3 -g (test for excess errors)
FAIL: ./valid-5.h -Os (test for excess errors)
FAIL: ./valid-6.h -O0 -g (test for excess errors)
FAIL: ./valid-6.h -O0 (test for excess errors)
FAIL: ./valid-6.h -O1 (test for excess errors)
FAIL: ./valid-6.h -O2 (test for excess errors)
FAIL: ./valid-6.h -O3 -g (test for excess errors)
FAIL: ./valid-6.h -Os (test for excess errors)
FAIL: ./warn-1.h -O0 -g (test for excess errors)
FAIL: ./warn-1.h -O0 (test for excess errors)
FAIL: ./warn-1.h -O1 (test for excess errors)
FAIL: ./warn-1.h -O2 (test for excess errors)
FAIL: ./warn-1.h -O3 -g (test for excess errors)
FAIL: ./warn-1.h -Os (test for excess errors)
FAIL: gcc.dg/pch/common-1.c -O0 -g
FAIL: gcc.dg/pch/common-1.c -O0 -g assembly comparison
FAIL: gcc.dg/pch/common-1.c -O0
FAIL: gcc.dg/pch/common-1.c -O0 assembly comparison
FAIL: gcc.dg/pch/common-1.c -O1
FAIL: gcc.dg/pch/common-1.c -O1 assembly comparison
FAIL: gcc.dg/pch/common-1.c -O2
FAIL: gcc.dg/pch/common-1.c -O2 assembly comparison
FAIL: gcc.dg/pch/common-1.c -O3 -g
FAIL: gcc.dg/pch/common-1.c -O3 -g assembly comparison
FAIL: gcc.dg/pch/common-1.c -Os
FAIL: gcc.dg/pch/common-1.c -Os assembly comparison
FAIL: gcc.dg/pch/counter-1.c -O0 -g
FAIL: gcc.dg/pch/counter-1.c -O0 -g assembly comparison
FAIL: gcc.dg/pch/counter-1.c -O0
FAIL: gcc.dg/pch/counter-1.c -O0 assembly comparison
FAIL: gcc.dg/pch/counter-1.c -O1
FAIL: gcc.dg/pch/counter-1.c -O1 assembly comparison
FAIL: gcc.dg/pch/counter-1.c -O2
FAIL: gcc.dg/pch/counter-1.c -O2 assembly comparison
FAIL: gcc.dg/pch/counter-1.c -O3 -g
FAIL: gcc.dg/pch/counter-1.c -O3 -g assembly comparison
FAIL: gcc.dg/pch/counter-1.c -Os
FAIL: gcc.dg/pch/counter-1.c -Os assembly comparison
FAIL: gcc.dg/pch/counter-2.c -O0 -g
FAIL: gcc.dg/pch/counter-2.c -O0
FAIL: gcc.dg/pch/counter-2.c -O1
FAIL: gcc.dg/pch/counter-2.c -O2
FAIL: gcc.dg/pch/counter-2.c -O3 -g
FAIL: gcc.dg/pch/counter-2.c -Os
FAIL: gcc.dg/pch/counter-3.c -O0 -g
FAIL: gcc.dg/pch/counter-3.c -O0 -g assembly comparison
FAIL: gcc.dg/pch/counter-3.c -O0
FAIL: gcc.dg/pch/counter-3.c -O0 assembly comparison
FAIL: gcc.dg/pch/counter-3.c -O1
FAIL: gcc.dg/pch/counter-3.c -O1 assembly comparison
FAIL: gcc.dg/pch/counter-3.c -O2
FAIL: gcc.dg/pch/counter-3.c -O2 assembly comparison
FAIL: gcc.dg/pch/counter-3.c -O3 -g
FAIL: gcc.dg/pch/counter-3.c -O3 -g assembly comparison
FAIL: gcc.dg/pch/counter-3.c -Os
FAIL: gcc.dg/pch/counter-3.c -Os assembly comparison
FAIL: gcc.dg/pch/cpp-1.c -O0 -g
FAIL: gcc.dg/pch/cpp-1.c -O0 -g assembly comparison
FAIL: gcc.dg/pch/cpp-1.c -O0
FAIL: gcc.dg/pch/cpp-1.c -O0 assembly comparison
FAIL: gcc.dg/pch/cpp-1.c -O1
FAIL: gcc.dg/pch/cpp-1.c -O1 assembly comparison
FAIL: gcc.dg/pch/cpp-1.c -O2
FAIL: gcc.dg/pch/cpp-1.c -O2 assembly comparison
FAIL: gcc.dg/pch/cpp-1.c -O3 -g
FAIL: gcc.dg/pch/cpp-1.c -O3 -g assembly comparison
FAIL: gcc.dg/pch/cpp-1.c -Os
FAIL: gcc.dg/pch/cpp-1.c -Os assembly comparison
FAIL: gcc.dg/pch/cpp-2.c -O0 -g
FAIL: gcc.dg/pch/cpp-2.c -O0 -g assembly comparison
FAIL: gcc.dg/pch/cpp-2.c -O0
FAIL: gcc.dg/pch/cpp-2.c -O0 assembly comparison
FAIL: gcc.dg/pch/cpp-2.c -O1
FAIL: gcc.dg/pch/cpp-2.c -O1 assembly comparison
FAIL: gcc.dg/pch/cpp-2.c -O2
FAIL: gcc.dg/pch/cpp-2.c -O2 assembly comparison
FAIL: gcc.dg/pch/cpp-2.c -O3 -g
FAIL: gcc.dg/pch/cpp-2.c -O3 -g assembly comparison
FAIL: gcc.dg/pch/cpp-2.c -Os
FAIL: gcc.dg/pch/cpp-2.c -Os assembly comparison
FAIL: gcc.dg/pch/cpp-3.c -O0 -g
FAIL: gcc.dg/pch/cpp-3.c -O0 -g assembly comparison
FAIL: gcc.dg/pch/cpp-3.c -O0
FAIL: gcc.dg/pch/cpp-3.c -O0 assembly comparison
FAIL: gcc.dg/pch/cpp-3.c -O1
FAIL: gcc.dg/pch/cpp-3.c -O1 assembly comparison
FAIL: gcc.dg/pch/cpp-3.c -O2
FAIL: gcc.dg/pch/cpp-3.c -O2 assembly comparison
FAIL: gcc.dg/pch/cpp-3.c -O3 -g
FAIL: gcc.dg/pch/cpp-3.c -O3 -g assembly comparison
FAIL: gcc.dg/pch/cpp-3.c -Os
FAIL: gcc.dg/pch/cpp-3.c -Os assembly comparison
FAIL: gcc.dg/pch/decl-1.c -O0 -g
FAIL: gcc.dg/pch/decl-1.c -O0 -g assembly comparison
FAIL: gcc.dg/pch/decl-1.c -O0
FAIL: gcc.dg/pch/decl-1.c -O0 assembly comparison
FAIL: gcc.dg/pch/decl-1.c -O1
FAIL: gcc.dg/pch/decl-1.c -O1 assembly comparison
FAIL: gcc.dg/pch/decl-1.c -O2
FAIL: gcc.dg/pch/decl-1.c -O2 assembly comparison
FAIL: gcc.dg/pch/decl-1.c -O3 -g
FAIL: gcc.dg/pch/decl-1.c -O3 -g assembly comparison
FAIL: gcc.dg/pch/decl-1.c -Os
FAIL: gcc.dg/pch/decl-1.c -Os assembly comparison
FAIL: gcc.dg/pch/decl-2.c -O0 -g
FAIL: gcc.dg/pch/decl-2.c -O0 -g assembly comparison
FAIL: gcc.dg/pch/decl-2.c -O0
FAIL: gcc.dg/pch/decl-2.c -O0 assembly comparison
FAIL: gcc.dg/pch/decl-2.c -O1
FAIL: gcc.dg/pch/decl-2.c -O1 assembly comparison
FAIL: gcc.dg/pch/decl-2.c -O2
FAIL: gcc.dg/pch/decl-2.c -O2 assembly comparison
FAIL: gcc.dg/pch/decl-2.c -O3 -g
FAIL: gcc.dg/pch/decl-2.c -O3 -g assembly comparison
FAIL: gcc.dg/pch/decl-2.c -Os
FAIL: gcc.dg/pch/decl-2.c -Os assembly comparison
FAIL: gcc.dg/pch/decl-3.c -O0 -g
FAIL: gcc.dg/pch/decl-3.c -O0 -g assembly comparison
FAIL: gcc.dg/pch/decl-3.c -O0
FAIL: gcc.dg/pch/decl-3.c -O0 assembly comparison
FAIL: gcc.dg/pch/decl-3.c -O1
FAIL: gcc.dg/pch/decl-3.c -O1 assembly comparison
FAIL: gcc.dg/pch/decl-3.c -O2
FAIL: gcc.dg/pch/decl-3.c -O2 assembly comparison
FAIL: gcc.dg/pch/decl-3.c -O3 -g
FAIL: gcc.dg/pch/decl-3.c -O3 -g assembly comparison
FAIL: gcc.dg/pch/decl-3.c -Os
FAIL: gcc.dg/pch/decl-3.c -Os assembly comparison
FAIL: gcc.dg/pch/decl-4.c -O0 -g
FAIL: gcc.dg/pch/decl-4.c -O0 -g assembly comparison
FAIL: gcc.dg/pch/decl-4.c -O0
FAIL: gcc.dg/pch/decl-4.c -O0 assembly comparison
FAIL: gcc.dg/pch/decl-4.c -O1
FAIL: gcc.dg/pch/decl-4.c -O1 assembly comparison
FAIL: gcc.dg/pch/decl-4.c -O2
FAIL: gcc.dg/pch/decl-4.c -O2 assembly comparison
FAIL: gcc.dg/pch/decl-4.c -O3 -g
FAIL: gcc.dg/pch/decl-4.c -O3 -g assembly comparison
FAIL: gcc.dg/pch/decl-4.c -Os
FAIL: gcc.dg/pch/decl-4.c -Os assembly comparison
FAIL: gcc.dg/pch/decl-5.c -O0 -g
FAIL: gcc.dg/pch/decl-5.c -O0 -g assembly comparison
FAIL: gcc.dg/pch/decl-5.c -O0
FAIL: gcc.dg/pch/decl-5.c -O0 assembly comparison
FAIL: gcc.dg/pch/decl-5.c -O1
FAIL: gcc.dg/pch/decl-5.c -O1 assembly comparison
FAIL: gcc.dg/pch/decl-5.c -O2
FAIL: gcc.dg/pch/decl-5.c -O2 assembly comparison
FAIL: gcc.dg/pch/decl-5.c -O3 -g
FAIL: gcc.dg/pch/decl-5.c -O3 -g assembly comparison
FAIL: gcc.dg/pch/decl-5.c -Os
FAIL: gcc.dg/pch/decl-5.c -Os assembly comparison
FAIL: gcc.dg/pch/empty.c -O0 -g
FAIL: gcc.dg/pch/empty.c -O0 -g assembly comparison
FAIL: gcc.dg/pch/empty.c -O0
FAIL: gcc.dg/pch/empty.c -O0 assembly comparison
FAIL: gcc.dg/pch/empty.c -O1
FAIL: gcc.dg/pch/empty.c -O1 assembly comparison
FAIL: gcc.dg/pch/empty.c -O2
FAIL: gcc.dg/pch/empty.c -O2 assembly comparison
FAIL: gcc.dg/pch/empty.c -O3 -g
FAIL: gcc.dg/pch/empty.c -O3 -g assembly comparison
FAIL: gcc.dg/pch/empty.c -Os
FAIL: gcc.dg/pch/empty.c -Os assembly comparison
FAIL: gcc.dg/pch/except-1.c -O0 -g
FAIL: gcc.dg/pch/except-1.c -O0 -g assembly comparison
FAIL: gcc.dg/pch/except-1.c -O0
FAIL: gcc.dg/pch/except-1.c -O0 assembly comparison
FAIL: gcc.dg/pch/except-1.c -O1
FAIL: gcc.dg/pch/except-1.c -O1 assembly comparison
FAIL: gcc.dg/pch/except-1.c -O2
FAIL: gcc.dg/pch/except-1.c -O2 assembly comparison
FAIL: gcc.dg/pch/except-1.c -O3 -g
FAIL: gcc.dg/pch/except-1.c -O3 -g assembly comparison
FAIL: gcc.dg/pch/except-1.c -Os
FAIL: gcc.dg/pch/except-1.c -Os assembly comparison
FAIL: gcc.dg/pch/global-1.c -O0 -g
FAIL: gcc.dg/pch/global-1.c -O0 -g assembly comparison
FAIL: gcc.dg/pch/global-1.c -O0
FAIL: gcc.dg/pch/global-1.c -O0 assembly comparison
FAIL: gcc.dg/pch/global-1.c -O1
FAIL: gcc.dg/pch/global-1.c -O1 assembly comparison
FAIL: gcc.dg/pch/global-1.c -O2
FAIL: gcc.dg/pch/global-1.c -O2 assembly comparison
FAIL: gcc.dg/pch/global-1.c -O3 -g
FAIL: gcc.dg/pch/global-1.c -O3 -g assembly comparison
FAIL: gcc.dg/pch/global-1.c -Os
FAIL: gcc.dg/pch/global-1.c -Os assembly comparison
FAIL: gcc.dg/pch/ident-1.c -O0 -g
FAIL: gcc.dg/pch/ident-1.c -O0 -g assembly comparison
FAIL: gcc.dg/pch/ident-1.c -O0
FAIL: gcc.dg/pch/ident-1.c -O0 assembly comparison
FAIL: gcc.dg/pch/ident-1.c -O1
FAIL: gcc.dg/pch/ident-1.c -O1 assembly comparison
FAIL: gcc.dg/pch/ident-1.c -O2
FAIL: gcc.dg/pch/ident-1.c -O2 assembly comparison
FAIL: gcc.dg/pch/ident-1.c -O3 -g
FAIL: gcc.dg/pch/ident-1.c -O3 -g assembly comparison
FAIL: gcc.dg/pch/ident-1.c -Os
FAIL: gcc.dg/pch/ident-1.c -Os assembly comparison
FAIL: gcc.dg/pch/import-1.c -O0 -g
FAIL: gcc.dg/pch/import-1.c -O0 -g assembly comparison
FAIL: gcc.dg/pch/import-1.c -O0
FAIL: gcc.dg/pch/import-1.c -O0 assembly comparison
FAIL: gcc.dg/pch/import-1.c -O1
FAIL: gcc.dg/pch/import-1.c -O1 assembly comparison
FAIL: gcc.dg/pch/import-1.c -O2
FAIL: gcc.dg/pch/import-1.c -O2 assembly comparison
FAIL: gcc.dg/pch/import-1.c -O3 -g
FAIL: gcc.dg/pch/import-1.c -O3 -g assembly comparison
FAIL: gcc.dg/pch/import-1.c -Os
FAIL: gcc.dg/pch/import-1.c -Os assembly comparison
FAIL: gcc.dg/pch/import-2.c -O0 -g
FAIL: gcc.dg/pch/import-2.c -O0 -g assembly comparison
FAIL: gcc.dg/pch/import-2.c -O0
FAIL: gcc.dg/pch/import-2.c -O0 assembly comparison
FAIL: gcc.dg/pch/import-2.c -O1
FAIL: gcc.dg/pch/import-2.c -O1 assembly comparison
FAIL: gcc.dg/pch/import-2.c -O2
FAIL: gcc.dg/pch/import-2.c -O2 assembly comparison
FAIL: gcc.dg/pch/import-2.c -O3 -g
FAIL: gcc.dg/pch/import-2.c -O3 -g assembly comparison
FAIL: gcc.dg/pch/import-2.c -Os
FAIL: gcc.dg/pch/import-2.c -Os assembly comparison
FAIL: gcc.dg/pch/inline-1.c -O0 -g
FAIL: gcc.dg/pch/inline-1.c -O0 -g assembly comparison
FAIL: gcc.dg/pch/inline-1.c -O0
FAIL: gcc.dg/pch/inline-1.c -O0 assembly comparison
FAIL: gcc.dg/pch/inline-1.c -O1
FAIL: gcc.dg/pch/inline-1.c -O1 assembly comparison
FAIL: gcc.dg/pch/inline-1.c -O2
FAIL: gcc.dg/pch/inline-1.c -O2 assembly comparison
FAIL: gcc.dg/pch/inline-1.c -O3 -g
FAIL: gcc.dg/pch/inline-1.c -O3 -g assembly comparison
FAIL: gcc.dg/pch/inline-1.c -Os
FAIL: gcc.dg/pch/inline-1.c -Os assembly comparison
FAIL: gcc.dg/pch/inline-2.c -O0 -g
FAIL: gcc.dg/pch/inline-2.c -O0 -g assembly comparison
FAIL: gcc.dg/pch/inline-2.c -O0
FAIL: gcc.dg/pch/inline-2.c -O0 assembly comparison
FAIL: gcc.dg/pch/inline-2.c -O1
FAIL: gcc.dg/pch/inline-2.c -O1 assembly comparison
FAIL: gcc.dg/pch/inline-2.c -O2
FAIL: gcc.dg/pch/inline-2.c -O2 assembly comparison
FAIL: gcc.dg/pch/inline-2.c -O3 -g
FAIL: gcc.dg/pch/inline-2.c -O3 -g assembly comparison
FAIL: gcc.dg/pch/inline-2.c -Os
FAIL: gcc.dg/pch/inline-2.c -Os assembly comparison
FAIL: gcc.dg/pch/inline-3.c -O0 -g
FAIL: gcc.dg/pch/inline-3.c -O0 -g assembly comparison
FAIL: gcc.dg/pch/inline-3.c -O0
FAIL: gcc.dg/pch/inline-3.c -O0 assembly comparison
FAIL: gcc.dg/pch/inline-3.c -O1
FAIL: gcc.dg/pch/inline-3.c -O1 assembly comparison
FAIL: gcc.dg/pch/inline-3.c -O2
FAIL: gcc.dg/pch/inline-3.c -O2 assembly comparison
FAIL: gcc.dg/pch/inline-3.c -O3 -g
FAIL: gcc.dg/pch/inline-3.c -O3 -g assembly comparison
FAIL: gcc.dg/pch/inline-3.c -Os
FAIL: gcc.dg/pch/inline-3.c -Os assembly comparison
FAIL: gcc.dg/pch/inline-4.c -O0 -g
FAIL: gcc.dg/pch/inline-4.c -O0 -g assembly comparison
FAIL: gcc.dg/pch/inline-4.c -O0
FAIL: gcc.dg/pch/inline-4.c -O0 assembly comparison
FAIL: gcc.dg/pch/inline-4.c -O1
FAIL: gcc.dg/pch/inline-4.c -O1 assembly comparison
FAIL: gcc.dg/pch/inline-4.c -O2
FAIL: gcc.dg/pch/inline-4.c -O2 assembly comparison
FAIL: gcc.dg/pch/inline-4.c -O3 -g
FAIL: gcc.dg/pch/inline-4.c -O3 -g assembly comparison
FAIL: gcc.dg/pch/inline-4.c -Os
FAIL: gcc.dg/pch/inline-4.c -Os assembly comparison
FAIL: gcc.dg/pch/largefile.c -O0 -g
FAIL: gcc.dg/pch/largefile.c -O0 -g assembly comparison
FAIL: gcc.dg/pch/largefile.c -O0
FAIL: gcc.dg/pch/largefile.c -O0 assembly comparison
FAIL: gcc.dg/pch/largefile.c -O1
FAIL: gcc.dg/pch/largefile.c -O1 assembly comparison
FAIL: gcc.dg/pch/largefile.c -O2
FAIL: gcc.dg/pch/largefile.c -O2 assembly comparison
FAIL: gcc.dg/pch/largefile.c -O3 -g
FAIL: gcc.dg/pch/largefile.c -O3 -g assembly comparison
FAIL: gcc.dg/pch/largefile.c -Os
FAIL: gcc.dg/pch/largefile.c -Os assembly comparison
FAIL: gcc.dg/pch/macro-1.c -O0 -g
FAIL: gcc.dg/pch/macro-1.c -O0 -g assembly comparison
FAIL: gcc.dg/pch/macro-1.c -O0
FAIL: gcc.dg/pch/macro-1.c -O0 assembly comparison
FAIL: gcc.dg/pch/macro-1.c -O1
FAIL: gcc.dg/pch/macro-1.c -O1 assembly comparison
FAIL: gcc.dg/pch/macro-1.c -O2
FAIL: gcc.dg/pch/macro-1.c -O2 assembly comparison
FAIL: gcc.dg/pch/macro-1.c -O3 -g
FAIL: gcc.dg/pch/macro-1.c -O3 -g assembly comparison
FAIL: gcc.dg/pch/macro-1.c -Os
FAIL: gcc.dg/pch/macro-1.c -Os assembly comparison
FAIL: gcc.dg/pch/macro-2.c -O0 -g
FAIL: gcc.dg/pch/macro-2.c -O0 -g assembly comparison
FAIL: gcc.dg/pch/macro-2.c -O0
FAIL: gcc.dg/pch/macro-2.c -O0 assembly comparison
FAIL: gcc.dg/pch/macro-2.c -O1
FAIL: gcc.dg/pch/macro-2.c -O1 assembly comparison
FAIL: gcc.dg/pch/macro-2.c -O2
FAIL: gcc.dg/pch/macro-2.c -O2 assembly comparison
FAIL: gcc.dg/pch/macro-2.c -O3 -g
FAIL: gcc.dg/pch/macro-2.c -O3 -g assembly comparison
FAIL: gcc.dg/pch/macro-2.c -Os
FAIL: gcc.dg/pch/macro-2.c -Os assembly comparison
FAIL: gcc.dg/pch/macro-3.c -O0 -g
FAIL: gcc.dg/pch/macro-3.c -O0 -g assembly comparison
FAIL: gcc.dg/pch/macro-3.c -O0
FAIL: gcc.dg/pch/macro-3.c -O0 assembly comparison
FAIL: gcc.dg/pch/macro-3.c -O1
FAIL: gcc.dg/pch/macro-3.c -O1 assembly comparison
FAIL: gcc.dg/pch/macro-3.c -O2
FAIL: gcc.dg/pch/macro-3.c -O2 assembly comparison
FAIL: gcc.dg/pch/macro-3.c -O3 -g
FAIL: gcc.dg/pch/macro-3.c -O3 -g assembly comparison
FAIL: gcc.dg/pch/macro-3.c -Os
FAIL: gcc.dg/pch/macro-3.c -Os assembly comparison
FAIL: gcc.dg/pch/macro-4.c -O0 -g
FAIL: gcc.dg/pch/macro-4.c -O0 -g assembly comparison
FAIL: gcc.dg/pch/macro-4.c -O0
FAIL: gcc.dg/pch/macro-4.c -O0 assembly comparison
FAIL: gcc.dg/pch/macro-4.c -O1
FAIL: gcc.dg/pch/macro-4.c -O1 assembly comparison
FAIL: gcc.dg/pch/macro-4.c -O2
FAIL: gcc.dg/pch/macro-4.c -O2 assembly comparison
FAIL: gcc.dg/pch/macro-4.c -O3 -g
FAIL: gcc.dg/pch/macro-4.c -O3 -g assembly comparison
FAIL: gcc.dg/pch/macro-4.c -Os
FAIL: gcc.dg/pch/macro-4.c -Os assembly comparison
FAIL: gcc.dg/pch/pr66343-1.c -O0 -g
FAIL: gcc.dg/pch/pr66343-1.c -O0
FAIL: gcc.dg/pch/pr66343-1.c -O1
FAIL: gcc.dg/pch/pr66343-1.c -O2
FAIL: gcc.dg/pch/pr66343-1.c -O3 -g
FAIL: gcc.dg/pch/pr66343-1.c -Os
FAIL: gcc.dg/pch/pr66343-2.c -O0 -g
FAIL: gcc.dg/pch/pr66343-2.c -O0 -g assembly comparison
FAIL: gcc.dg/pch/pr66343-2.c -O0
FAIL: gcc.dg/pch/pr66343-2.c -O0 assembly comparison
FAIL: gcc.dg/pch/pr66343-2.c -O1
FAIL: gcc.dg/pch/pr66343-2.c -O1 assembly comparison
FAIL: gcc.dg/pch/pr66343-2.c -O2
FAIL: gcc.dg/pch/pr66343-2.c -O2 assembly comparison
FAIL: gcc.dg/pch/pr66343-2.c -O3 -g
FAIL: gcc.dg/pch/pr66343-2.c -O3 -g assembly comparison
FAIL: gcc.dg/pch/pr66343-2.c -Os
FAIL: gcc.dg/pch/pr66343-2.c -Os assembly comparison
FAIL: gcc.dg/pch/pr66343-3.c -O0 -g
FAIL: gcc.dg/pch/pr66343-3.c -O0
FAIL: gcc.dg/pch/pr66343-3.c -O1
FAIL: gcc.dg/pch/pr66343-3.c -O2
FAIL: gcc.dg/pch/pr66343-3.c -O3 -g
FAIL: gcc.dg/pch/pr66343-3.c -Os
FAIL: gcc.dg/pch/pushpop-1.c -O0 -g
FAIL: gcc.dg/pch/pushpop-1.c -O0 -g assembly comparison
FAIL: gcc.dg/pch/pushpop-1.c -O0
FAIL: gcc.dg/pch/pushpop-1.c -O0 assembly comparison
FAIL: gcc.dg/pch/pushpop-1.c -O1
FAIL: gcc.dg/pch/pushpop-1.c -O1 assembly comparison
FAIL: gcc.dg/pch/pushpop-1.c -O2
FAIL: gcc.dg/pch/pushpop-1.c -O2 assembly comparison
FAIL: gcc.dg/pch/pushpop-1.c -O3 -g
FAIL: gcc.dg/pch/pushpop-1.c -O3 -g assembly comparison
FAIL: gcc.dg/pch/pushpop-1.c -Os
FAIL: gcc.dg/pch/pushpop-1.c -Os assembly comparison
FAIL: gcc.dg/pch/save-temps-1.c -O0 -g
FAIL: gcc.dg/pch/save-temps-1.c -O0 -g assembly comparison
FAIL: gcc.dg/pch/save-temps-1.c -O0
FAIL: gcc.dg/pch/save-temps-1.c -O0 assembly comparison
FAIL: gcc.dg/pch/save-temps-1.c -O1
FAIL: gcc.dg/pch/save-temps-1.c -O1 assembly comparison
FAIL: gcc.dg/pch/save-temps-1.c -O2
FAIL: gcc.dg/pch/save-temps-1.c -O2 assembly comparison
FAIL: gcc.dg/pch/save-temps-1.c -O3 -g
FAIL: gcc.dg/pch/save-temps-1.c -O3 -g assembly comparison
FAIL: gcc.dg/pch/save-temps-1.c -Os
FAIL: gcc.dg/pch/save-temps-1.c -Os assembly comparison
FAIL: gcc.dg/pch/static-1.c -O0 -g
FAIL: gcc.dg/pch/static-1.c -O0 -g assembly comparison
FAIL: gcc.dg/pch/static-1.c -O0
FAIL: gcc.dg/pch/static-1.c -O0 assembly comparison
FAIL: gcc.dg/pch/static-1.c -O1
FAIL: gcc.dg/pch/static-1.c -O1 assembly comparison
FAIL: gcc.dg/pch/static-1.c -O2
FAIL: gcc.dg/pch/static-1.c -O2 assembly comparison
FAIL: gcc.dg/pch/static-1.c -O3 -g
FAIL: gcc.dg/pch/static-1.c -O3 -g assembly comparison
FAIL: gcc.dg/pch/static-1.c -Os
FAIL: gcc.dg/pch/static-1.c -Os assembly comparison
FAIL: gcc.dg/pch/static-2.c -O0 -g
FAIL: gcc.dg/pch/static-2.c -O0 -g assembly comparison
FAIL: gcc.dg/pch/static-2.c -O0
FAIL: gcc.dg/pch/static-2.c -O0 assembly comparison
FAIL: gcc.dg/pch/static-2.c -O1
FAIL: gcc.dg/pch/static-2.c -O1 assembly comparison
FAIL: gcc.dg/pch/static-2.c -O2
FAIL: gcc.dg/pch/static-2.c -O2 assembly comparison
FAIL: gcc.dg/pch/static-2.c -O3 -g
FAIL: gcc.dg/pch/static-2.c -O3 -g assembly comparison
FAIL: gcc.dg/pch/static-2.c -Os
FAIL: gcc.dg/pch/static-2.c -Os assembly comparison
FAIL: gcc.dg/pch/static-3.c -O0 -g
FAIL: gcc.dg/pch/static-3.c -O0 -g assembly comparison
FAIL: gcc.dg/pch/static-3.c -O0
FAIL: gcc.dg/pch/static-3.c -O0 assembly comparison
FAIL: gcc.dg/pch/static-3.c -O1
FAIL: gcc.dg/pch/static-3.c -O1 assembly comparison
FAIL: gcc.dg/pch/static-3.c -O2
FAIL: gcc.dg/pch/static-3.c -O2 assembly comparison
FAIL: gcc.dg/pch/static-3.c -O3 -g
FAIL: gcc.dg/pch/static-3.c -O3 -g assembly comparison
FAIL: gcc.dg/pch/static-3.c -Os
FAIL: gcc.dg/pch/static-3.c -Os assembly comparison
FAIL: gcc.dg/pch/struct-1.c -O0 -g
FAIL: gcc.dg/pch/struct-1.c -O0 -g assembly comparison
FAIL: gcc.dg/pch/struct-1.c -O0
FAIL: gcc.dg/pch/struct-1.c -O0 assembly comparison
FAIL: gcc.dg/pch/struct-1.c -O1
FAIL: gcc.dg/pch/struct-1.c -O1 assembly comparison
FAIL: gcc.dg/pch/struct-1.c -O2
FAIL: gcc.dg/pch/struct-1.c -O2 assembly comparison
FAIL: gcc.dg/pch/struct-1.c -O3 -g
FAIL: gcc.dg/pch/struct-1.c -O3 -g assembly comparison
FAIL: gcc.dg/pch/struct-1.c -Os
FAIL: gcc.dg/pch/struct-1.c -Os assembly comparison
FAIL: gcc.dg/pch/system-1.c -O0 -g
FAIL: gcc.dg/pch/system-1.c -O0 -g assembly comparison
FAIL: gcc.dg/pch/system-1.c -O0
FAIL: gcc.dg/pch/system-1.c -O0 assembly comparison
FAIL: gcc.dg/pch/system-1.c -O1
FAIL: gcc.dg/pch/system-1.c -O1 assembly comparison
FAIL: gcc.dg/pch/system-1.c -O2
FAIL: gcc.dg/pch/system-1.c -O2 assembly comparison
FAIL: gcc.dg/pch/system-1.c -O3 -g
FAIL: gcc.dg/pch/system-1.c -O3 -g assembly comparison
FAIL: gcc.dg/pch/system-1.c -Os
FAIL: gcc.dg/pch/system-1.c -Os assembly comparison
FAIL: gcc.dg/pch/valid-1.c -O0 -g
FAIL: gcc.dg/pch/valid-1.c -O0
FAIL: gcc.dg/pch/valid-1.c -O1
FAIL: gcc.dg/pch/valid-1.c -O2
FAIL: gcc.dg/pch/valid-1.c -O3 -g
FAIL: gcc.dg/pch/valid-1.c -Os
FAIL: gcc.dg/pch/valid-1b.c -O0 -g
FAIL: gcc.dg/pch/valid-1b.c -O0 -g assembly comparison
FAIL: gcc.dg/pch/valid-1b.c -O0
FAIL: gcc.dg/pch/valid-1b.c -O0 assembly comparison
FAIL: gcc.dg/pch/valid-1b.c -O1
FAIL: gcc.dg/pch/valid-1b.c -O1 assembly comparison
FAIL: gcc.dg/pch/valid-1b.c -O2
FAIL: gcc.dg/pch/valid-1b.c -O2 assembly comparison
FAIL: gcc.dg/pch/valid-1b.c -O3 -g
FAIL: gcc.dg/pch/valid-1b.c -O3 -g assembly comparison
FAIL: gcc.dg/pch/valid-1b.c -Os
FAIL: gcc.dg/pch/valid-1b.c -Os assembly comparison
FAIL: gcc.dg/pch/valid-2.c -O0 -g
FAIL: gcc.dg/pch/valid-2.c -O0
FAIL: gcc.dg/pch/valid-2.c -O1
FAIL: gcc.dg/pch/valid-2.c -O2
FAIL: gcc.dg/pch/valid-2.c -O3 -g
FAIL: gcc.dg/pch/valid-2.c -Os
FAIL: gcc.dg/pch/valid-4.c -O0 -g
FAIL: gcc.dg/pch/valid-4.c -O0 -g assembly comparison
FAIL: gcc.dg/pch/valid-4.c -O0
FAIL: gcc.dg/pch/valid-4.c -O0 assembly comparison
FAIL: gcc.dg/pch/valid-4.c -O1
FAIL: gcc.dg/pch/valid-4.c -O1 assembly comparison
FAIL: gcc.dg/pch/valid-4.c -O2
FAIL: gcc.dg/pch/valid-4.c -O2 assembly comparison
FAIL: gcc.dg/pch/valid-4.c -O3 -g
FAIL: gcc.dg/pch/valid-4.c -O3 -g assembly comparison
FAIL: gcc.dg/pch/valid-4.c -Os
FAIL: gcc.dg/pch/valid-4.c -Os assembly comparison
FAIL: gcc.dg/pch/valid-5.c -O0 -g
FAIL: gcc.dg/pch/valid-5.c -O0 -g assembly comparison
FAIL: gcc.dg/pch/valid-5.c -O0
FAIL: gcc.dg/pch/valid-5.c -O0 assembly comparison
FAIL: gcc.dg/pch/valid-5.c -O1
FAIL: gcc.dg/pch/valid-5.c -O1 assembly comparison
FAIL: gcc.dg/pch/valid-5.c -O2
FAIL: gcc.dg/pch/valid-5.c -O2 assembly comparison
FAIL: gcc.dg/pch/valid-5.c -O3 -g
FAIL: gcc.dg/pch/valid-5.c -O3 -g assembly comparison
FAIL: gcc.dg/pch/valid-5.c -Os
FAIL: gcc.dg/pch/valid-5.c -Os assembly comparison
FAIL: gcc.dg/pch/valid-6.c -O0 -g
FAIL: gcc.dg/pch/valid-6.c -O0 -g assembly comparison
FAIL: gcc.dg/pch/valid-6.c -O0
FAIL: gcc.dg/pch/valid-6.c -O0 assembly comparison
FAIL: gcc.dg/pch/valid-6.c -O1
FAIL: gcc.dg/pch/valid-6.c -O1 assembly comparison
FAIL: gcc.dg/pch/valid-6.c -O2
FAIL: gcc.dg/pch/valid-6.c -O2 assembly comparison
FAIL: gcc.dg/pch/valid-6.c -O3 -g
FAIL: gcc.dg/pch/valid-6.c -O3 -g assembly comparison
FAIL: gcc.dg/pch/valid-6.c -Os
FAIL: gcc.dg/pch/valid-6.c -Os assembly comparison
FAIL: gcc.dg/pch/warn-1.c -O0 -g
FAIL: gcc.dg/pch/warn-1.c -O0
FAIL: gcc.dg/pch/warn-1.c -O1
FAIL: gcc.dg/pch/warn-1.c -O2
FAIL: gcc.dg/pch/warn-1.c -O3 -g
FAIL: gcc.dg/pch/warn-1.c -Os
FAIL: gcc.dg/tree-prof/20050826-2.c scan-tree-dump-not dom2 "Invalid sum"
FAIL: gcc.target/aarch64/pr100056.c scan-assembler-not \\\\t[us]bfiz\\\\tw[0-9]+, w[0-9]+, 11
FAIL: gcc.target/aarch64/subs_compare_2.c scan-assembler-times subs\\\\tw[0-9]+, w[0-9]+, [#]?4 1
FAIL: gcc.target/aarch64/subs_compare_2.c scan-assembler-not cmp\\\\tw[0-9]+, w[0-9]+
=== gcc Summary ===
# of expected passes 265465
# of unexpected failures 791
# of unexpected successes 4
# of expected failures 2138
# of unsupported tests 5331
/home/tcwg-buildslave/workspace/tcwg-buildfarm__0/_build/builds/destdir/aarch64-unknown-linux-gnu/bin/aarch64-unknown-linux-gnu-gcc version 12.0.0 20210822 (experimental) [master revision 4be4fa4ec7ffa16cb2b0e24f656ee0fcdf23b3e0] (GCC)
=== gfortran tests ===
Running target tcwg-local
FAIL: gfortran.dg/guality/pr41558.f90 -O1 line 7 s == 'foo'
FAIL: gfortran.dg/guality/pr41558.f90 -O2 line 7 s == 'foo'
FAIL: gfortran.dg/guality/pr41558.f90 -O3 -fomit-frame-pointer -funroll-loops -fpeel-loops -ftracer -finline-functions line 7 s == 'foo'
FAIL: gfortran.dg/guality/pr41558.f90 -O3 -g line 7 s == 'foo'
FAIL: gfortran.dg/guality/pr41558.f90 -Os line 7 s == 'foo'
=== gfortran Summary ===
# of expected passes 58269
# of unexpected failures 5
# of expected failures 244
# of unsupported tests 145
/home/tcwg-buildslave/workspace/tcwg-buildfarm__0/_build/builds/destdir/aarch64-unknown-linux-gnu/bin/aarch64-unknown-linux-gnu-gfortran version 12.0.0 20210822 (experimental) [master revision 4be4fa4ec7ffa16cb2b0e24f656ee0fcdf23b3e0] (GCC)
=== g++ tests ===
Running target tcwg-local
FAIL: g++.dg/analyzer/pr96641.C -std=c++98 (test for excess errors)
FAIL: g++.dg/analyzer/pr96641.C -std=c++14 (test for excess errors)
FAIL: g++.dg/analyzer/pr96641.C -std=c++17 (test for excess errors)
FAIL: g++.dg/analyzer/pr96641.C -std=c++2a (test for excess errors)
FAIL: g++.dg/asan/asan_test.C -O2 (test for excess errors)
UNRESOLVED: g++.dg/asan/asan_test.C -O2 compilation failed to produce executable
FAIL: g++.dg/gomp/attrs-10.C -std=gnu++14 (test for warnings, line 57)
FAIL: g++.dg/gomp/attrs-10.C -std=gnu++14 (test for warnings, line 79)
FAIL: g++.dg/gomp/attrs-10.C -std=gnu++14 (test for warnings, line 125)
FAIL: g++.dg/gomp/attrs-10.C -std=gnu++14 (test for excess errors)
FAIL: g++.dg/gomp/attrs-10.C -std=gnu++17 (test for warnings, line 57)
FAIL: g++.dg/gomp/attrs-10.C -std=gnu++17 (test for warnings, line 79)
FAIL: g++.dg/gomp/attrs-10.C -std=gnu++17 (test for warnings, line 125)
FAIL: g++.dg/gomp/attrs-10.C -std=gnu++17 (test for excess errors)
FAIL: g++.dg/gomp/attrs-10.C -std=gnu++2a (test for warnings, line 57)
FAIL: g++.dg/gomp/attrs-10.C -std=gnu++2a (test for warnings, line 79)
FAIL: g++.dg/gomp/attrs-10.C -std=gnu++2a (test for warnings, line 125)
FAIL: g++.dg/gomp/attrs-10.C -std=gnu++2a (test for excess errors)
FAIL: g++.dg/gomp/declare-simd-8.C -std=c++98 (test for excess errors)
FAIL: g++.dg/gomp/declare-simd-8.C -std=c++14 (test for excess errors)
FAIL: g++.dg/gomp/declare-simd-8.C -std=c++17 (test for excess errors)
FAIL: g++.dg/gomp/declare-simd-8.C -std=c++2a (test for excess errors)
FAIL: ./Wmismatched-tags.H -g (test for excess errors)
FAIL: ./Wmismatched-tags.H -O2 -g (test for excess errors)
FAIL: ./Wmismatched-tags.H -O2 (test for excess errors)
FAIL: ./array-1.H -g (test for excess errors)
FAIL: ./array-1.H -O2 -g (test for excess errors)
FAIL: ./array-1.H -O2 (test for excess errors)
FAIL: ./empty.H -g (test for excess errors)
FAIL: ./empty.H -O2 -g (test for excess errors)
FAIL: ./empty.H -O2 (test for excess errors)
FAIL: ./externc-1.H -g (test for excess errors)
FAIL: ./externc-1.H -O2 -g (test for excess errors)
FAIL: ./externc-1.H -O2 (test for excess errors)
FAIL: ./local-1.H -g (test for excess errors)
FAIL: ./local-1.H -O2 -g (test for excess errors)
FAIL: ./local-1.H -O2 (test for excess errors)
FAIL: ./operator-1.H -g (test for excess errors)
FAIL: ./operator-1.H -O2 -g (test for excess errors)
FAIL: ./operator-1.H -O2 (test for excess errors)
FAIL: ./pch.H -g (test for excess errors)
FAIL: ./pch.H -O2 -g (test for excess errors)
FAIL: ./pch.H -O2 (test for excess errors)
FAIL: ./pr90326.H -g (test for excess errors)
FAIL: ./pr90326.H -O2 -g (test for excess errors)
FAIL: ./pr90326.H -O2 (test for excess errors)
FAIL: ./pr92458.H -g (test for excess errors)
FAIL: ./pr92458.H -O2 -g (test for excess errors)
FAIL: ./pr92458.H -O2 (test for excess errors)
FAIL: ./pr98343.H -g (test for excess errors)
FAIL: ./pr98343.H -O2 -g (test for excess errors)
FAIL: ./pr98343.H -O2 (test for excess errors)
FAIL: ./static-1.H -g (test for excess errors)
FAIL: ./static-1.H -O2 -g (test for excess errors)
FAIL: ./static-1.H -O2 (test for excess errors)
FAIL: ./system-1.H -g (test for excess errors)
FAIL: ./system-1.H -O2 -g (test for excess errors)
FAIL: ./system-1.H -O2 (test for excess errors)
FAIL: ./system-2.H -g (test for excess errors)
FAIL: ./system-2.H -O2 -g (test for excess errors)
FAIL: ./system-2.H -O2 (test for excess errors)
FAIL: ./template-1.H -g (test for excess errors)
FAIL: ./template-1.H -O2 -g (test for excess errors)
FAIL: ./template-1.H -O2 (test for excess errors)
FAIL: ./uninst.H -g (test for excess errors)
FAIL: ./uninst.H -O2 -g (test for excess errors)
FAIL: ./uninst.H -O2 (test for excess errors)
FAIL: ./wchar-1.H -g (test for excess errors)
FAIL: ./wchar-1.H -O2 -g (test for excess errors)
FAIL: ./wchar-1.H -O2 (test for excess errors)
FAIL: g++.dg/pch/Wmismatched-tags.C -g
FAIL: g++.dg/pch/Wmismatched-tags.C -g assembly comparison
FAIL: g++.dg/pch/Wmismatched-tags.C -O2 -g
FAIL: g++.dg/pch/Wmismatched-tags.C -O2 -g assembly comparison
FAIL: g++.dg/pch/Wmismatched-tags.C -O2
FAIL: g++.dg/pch/Wmismatched-tags.C -O2 assembly comparison
FAIL: g++.dg/pch/array-1.C -g
FAIL: g++.dg/pch/array-1.C -g assembly comparison
FAIL: g++.dg/pch/array-1.C -O2 -g
FAIL: g++.dg/pch/array-1.C -O2 -g assembly comparison
FAIL: g++.dg/pch/array-1.C -O2
FAIL: g++.dg/pch/array-1.C -O2 assembly comparison
FAIL: g++.dg/pch/empty.C -g
FAIL: g++.dg/pch/empty.C -g assembly comparison
FAIL: g++.dg/pch/empty.C -O2 -g
FAIL: g++.dg/pch/empty.C -O2 -g assembly comparison
FAIL: g++.dg/pch/empty.C -O2
FAIL: g++.dg/pch/empty.C -O2 assembly comparison
FAIL: g++.dg/pch/externc-1.C -g
FAIL: g++.dg/pch/externc-1.C -g assembly comparison
FAIL: g++.dg/pch/externc-1.C -O2 -g
FAIL: g++.dg/pch/externc-1.C -O2 -g assembly comparison
FAIL: g++.dg/pch/externc-1.C -O2
FAIL: g++.dg/pch/externc-1.C -O2 assembly comparison
FAIL: g++.dg/pch/local-1.C -g
FAIL: g++.dg/pch/local-1.C -g assembly comparison
FAIL: g++.dg/pch/local-1.C -O2 -g
FAIL: g++.dg/pch/local-1.C -O2 -g assembly comparison
FAIL: g++.dg/pch/local-1.C -O2
FAIL: g++.dg/pch/local-1.C -O2 assembly comparison
FAIL: g++.dg/pch/operator-1.C -g
FAIL: g++.dg/pch/operator-1.C -g assembly comparison
FAIL: g++.dg/pch/operator-1.C -O2 -g
FAIL: g++.dg/pch/operator-1.C -O2 -g assembly comparison
FAIL: g++.dg/pch/operator-1.C -O2
FAIL: g++.dg/pch/operator-1.C -O2 assembly comparison
FAIL: g++.dg/pch/pch.C -g
FAIL: g++.dg/pch/pch.C -g assembly comparison
FAIL: g++.dg/pch/pch.C -O2 -g
FAIL: g++.dg/pch/pch.C -O2 -g assembly comparison
FAIL: g++.dg/pch/pch.C -O2
FAIL: g++.dg/pch/pch.C -O2 assembly comparison
FAIL: g++.dg/pch/pr90326.C -g
FAIL: g++.dg/pch/pr90326.C -g assembly comparison
FAIL: g++.dg/pch/pr90326.C -O2 -g
FAIL: g++.dg/pch/pr90326.C -O2 -g assembly comparison
FAIL: g++.dg/pch/pr90326.C -O2
FAIL: g++.dg/pch/pr90326.C -O2 assembly comparison
FAIL: g++.dg/pch/pr92458.C -g
FAIL: g++.dg/pch/pr92458.C -g assembly comparison
FAIL: g++.dg/pch/pr92458.C -O2 -g
FAIL: g++.dg/pch/pr92458.C -O2 -g assembly comparison
FAIL: g++.dg/pch/pr92458.C -O2
FAIL: g++.dg/pch/pr92458.C -O2 assembly comparison
FAIL: g++.dg/pch/pr98343.C -g
FAIL: g++.dg/pch/pr98343.C -g assembly comparison
FAIL: g++.dg/pch/pr98343.C -O2 -g
FAIL: g++.dg/pch/pr98343.C -O2 -g assembly comparison
FAIL: g++.dg/pch/pr98343.C -O2
FAIL: g++.dg/pch/pr98343.C -O2 assembly comparison
FAIL: g++.dg/pch/static-1.C -g
FAIL: g++.dg/pch/static-1.C -g assembly comparison
FAIL: g++.dg/pch/static-1.C -O2 -g
FAIL: g++.dg/pch/static-1.C -O2 -g assembly comparison
FAIL: g++.dg/pch/static-1.C -O2
FAIL: g++.dg/pch/static-1.C -O2 assembly comparison
FAIL: g++.dg/pch/system-1.C -g
FAIL: g++.dg/pch/system-1.C -g assembly comparison
FAIL: g++.dg/pch/system-1.C -O2 -g
FAIL: g++.dg/pch/system-1.C -O2 -g assembly comparison
FAIL: g++.dg/pch/system-1.C -O2
FAIL: g++.dg/pch/system-1.C -O2 assembly comparison
FAIL: g++.dg/pch/system-2.C -g
FAIL: g++.dg/pch/system-2.C -g assembly comparison
FAIL: g++.dg/pch/system-2.C -O2 -g
FAIL: g++.dg/pch/system-2.C -O2 -g assembly comparison
FAIL: g++.dg/pch/system-2.C -O2
FAIL: g++.dg/pch/system-2.C -O2 assembly comparison
FAIL: g++.dg/pch/template-1.C -g
FAIL: g++.dg/pch/template-1.C -g assembly comparison
FAIL: g++.dg/pch/template-1.C -O2 -g
FAIL: g++.dg/pch/template-1.C -O2 -g assembly comparison
FAIL: g++.dg/pch/template-1.C -O2
FAIL: g++.dg/pch/template-1.C -O2 assembly comparison
FAIL: g++.dg/pch/uninst.C -g
FAIL: g++.dg/pch/uninst.C -g assembly comparison
FAIL: g++.dg/pch/uninst.C -O2 -g
FAIL: g++.dg/pch/uninst.C -O2 -g assembly comparison
FAIL: g++.dg/pch/uninst.C -O2
FAIL: g++.dg/pch/uninst.C -O2 assembly comparison
FAIL: g++.dg/pch/wchar-1.C -g
FAIL: g++.dg/pch/wchar-1.C -g assembly comparison
FAIL: g++.dg/pch/wchar-1.C -O2 -g
FAIL: g++.dg/pch/wchar-1.C -O2 -g assembly comparison
FAIL: g++.dg/pch/wchar-1.C -O2
FAIL: g++.dg/pch/wchar-1.C -O2 assembly comparison
FAIL: g++.target/aarch64/no_unique_address_1.C check-function-bodies _Z8caller_pR1P
FAIL: g++.target/aarch64/no_unique_address_2.C (test for warnings, line 169)
FAIL: g++.target/aarch64/no_unique_address_2.C check-function-bodies _Z8caller_pR1P
=== g++ Summary ===
# of expected passes 325170
# of unexpected failures 168
# of expected failures 2456
# of unresolved testcases 1
# of unsupported tests 10211
/home/tcwg-buildslave/workspace/tcwg-buildfarm__0/_build/builds/destdir/aarch64-unknown-linux-gnu/bin/aarch64-unknown-linux-gnu-g++ version 12.0.0 20210822 (experimental) [master revision 4be4fa4ec7ffa16cb2b0e24f656ee0fcdf23b3e0] (GCC)
=== obj-c++ tests ===
Running target tcwg-local
=== obj-c++ Summary ===
# of expected passes 1482
# of expected failures 10
# of unsupported tests 79
/home/tcwg-buildslave/workspace/tcwg-buildfarm__0/_build/builds/aarch64-unknown-linux-gnu/aarch64-unknown-linux-gnu/gcc-gcc.git~master_rev_4be4fa4ec7ffa16cb2b0e24f656ee0fcdf23b3e0-stage2/gcc/xg++ version 12.0.0 20210822 (experimental) [master revision 4be4fa4ec7ffa16cb2b0e24f656ee0fcdf23b3e0] (GCC)
=== objc tests ===
Running target tcwg-local
FAIL: ./interface-1.h -fgnu-runtime -Wno-objc-root-class -O0 -g (test for excess errors)
FAIL: ./interface-1.h -fgnu-runtime -Wno-objc-root-class -O0 (test for excess errors)
FAIL: ./interface-1.h -fgnu-runtime -Wno-objc-root-class -O1 (test for excess errors)
FAIL: ./interface-1.h -fgnu-runtime -Wno-objc-root-class -O2 (test for excess errors)
FAIL: ./interface-1.h -fgnu-runtime -Wno-objc-root-class -O3 -g (test for excess errors)
FAIL: ./interface-1.h -fgnu-runtime -Wno-objc-root-class -Os (test for excess errors)
FAIL: objc.dg/pch/interface-1.m -O0 -g
FAIL: objc.dg/pch/interface-1.m -O0 -g assembly comparison
FAIL: objc.dg/pch/interface-1.m -O0
FAIL: objc.dg/pch/interface-1.m -O0 assembly comparison
FAIL: objc.dg/pch/interface-1.m -O1
FAIL: objc.dg/pch/interface-1.m -O1 assembly comparison
FAIL: objc.dg/pch/interface-1.m -O2
FAIL: objc.dg/pch/interface-1.m -O2 assembly comparison
FAIL: objc.dg/pch/interface-1.m -O3 -g
FAIL: objc.dg/pch/interface-1.m -O3 -g assembly comparison
FAIL: objc.dg/pch/interface-1.m -Os
FAIL: objc.dg/pch/interface-1.m -Os assembly comparison
=== objc Summary ===
# of expected passes 2800
# of unexpected failures 18
# of unsupported tests 71
/home/tcwg-buildslave/workspace/tcwg-buildfarm__0/_build/builds/destdir/aarch64-unknown-linux-gnu/bin/aarch64-unknown-linux-gnu-gcc version 12.0.0 20210822 (experimental) [master revision 4be4fa4ec7ffa16cb2b0e24f656ee0fcdf23b3e0] (GCC)
Compiler version: 12.0.0 20210822 (experimental) [master revision 4be4fa4ec7ffa16cb2b0e24f656ee0fcdf23b3e0] (GCC)
Platform: aarch64-unknown-linux-gnu
configure flags: SHELL=/bin/bash --with-mpc=/home/tcwg-buildslave/workspace/tcwg-buildfarm__0/_build/builds/destdir/aarch64-unknown-linux-gnu --with-mpfr=/home/tcwg-buildslave/workspace/tcwg-buildfarm__0/_build/builds/destdir/aarch64-unknown-linux-gnu --with-gmp=/home/tcwg-buildslave/workspace/tcwg-buildfarm__0/_build/builds/destdir/aarch64-unknown-linux-gnu --with-gnu-as --with-gnu-ld --disable-libmudflap --enable-lto --enable-shared --without-included-gettext --enable-nls --with-system-zlib --disable-sjlj-exceptions --enable-gnu-unique-object --enable-linker-build-id --disable-libstdcxx-pch --enable-c99 --enable-clocale=gnu --enable-libstdcxx-debug --enable-long-long --with-cloog=no --with-ppl=no --with-isl=no --disable-multilib --enable-fix-cortex-a53-835769 --enable-fix-cortex-a53-843419 --with-arch=armv8-a --enable-threads=posix --enable-multiarch --enable-libstdcxx-time=yes --enable-gnu-indirect-function --enable-checking=yes --enable-bootstrap --enable-languages=c,c++,fortran,
lto,objc,obj-c++ --prefix=/home/tcwg-buildslave/workspace/tcwg-buildfarm__0/_build/builds/destdir/aarch64-unknown-linux-gnu
More information about the Gcc-testresults
mailing list