Results for 12.0.0 (DEFMODE=default DEFCPU=default DEFFPU=default TESTFLAGS=) [r12-3057] (GCC) testsuite on aarch64_be-none-elf
Christophe LYON
christophe.lyon@foss.st.com
Sun Aug 22 02:27:22 GMT 2021
LAST_UPDATED: Sun Aug 22 00:31:46 UTC 2021 (revision r12-3057-g4be4fa4ec7ffa16cb2b0e24f656ee0fcdf23b3e0) TARGET=aarch64_be-none-elf CPU=default FPU=default MODE=default
Target is aarch64_be-none-elf
Host is aarch64_be-none-elf
=== libstdc++ tests ===
Running target aarch64-none-elf-foundation
FAIL: 20_util/to_chars/long_double.cc (test for excess errors)
UNRESOLVED: 20_util/to_chars/long_double.cc compilation failed to produce executable
XPASS: 21_strings/basic_string/numeric_conversions/char/stod.cc execution test
XPASS: 21_strings/basic_string/numeric_conversions/wchar_t/stod.cc execution test
FAIL: 22_locale/money_get/get/char/5.cc execution test
FAIL: 22_locale/money_get/get/wchar_t/5.cc execution test
FAIL: 22_locale/num_get/get/char/39168.cc execution test
FAIL: 22_locale/num_get/get/char/4.cc execution test
FAIL: 22_locale/num_get/get/wchar_t/39168.cc execution test
FAIL: 22_locale/num_get/get/wchar_t/4.cc execution test
FAIL: 26_numerics/complex/inserters_extractors/char/1.cc execution test
FAIL: 26_numerics/complex/inserters_extractors/wchar_t/1.cc execution test
FAIL: 26_numerics/complex/proj.cc execution test
FAIL: 27_io/basic_istream/extractors_arithmetic/char/01.cc execution test
FAIL: 27_io/basic_istream/extractors_arithmetic/char/12.cc execution test
FAIL: 27_io/basic_istream/extractors_arithmetic/wchar_t/01.cc execution test
FAIL: 27_io/basic_istream/extractors_arithmetic/wchar_t/12.cc execution test
FAIL: 27_io/filesystem/path/append/path.cc (test for excess errors)
UNRESOLVED: 27_io/filesystem/path/append/path.cc compilation failed to produce executable
FAIL: 27_io/filesystem/path/append/source.cc (test for excess errors)
UNRESOLVED: 27_io/filesystem/path/append/source.cc compilation failed to produce executable
FAIL: 27_io/filesystem/path/assign/assign.cc (test for excess errors)
UNRESOLVED: 27_io/filesystem/path/assign/assign.cc compilation failed to produce executable
FAIL: 27_io/filesystem/path/assign/copy.cc (test for excess errors)
UNRESOLVED: 27_io/filesystem/path/assign/copy.cc compilation failed to produce executable
FAIL: 27_io/filesystem/path/compare/compare.cc (test for excess errors)
UNRESOLVED: 27_io/filesystem/path/compare/compare.cc compilation failed to produce executable
FAIL: 27_io/filesystem/path/compare/lwg2936.cc (test for excess errors)
UNRESOLVED: 27_io/filesystem/path/compare/lwg2936.cc compilation failed to produce executable
FAIL: 27_io/filesystem/path/compare/path.cc (test for excess errors)
UNRESOLVED: 27_io/filesystem/path/compare/path.cc compilation failed to produce executable
FAIL: 27_io/filesystem/path/compare/strings.cc (test for excess errors)
UNRESOLVED: 27_io/filesystem/path/compare/strings.cc compilation failed to produce executable
FAIL: 27_io/filesystem/path/concat/92853.cc (test for excess errors)
UNRESOLVED: 27_io/filesystem/path/concat/92853.cc compilation failed to produce executable
FAIL: 27_io/filesystem/path/concat/path.cc (test for excess errors)
UNRESOLVED: 27_io/filesystem/path/concat/path.cc compilation failed to produce executable
FAIL: 27_io/filesystem/path/concat/strings.cc (test for excess errors)
UNRESOLVED: 27_io/filesystem/path/concat/strings.cc compilation failed to produce executable
FAIL: 27_io/filesystem/path/construct/copy.cc (test for excess errors)
UNRESOLVED: 27_io/filesystem/path/construct/copy.cc compilation failed to produce executable
FAIL: 27_io/filesystem/path/construct/range.cc (test for excess errors)
UNRESOLVED: 27_io/filesystem/path/construct/range.cc compilation failed to produce executable
FAIL: 27_io/filesystem/path/construct/string_view.cc (test for excess errors)
UNRESOLVED: 27_io/filesystem/path/construct/string_view.cc compilation failed to produce executable
FAIL: 27_io/filesystem/path/decompose/extension.cc (test for excess errors)
UNRESOLVED: 27_io/filesystem/path/decompose/extension.cc compilation failed to produce executable
FAIL: 27_io/filesystem/path/decompose/filename.cc (test for excess errors)
UNRESOLVED: 27_io/filesystem/path/decompose/filename.cc compilation failed to produce executable
FAIL: 27_io/filesystem/path/decompose/parent_path.cc (test for excess errors)
UNRESOLVED: 27_io/filesystem/path/decompose/parent_path.cc compilation failed to produce executable
FAIL: 27_io/filesystem/path/decompose/relative_path.cc (test for excess errors)
UNRESOLVED: 27_io/filesystem/path/decompose/relative_path.cc compilation failed to produce executable
FAIL: 27_io/filesystem/path/decompose/root_directory.cc (test for excess errors)
UNRESOLVED: 27_io/filesystem/path/decompose/root_directory.cc compilation failed to produce executable
FAIL: 27_io/filesystem/path/decompose/root_name.cc (test for excess errors)
UNRESOLVED: 27_io/filesystem/path/decompose/root_name.cc compilation failed to produce executable
FAIL: 27_io/filesystem/path/decompose/root_path.cc (test for excess errors)
UNRESOLVED: 27_io/filesystem/path/decompose/root_path.cc compilation failed to produce executable
FAIL: 27_io/filesystem/path/decompose/stem.cc (test for excess errors)
UNRESOLVED: 27_io/filesystem/path/decompose/stem.cc compilation failed to produce executable
FAIL: 27_io/filesystem/path/generation/normal.cc (test for excess errors)
UNRESOLVED: 27_io/filesystem/path/generation/normal.cc compilation failed to produce executable
FAIL: 27_io/filesystem/path/generation/proximate.cc (test for excess errors)
UNRESOLVED: 27_io/filesystem/path/generation/proximate.cc compilation failed to produce executable
FAIL: 27_io/filesystem/path/generation/relative.cc (test for excess errors)
UNRESOLVED: 27_io/filesystem/path/generation/relative.cc compilation failed to produce executable
FAIL: 27_io/filesystem/path/generic/generic_string.cc (test for excess errors)
UNRESOLVED: 27_io/filesystem/path/generic/generic_string.cc compilation failed to produce executable
FAIL: 27_io/filesystem/path/itr/components.cc (test for excess errors)
UNRESOLVED: 27_io/filesystem/path/itr/components.cc compilation failed to produce executable
FAIL: 27_io/filesystem/path/itr/traversal.cc (test for excess errors)
UNRESOLVED: 27_io/filesystem/path/itr/traversal.cc compilation failed to produce executable
FAIL: 27_io/filesystem/path/modifiers/clear.cc (test for excess errors)
UNRESOLVED: 27_io/filesystem/path/modifiers/clear.cc compilation failed to produce executable
FAIL: 27_io/filesystem/path/modifiers/make_preferred.cc (test for excess errors)
UNRESOLVED: 27_io/filesystem/path/modifiers/make_preferred.cc compilation failed to produce executable
FAIL: 27_io/filesystem/path/modifiers/remove_filename.cc (test for excess errors)
UNRESOLVED: 27_io/filesystem/path/modifiers/remove_filename.cc compilation failed to produce executable
FAIL: 27_io/filesystem/path/modifiers/replace_extension.cc (test for excess errors)
UNRESOLVED: 27_io/filesystem/path/modifiers/replace_extension.cc compilation failed to produce executable
FAIL: 27_io/filesystem/path/modifiers/replace_filename.cc (test for excess errors)
UNRESOLVED: 27_io/filesystem/path/modifiers/replace_filename.cc compilation failed to produce executable
FAIL: 27_io/filesystem/path/modifiers/swap.cc (test for excess errors)
UNRESOLVED: 27_io/filesystem/path/modifiers/swap.cc compilation failed to produce executable
FAIL: 27_io/filesystem/path/nonmember/append.cc (test for excess errors)
UNRESOLVED: 27_io/filesystem/path/nonmember/append.cc compilation failed to produce executable
FAIL: 27_io/filesystem/path/nonmember/cmp.cc (test for excess errors)
UNRESOLVED: 27_io/filesystem/path/nonmember/cmp.cc compilation failed to produce executable
FAIL: 27_io/filesystem/path/nonmember/cmp_c++20.cc (test for excess errors)
UNRESOLVED: 27_io/filesystem/path/nonmember/cmp_c++20.cc compilation failed to produce executable
FAIL: 27_io/filesystem/path/nonmember/hash_value.cc (test for excess errors)
UNRESOLVED: 27_io/filesystem/path/nonmember/hash_value.cc compilation failed to produce executable
FAIL: 27_io/filesystem/path/query/empty.cc (test for excess errors)
UNRESOLVED: 27_io/filesystem/path/query/empty.cc compilation failed to produce executable
FAIL: 27_io/filesystem/path/query/has_extension.cc (test for excess errors)
UNRESOLVED: 27_io/filesystem/path/query/has_extension.cc compilation failed to produce executable
FAIL: 27_io/filesystem/path/query/has_filename.cc (test for excess errors)
UNRESOLVED: 27_io/filesystem/path/query/has_filename.cc compilation failed to produce executable
FAIL: 27_io/filesystem/path/query/has_parent_path.cc (test for excess errors)
UNRESOLVED: 27_io/filesystem/path/query/has_parent_path.cc compilation failed to produce executable
FAIL: 27_io/filesystem/path/query/has_relative_path.cc (test for excess errors)
UNRESOLVED: 27_io/filesystem/path/query/has_relative_path.cc compilation failed to produce executable
FAIL: 27_io/filesystem/path/query/has_root_directory.cc (test for excess errors)
UNRESOLVED: 27_io/filesystem/path/query/has_root_directory.cc compilation failed to produce executable
FAIL: 27_io/filesystem/path/query/has_root_name.cc (test for excess errors)
UNRESOLVED: 27_io/filesystem/path/query/has_root_name.cc compilation failed to produce executable
FAIL: 27_io/filesystem/path/query/has_root_path.cc (test for excess errors)
UNRESOLVED: 27_io/filesystem/path/query/has_root_path.cc compilation failed to produce executable
FAIL: 27_io/filesystem/path/query/has_stem.cc (test for excess errors)
UNRESOLVED: 27_io/filesystem/path/query/has_stem.cc compilation failed to produce executable
FAIL: 27_io/filesystem/path/query/is_relative.cc (test for excess errors)
UNRESOLVED: 27_io/filesystem/path/query/is_relative.cc compilation failed to produce executable
FAIL: experimental/net/headers.cc (test for excess errors)
FAIL: experimental/net/socket/basic_socket.cc (test for excess errors)
FAIL: experimental/net/socket/socket_base.cc (test for excess errors)
UNRESOLVED: experimental/net/socket/socket_base.cc compilation failed to produce executable
FAIL: experimental/simd/standard_abi_usable.cc -O2 -Wno-psabi (test for excess errors)
FAIL: experimental/simd/standard_abi_usable_2.cc -O2 -Wno-psabi (test for excess errors)
=== libstdc++ Summary ===
# of expected passes 12655
# of unexpected failures 67
# of unexpected successes 2
# of expected failures 98
# of unresolved testcases 50
# of unsupported tests 936
Host is x86_64-pc-linux-gnu
=== gcc tests ===
Running target aarch64-none-elf-foundation
FAIL: gcc.dg/analyzer/malloc-callbacks.c (test for excess errors)
XPASS: gcc.dg/Wstringop-overflow-47.c pr97027 (test for warnings, line 72)
XPASS: gcc.dg/Wstringop-overflow-47.c pr97027 (test for warnings, line 77)
XPASS: gcc.dg/Wstringop-overflow-47.c pr97027 note (test for warnings, line 68)
FAIL: outputs-22 exe savetmp namedb-2: outputs.ld1_args
FAIL: outputs-23 exe savetmp named2-2: outputs.ld1_args
FAIL: outputs-24 exe savetmp named2-3: outputs.ld1_args
FAIL: outputs-25 exe savetmp named2-4: outputs.ld1_args
FAIL: outputs-294 lto sing unnamed-3: a.ld1_args
FAIL: outputs-294 lto sing unnamed-3: a.ld_args
FAIL: gcc.target/aarch64/insv_2.c scan-assembler bfi\\tx[0-9]+, x[0-9]+, 43, 5
FAIL: gcc.target/aarch64/insv_2.c scan-assembler movk\\tx[0-9]+, 0x1d6b, lsl 16
FAIL: gcc.target/aarch64/pr100056.c scan-assembler-not \\\\t[us]bfiz\\\\tw[0-9]+, w[0-9]+, 11
FAIL: gcc.target/aarch64/subs_compare_2.c scan-assembler-not cmp\\\\tw[0-9]+, w[0-9]+
FAIL: gcc.target/aarch64/subs_compare_2.c scan-assembler-times subs\\\\tw[0-9]+, w[0-9]+, [#]?4 1
FAIL: gcc.target/aarch64/sve/cost_model_2.c scan-assembler-times \\\\tstr\\\\tq 1
=== gcc Summary ===
# of expected passes 247408
# of unexpected failures 13
# of unexpected successes 3
# of expected failures 1845
# of unsupported tests 4111
/tmp/4515137_42.tmpdir/aci-gcc-fsf/builds/gcc-fsf-gccsrc/obj-aarch64_be-none-elf/gcc3/gcc/xgcc version 12.0.0 (DEFMODE=default DEFCPU=default DEFFPU=default TESTFLAGS=) [r12-3057] (GCC)
Host is x86_64-pc-linux-gnu
=== g++ tests ===
Running target aarch64-none-elf-foundation
FAIL: g++.dg/analyzer/pr96641.C -std=c++14 (test for excess errors)
FAIL: g++.dg/analyzer/pr96641.C -std=c++17 (test for excess errors)
FAIL: g++.dg/analyzer/pr96641.C -std=c++2a (test for excess errors)
FAIL: g++.dg/analyzer/pr96641.C -std=c++98 (test for excess errors)
UNRESOLVED: c-c++-common/restrict-1.c -std=gnu++14 scan-tree-dump-not optimized "link_error"
UNRESOLVED: c-c++-common/restrict-1.c -std=gnu++17 scan-tree-dump-not optimized "link_error"
UNRESOLVED: c-c++-common/restrict-1.c -std=gnu++2a scan-tree-dump-not optimized "link_error"
UNRESOLVED: c-c++-common/restrict-1.c -std=gnu++98 scan-tree-dump-not optimized "link_error"
FAIL: g++.dg/abi/pure-virtual1.C -std=c++14 (test for excess errors)
FAIL: g++.dg/abi/pure-virtual1.C -std=c++17 (test for excess errors)
FAIL: g++.dg/abi/pure-virtual1.C -std=c++2a (test for excess errors)
FAIL: g++.dg/abi/pure-virtual1.C -std=c++98 (test for excess errors)
UNRESOLVED: g++.dg/cpp0x/constexpr-static.C -std=gnu++14 scan-assembler-not static_initialization
UNRESOLVED: g++.dg/cpp0x/constexpr-static.C -std=gnu++17 scan-assembler-not static_initialization
UNRESOLVED: g++.dg/cpp0x/constexpr-static.C -std=gnu++2a scan-assembler-not static_initialization
UNRESOLVED: g++.dg/cpp0x/constexpr-static3.C -std=gnu++14 scan-assembler-not static_initialization
UNRESOLVED: g++.dg/cpp0x/constexpr-static3.C -std=gnu++17 scan-assembler-not static_initialization
UNRESOLVED: g++.dg/cpp0x/constexpr-static3.C -std=gnu++2a scan-assembler-not static_initialization
UNRESOLVED: g++.dg/cpp0x/explicit12.C -std=gnu++14 scan-assembler-not _ZN1AIiEC1Ev
UNRESOLVED: g++.dg/cpp0x/explicit12.C -std=gnu++17 scan-assembler-not _ZN1AIiEC1Ev
UNRESOLVED: g++.dg/cpp0x/explicit12.C -std=gnu++2a scan-assembler-not _ZN1AIiEC1Ev
UNRESOLVED: g++.dg/cpp0x/pr77907.C -std=gnu++14 scan-assembler-not static_initialization
UNRESOLVED: g++.dg/cpp0x/pr77907.C -std=gnu++17 scan-assembler-not static_initialization
UNRESOLVED: g++.dg/cpp0x/pr77907.C -std=gnu++2a scan-assembler-not static_initialization
UNRESOLVED: g++.dg/ext/label13a.C -std=gnu++14 scan-assembler _ZN1CC4Ev
UNRESOLVED: g++.dg/ext/label13a.C -std=gnu++17 scan-assembler _ZN1CC4Ev
UNRESOLVED: g++.dg/ext/label13a.C -std=gnu++2a scan-assembler _ZN1CC4Ev
UNRESOLVED: g++.dg/ext/label13a.C -std=gnu++98 scan-assembler _ZN1CC4Ev
UNRESOLVED: g++.dg/ipa/devirt-1.C -std=gnu++14 scan-ipa-dump cp "Discovered a virtual call to a known target.*B::foo"
UNRESOLVED: g++.dg/ipa/devirt-1.C -std=gnu++14 scan-tree-dump-times optimized "OBJ_TYPE_REF" 0
UNRESOLVED: g++.dg/ipa/devirt-1.C -std=gnu++17 scan-ipa-dump cp "Discovered a virtual call to a known target.*B::foo"
UNRESOLVED: g++.dg/ipa/devirt-1.C -std=gnu++17 scan-tree-dump-times optimized "OBJ_TYPE_REF" 0
UNRESOLVED: g++.dg/ipa/devirt-1.C -std=gnu++2a scan-ipa-dump cp "Discovered a virtual call to a known target.*B::foo"
UNRESOLVED: g++.dg/ipa/devirt-1.C -std=gnu++2a scan-tree-dump-times optimized "OBJ_TYPE_REF" 0
UNRESOLVED: g++.dg/ipa/devirt-1.C -std=gnu++98 scan-ipa-dump cp "Discovered a virtual call to a known target.*B::foo"
UNRESOLVED: g++.dg/ipa/devirt-1.C -std=gnu++98 scan-tree-dump-times optimized "OBJ_TYPE_REF" 0
UNRESOLVED: g++.dg/ipa/devirt-13.C -std=gnu++14 scan-tree-dump-times ssa "OBJ_TYPE_REF" 0
UNRESOLVED: g++.dg/ipa/devirt-13.C -std=gnu++17 scan-tree-dump-times ssa "OBJ_TYPE_REF" 0
UNRESOLVED: g++.dg/ipa/devirt-13.C -std=gnu++2a scan-tree-dump-times ssa "OBJ_TYPE_REF" 0
UNRESOLVED: g++.dg/ipa/devirt-13.C -std=gnu++98 scan-tree-dump-times ssa "OBJ_TYPE_REF" 0
UNRESOLVED: g++.dg/ipa/devirt-14.C -std=gnu++14 scan-tree-dump-not ssa "A::foo"
UNRESOLVED: g++.dg/ipa/devirt-14.C -std=gnu++17 scan-tree-dump-not ssa "A::foo"
UNRESOLVED: g++.dg/ipa/devirt-14.C -std=gnu++2a scan-tree-dump-not ssa "A::foo"
UNRESOLVED: g++.dg/ipa/devirt-14.C -std=gnu++98 scan-tree-dump-not ssa "A::foo"
UNRESOLVED: g++.dg/ipa/devirt-2.C -std=gnu++14 scan-ipa-dump cp "Discovered a virtual call to a known target.*B::foo"
UNRESOLVED: g++.dg/ipa/devirt-2.C -std=gnu++17 scan-ipa-dump cp "Discovered a virtual call to a known target.*B::foo"
UNRESOLVED: g++.dg/ipa/devirt-2.C -std=gnu++2a scan-ipa-dump cp "Discovered a virtual call to a known target.*B::foo"
UNRESOLVED: g++.dg/ipa/devirt-2.C -std=gnu++98 scan-ipa-dump cp "Discovered a virtual call to a known target.*B::foo"
UNRESOLVED: g++.dg/ipa/devirt-21.C -std=gnu++14 scan-ipa-dump cp "Discovered a virtual call to"
UNRESOLVED: g++.dg/ipa/devirt-21.C -std=gnu++17 scan-ipa-dump cp "Discovered a virtual call to"
UNRESOLVED: g++.dg/ipa/devirt-21.C -std=gnu++2a scan-ipa-dump cp "Discovered a virtual call to"
UNRESOLVED: g++.dg/ipa/devirt-21.C -std=gnu++98 scan-ipa-dump cp "Discovered a virtual call to"
UNRESOLVED: g++.dg/ipa/devirt-23.C -std=gnu++14 scan-ipa-dump cp "Discovered a virtual call to"
UNRESOLVED: g++.dg/ipa/devirt-23.C -std=gnu++17 scan-ipa-dump cp "Discovered a virtual call to"
UNRESOLVED: g++.dg/ipa/devirt-23.C -std=gnu++2a scan-ipa-dump cp "Discovered a virtual call to"
UNRESOLVED: g++.dg/ipa/devirt-23.C -std=gnu++98 scan-ipa-dump cp "Discovered a virtual call to"
UNRESOLVED: g++.dg/ipa/devirt-3.C -std=gnu++14 scan-ipa-dump cp "Discovered a virtual call to a known target.*B::foo"
UNRESOLVED: g++.dg/ipa/devirt-3.C -std=gnu++14 scan-tree-dump-times optimized "OBJ_TYPE_REF" 0
UNRESOLVED: g++.dg/ipa/devirt-3.C -std=gnu++17 scan-ipa-dump cp "Discovered a virtual call to a known target.*B::foo"
UNRESOLVED: g++.dg/ipa/devirt-3.C -std=gnu++17 scan-tree-dump-times optimized "OBJ_TYPE_REF" 0
UNRESOLVED: g++.dg/ipa/devirt-3.C -std=gnu++2a scan-ipa-dump cp "Discovered a virtual call to a known target.*B::foo"
UNRESOLVED: g++.dg/ipa/devirt-3.C -std=gnu++2a scan-tree-dump-times optimized "OBJ_TYPE_REF" 0
UNRESOLVED: g++.dg/ipa/devirt-3.C -std=gnu++98 scan-ipa-dump cp "Discovered a virtual call to a known target.*B::foo"
UNRESOLVED: g++.dg/ipa/devirt-3.C -std=gnu++98 scan-tree-dump-times optimized "OBJ_TYPE_REF" 0
UNRESOLVED: g++.dg/ipa/devirt-4.C -std=gnu++14 scan-ipa-dump cp "Discovered a virtual call to a known target.*B::foo"
UNRESOLVED: g++.dg/ipa/devirt-4.C -std=gnu++14 scan-tree-dump-times optimized "OBJ_TYPE_REF" 0
UNRESOLVED: g++.dg/ipa/devirt-4.C -std=gnu++17 scan-ipa-dump cp "Discovered a virtual call to a known target.*B::foo"
UNRESOLVED: g++.dg/ipa/devirt-4.C -std=gnu++17 scan-tree-dump-times optimized "OBJ_TYPE_REF" 0
UNRESOLVED: g++.dg/ipa/devirt-4.C -std=gnu++2a scan-ipa-dump cp "Discovered a virtual call to a known target.*B::foo"
UNRESOLVED: g++.dg/ipa/devirt-4.C -std=gnu++2a scan-tree-dump-times optimized "OBJ_TYPE_REF" 0
UNRESOLVED: g++.dg/ipa/devirt-4.C -std=gnu++98 scan-ipa-dump cp "Discovered a virtual call to a known target.*B::foo"
UNRESOLVED: g++.dg/ipa/devirt-4.C -std=gnu++98 scan-tree-dump-times optimized "OBJ_TYPE_REF" 0
UNRESOLVED: g++.dg/ipa/devirt-5.C -std=gnu++14 scan-ipa-dump cp "Discovered a virtual call to a known target.*B::foo"
UNRESOLVED: g++.dg/ipa/devirt-5.C -std=gnu++14 scan-tree-dump-times optimized "OBJ_TYPE_REF" 0
UNRESOLVED: g++.dg/ipa/devirt-5.C -std=gnu++17 scan-ipa-dump cp "Discovered a virtual call to a known target.*B::foo"
UNRESOLVED: g++.dg/ipa/devirt-5.C -std=gnu++17 scan-tree-dump-times optimized "OBJ_TYPE_REF" 0
UNRESOLVED: g++.dg/ipa/devirt-5.C -std=gnu++2a scan-ipa-dump cp "Discovered a virtual call to a known target.*B::foo"
UNRESOLVED: g++.dg/ipa/devirt-5.C -std=gnu++2a scan-tree-dump-times optimized "OBJ_TYPE_REF" 0
UNRESOLVED: g++.dg/ipa/devirt-5.C -std=gnu++98 scan-ipa-dump cp "Discovered a virtual call to a known target.*B::foo"
UNRESOLVED: g++.dg/ipa/devirt-5.C -std=gnu++98 scan-tree-dump-times optimized "OBJ_TYPE_REF" 0
UNRESOLVED: g++.dg/ipa/devirt-7.C -std=gnu++14 scan-ipa-dump cp "Discovered a virtual call to a known target.*B::foo"
UNRESOLVED: g++.dg/ipa/devirt-7.C -std=gnu++17 scan-ipa-dump cp "Discovered a virtual call to a known target.*B::foo"
UNRESOLVED: g++.dg/ipa/devirt-7.C -std=gnu++2a scan-ipa-dump cp "Discovered a virtual call to a known target.*B::foo"
UNRESOLVED: g++.dg/ipa/devirt-7.C -std=gnu++98 scan-ipa-dump cp "Discovered a virtual call to a known target.*B::foo"
UNRESOLVED: g++.dg/ipa/devirt-c-1.C -std=gnu++14 scan-ipa-dump cp "Discovered a virtual call to a known target.*A::foo"
UNRESOLVED: g++.dg/ipa/devirt-c-1.C -std=gnu++14 scan-tree-dump-times optimized "OBJ_TYPE_REF" 0
UNRESOLVED: g++.dg/ipa/devirt-c-1.C -std=gnu++17 scan-ipa-dump cp "Discovered a virtual call to a known target.*A::foo"
UNRESOLVED: g++.dg/ipa/devirt-c-1.C -std=gnu++17 scan-tree-dump-times optimized "OBJ_TYPE_REF" 0
UNRESOLVED: g++.dg/ipa/devirt-c-1.C -std=gnu++2a scan-ipa-dump cp "Discovered a virtual call to a known target.*A::foo"
UNRESOLVED: g++.dg/ipa/devirt-c-1.C -std=gnu++2a scan-tree-dump-times optimized "OBJ_TYPE_REF" 0
UNRESOLVED: g++.dg/ipa/devirt-c-1.C -std=gnu++98 scan-ipa-dump cp "Discovered a virtual call to a known target.*A::foo"
UNRESOLVED: g++.dg/ipa/devirt-c-1.C -std=gnu++98 scan-tree-dump-times optimized "OBJ_TYPE_REF" 0
UNRESOLVED: g++.dg/ipa/devirt-c-2.C -std=gnu++14 scan-ipa-dump cp "Discovered a virtual call to a known target.*A::foo"
UNRESOLVED: g++.dg/ipa/devirt-c-2.C -std=gnu++14 scan-tree-dump-times optimized "OBJ_TYPE_REF" 0
UNRESOLVED: g++.dg/ipa/devirt-c-2.C -std=gnu++17 scan-ipa-dump cp "Discovered a virtual call to a known target.*A::foo"
UNRESOLVED: g++.dg/ipa/devirt-c-2.C -std=gnu++17 scan-tree-dump-times optimized "OBJ_TYPE_REF" 0
UNRESOLVED: g++.dg/ipa/devirt-c-2.C -std=gnu++2a scan-ipa-dump cp "Discovered a virtual call to a known target.*A::foo"
UNRESOLVED: g++.dg/ipa/devirt-c-2.C -std=gnu++2a scan-tree-dump-times optimized "OBJ_TYPE_REF" 0
UNRESOLVED: g++.dg/ipa/devirt-c-2.C -std=gnu++98 scan-ipa-dump cp "Discovered a virtual call to a known target.*A::foo"
UNRESOLVED: g++.dg/ipa/devirt-c-2.C -std=gnu++98 scan-tree-dump-times optimized "OBJ_TYPE_REF" 0
UNRESOLVED: g++.dg/ipa/devirt-c-8.C -std=gnu++14 scan-ipa-dump cp "Discovered a virtual call to a known target.*A::foo"
UNRESOLVED: g++.dg/ipa/devirt-c-8.C -std=gnu++14 scan-tree-dump-times optimized "OBJ_TYPE_REF" 0
UNRESOLVED: g++.dg/ipa/devirt-c-8.C -std=gnu++17 scan-ipa-dump cp "Discovered a virtual call to a known target.*A::foo"
UNRESOLVED: g++.dg/ipa/devirt-c-8.C -std=gnu++17 scan-tree-dump-times optimized "OBJ_TYPE_REF" 0
UNRESOLVED: g++.dg/ipa/devirt-c-8.C -std=gnu++2a scan-ipa-dump cp "Discovered a virtual call to a known target.*A::foo"
UNRESOLVED: g++.dg/ipa/devirt-c-8.C -std=gnu++2a scan-tree-dump-times optimized "OBJ_TYPE_REF" 0
UNRESOLVED: g++.dg/ipa/devirt-c-8.C -std=gnu++98 scan-ipa-dump cp "Discovered a virtual call to a known target.*A::foo"
UNRESOLVED: g++.dg/ipa/devirt-c-8.C -std=gnu++98 scan-tree-dump-times optimized "OBJ_TYPE_REF" 0
UNRESOLVED: g++.dg/ipa/imm-devirt-1.C -std=gnu++14 scan-tree-dump einline "B::foo \\\\("
UNRESOLVED: g++.dg/ipa/imm-devirt-1.C -std=gnu++14 scan-tree-dump einline "Inlining int middleman_1"
UNRESOLVED: g++.dg/ipa/imm-devirt-1.C -std=gnu++14 scan-tree-dump einline "Inlining int middleman_2"
UNRESOLVED: g++.dg/ipa/imm-devirt-1.C -std=gnu++14 scan-tree-dump-times einline "OBJ_TYPE_REF" 2
UNRESOLVED: g++.dg/ipa/imm-devirt-1.C -std=gnu++17 scan-tree-dump einline "B::foo \\\\("
UNRESOLVED: g++.dg/ipa/imm-devirt-1.C -std=gnu++17 scan-tree-dump einline "Inlining int middleman_1"
UNRESOLVED: g++.dg/ipa/imm-devirt-1.C -std=gnu++17 scan-tree-dump einline "Inlining int middleman_2"
UNRESOLVED: g++.dg/ipa/imm-devirt-1.C -std=gnu++17 scan-tree-dump-times einline "OBJ_TYPE_REF" 2
UNRESOLVED: g++.dg/ipa/imm-devirt-1.C -std=gnu++2a scan-tree-dump einline "B::foo \\\\("
UNRESOLVED: g++.dg/ipa/imm-devirt-1.C -std=gnu++2a scan-tree-dump einline "Inlining int middleman_1"
UNRESOLVED: g++.dg/ipa/imm-devirt-1.C -std=gnu++2a scan-tree-dump einline "Inlining int middleman_2"
UNRESOLVED: g++.dg/ipa/imm-devirt-1.C -std=gnu++2a scan-tree-dump-times einline "OBJ_TYPE_REF" 2
UNRESOLVED: g++.dg/ipa/imm-devirt-1.C -std=gnu++98 scan-tree-dump einline "B::foo \\\\("
UNRESOLVED: g++.dg/ipa/imm-devirt-1.C -std=gnu++98 scan-tree-dump einline "Inlining int middleman_1"
UNRESOLVED: g++.dg/ipa/imm-devirt-1.C -std=gnu++98 scan-tree-dump einline "Inlining int middleman_2"
UNRESOLVED: g++.dg/ipa/imm-devirt-1.C -std=gnu++98 scan-tree-dump-times einline "OBJ_TYPE_REF" 2
UNRESOLVED: g++.dg/ipa/imm-devirt-2.C -std=gnu++14 scan-tree-dump einline "C::_ZThn[0-9]+_N1C3fooEi \\\\("
UNRESOLVED: g++.dg/ipa/imm-devirt-2.C -std=gnu++17 scan-tree-dump einline "C::_ZThn[0-9]+_N1C3fooEi \\\\("
UNRESOLVED: g++.dg/ipa/imm-devirt-2.C -std=gnu++2a scan-tree-dump einline "C::_ZThn[0-9]+_N1C3fooEi \\\\("
UNRESOLVED: g++.dg/ipa/imm-devirt-2.C -std=gnu++98 scan-tree-dump einline "C::_ZThn[0-9]+_N1C3fooEi \\\\("
UNRESOLVED: g++.dg/ipa/ipa-icf-6.C -std=gnu++14 scan-ipa-dump-times icf "Unified; Wrapper has been created" 1
UNRESOLVED: g++.dg/ipa/ipa-icf-6.C -std=gnu++17 scan-ipa-dump-times icf "Unified; Wrapper has been created" 1
UNRESOLVED: g++.dg/ipa/ipa-icf-6.C -std=gnu++2a scan-ipa-dump-times icf "Unified; Wrapper has been created" 1
UNRESOLVED: g++.dg/ipa/ipa-icf-6.C -std=gnu++98 scan-ipa-dump-times icf "Unified; Wrapper has been created" 1
UNRESOLVED: g++.dg/ipa/ivinline-1.C -std=gnu++14 scan-ipa-dump inline "B::foo[^\\\\n]*inline copy in int main"
UNRESOLVED: g++.dg/ipa/ivinline-1.C -std=gnu++17 scan-ipa-dump inline "B::foo[^\\\\n]*inline copy in int main"
UNRESOLVED: g++.dg/ipa/ivinline-1.C -std=gnu++2a scan-ipa-dump inline "B::foo[^\\\\n]*inline copy in int main"
UNRESOLVED: g++.dg/ipa/ivinline-1.C -std=gnu++98 scan-ipa-dump inline "B::foo[^\\\\n]*inline copy in int main"
UNRESOLVED: g++.dg/ipa/ivinline-2.C -std=gnu++14 scan-ipa-dump inline "B::foo[^\\\\n]*inline copy in int main"
UNRESOLVED: g++.dg/ipa/ivinline-2.C -std=gnu++17 scan-ipa-dump inline "B::foo[^\\\\n]*inline copy in int main"
UNRESOLVED: g++.dg/ipa/ivinline-2.C -std=gnu++2a scan-ipa-dump inline "B::foo[^\\\\n]*inline copy in int main"
UNRESOLVED: g++.dg/ipa/ivinline-2.C -std=gnu++98 scan-ipa-dump inline "B::foo[^\\\\n]*inline copy in int main"
UNRESOLVED: g++.dg/ipa/ivinline-3.C -std=gnu++14 scan-ipa-dump inline "B::foo[^\\\\n]*inline copy in int main"
UNRESOLVED: g++.dg/ipa/ivinline-3.C -std=gnu++17 scan-ipa-dump inline "B::foo[^\\\\n]*inline copy in int main"
UNRESOLVED: g++.dg/ipa/ivinline-3.C -std=gnu++2a scan-ipa-dump inline "B::foo[^\\\\n]*inline copy in int main"
UNRESOLVED: g++.dg/ipa/ivinline-3.C -std=gnu++98 scan-ipa-dump inline "B::foo[^\\\\n]*inline copy in int main"
UNRESOLVED: g++.dg/ipa/ivinline-4.C -std=gnu++14 scan-ipa-dump inline "B::foo[^\\\\n]*inline copy in int main"
UNRESOLVED: g++.dg/ipa/ivinline-4.C -std=gnu++17 scan-ipa-dump inline "B::foo[^\\\\n]*inline copy in int main"
UNRESOLVED: g++.dg/ipa/ivinline-4.C -std=gnu++2a scan-ipa-dump inline "B::foo[^\\\\n]*inline copy in int main"
UNRESOLVED: g++.dg/ipa/ivinline-4.C -std=gnu++98 scan-ipa-dump inline "B::foo[^\\\\n]*inline copy in int main"
UNRESOLVED: g++.dg/ipa/ivinline-5.C -std=gnu++14 scan-ipa-dump inline "A::foo[^\\\\n]*inline copy in int main"
UNRESOLVED: g++.dg/ipa/ivinline-5.C -std=gnu++14 scan-ipa-dump inline "B::foo[^\\\\n]*inline copy in int main"
UNRESOLVED: g++.dg/ipa/ivinline-5.C -std=gnu++17 scan-ipa-dump inline "A::foo[^\\\\n]*inline copy in int main"
UNRESOLVED: g++.dg/ipa/ivinline-5.C -std=gnu++17 scan-ipa-dump inline "B::foo[^\\\\n]*inline copy in int main"
UNRESOLVED: g++.dg/ipa/ivinline-5.C -std=gnu++2a scan-ipa-dump inline "A::foo[^\\\\n]*inline copy in int main"
UNRESOLVED: g++.dg/ipa/ivinline-5.C -std=gnu++2a scan-ipa-dump inline "B::foo[^\\\\n]*inline copy in int main"
UNRESOLVED: g++.dg/ipa/ivinline-5.C -std=gnu++98 scan-ipa-dump inline "A::foo[^\\\\n]*inline copy in int main"
UNRESOLVED: g++.dg/ipa/ivinline-5.C -std=gnu++98 scan-ipa-dump inline "B::foo[^\\\\n]*inline copy in int main"
UNRESOLVED: g++.dg/ipa/ivinline-7.C -std=gnu++14 scan-ipa-dump inline "B::foo[^\\\\n]*inline copy in int main"
UNRESOLVED: g++.dg/ipa/ivinline-7.C -std=gnu++14 scan-ipa-dump inline "Discovered a virtual call to a known target.*B::.*foo"
UNRESOLVED: g++.dg/ipa/ivinline-7.C -std=gnu++17 scan-ipa-dump inline "B::foo[^\\\\n]*inline copy in int main"
UNRESOLVED: g++.dg/ipa/ivinline-7.C -std=gnu++17 scan-ipa-dump inline "Discovered a virtual call to a known target.*B::.*foo"
UNRESOLVED: g++.dg/ipa/ivinline-7.C -std=gnu++2a scan-ipa-dump inline "B::foo[^\\\\n]*inline copy in int main"
UNRESOLVED: g++.dg/ipa/ivinline-7.C -std=gnu++2a scan-ipa-dump inline "Discovered a virtual call to a known target.*B::.*foo"
UNRESOLVED: g++.dg/ipa/ivinline-7.C -std=gnu++98 scan-ipa-dump inline "B::foo[^\\\\n]*inline copy in int main"
UNRESOLVED: g++.dg/ipa/ivinline-7.C -std=gnu++98 scan-ipa-dump inline "Discovered a virtual call to a known target.*B::.*foo"
UNRESOLVED: g++.dg/ipa/ivinline-8.C -std=gnu++14 scan-ipa-dump inline "B::bar[^\\\\n]*inline copy in int main"
UNRESOLVED: g++.dg/ipa/ivinline-8.C -std=gnu++14 scan-ipa-dump inline "B::foo[^\\\\n]*inline copy in int main"
UNRESOLVED: g++.dg/ipa/ivinline-8.C -std=gnu++17 scan-ipa-dump inline "B::bar[^\\\\n]*inline copy in int main"
UNRESOLVED: g++.dg/ipa/ivinline-8.C -std=gnu++17 scan-ipa-dump inline "B::foo[^\\\\n]*inline copy in int main"
UNRESOLVED: g++.dg/ipa/ivinline-8.C -std=gnu++2a scan-ipa-dump inline "B::bar[^\\\\n]*inline copy in int main"
UNRESOLVED: g++.dg/ipa/ivinline-8.C -std=gnu++2a scan-ipa-dump inline "B::foo[^\\\\n]*inline copy in int main"
UNRESOLVED: g++.dg/ipa/ivinline-8.C -std=gnu++98 scan-ipa-dump inline "B::bar[^\\\\n]*inline copy in int main"
UNRESOLVED: g++.dg/ipa/ivinline-8.C -std=gnu++98 scan-ipa-dump inline "B::foo[^\\\\n]*inline copy in int main"
UNRESOLVED: g++.dg/ipa/ivinline-9.C -std=gnu++14 scan-ipa-dump inline "B::foo[^\\\\n]*inline copy in int main"
UNRESOLVED: g++.dg/ipa/ivinline-9.C -std=gnu++14 scan-ipa-dump inline "Discovered a virtual call to a known target.*B::.*foo"
UNRESOLVED: g++.dg/ipa/ivinline-9.C -std=gnu++17 scan-ipa-dump inline "B::foo[^\\\\n]*inline copy in int main"
UNRESOLVED: g++.dg/ipa/ivinline-9.C -std=gnu++17 scan-ipa-dump inline "Discovered a virtual call to a known target.*B::.*foo"
UNRESOLVED: g++.dg/ipa/ivinline-9.C -std=gnu++2a scan-ipa-dump inline "B::foo[^\\\\n]*inline copy in int main"
UNRESOLVED: g++.dg/ipa/ivinline-9.C -std=gnu++2a scan-ipa-dump inline "Discovered a virtual call to a known target.*B::.*foo"
UNRESOLVED: g++.dg/ipa/ivinline-9.C -std=gnu++98 scan-ipa-dump inline "B::foo[^\\\\n]*inline copy in int main"
UNRESOLVED: g++.dg/ipa/ivinline-9.C -std=gnu++98 scan-ipa-dump inline "Discovered a virtual call to a known target.*B::.*foo"
UNRESOLVED: g++.dg/ipa/pr60640-4.C -std=gnu++14 scan-ipa-dump-times cp "Thunk fixed offset" 2
UNRESOLVED: g++.dg/ipa/pr60640-4.C -std=gnu++17 scan-ipa-dump-times cp "Thunk fixed offset" 2
UNRESOLVED: g++.dg/ipa/pr60640-4.C -std=gnu++2a scan-ipa-dump-times cp "Thunk fixed offset" 2
UNRESOLVED: g++.dg/ipa/pr60640-4.C -std=gnu++98 scan-ipa-dump-times cp "Thunk fixed offset" 2
UNRESOLVED: g++.dg/ipa/pr63838.C -std=gnu++14 scan-ipa-dump-not pure-const "Function found to be nothrow: void bar"
UNRESOLVED: g++.dg/ipa/pr63838.C -std=gnu++14 scan-ipa-dump-not pure-const "Function found to be nothrow: void foo"
UNRESOLVED: g++.dg/ipa/pr63838.C -std=gnu++17 scan-ipa-dump-not pure-const "Function found to be nothrow: void bar"
UNRESOLVED: g++.dg/ipa/pr63838.C -std=gnu++17 scan-ipa-dump-not pure-const "Function found to be nothrow: void foo"
UNRESOLVED: g++.dg/ipa/pr63838.C -std=gnu++2a scan-ipa-dump-not pure-const "Function found to be nothrow: void bar"
UNRESOLVED: g++.dg/ipa/pr63838.C -std=gnu++2a scan-ipa-dump-not pure-const "Function found to be nothrow: void foo"
UNRESOLVED: g++.dg/ipa/pr63838.C -std=gnu++98 scan-ipa-dump-not pure-const "Function found to be nothrow: void bar"
UNRESOLVED: g++.dg/ipa/pr63838.C -std=gnu++98 scan-ipa-dump-not pure-const "Function found to be nothrow: void foo"
UNRESOLVED: g++.dg/ipa/pr67056.C scan-ipa-dump cp "Speculative outer type:struct CompositeClass"
UNRESOLVED: g++.dg/pr94314-2.C -std=gnu++14 scan-tree-dump-times cddce1 "Deleting : operator delete" 2
UNRESOLVED: g++.dg/pr94314-2.C -std=gnu++17 scan-tree-dump-times cddce1 "Deleting : operator delete" 2
UNRESOLVED: g++.dg/pr94314-2.C -std=gnu++2a scan-tree-dump-times cddce1 "Deleting : operator delete" 2
UNRESOLVED: g++.dg/pr94314-2.C -std=gnu++98 scan-tree-dump-times cddce1 "Deleting : operator delete" 2
UNRESOLVED: g++.dg/pr94314-3.C -std=gnu++14 scan-tree-dump-not cddce1 "Deleting : operator delete"
UNRESOLVED: g++.dg/pr94314-3.C -std=gnu++17 scan-tree-dump-not cddce1 "Deleting : operator delete"
UNRESOLVED: g++.dg/pr94314-3.C -std=gnu++2a scan-tree-dump-not cddce1 "Deleting : operator delete"
UNRESOLVED: g++.dg/pr94314-3.C -std=gnu++98 scan-tree-dump-not cddce1 "Deleting : operator delete"
UNRESOLVED: g++.dg/pr94314-4.C -std=gnu++14 scan-tree-dump-not cddce1 "Deleting : operator delete"
UNRESOLVED: g++.dg/pr94314-4.C -std=gnu++17 scan-tree-dump-not cddce1 "Deleting : operator delete"
UNRESOLVED: g++.dg/pr94314-4.C -std=gnu++2a scan-tree-dump-not cddce1 "Deleting : operator delete"
UNRESOLVED: g++.dg/pr94314.C -std=gnu++14 scan-tree-dump-not cddce1 "Deleting : B::operator delete"
UNRESOLVED: g++.dg/pr94314.C -std=gnu++14 scan-tree-dump-not cddce1 "Deleting : operator delete"
UNRESOLVED: g++.dg/pr94314.C -std=gnu++17 scan-tree-dump-not cddce1 "Deleting : B::operator delete"
UNRESOLVED: g++.dg/pr94314.C -std=gnu++17 scan-tree-dump-not cddce1 "Deleting : operator delete"
UNRESOLVED: g++.dg/pr94314.C -std=gnu++2a scan-tree-dump-not cddce1 "Deleting : B::operator delete"
UNRESOLVED: g++.dg/pr94314.C -std=gnu++2a scan-tree-dump-not cddce1 "Deleting : operator delete"
UNRESOLVED: g++.dg/pr94314.C -std=gnu++98 scan-tree-dump-not cddce1 "Deleting : B::operator delete"
UNRESOLVED: g++.dg/pr94314.C -std=gnu++98 scan-tree-dump-not cddce1 "Deleting : operator delete"
UNRESOLVED: g++.dg/tree-ssa/pr33604.C -std=gnu++14 scan-tree-dump-times optimized ".MEM_[0-9]*\\\\(D\\\\)" 2
UNRESOLVED: g++.dg/tree-ssa/pr33604.C -std=gnu++17 scan-tree-dump-times optimized ".MEM_[0-9]*\\\\(D\\\\)" 2
UNRESOLVED: g++.dg/tree-ssa/pr33604.C -std=gnu++2a scan-tree-dump-times optimized ".MEM_[0-9]*\\\\(D\\\\)" 2
UNRESOLVED: g++.dg/tree-ssa/pr33604.C -std=gnu++98 scan-tree-dump-times optimized ".MEM_[0-9]*\\\\(D\\\\)" 2
FAIL: g++.dg/warn/Wstringop-overflow-6.C -std=gnu++14 (test for excess errors)
FAIL: g++.dg/warn/Wstringop-overflow-6.C -std=gnu++17 (test for excess errors)
FAIL: g++.dg/warn/Wstringop-overflow-6.C -std=gnu++2a (test for excess errors)
FAIL: g++.dg/lto/pr90990 cp_lto_pr90990_0.o-cp_lto_pr90990_0.o link, -O0 -flto -flto-partition=none -fuse-linker-plugin
FAIL: g++.dg/lto/pr90990 cp_lto_pr90990_0.o-cp_lto_pr90990_0.o link, -O0 -flto -fuse-linker-plugin -fno-fat-lto-objects
FAIL: g++.dg/lto/pr90990 cp_lto_pr90990_0.o-cp_lto_pr90990_0.o link, -O2 -flto -flto-partition=none -fuse-linker-plugin -fno-fat-lto-objects
FAIL: g++.dg/lto/pr90990 cp_lto_pr90990_0.o-cp_lto_pr90990_0.o link, -O2 -flto -fuse-linker-plugin
FAIL: g++.dg/modules/bad-mapper-3.C -std=c++17 (test for errors, line )
FAIL: g++.dg/modules/bad-mapper-3.C -std=c++17 (test for excess errors)
FAIL: g++.dg/modules/bad-mapper-3.C -std=c++2a (test for errors, line )
FAIL: g++.dg/modules/bad-mapper-3.C -std=c++2a (test for excess errors)
FAIL: g++.dg/modules/bad-mapper-3.C -std=c++2b (test for errors, line )
FAIL: g++.dg/modules/bad-mapper-3.C -std=c++2b (test for excess errors)
UNRESOLVED: g++.dg/tls/thread_local-cse.C -std=gnu++14 scan-assembler-times call *_ZTW2ir 1
UNRESOLVED: g++.dg/tls/thread_local-cse.C -std=gnu++17 scan-assembler-times call *_ZTW2ir 1
UNRESOLVED: g++.dg/tls/thread_local-cse.C -std=gnu++2a scan-assembler-times call *_ZTW2ir 1
FAIL: g++.target/aarch64/no_unique_address_1.C check-function-bodies _Z8caller_pR1P
FAIL: g++.target/aarch64/no_unique_address_2.C (test for warnings, line 169)
FAIL: g++.target/aarch64/no_unique_address_2.C check-function-bodies _Z8caller_pR1P
UNRESOLVED: g++.target/aarch64/pr94515-1.C scan-assembler-times \\\\t\\\\.cfi_window_save\\\\n 4
UNRESOLVED: g++.target/aarch64/return_address_sign_ab_exception.C scan-assembler-times .cfi_b_key_frame 1
UNRESOLVED: g++.target/aarch64/return_address_sign_ab_exception.C scan-assembler-times paciasp 1
UNRESOLVED: g++.target/aarch64/return_address_sign_ab_exception.C scan-assembler-times pacibsp 1
UNRESOLVED: g++.target/aarch64/return_address_sign_b_exception.C scan-assembler-times .cfi_b_key_frame 2
=== g++ Summary ===
# of expected passes 289700
# of unexpected failures 24
# of expected failures 1924
# of unresolved testcases 216
# of unsupported tests 9896
/tmp/4515137_42.tmpdir/aci-gcc-fsf/builds/gcc-fsf-gccsrc/obj-aarch64_be-none-elf/gcc3/gcc/xg++ version 12.0.0 (DEFMODE=default DEFCPU=default DEFFPU=default TESTFLAGS=) [r12-3057] (GCC)
Compiler version: 12.0.0 (DEFMODE=default DEFCPU=default DEFFPU=default TESTFLAGS=) [r12-3057] (GCC)
Platform: aarch64_be-none-elf
configure flags: --target=aarch64_be-none-elf --prefix=/tmp/4515137_42.tmpdir/aci-gcc-fsf/builds/gcc-fsf-gccsrc/tools --with-sysroot=/tmp/4515137_42.tmpdir/aci-gcc-fsf/builds/gcc-fsf-gccsrc/sysroot-aarch64_be-none-elf --disable-nls --disable-libgomp --disable-libmudflap --disable-libcilkrts --enable-checking --enable-languages=c,c++ --with-newlib --disable-tls
More information about the Gcc-testresults
mailing list